78.159.99.208 - - [27/Jan/2020:10:17:35 -0500] "GET /favicon.ico HTTP/1.1" 200 - "https://www.naijadial.com/new/wp-admin/post.php?post=100&action=edit" "Mozilla/5.0 (Windows NT 6.3; Win64; x64) AppleWebKit/537.36 (KHTML, like Gecko) Chrome/79.0.3945.130 Safari/537.36"
198.54.125.95 - - [27/Jan/2020:10:18:24 -0500] "POST /new/wp-cron.php?doing_wp_cron=1580138304.8573970794677734375000 HTTP/1.1" 200 - "https://www.naijadial.com/new/wp-cron.php?doing_wp_cron=1580138304.8573970794677734375000" "WordPress/5.3.2; https://www.naijadial.com/new"
78.159.99.208 - - [27/Jan/2020:10:18:23 -0500] "POST /new/wp-admin/admin-ajax.php HTTP/1.1" 200 47 "https://www.naijadial.com/new/wp-admin/themes.php?page=fw-settings" "Mozilla/5.0 (Windows NT 6.3; Win64; x64) AppleWebKit/537.36 (KHTML, like Gecko) Chrome/79.0.3945.130 Safari/537.36"
78.159.99.208 - - [27/Jan/2020:10:19:00 -0500] "POST /new/wp-admin/admin-ajax.php HTTP/1.1" 200 98 "https://www.naijadial.com/new/wp-admin/post.php?post=100&action=edit" "Mozilla/5.0 (Windows NT 6.3; Win64; x64) AppleWebKit/537.36 (KHTML, like Gecko) Chrome/79.0.3945.130 Safari/537.36"
198.54.125.95 - - [27/Jan/2020:10:20:23 -0500] "POST /new/wp-cron.php?doing_wp_cron=1580138423.9614799022674560546875 HTTP/1.1" 200 - "https://www.naijadial.com/new/wp-cron.php?doing_wp_cron=1580138423.9614799022674560546875" "WordPress/5.3.2; https://www.naijadial.com/new"
78.159.99.208 - - [27/Jan/2020:10:20:23 -0500] "POST /new/wp-admin/admin-ajax.php HTTP/1.1" 200 47 "https://www.naijadial.com/new/wp-admin/themes.php?page=fw-settings" "Mozilla/5.0 (Windows NT 6.3; Win64; x64) AppleWebKit/537.36 (KHTML, like Gecko) Chrome/79.0.3945.130 Safari/537.36"
78.159.99.208 - - [27/Jan/2020:10:21:01 -0500] "POST /new/wp-admin/admin-ajax.php HTTP/1.1" 200 98 "https://www.naijadial.com/new/wp-admin/post.php?post=100&action=edit" "Mozilla/5.0 (Windows NT 6.3; Win64; x64) AppleWebKit/537.36 (KHTML, like Gecko) Chrome/79.0.3945.130 Safari/537.36"
198.54.125.95 - - [27/Jan/2020:10:21:49 -0500] "POST /wp-cron.php?doing_wp_cron=1580138509.3914289474487304687500 HTTP/1.1" 200 - "https://www.naijadial.com/wp-cron.php?doing_wp_cron=1580138509.3914289474487304687500" "WordPress/5.3.2; https://www.naijadial.com"
157.55.39.232 - - [27/Jan/2020:10:21:47 -0500] "GET /product/naijadial-services/ HTTP/1.1" 200 22567 "-" "Mozilla/5.0 (compatible; bingbot/2.0; +http://www.bing.com/bingbot.htm)"
198.54.125.95 - - [27/Jan/2020:10:22:22 -0500] "POST /new/wp-cron.php?doing_wp_cron=1580138542.9606258869171142578125 HTTP/1.1" 200 - "https://www.naijadial.com/new/wp-cron.php?doing_wp_cron=1580138542.9606258869171142578125" "WordPress/5.3.2; https://www.naijadial.com/new"
78.159.99.208 - - [27/Jan/2020:10:22:22 -0500] "POST /new/wp-admin/admin-ajax.php HTTP/1.1" 200 47 "https://www.naijadial.com/new/wp-admin/themes.php?page=fw-settings" "Mozilla/5.0 (Windows NT 6.3; Win64; x64) AppleWebKit/537.36 (KHTML, like Gecko) Chrome/79.0.3945.130 Safari/537.36"
78.159.99.208 - - [27/Jan/2020:10:22:37 -0500] "GET /new/?page_id=1808&preview_id=1808&preview_nonce=b235901fee&preview=true HTTP/1.1" 200 20115 "-" "Mozilla/5.0 (Windows NT 6.3; Win64; x64) AppleWebKit/537.36 (KHTML, like Gecko) Chrome/79.0.3945.130 Safari/537.36"
198.54.125.95 - - [27/Jan/2020:10:22:50 -0500] "POST /new/wp-cron.php?doing_wp_cron=1580138570.3951029777526855468750 HTTP/1.1" 200 - "https://www.naijadial.com/new/wp-cron.php?doing_wp_cron=1580138570.3951029777526855468750" "WordPress/5.3.2; https://www.naijadial.com/new"
78.159.99.208 - - [27/Jan/2020:10:22:50 -0500] "POST /new/wp-admin/admin-ajax.php HTTP/1.1" 200 31329 "https://www.naijadial.com/new/?page_id=1808&brizy-edit-iframe" "Mozilla/5.0 (Windows NT 6.3; Win64; x64) AppleWebKit/537.36 (KHTML, like Gecko) Chrome/79.0.3945.130 Safari/537.36"
78.159.99.208 - - [27/Jan/2020:10:22:49 -0500] "POST /new/wp-admin/admin-ajax.php HTTP/1.1" 200 66198 "https://www.naijadial.com/new/?page_id=1808&brizy-edit-iframe" "Mozilla/5.0 (Windows NT 6.3; Win64; x64) AppleWebKit/537.36 (KHTML, like Gecko) Chrome/79.0.3945.130 Safari/537.36"
78.159.99.208 - - [27/Jan/2020:10:23:02 -0500] "POST /new/wp-admin/admin-ajax.php HTTP/1.1" 200 98 "https://www.naijadial.com/new/wp-admin/post.php?post=100&action=edit" "Mozilla/5.0 (Windows NT 6.3; Win64; x64) AppleWebKit/537.36 (KHTML, like Gecko) Chrome/79.0.3945.130 Safari/537.36"
198.54.125.95 - - [27/Jan/2020:10:24:24 -0500] "POST /new/wp-cron.php?doing_wp_cron=1580138664.5168249607086181640625 HTTP/1.1" 200 - "https://www.naijadial.com/new/wp-cron.php?doing_wp_cron=1580138664.5168249607086181640625" "WordPress/5.3.2; https://www.naijadial.com/new"
78.159.99.208 - - [27/Jan/2020:10:24:24 -0500] "POST /new/wp-admin/admin-ajax.php HTTP/1.1" 200 47 "https://www.naijadial.com/new/wp-admin/themes.php?page=fw-settings" "Mozilla/5.0 (Windows NT 6.3; Win64; x64) AppleWebKit/537.36 (KHTML, like Gecko) Chrome/79.0.3945.130 Safari/537.36"
198.54.125.95 - - [27/Jan/2020:10:25:04 -0500] "POST /new/wp-cron.php?doing_wp_cron=1580138704.3595581054687500000000 HTTP/1.1" 200 - "https://www.naijadial.com/new/wp-cron.php?doing_wp_cron=1580138704.3595581054687500000000" "WordPress/5.3.2; https://www.naijadial.com/new"
78.159.99.208 - - [27/Jan/2020:10:25:03 -0500] "POST /new/wp-admin/admin-ajax.php HTTP/1.1" 200 98 "https://www.naijadial.com/new/wp-admin/post.php?post=100&action=edit" "Mozilla/5.0 (Windows NT 6.3; Win64; x64) AppleWebKit/537.36 (KHTML, like Gecko) Chrome/79.0.3945.130 Safari/537.36"
198.54.125.95 - - [27/Jan/2020:10:26:25 -0500] "POST /new/wp-cron.php?doing_wp_cron=1580138785.1515591144561767578125 HTTP/1.1" 200 - "https://www.naijadial.com/new/wp-cron.php?doing_wp_cron=1580138785.1515591144561767578125" "WordPress/5.3.2; https://www.naijadial.com/new"
78.159.99.208 - - [27/Jan/2020:10:26:24 -0500] "POST /new/wp-admin/admin-ajax.php HTTP/1.1" 200 47 "https://www.naijadial.com/new/wp-admin/themes.php?page=fw-settings" "Mozilla/5.0 (Windows NT 6.3; Win64; x64) AppleWebKit/537.36 (KHTML, like Gecko) Chrome/79.0.3945.130 Safari/537.36"
78.159.99.208 - - [27/Jan/2020:10:27:03 -0500] "POST /new/wp-admin/admin-ajax.php HTTP/1.1" 200 98 "https://www.naijadial.com/new/wp-admin/post.php?post=100&action=edit" "Mozilla/5.0 (Windows NT 6.3; Win64; x64) AppleWebKit/537.36 (KHTML, like Gecko) Chrome/79.0.3945.130 Safari/537.36"
78.159.99.208 - - [27/Jan/2020:10:16:39 -0500] "GET /new/wp-content/uploads/so-css/so-css-listingo.css?ver=1580125388 HTTP/1.1" 304 - "https://www.naijadial.com/new/?page_id=1808&preview_id=1808&preview_nonce=b235901fee&preview=true" "Mozilla/5.0 (Windows NT 6.3; Win64; x64) AppleWebKit/537.36 (KHTML, like Gecko) Chrome/79.0.3945.130 Safari/537.36"
78.159.99.208 - - [27/Jan/2020:10:16:42 -0500] "GET /new/wp-content/uploads/brizy/1808/assets/images/iW=5000&iH=any/d03-moden-wall-scaled.jpg HTTP/1.1" 200 104429 "https://www.naijadial.com/new/?page_id=1808&preview_id=1808&preview_nonce=b235901fee&preview=true" "Mozilla/5.0 (Windows NT 6.3; Win64; x64) AppleWebKit/537.36 (KHTML, like Gecko) Chrome/79.0.3945.130 Safari/537.36"
78.159.99.208 - - [27/Jan/2020:10:16:42 -0500] "GET /new/?brizy_media=wp-fd9066cc19171af961075edaa05b9660&brizy_crop=iW%3D273%26iH%3D273%26oX%3D0%26oY%3D8%26cW%3D273%26cH%3D256&brizy_post=1919 HTTP/1.1" 200 29909 "https://www.naijadial.com/new/?page_id=1808&preview_id=1808&preview_nonce=b235901fee&preview=true" "Mozilla/5.0 (Windows NT 6.3; Win64; x64) AppleWebKit/537.36 (KHTML, like Gecko) Chrome/79.0.3945.130 Safari/537.36"
78.159.99.208 - - [27/Jan/2020:10:16:42 -0500] "GET /new/?brizy_media=wp-62436e455ba09395f2f793160f5746f9&brizy_crop=iW%3D273%26iH%3D273%26oX%3D0%26oY%3D8%26cW%3D273%26cH%3D256&brizy_post=1919 HTTP/1.1" 200 33630 "https://www.naijadial.com/new/?page_id=1808&preview_id=1808&preview_nonce=b235901fee&preview=true" "Mozilla/5.0 (Windows NT 6.3; Win64; x64) AppleWebKit/537.36 (KHTML, like Gecko) Chrome/79.0.3945.130 Safari/537.36"
198.54.125.95 - - [27/Jan/2020:10:28:45 -0500] "POST /new/wp-cron.php?doing_wp_cron=1580138925.8968770503997802734375 HTTP/1.1" 200 - "https://www.naijadial.com/new/wp-cron.php?doing_wp_cron=1580138925.8968770503997802734375" "WordPress/5.3.2; https://www.naijadial.com/new"
78.159.99.208 - - [27/Jan/2020:10:28:24 -0500] "POST /new/wp-admin/admin-ajax.php HTTP/1.1" 200 47 "https://www.naijadial.com/new/wp-admin/themes.php?page=fw-settings" "Mozilla/5.0 (Windows NT 6.3; Win64; x64) AppleWebKit/537.36 (KHTML, like Gecko) Chrome/79.0.3945.130 Safari/537.36"
78.159.99.208 - - [27/Jan/2020:10:29:04 -0500] "POST /new/wp-admin/admin-ajax.php HTTP/1.1" 200 98 "https://www.naijadial.com/new/wp-admin/post.php?post=100&action=edit" "Mozilla/5.0 (Windows NT 6.3; Win64; x64) AppleWebKit/537.36 (KHTML, like Gecko) Chrome/79.0.3945.130 Safari/537.36"
198.54.125.95 - - [27/Jan/2020:10:30:43 -0500] "POST /new/wp-cron.php?doing_wp_cron=1580139043.8876330852508544921875 HTTP/1.1" 200 - "https://www.naijadial.com/new/wp-cron.php?doing_wp_cron=1580139043.8876330852508544921875" "WordPress/5.3.2; https://www.naijadial.com/new"
78.159.99.208 - - [27/Jan/2020:10:30:26 -0500] "POST /new/wp-admin/admin-ajax.php HTTP/1.1" 200 47 "https://www.naijadial.com/new/wp-admin/themes.php?page=fw-settings" "Mozilla/5.0 (Windows NT 6.3; Win64; x64) AppleWebKit/537.36 (KHTML, like Gecko) Chrome/79.0.3945.130 Safari/537.36"
198.54.125.95 - - [27/Jan/2020:10:31:06 -0500] "POST /new/wp-cron.php?doing_wp_cron=1580139066.5439701080322265625000 HTTP/1.1" 200 - "https://www.naijadial.com/new/wp-cron.php?doing_wp_cron=1580139066.5439701080322265625000" "WordPress/5.3.2; https://www.naijadial.com/new"
78.159.99.208 - - [27/Jan/2020:10:31:06 -0500] "POST /new/wp-admin/admin-ajax.php HTTP/1.1" 200 98 "https://www.naijadial.com/new/wp-admin/post.php?post=100&action=edit" "Mozilla/5.0 (Windows NT 6.3; Win64; x64) AppleWebKit/537.36 (KHTML, like Gecko) Chrome/79.0.3945.130 Safari/537.36"
198.54.125.95 - - [27/Jan/2020:10:32:26 -0500] "POST /new/wp-cron.php?doing_wp_cron=1580139146.1568329334259033203125 HTTP/1.1" 200 - "https://www.naijadial.com/new/wp-cron.php?doing_wp_cron=1580139146.1568329334259033203125" "WordPress/5.3.2; https://www.naijadial.com/new"
78.159.99.208 - - [27/Jan/2020:10:32:25 -0500] "POST /new/wp-admin/admin-ajax.php HTTP/1.1" 200 47 "https://www.naijadial.com/new/wp-admin/themes.php?page=fw-settings" "Mozilla/5.0 (Windows NT 6.3; Win64; x64) AppleWebKit/537.36 (KHTML, like Gecko) Chrome/79.0.3945.130 Safari/537.36"
78.159.99.208 - - [27/Jan/2020:10:33:02 -0500] "POST /new/wp-admin/admin-ajax.php HTTP/1.1" 200 98 "https://www.naijadial.com/new/wp-admin/post.php?post=100&action=edit" "Mozilla/5.0 (Windows NT 6.3; Win64; x64) AppleWebKit/537.36 (KHTML, like Gecko) Chrome/79.0.3945.130 Safari/537.36"
78.159.99.208 - - [27/Jan/2020:10:39:15 -0500] "POST /new/wp-admin/admin-ajax.php HTTP/1.1" 200 98 "https://www.naijadial.com/new/wp-admin/post.php?post=100&action=edit" "Mozilla/5.0 (Windows NT 6.3; Win64; x64) AppleWebKit/537.36 (KHTML, like Gecko) Chrome/79.0.3945.130 Safari/537.36"
78.159.99.208 - - [27/Jan/2020:10:39:27 -0500] "POST /new/wp-admin/admin-ajax.php HTTP/1.1" 200 98 "https://www.naijadial.com/new/wp-admin/post.php?post=100&action=edit" "Mozilla/5.0 (Windows NT 6.3; Win64; x64) AppleWebKit/537.36 (KHTML, like Gecko) Chrome/79.0.3945.130 Safari/537.36"
78.159.99.208 - - [27/Jan/2020:10:39:39 -0500] "POST /new/wp-admin/admin-ajax.php HTTP/1.1" 200 98 "https://www.naijadial.com/new/wp-admin/post.php?post=100&action=edit" "Mozilla/5.0 (Windows NT 6.3; Win64; x64) AppleWebKit/537.36 (KHTML, like Gecko) Chrome/79.0.3945.130 Safari/537.36"
78.159.99.208 - - [27/Jan/2020:10:39:54 -0500] "POST /new/wp-admin/admin-ajax.php HTTP/1.1" 200 98 "https://www.naijadial.com/new/wp-admin/post.php?post=100&action=edit" "Mozilla/5.0 (Windows NT 6.3; Win64; x64) AppleWebKit/537.36 (KHTML, like Gecko) Chrome/79.0.3945.130 Safari/537.36"
78.159.99.208 - - [27/Jan/2020:10:40:08 -0500] "POST /new/wp-admin/admin-ajax.php HTTP/1.1" 200 98 "https://www.naijadial.com/new/wp-admin/post.php?post=100&action=edit" "Mozilla/5.0 (Windows NT 6.3; Win64; x64) AppleWebKit/537.36 (KHTML, like Gecko) Chrome/79.0.3945.130 Safari/537.36"
198.54.125.95 - - [27/Jan/2020:10:40:24 -0500] "POST /new/wp-cron.php?doing_wp_cron=1580139624.0762228965759277343750 HTTP/1.1" 200 - "https://www.naijadial.com/new/wp-cron.php?doing_wp_cron=1580139624.0762228965759277343750" "WordPress/5.3.2; https://www.naijadial.com/new"
78.159.99.208 - - [27/Jan/2020:10:40:23 -0500] "POST /new/wp-admin/admin-ajax.php HTTP/1.1" 200 98 "https://www.naijadial.com/new/wp-admin/post.php?post=100&action=edit" "Mozilla/5.0 (Windows NT 6.3; Win64; x64) AppleWebKit/537.36 (KHTML, like Gecko) Chrome/79.0.3945.130 Safari/537.36"
78.159.99.208 - - [27/Jan/2020:10:40:24 -0500] "POST /new/wp-admin/admin-ajax.php HTTP/1.1" 200 47 "https://www.naijadial.com/new/wp-admin/themes.php?page=fw-settings" "Mozilla/5.0 (Windows NT 6.3; Win64; x64) AppleWebKit/537.36 (KHTML, like Gecko) Chrome/79.0.3945.130 Safari/537.36"
78.159.99.208 - - [27/Jan/2020:10:40:39 -0500] "POST /new/wp-admin/admin-ajax.php HTTP/1.1" 200 98 "https://www.naijadial.com/new/wp-admin/post.php?post=100&action=edit" "Mozilla/5.0 (Windows NT 6.3; Win64; x64) AppleWebKit/537.36 (KHTML, like Gecko) Chrome/79.0.3945.130 Safari/537.36"
198.54.125.95 - - [27/Jan/2020:10:42:28 -0500] "POST /new/wp-cron.php?doing_wp_cron=1580139748.1032409667968750000000 HTTP/1.1" 200 - "https://www.naijadial.com/new/wp-cron.php?doing_wp_cron=1580139748.1032409667968750000000" "WordPress/5.3.2; https://www.naijadial.com/new"
78.159.99.208 - - [27/Jan/2020:10:42:27 -0500] "POST /new/wp-admin/admin-ajax.php HTTP/1.1" 200 47 "https://www.naijadial.com/new/wp-admin/themes.php?page=fw-settings" "Mozilla/5.0 (Windows NT 6.3; Win64; x64) AppleWebKit/537.36 (KHTML, like Gecko) Chrome/79.0.3945.130 Safari/537.36"
78.159.99.208 - - [27/Jan/2020:10:42:41 -0500] "POST /new/wp-admin/admin-ajax.php HTTP/1.1" 200 98 "https://www.naijadial.com/new/wp-admin/post.php?post=100&action=edit" "Mozilla/5.0 (Windows NT 6.3; Win64; x64) AppleWebKit/537.36 (KHTML, like Gecko) Chrome/79.0.3945.130 Safari/537.36"
198.54.125.95 - - [27/Jan/2020:10:44:27 -0500] "POST /new/wp-cron.php?doing_wp_cron=1580139867.0709869861602783203125 HTTP/1.1" 200 - "https://www.naijadial.com/new/wp-cron.php?doing_wp_cron=1580139867.0709869861602783203125" "WordPress/5.3.2; https://www.naijadial.com/new"
78.159.99.208 - - [27/Jan/2020:10:44:26 -0500] "POST /new/wp-admin/admin-ajax.php HTTP/1.1" 200 47 "https://www.naijadial.com/new/wp-admin/themes.php?page=fw-settings" "Mozilla/5.0 (Windows NT 6.3; Win64; x64) AppleWebKit/537.36 (KHTML, like Gecko) Chrome/79.0.3945.130 Safari/537.36"
198.54.125.95 - - [27/Jan/2020:10:34:25 -0500] "POST /new/wp-cron.php?doing_wp_cron=1580139265.6963880062103271484375 HTTP/1.1" 200 - "https://www.naijadial.com/new/wp-cron.php?doing_wp_cron=1580139265.6963880062103271484375" "WordPress/5.3.2; https://www.naijadial.com/new"
78.159.99.208 - - [27/Jan/2020:10:34:25 -0500] "POST /new/wp-admin/admin-ajax.php HTTP/1.1" 200 47 "https://www.naijadial.com/new/wp-admin/themes.php?page=fw-settings" "Mozilla/5.0 (Windows NT 6.3; Win64; x64) AppleWebKit/537.36 (KHTML, like Gecko) Chrome/79.0.3945.130 Safari/537.36"
78.159.99.208 - - [27/Jan/2020:10:35:03 -0500] "POST /new/wp-admin/admin-ajax.php HTTP/1.1" 200 98 "https://www.naijadial.com/new/wp-admin/post.php?post=100&action=edit" "Mozilla/5.0 (Windows NT 6.3; Win64; x64) AppleWebKit/537.36 (KHTML, like Gecko) Chrome/79.0.3945.130 Safari/537.36"
198.54.125.95 - - [27/Jan/2020:10:36:27 -0500] "POST /new/wp-cron.php?doing_wp_cron=1580139387.4714479446411132812500 HTTP/1.1" 200 - "https://www.naijadial.com/new/wp-cron.php?doing_wp_cron=1580139387.4714479446411132812500" "WordPress/5.3.2; https://www.naijadial.com/new"
78.159.99.208 - - [27/Jan/2020:10:36:27 -0500] "POST /new/wp-admin/admin-ajax.php HTTP/1.1" 200 47 "https://www.naijadial.com/new/wp-admin/themes.php?page=fw-settings" "Mozilla/5.0 (Windows NT 6.3; Win64; x64) AppleWebKit/537.36 (KHTML, like Gecko) Chrome/79.0.3945.130 Safari/537.36"
78.159.99.208 - - [27/Jan/2020:10:38:36 -0500] "POST /new/wp-admin/admin-ajax.php HTTP/1.1" 200 47 "https://www.naijadial.com/new/wp-admin/themes.php?page=fw-settings" "Mozilla/5.0 (Windows NT 6.3; Win64; x64) AppleWebKit/537.36 (KHTML, like Gecko) Chrome/79.0.3945.130 Safari/537.36"
198.54.125.95 - - [27/Jan/2020:10:37:37 -0500] "POST /new/wp-cron.php?doing_wp_cron=1580139457.1628320217132568359375 HTTP/1.1" 200 - "https://www.naijadial.com/new/wp-cron.php?doing_wp_cron=1580139457.1628320217132568359375" "WordPress/5.3.2; https://www.naijadial.com/new"
78.159.99.208 - - [27/Jan/2020:10:37:21 -0500] "POST /new/wp-admin/admin-ajax.php HTTP/1.1" 200 98 "https://www.naijadial.com/new/wp-admin/post.php?post=100&action=edit" "Mozilla/5.0 (Windows NT 6.3; Win64; x64) AppleWebKit/537.36 (KHTML, like Gecko) Chrome/79.0.3945.130 Safari/537.36"
198.54.125.95 - - [27/Jan/2020:10:37:51 -0500] "POST /wp-cron.php?doing_wp_cron=1580139471.6634728908538818359375 HTTP/1.1" 200 - "https://www.naijadial.com/wp-cron.php?doing_wp_cron=1580139471.6634728908538818359375" "WordPress/5.3.2; https://www.naijadial.com"
114.119.141.30 - - [27/Jan/2020:10:37:49 -0500] "GET /provider/lateefat-sanusi HTTP/1.1" 301 - "-" "Mozilla/5.0(Linux;U;Android 5.1.1;zh-CN;OPPO A33 Build/LMY47V) AppleWebKit/537.36(KHTML,like Gecko) Version/4.0 Chrome/40.0.2214.89 UCBrowser/11.7.0.953 Mobile Safari/537.36"
114.119.141.30 - - [27/Jan/2020:10:37:53 -0500] "GET /provider/lateefat-sanusi/ HTTP/1.1" 200 36434 "-" "Mozilla/5.0(Linux;U;Android 5.1.1;zh-CN;OPPO A33 Build/LMY47V) AppleWebKit/537.36(KHTML,like Gecko) Version/4.0 Chrome/40.0.2214.89 UCBrowser/11.7.0.953 Mobile Safari/537.36"
198.54.125.95 - - [27/Jan/2020:10:48:49 -0500] "POST /new/wp-cron.php?doing_wp_cron=1580140129.7170720100402832031250 HTTP/1.1" 200 - "https://www.naijadial.com/new/wp-cron.php?doing_wp_cron=1580140129.7170720100402832031250" "WordPress/5.3.2; https://www.naijadial.com/new"
78.159.99.208 - - [27/Jan/2020:10:48:27 -0500] "POST /new/wp-admin/admin-ajax.php HTTP/1.1" 200 47 "https://www.naijadial.com/new/wp-admin/themes.php?page=fw-settings" "Mozilla/5.0 (Windows NT 6.3; Win64; x64) AppleWebKit/537.36 (KHTML, like Gecko) Chrome/79.0.3945.130 Safari/537.36"
78.159.99.208 - - [27/Jan/2020:10:48:38 -0500] "POST /new/wp-admin/admin-ajax.php HTTP/1.1" 200 98 "https://www.naijadial.com/new/wp-admin/post.php?post=100&action=edit" "Mozilla/5.0 (Windows NT 6.3; Win64; x64) AppleWebKit/537.36 (KHTML, like Gecko) Chrome/79.0.3945.130 Safari/537.36"
78.159.99.208 - - [27/Jan/2020:10:44:40 -0500] "POST /new/wp-admin/admin-ajax.php HTTP/1.1" 200 98 "https://www.naijadial.com/new/wp-admin/post.php?post=100&action=edit" "Mozilla/5.0 (Windows NT 6.3; Win64; x64) AppleWebKit/537.36 (KHTML, like Gecko) Chrome/79.0.3945.130 Safari/537.36"
198.54.125.95 - - [27/Jan/2020:10:46:27 -0500] "POST /new/wp-cron.php?doing_wp_cron=1580139987.2051000595092773437500 HTTP/1.1" 200 - "https://www.naijadial.com/new/wp-cron.php?doing_wp_cron=1580139987.2051000595092773437500" "WordPress/5.3.2; https://www.naijadial.com/new"
78.159.99.208 - - [27/Jan/2020:10:46:26 -0500] "POST /new/wp-admin/admin-ajax.php HTTP/1.1" 200 47 "https://www.naijadial.com/new/wp-admin/themes.php?page=fw-settings" "Mozilla/5.0 (Windows NT 6.3; Win64; x64) AppleWebKit/537.36 (KHTML, like Gecko) Chrome/79.0.3945.130 Safari/537.36"
78.159.99.208 - - [27/Jan/2020:10:46:40 -0500] "POST /new/wp-admin/admin-ajax.php HTTP/1.1" 200 98 "https://www.naijadial.com/new/wp-admin/post.php?post=100&action=edit" "Mozilla/5.0 (Windows NT 6.3; Win64; x64) AppleWebKit/537.36 (KHTML, like Gecko) Chrome/79.0.3945.130 Safari/537.36"
198.54.125.95 - - [27/Jan/2020:10:50:30 -0500] "POST /new/wp-cron.php?doing_wp_cron=1580140230.3108470439910888671875 HTTP/1.1" 200 - "https://www.naijadial.com/new/wp-cron.php?doing_wp_cron=1580140230.3108470439910888671875" "WordPress/5.3.2; https://www.naijadial.com/new"
78.159.99.208 - - [27/Jan/2020:10:50:28 -0500] "POST /new/wp-admin/admin-ajax.php HTTP/1.1" 200 47 "https://www.naijadial.com/new/wp-admin/themes.php?page=fw-settings" "Mozilla/5.0 (Windows NT 6.3; Win64; x64) AppleWebKit/537.36 (KHTML, like Gecko) Chrome/79.0.3945.130 Safari/537.36"
78.159.99.208 - - [27/Jan/2020:10:50:42 -0500] "POST /new/wp-admin/admin-ajax.php HTTP/1.1" 200 98 "https://www.naijadial.com/new/wp-admin/post.php?post=100&action=edit" "Mozilla/5.0 (Windows NT 6.3; Win64; x64) AppleWebKit/537.36 (KHTML, like Gecko) Chrome/79.0.3945.130 Safari/537.36"
198.54.125.95 - - [27/Jan/2020:10:52:28 -0500] "POST /new/wp-cron.php?doing_wp_cron=1580140348.0409801006317138671875 HTTP/1.1" 200 - "https://www.naijadial.com/new/wp-cron.php?doing_wp_cron=1580140348.0409801006317138671875" "WordPress/5.3.2; https://www.naijadial.com/new"
78.159.99.208 - - [27/Jan/2020:10:52:27 -0500] "POST /new/wp-admin/admin-ajax.php HTTP/1.1" 200 47 "https://www.naijadial.com/new/wp-admin/themes.php?page=fw-settings" "Mozilla/5.0 (Windows NT 6.3; Win64; x64) AppleWebKit/537.36 (KHTML, like Gecko) Chrome/79.0.3945.130 Safari/537.36"
198.54.125.95 - - [27/Jan/2020:10:54:28 -0500] "POST /new/wp-cron.php?doing_wp_cron=1580140468.8892779350280761718750 HTTP/1.1" 200 - "https://www.naijadial.com/new/wp-cron.php?doing_wp_cron=1580140468.8892779350280761718750" "WordPress/5.3.2; https://www.naijadial.com/new"
78.159.99.208 - - [27/Jan/2020:10:54:28 -0500] "POST /new/wp-admin/admin-ajax.php HTTP/1.1" 200 47 "https://www.naijadial.com/new/wp-admin/themes.php?page=fw-settings" "Mozilla/5.0 (Windows NT 6.3; Win64; x64) AppleWebKit/537.36 (KHTML, like Gecko) Chrome/79.0.3945.130 Safari/537.36"
198.54.125.95 - - [27/Jan/2020:10:56:28 -0500] "POST /new/wp-cron.php?doing_wp_cron=1580140588.9036760330200195312500 HTTP/1.1" 200 - "https://www.naijadial.com/new/wp-cron.php?doing_wp_cron=1580140588.9036760330200195312500" "WordPress/5.3.2; https://www.naijadial.com/new"
78.159.99.208 - - [27/Jan/2020:10:56:28 -0500] "POST /new/wp-admin/admin-ajax.php HTTP/1.1" 200 47 "https://www.naijadial.com/new/wp-admin/themes.php?page=fw-settings" "Mozilla/5.0 (Windows NT 6.3; Win64; x64) AppleWebKit/537.36 (KHTML, like Gecko) Chrome/79.0.3945.130 Safari/537.36"
78.159.99.208 - - [27/Jan/2020:11:04:51 -0500] "POST /new/wp-admin/admin-ajax.php HTTP/1.1" 200 47 "https://www.naijadial.com/new/wp-admin/themes.php?page=fw-settings" "Mozilla/5.0 (Windows NT 6.3; Win64; x64) AppleWebKit/537.36 (KHTML, like Gecko) Chrome/79.0.3945.130 Safari/537.36"
198.54.125.95 - - [27/Jan/2020:11:06:30 -0500] "POST /new/wp-cron.php?doing_wp_cron=1580141190.1501669883728027343750 HTTP/1.1" 200 - "https://www.naijadial.com/new/wp-cron.php?doing_wp_cron=1580141190.1501669883728027343750" "WordPress/5.3.2; https://www.naijadial.com/new"
78.159.99.208 - - [27/Jan/2020:11:06:29 -0500] "POST /new/wp-admin/admin-ajax.php HTTP/1.1" 200 47 "https://www.naijadial.com/new/wp-admin/themes.php?page=fw-settings" "Mozilla/5.0 (Windows NT 6.3; Win64; x64) AppleWebKit/537.36 (KHTML, like Gecko) Chrome/79.0.3945.130 Safari/537.36"
198.54.125.95 - - [27/Jan/2020:10:58:31 -0500] "POST /new/wp-cron.php?doing_wp_cron=1580140711.7404990196228027343750 HTTP/1.1" 200 - "https://www.naijadial.com/new/wp-cron.php?doing_wp_cron=1580140711.7404990196228027343750" "WordPress/5.3.2; https://www.naijadial.com/new"
78.159.99.208 - - [27/Jan/2020:10:58:29 -0500] "POST /new/wp-admin/admin-ajax.php HTTP/1.1" 200 47 "https://www.naijadial.com/new/wp-admin/themes.php?page=fw-settings" "Mozilla/5.0 (Windows NT 6.3; Win64; x64) AppleWebKit/537.36 (KHTML, like Gecko) Chrome/79.0.3945.130 Safari/537.36"
198.54.125.95 - - [27/Jan/2020:11:00:29 -0500] "POST /new/wp-cron.php?doing_wp_cron=1580140829.0940968990325927734375 HTTP/1.1" 200 - "https://www.naijadial.com/new/wp-cron.php?doing_wp_cron=1580140829.0940968990325927734375" "WordPress/5.3.2; https://www.naijadial.com/new"
78.159.99.208 - - [27/Jan/2020:11:00:28 -0500] "POST /new/wp-admin/admin-ajax.php HTTP/1.1" 200 47 "https://www.naijadial.com/new/wp-admin/themes.php?page=fw-settings" "Mozilla/5.0 (Windows NT 6.3; Win64; x64) AppleWebKit/537.36 (KHTML, like Gecko) Chrome/79.0.3945.130 Safari/537.36"
198.54.125.95 - - [27/Jan/2020:11:02:29 -0500] "POST /new/wp-cron.php?doing_wp_cron=1580140949.2812829017639160156250 HTTP/1.1" 200 - "https://www.naijadial.com/new/wp-cron.php?doing_wp_cron=1580140949.2812829017639160156250" "WordPress/5.3.2; https://www.naijadial.com/new"
78.159.99.208 - - [27/Jan/2020:11:02:29 -0500] "POST /new/wp-admin/admin-ajax.php HTTP/1.1" 200 47 "https://www.naijadial.com/new/wp-admin/themes.php?page=fw-settings" "Mozilla/5.0 (Windows NT 6.3; Win64; x64) AppleWebKit/537.36 (KHTML, like Gecko) Chrome/79.0.3945.130 Safari/537.36"
66.249.79.187 - - [27/Jan/2020:11:03:07 -0500] "GET /robots.txt HTTP/1.1" 200 69 "-" "Mozilla/5.0 (compatible; Googlebot/2.1; +http://www.google.com/bot.html)"
66.249.79.189 - - [27/Jan/2020:11:03:10 -0500] "GET /homie/ HTTP/1.1" 404 143351 "-" "Mozilla/5.0 (Linux; Android 6.0.1; Nexus 5X Build/MMB29P) AppleWebKit/537.36 (KHTML, like Gecko) Chrome/41.0.2272.96 Mobile Safari/537.36 (compatible; Googlebot/2.1; +http://www.google.com/bot.html)"
198.54.125.95 - - [27/Jan/2020:11:03:09 -0500] "POST /wp-cron.php?doing_wp_cron=1580140989.2892520427703857421875 HTTP/1.1" 200 - "https://www.naijadial.com/wp-cron.php?doing_wp_cron=1580140989.2892520427703857421875" "WordPress/5.3.2; https://www.naijadial.com"
198.54.125.95 - - [27/Jan/2020:11:04:17 -0500] "POST /wp-cron.php?doing_wp_cron=1580141057.4352369308471679687500 HTTP/1.1" 200 - "https://www.naijadial.com/wp-cron.php?doing_wp_cron=1580141057.4352369308471679687500" "WordPress/5.3.2; https://www.naijadial.com"
193.106.30.99 - - [27/Jan/2020:11:04:17 -0500] "POST / HTTP/1.1" 200 38922 "-" "Mozilla/5.0 (Windows NT 6.1; Win64; x64) AppleWebKit/537.36 (KHTML, like Gecko) Chrome/73.0.3683.103 Safari/537.36"
198.54.125.95 - - [27/Jan/2020:11:08:29 -0500] "POST /new/wp-cron.php?doing_wp_cron=1580141309.9037950038909912109375 HTTP/1.1" 200 - "https://www.naijadial.com/new/wp-cron.php?doing_wp_cron=1580141309.9037950038909912109375" "WordPress/5.3.2; https://www.naijadial.com/new"
78.159.99.208 - - [27/Jan/2020:11:08:29 -0500] "POST /new/wp-admin/admin-ajax.php HTTP/1.1" 200 47 "https://www.naijadial.com/new/wp-admin/themes.php?page=fw-settings" "Mozilla/5.0 (Windows NT 6.3; Win64; x64) AppleWebKit/537.36 (KHTML, like Gecko) Chrome/79.0.3945.130 Safari/537.36"
198.54.125.95 - - [27/Jan/2020:11:10:29 -0500] "POST /new/wp-cron.php?doing_wp_cron=1580141429.9271149635314941406250 HTTP/1.1" 200 - "https://www.naijadial.com/new/wp-cron.php?doing_wp_cron=1580141429.9271149635314941406250" "WordPress/5.3.2; https://www.naijadial.com/new"
78.159.99.208 - - [27/Jan/2020:11:10:29 -0500] "POST /new/wp-admin/admin-ajax.php HTTP/1.1" 200 47 "https://www.naijadial.com/new/wp-admin/themes.php?page=fw-settings" "Mozilla/5.0 (Windows NT 6.3; Win64; x64) AppleWebKit/537.36 (KHTML, like Gecko) Chrome/79.0.3945.130 Safari/537.36"
198.54.125.95 - - [27/Jan/2020:11:12:32 -0500] "POST /new/wp-cron.php?doing_wp_cron=1580141552.2809369564056396484375 HTTP/1.1" 200 - "https://www.naijadial.com/new/wp-cron.php?doing_wp_cron=1580141552.2809369564056396484375" "WordPress/5.3.2; https://www.naijadial.com/new"
78.159.99.208 - - [27/Jan/2020:11:12:30 -0500] "POST /new/wp-admin/admin-ajax.php HTTP/1.1" 200 47 "https://www.naijadial.com/new/wp-admin/themes.php?page=fw-settings" "Mozilla/5.0 (Windows NT 6.3; Win64; x64) AppleWebKit/537.36 (KHTML, like Gecko) Chrome/79.0.3945.130 Safari/537.36"
198.54.125.95 - - [27/Jan/2020:11:14:31 -0500] "POST /new/wp-cron.php?doing_wp_cron=1580141671.2864799499511718750000 HTTP/1.1" 200 - "https://www.naijadial.com/new/wp-cron.php?doing_wp_cron=1580141671.2864799499511718750000" "WordPress/5.3.2; https://www.naijadial.com/new"
78.159.99.208 - - [27/Jan/2020:11:14:30 -0500] "POST /new/wp-admin/admin-ajax.php HTTP/1.1" 200 47 "https://www.naijadial.com/new/wp-admin/themes.php?page=fw-settings" "Mozilla/5.0 (Windows NT 6.3; Win64; x64) AppleWebKit/537.36 (KHTML, like Gecko) Chrome/79.0.3945.130 Safari/537.36"
198.54.125.95 - - [27/Jan/2020:11:16:55 -0500] "POST /new/wp-cron.php?doing_wp_cron=1580141815.2791180610656738281250 HTTP/1.1" 200 - "https://www.naijadial.com/new/wp-cron.php?doing_wp_cron=1580141815.2791180610656738281250" "WordPress/5.3.2; https://www.naijadial.com/new"
78.159.99.208 - - [27/Jan/2020:11:16:30 -0500] "POST /new/wp-admin/admin-ajax.php HTTP/1.1" 200 47 "https://www.naijadial.com/new/wp-admin/themes.php?page=fw-settings" "Mozilla/5.0 (Windows NT 6.3; Win64; x64) AppleWebKit/537.36 (KHTML, like Gecko) Chrome/79.0.3945.130 Safari/537.36"
198.54.125.95 - - [27/Jan/2020:11:18:31 -0500] "POST /new/wp-cron.php?doing_wp_cron=1580141911.0873789787292480468750 HTTP/1.1" 200 - "https://www.naijadial.com/new/wp-cron.php?doing_wp_cron=1580141911.0873789787292480468750" "WordPress/5.3.2; https://www.naijadial.com/new"
78.159.99.208 - - [27/Jan/2020:11:18:30 -0500] "POST /new/wp-admin/admin-ajax.php HTTP/1.1" 200 47 "https://www.naijadial.com/new/wp-admin/themes.php?page=fw-settings" "Mozilla/5.0 (Windows NT 6.3; Win64; x64) AppleWebKit/537.36 (KHTML, like Gecko) Chrome/79.0.3945.130 Safari/537.36"
198.54.125.95 - - [27/Jan/2020:11:20:31 -0500] "POST /new/wp-cron.php?doing_wp_cron=1580142031.7551040649414062500000 HTTP/1.1" 200 - "https://www.naijadial.com/new/wp-cron.php?doing_wp_cron=1580142031.7551040649414062500000" "WordPress/5.3.2; https://www.naijadial.com/new"
78.159.99.208 - - [27/Jan/2020:11:20:31 -0500] "POST /new/wp-admin/admin-ajax.php HTTP/1.1" 200 47 "https://www.naijadial.com/new/wp-admin/themes.php?page=fw-settings" "Mozilla/5.0 (Windows NT 6.3; Win64; x64) AppleWebKit/537.36 (KHTML, like Gecko) Chrome/79.0.3945.130 Safari/537.36"
198.54.125.95 - - [27/Jan/2020:11:22:32 -0500] "POST /new/wp-cron.php?doing_wp_cron=1580142152.1082749366760253906250 HTTP/1.1" 200 - "https://www.naijadial.com/new/wp-cron.php?doing_wp_cron=1580142152.1082749366760253906250" "WordPress/5.3.2; https://www.naijadial.com/new"
78.159.99.208 - - [27/Jan/2020:11:22:31 -0500] "POST /new/wp-admin/admin-ajax.php HTTP/1.1" 200 47 "https://www.naijadial.com/new/wp-admin/themes.php?page=fw-settings" "Mozilla/5.0 (Windows NT 6.3; Win64; x64) AppleWebKit/537.36 (KHTML, like Gecko) Chrome/79.0.3945.130 Safari/537.36"
78.159.99.208 - - [27/Jan/2020:11:24:31 -0500] "POST /new/wp-admin/admin-ajax.php HTTP/1.1" 200 47 "https://www.naijadial.com/new/wp-admin/themes.php?page=fw-settings" "Mozilla/5.0 (Windows NT 6.3; Win64; x64) AppleWebKit/537.36 (KHTML, like Gecko) Chrome/79.0.3945.130 Safari/537.36"
198.54.125.95 - - [27/Jan/2020:11:24:31 -0500] "POST /new/wp-cron.php?doing_wp_cron=1580142271.8520929813385009765625 HTTP/1.1" 200 - "https://www.naijadial.com/new/wp-cron.php?doing_wp_cron=1580142271.8520929813385009765625" "WordPress/5.3.2; https://www.naijadial.com/new"
198.54.125.95 - - [27/Jan/2020:11:38:34 -0500] "POST /new/wp-cron.php?doing_wp_cron=1580143114.6030509471893310546875 HTTP/1.1" 200 - "https://www.naijadial.com/new/wp-cron.php?doing_wp_cron=1580143114.6030509471893310546875" "WordPress/5.3.2; https://www.naijadial.com/new"
78.159.99.208 - - [27/Jan/2020:11:38:32 -0500] "POST /new/wp-admin/admin-ajax.php HTTP/1.1" 200 47 "https://www.naijadial.com/new/wp-admin/themes.php?page=fw-settings" "Mozilla/5.0 (Windows NT 6.3; Win64; x64) AppleWebKit/537.36 (KHTML, like Gecko) Chrome/79.0.3945.130 Safari/537.36"
198.54.125.95 - - [27/Jan/2020:11:26:58 -0500] "POST /new/wp-cron.php?doing_wp_cron=1580142418.2730169296264648437500 HTTP/1.1" 200 - "https://www.naijadial.com/new/wp-cron.php?doing_wp_cron=1580142418.2730169296264648437500" "WordPress/5.3.2; https://www.naijadial.com/new"
78.159.99.208 - - [27/Jan/2020:11:26:31 -0500] "POST /new/wp-admin/admin-ajax.php HTTP/1.1" 200 47 "https://www.naijadial.com/new/wp-admin/themes.php?page=fw-settings" "Mozilla/5.0 (Windows NT 6.3; Win64; x64) AppleWebKit/537.36 (KHTML, like Gecko) Chrome/79.0.3945.130 Safari/537.36"
198.54.125.95 - - [27/Jan/2020:11:28:31 -0500] "POST /new/wp-cron.php?doing_wp_cron=1580142511.7978560924530029296875 HTTP/1.1" 200 - "https://www.naijadial.com/new/wp-cron.php?doing_wp_cron=1580142511.7978560924530029296875" "WordPress/5.3.2; https://www.naijadial.com/new"
78.159.99.208 - - [27/Jan/2020:11:28:31 -0500] "POST /new/wp-admin/admin-ajax.php HTTP/1.1" 200 47 "https://www.naijadial.com/new/wp-admin/themes.php?page=fw-settings" "Mozilla/5.0 (Windows NT 6.3; Win64; x64) AppleWebKit/537.36 (KHTML, like Gecko) Chrome/79.0.3945.130 Safari/537.36"
198.54.125.95 - - [27/Jan/2020:11:30:32 -0500] "POST /new/wp-cron.php?doing_wp_cron=1580142632.0253748893737792968750 HTTP/1.1" 200 - "https://www.naijadial.com/new/wp-cron.php?doing_wp_cron=1580142632.0253748893737792968750" "WordPress/5.3.2; https://www.naijadial.com/new"
78.159.99.208 - - [27/Jan/2020:11:30:31 -0500] "POST /new/wp-admin/admin-ajax.php HTTP/1.1" 200 47 "https://www.naijadial.com/new/wp-admin/themes.php?page=fw-settings" "Mozilla/5.0 (Windows NT 6.3; Win64; x64) AppleWebKit/537.36 (KHTML, like Gecko) Chrome/79.0.3945.130 Safari/537.36"
198.54.125.95 - - [27/Jan/2020:11:32:33 -0500] "POST /new/wp-cron.php?doing_wp_cron=1580142753.3357911109924316406250 HTTP/1.1" 200 - "https://www.naijadial.com/new/wp-cron.php?doing_wp_cron=1580142753.3357911109924316406250" "WordPress/5.3.2; https://www.naijadial.com/new"
78.159.99.208 - - [27/Jan/2020:11:32:33 -0500] "POST /new/wp-admin/admin-ajax.php HTTP/1.1" 200 47 "https://www.naijadial.com/new/wp-admin/themes.php?page=fw-settings" "Mozilla/5.0 (Windows NT 6.3; Win64; x64) AppleWebKit/537.36 (KHTML, like Gecko) Chrome/79.0.3945.130 Safari/537.36"
198.54.125.95 - - [27/Jan/2020:11:34:32 -0500] "POST /new/wp-cron.php?doing_wp_cron=1580142872.7439410686492919921875 HTTP/1.1" 200 - "https://www.naijadial.com/new/wp-cron.php?doing_wp_cron=1580142872.7439410686492919921875" "WordPress/5.3.2; https://www.naijadial.com/new"
78.159.99.208 - - [27/Jan/2020:11:34:32 -0500] "POST /new/wp-admin/admin-ajax.php HTTP/1.1" 200 47 "https://www.naijadial.com/new/wp-admin/themes.php?page=fw-settings" "Mozilla/5.0 (Windows NT 6.3; Win64; x64) AppleWebKit/537.36 (KHTML, like Gecko) Chrome/79.0.3945.130 Safari/537.36"
198.54.125.95 - - [27/Jan/2020:11:36:32 -0500] "POST /new/wp-cron.php?doing_wp_cron=1580142992.8628070354461669921875 HTTP/1.1" 200 - "https://www.naijadial.com/new/wp-cron.php?doing_wp_cron=1580142992.8628070354461669921875" "WordPress/5.3.2; https://www.naijadial.com/new"
78.159.99.208 - - [27/Jan/2020:11:36:32 -0500] "POST /new/wp-admin/admin-ajax.php HTTP/1.1" 200 47 "https://www.naijadial.com/new/wp-admin/themes.php?page=fw-settings" "Mozilla/5.0 (Windows NT 6.3; Win64; x64) AppleWebKit/537.36 (KHTML, like Gecko) Chrome/79.0.3945.130 Safari/537.36"
198.54.125.95 - - [27/Jan/2020:11:40:32 -0500] "POST /new/wp-cron.php?doing_wp_cron=1580143232.8217630386352539062500 HTTP/1.1" 200 - "https://www.naijadial.com/new/wp-cron.php?doing_wp_cron=1580143232.8217630386352539062500" "WordPress/5.3.2; https://www.naijadial.com/new"
78.159.99.208 - - [27/Jan/2020:11:40:32 -0500] "POST /new/wp-admin/admin-ajax.php HTTP/1.1" 200 47 "https://www.naijadial.com/new/wp-admin/themes.php?page=fw-settings" "Mozilla/5.0 (Windows NT 6.3; Win64; x64) AppleWebKit/537.36 (KHTML, like Gecko) Chrome/79.0.3945.130 Safari/537.36"
198.54.125.95 - - [27/Jan/2020:11:42:33 -0500] "POST /new/wp-cron.php?doing_wp_cron=1580143353.4175341129302978515625 HTTP/1.1" 200 - "https://www.naijadial.com/new/wp-cron.php?doing_wp_cron=1580143353.4175341129302978515625" "WordPress/5.3.2; https://www.naijadial.com/new"
78.159.99.208 - - [27/Jan/2020:11:42:33 -0500] "POST /new/wp-admin/admin-ajax.php HTTP/1.1" 200 47 "https://www.naijadial.com/new/wp-admin/themes.php?page=fw-settings" "Mozilla/5.0 (Windows NT 6.3; Win64; x64) AppleWebKit/537.36 (KHTML, like Gecko) Chrome/79.0.3945.130 Safari/537.36"
198.54.125.95 - - [27/Jan/2020:11:45:00 -0500] "POST /new/wp-cron.php?doing_wp_cron=1580143500.0464909076690673828125 HTTP/1.1" 200 - "https://www.naijadial.com/new/wp-cron.php?doing_wp_cron=1580143500.0464909076690673828125" "WordPress/5.3.2; https://www.naijadial.com/new"
78.159.99.208 - - [27/Jan/2020:11:44:44 -0500] "POST /new/wp-admin/admin-ajax.php HTTP/1.1" 200 47 "https://www.naijadial.com/new/wp-admin/themes.php?page=fw-settings" "Mozilla/5.0 (Windows NT 6.3; Win64; x64) AppleWebKit/537.36 (KHTML, like Gecko) Chrome/79.0.3945.130 Safari/537.36"
198.54.125.95 - - [27/Jan/2020:11:46:33 -0500] "POST /new/wp-cron.php?doing_wp_cron=1580143593.9806790351867675781250 HTTP/1.1" 200 - "https://www.naijadial.com/new/wp-cron.php?doing_wp_cron=1580143593.9806790351867675781250" "WordPress/5.3.2; https://www.naijadial.com/new"
78.159.99.208 - - [27/Jan/2020:11:46:33 -0500] "POST /new/wp-admin/admin-ajax.php HTTP/1.1" 200 47 "https://www.naijadial.com/new/wp-admin/themes.php?page=fw-settings" "Mozilla/5.0 (Windows NT 6.3; Win64; x64) AppleWebKit/537.36 (KHTML, like Gecko) Chrome/79.0.3945.130 Safari/537.36"
198.54.125.95 - - [27/Jan/2020:11:48:34 -0500] "POST /new/wp-cron.php?doing_wp_cron=1580143714.0698719024658203125000 HTTP/1.1" 200 - "https://www.naijadial.com/new/wp-cron.php?doing_wp_cron=1580143714.0698719024658203125000" "WordPress/5.3.2; https://www.naijadial.com/new"
78.159.99.208 - - [27/Jan/2020:11:48:33 -0500] "POST /new/wp-admin/admin-ajax.php HTTP/1.1" 200 47 "https://www.naijadial.com/new/wp-admin/themes.php?page=fw-settings" "Mozilla/5.0 (Windows NT 6.3; Win64; x64) AppleWebKit/537.36 (KHTML, like Gecko) Chrome/79.0.3945.130 Safari/537.36"
198.54.125.95 - - [27/Jan/2020:11:50:33 -0500] "POST /new/wp-cron.php?doing_wp_cron=1580143833.8239409923553466796875 HTTP/1.1" 200 - "https://www.naijadial.com/new/wp-cron.php?doing_wp_cron=1580143833.8239409923553466796875" "WordPress/5.3.2; https://www.naijadial.com/new"
78.159.99.208 - - [27/Jan/2020:11:50:33 -0500] "POST /new/wp-admin/admin-ajax.php HTTP/1.1" 200 47 "https://www.naijadial.com/new/wp-admin/themes.php?page=fw-settings" "Mozilla/5.0 (Windows NT 6.3; Win64; x64) AppleWebKit/537.36 (KHTML, like Gecko) Chrome/79.0.3945.130 Safari/537.36"
198.54.125.95 - - [27/Jan/2020:11:52:34 -0500] "POST /new/wp-cron.php?doing_wp_cron=1580143954.3932399749755859375000 HTTP/1.1" 200 - "https://www.naijadial.com/new/wp-cron.php?doing_wp_cron=1580143954.3932399749755859375000" "WordPress/5.3.2; https://www.naijadial.com/new"
78.159.99.208 - - [27/Jan/2020:11:52:34 -0500] "POST /new/wp-admin/admin-ajax.php HTTP/1.1" 200 47 "https://www.naijadial.com/new/wp-admin/themes.php?page=fw-settings" "Mozilla/5.0 (Windows NT 6.3; Win64; x64) AppleWebKit/537.36 (KHTML, like Gecko) Chrome/79.0.3945.130 Safari/537.36"
178.162.205.226 - - [27/Jan/2020:11:53:07 -0500] "GET /new/wp-content/uploads/so-css/so-css-listingo.css?ver=1580125388 HTTP/1.1" 304 - "https://www.naijadial.com/new/about/" "Mozilla/5.0 (Windows NT 6.3; WOW64) AppleWebKit/537.36 (KHTML, like Gecko) Chrome/55.0.2883.87 UBrowser/7.0.185.1002 Safari/537.36"
178.162.205.226 - - [27/Jan/2020:11:53:07 -0500] "GET /new/wp-content/plugins/revslider/public/assets/css/rs6.css?ver=6.0.7 HTTP/1.1" 304 - "https://www.naijadial.com/new/about/" "Mozilla/5.0 (Windows NT 6.3; WOW64) AppleWebKit/537.36 (KHTML, like Gecko) Chrome/55.0.2883.87 UBrowser/7.0.185.1002 Safari/537.36"
198.54.125.95 - - [27/Jan/2020:11:53:09 -0500] "POST /new/wp-cron.php?doing_wp_cron=1580143989.5617260932922363281250 HTTP/1.1" 200 - "https://www.naijadial.com/new/wp-cron.php?doing_wp_cron=1580143989.5617260932922363281250" "WordPress/5.3.2; https://www.naijadial.com/new"
178.162.205.226 - - [27/Jan/2020:11:53:09 -0500] "GET /new/wp-content/themes/listingo/css/bootstrap.min.css.map HTTP/1.1" 404 59897 "-" "Mozilla/5.0 (Windows NT 6.3; WOW64) AppleWebKit/537.36 (KHTML, like Gecko) Chrome/55.0.2883.87 UBrowser/7.0.185.1002 Safari/537.36"
178.162.205.226 - - [27/Jan/2020:11:53:36 -0500] "GET /new/wp-content/uploads/2020/01/NaijaDial-Users.png HTTP/1.1" 206 1 "https://www.naijadial.com/new/about/" "Mozilla/5.0 (Windows NT 6.3; WOW64) AppleWebKit/537.36 (KHTML, like Gecko) Chrome/55.0.2883.87 UBrowser/7.0.185.1002 Safari/537.36"
178.162.205.226 - - [27/Jan/2020:11:53:37 -0500] "GET /new/wp-content/uploads/2020/01/NaijaDial-Users.png HTTP/1.1" 206 31971 "https://www.naijadial.com/new/about/" "Mozilla/5.0 (Windows NT 6.3; WOW64) AppleWebKit/537.36 (KHTML, like Gecko) Chrome/55.0.2883.87 UBrowser/7.0.185.1002 Safari/537.36"
78.159.99.208 - - [27/Jan/2020:11:53:45 -0500] "POST /new/wp-admin/admin-ajax.php HTTP/1.1" 200 98 "https://www.naijadial.com/new/wp-admin/post.php?post=100&action=edit" "Mozilla/5.0 (Windows NT 6.3; Win64; x64) AppleWebKit/537.36 (KHTML, like Gecko) Chrome/79.0.3945.130 Safari/537.36"
78.159.99.208 - - [27/Jan/2020:11:53:49 -0500] "POST /new/wp-admin/admin-ajax.php HTTP/1.1" 200 3630 "https://www.naijadial.com/new/wp-admin/post.php?post=100&action=edit" "Mozilla/5.0 (Windows NT 6.3; Win64; x64) AppleWebKit/537.36 (KHTML, like Gecko) Chrome/79.0.3945.130 Safari/537.36"
78.159.99.208 - - [27/Jan/2020:11:53:55 -0500] "POST /new/wp-admin/admin-ajax.php HTTP/1.1" 200 3473 "https://www.naijadial.com/new/wp-admin/post.php?post=100&action=edit" "Mozilla/5.0 (Windows NT 6.3; Win64; x64) AppleWebKit/537.36 (KHTML, like Gecko) Chrome/79.0.3945.130 Safari/537.36"
78.159.99.208 - - [27/Jan/2020:11:53:58 -0500] "POST /new/wp-admin/admin-ajax.php HTTP/1.1" 200 98 "https://www.naijadial.com/new/wp-admin/post.php?post=100&action=edit" "Mozilla/5.0 (Windows NT 6.3; Win64; x64) AppleWebKit/537.36 (KHTML, like Gecko) Chrome/79.0.3945.130 Safari/537.36"
78.159.99.208 - - [27/Jan/2020:11:53:59 -0500] "GET /new/wp-content/uploads/2020/01/Service-Providers-1024x1024.png HTTP/1.1" 200 203027 "https://www.naijadial.com/new/wp-admin/post.php?post=100&action=edit" "Mozilla/5.0 (Windows NT 6.3; Win64; x64) AppleWebKit/537.36 (KHTML, like Gecko) Chrome/79.0.3945.130 Safari/537.36"
198.54.125.95 - - [27/Jan/2020:11:54:11 -0500] "POST /new/wp-cron.php?doing_wp_cron=1580144051.5525090694427490234375 HTTP/1.1" 200 - "https://www.naijadial.com/new/wp-cron.php?doing_wp_cron=1580144051.5525090694427490234375" "WordPress/5.3.2; https://www.naijadial.com/new"
78.159.99.208 - - [27/Jan/2020:11:54:11 -0500] "POST /new/wp-admin/admin-ajax.php HTTP/1.1" 200 3625 "https://www.naijadial.com/new/wp-admin/post.php?post=100&action=edit" "Mozilla/5.0 (Windows NT 6.3; Win64; x64) AppleWebKit/537.36 (KHTML, like Gecko) Chrome/79.0.3945.130 Safari/537.36"
78.159.99.208 - - [27/Jan/2020:11:54:14 -0500] "POST /new/wp-admin/admin-ajax.php HTTP/1.1" 200 168 "https://www.naijadial.com/new/wp-admin/post.php?post=100&action=edit" "Mozilla/5.0 (Windows NT 6.3; Win64; x64) AppleWebKit/537.36 (KHTML, like Gecko) Chrome/79.0.3945.130 Safari/537.36"
78.159.99.208 - - [27/Jan/2020:11:54:15 -0500] "POST /new/wp-admin/admin-ajax.php HTTP/1.1" 200 3287 "https://www.naijadial.com/new/wp-admin/post.php?post=100&action=edit" "Mozilla/5.0 (Windows NT 6.3; Win64; x64) AppleWebKit/537.36 (KHTML, like Gecko) Chrome/79.0.3945.130 Safari/537.36"
78.159.99.208 - - [27/Jan/2020:11:54:18 -0500] "GET /new/wp-content/uploads/2020/01/NaijaDial-Users-150x150.png HTTP/1.1" 200 12906 "https://www.naijadial.com/new/wp-admin/post.php?post=100&action=edit" "Mozilla/5.0 (Windows NT 6.3; Win64; x64) AppleWebKit/537.36 (KHTML, like Gecko) Chrome/79.0.3945.130 Safari/537.36"
78.159.99.208 - - [27/Jan/2020:11:54:30 -0500] "POST /new/wp-admin/admin-ajax.php HTTP/1.1" 200 98 "https://www.naijadial.com/new/wp-admin/post.php?post=100&action=edit" "Mozilla/5.0 (Windows NT 6.3; Win64; x64) AppleWebKit/537.36 (KHTML, like Gecko) Chrome/79.0.3945.130 Safari/537.36"
78.159.99.208 - - [27/Jan/2020:11:54:33 -0500] "POST /new/wp-admin/admin-ajax.php HTTP/1.1" 200 47 "https://www.naijadial.com/new/wp-admin/themes.php?page=fw-settings" "Mozilla/5.0 (Windows NT 6.3; Win64; x64) AppleWebKit/537.36 (KHTML, like Gecko) Chrome/79.0.3945.130 Safari/537.36"
78.159.99.208 - - [27/Jan/2020:11:54:43 -0500] "POST /new/wp-admin/admin-ajax.php HTTP/1.1" 200 98 "https://www.naijadial.com/new/wp-admin/post.php?post=100&action=edit" "Mozilla/5.0 (Windows NT 6.3; Win64; x64) AppleWebKit/537.36 (KHTML, like Gecko) Chrome/79.0.3945.130 Safari/537.36"
78.159.99.208 - - [27/Jan/2020:11:54:53 -0500] "POST /new/wp-admin/admin-ajax.php HTTP/1.1" 200 3637 "https://www.naijadial.com/new/wp-admin/post.php?post=100&action=edit" "Mozilla/5.0 (Windows NT 6.3; Win64; x64) AppleWebKit/537.36 (KHTML, like Gecko) Chrome/79.0.3945.130 Safari/537.36"
78.159.99.208 - - [27/Jan/2020:11:54:58 -0500] "POST /new/wp-admin/admin-ajax.php HTTP/1.1" 200 98 "https://www.naijadial.com/new/wp-admin/post.php?post=100&action=edit" "Mozilla/5.0 (Windows NT 6.3; Win64; x64) AppleWebKit/537.36 (KHTML, like Gecko) Chrome/79.0.3945.130 Safari/537.36"
198.54.125.95 - - [27/Jan/2020:11:55:15 -0500] "POST /new/wp-cron.php?doing_wp_cron=1580144115.5606288909912109375000 HTTP/1.1" 200 - "https://www.naijadial.com/new/wp-cron.php?doing_wp_cron=1580144115.5606288909912109375000" "WordPress/5.3.2; https://www.naijadial.com/new"
78.159.99.208 - - [27/Jan/2020:11:55:15 -0500] "POST /new/wp-admin/admin-ajax.php HTTP/1.1" 200 98 "https://www.naijadial.com/new/wp-admin/post.php?post=100&action=edit" "Mozilla/5.0 (Windows NT 6.3; Win64; x64) AppleWebKit/537.36 (KHTML, like Gecko) Chrome/79.0.3945.130 Safari/537.36"
78.159.99.208 - - [27/Jan/2020:11:55:15 -0500] "POST /new/wp-admin/post.php HTTP/1.1" 302 - "https://www.naijadial.com/new/wp-admin/post.php?post=100&action=edit" "Mozilla/5.0 (Windows NT 6.3; Win64; x64) AppleWebKit/537.36 (KHTML, like Gecko) Chrome/79.0.3945.130 Safari/537.36"
66.249.79.185 - - [27/Jan/2020:11:55:17 -0500] "GET /new/sitemap-index.xml HTTP/1.1" 200 275 "-" "Mozilla/5.0 (compatible; Googlebot/2.1; +http://www.google.com/bot.html)"
78.159.99.208 - - [27/Jan/2020:11:55:17 -0500] "GET /new/wp-admin/post.php?post=100&action=edit&message=1 HTTP/1.1" 200 376154 "https://www.naijadial.com/new/wp-admin/post.php?post=100&action=edit" "Mozilla/5.0 (Windows NT 6.3; Win64; x64) AppleWebKit/537.36 (KHTML, like Gecko) Chrome/79.0.3945.130 Safari/537.36"
78.159.99.208 - - [27/Jan/2020:11:55:19 -0500] "GET /new/wp-content/plugins/revslider/admin/assets/css/tp-color-picker.css?ver=6.0.7 HTTP/1.1" 304 - "https://www.naijadial.com/new/wp-admin/post.php?post=100&action=edit&message=1" "Mozilla/5.0 (Windows NT 6.3; Win64; x64) AppleWebKit/537.36 (KHTML, like Gecko) Chrome/79.0.3945.130 Safari/537.36"
78.159.99.208 - - [27/Jan/2020:11:55:19 -0500] "GET /new/wp-content/plugins/revslider/admin/assets/css/basics.css?ver=6.0.7 HTTP/1.1" 304 - "https://www.naijadial.com/new/wp-admin/post.php?post=100&action=edit&message=1" "Mozilla/5.0 (Windows NT 6.3; Win64; x64) AppleWebKit/537.36 (KHTML, like Gecko) Chrome/79.0.3945.130 Safari/537.36"
78.159.99.208 - - [27/Jan/2020:11:55:19 -0500] "GET /new/wp-content/plugins/revslider/admin/assets/css/select2RS.css?ver=6.0.7 HTTP/1.1" 304 - "https://www.naijadial.com/new/wp-admin/post.php?post=100&action=edit&message=1" "Mozilla/5.0 (Windows NT 6.3; Win64; x64) AppleWebKit/537.36 (KHTML, like Gecko) Chrome/79.0.3945.130 Safari/537.36"
78.159.99.208 - - [27/Jan/2020:11:55:19 -0500] "GET /new/wp-content/plugins/revslider/admin/assets/icons/material-icons.css?ver=6.0.7 HTTP/1.1" 304 - "https://www.naijadial.com/new/wp-admin/post.php?post=100&action=edit&message=1" "Mozilla/5.0 (Windows NT 6.3; Win64; x64) AppleWebKit/537.36 (KHTML, like Gecko) Chrome/79.0.3945.130 Safari/537.36"
78.159.99.208 - - [27/Jan/2020:11:55:19 -0500] "GET /new/wp-content/plugins/brizy/admin/static/css/style.css?ver=1.0.112 HTTP/1.1" 304 - "https://www.naijadial.com/new/wp-admin/post.php?post=100&action=edit&message=1" "Mozilla/5.0 (Windows NT 6.3; Win64; x64) AppleWebKit/537.36 (KHTML, like Gecko) Chrome/79.0.3945.130 Safari/537.36"
78.159.99.208 - - [27/Jan/2020:11:55:20 -0500] "GET /new/wp-content/plugins/revslider/admin/assets/js/plugins/utils.min.js?ver=6.0.7 HTTP/1.1" 304 - "https://www.naijadial.com/new/wp-admin/post.php?post=100&action=edit&message=1" "Mozilla/5.0 (Windows NT 6.3; Win64; x64) AppleWebKit/537.36 (KHTML, like Gecko) Chrome/79.0.3945.130 Safari/537.36"
78.159.99.208 - - [27/Jan/2020:11:55:22 -0500] "GET /new/wp-content/plugins/brizy/admin/static/img/brizy-logo.svg HTTP/1.1" 304 - "https://www.naijadial.com/new/wp-admin/post.php?post=100&action=edit&message=1" "Mozilla/5.0 (Windows NT 6.3; Win64; x64) AppleWebKit/537.36 (KHTML, like Gecko) Chrome/79.0.3945.130 Safari/537.36"
78.159.99.208 - - [27/Jan/2020:11:55:22 -0500] "GET /new/wp-content/plugins/brizy/admin/static/img/logo.svg HTTP/1.1" 304 - "https://www.naijadial.com/new/wp-admin/post.php?post=100&action=edit&message=1" "Mozilla/5.0 (Windows NT 6.3; Win64; x64) AppleWebKit/537.36 (KHTML, like Gecko) Chrome/79.0.3945.130 Safari/537.36"
78.159.99.208 - - [27/Jan/2020:11:55:22 -0500] "GET /new/wp-content/plugins/brizy/admin/static/img/brizy.png HTTP/1.1" 304 - "https://www.naijadial.com/new/wp-admin/post.php?post=100&action=edit&message=1" "Mozilla/5.0 (Windows NT 6.3; Win64; x64) AppleWebKit/537.36 (KHTML, like Gecko) Chrome/79.0.3945.130 Safari/537.36"
78.159.99.208 - - [27/Jan/2020:11:55:23 -0500] "GET /new/wp-content/uploads/2020/01/About-Header-150x150.jpg HTTP/1.1" 304 - "https://www.naijadial.com/new/wp-admin/post.php?post=100&action=edit&message=1" "Mozilla/5.0 (Windows NT 6.3; Win64; x64) AppleWebKit/537.36 (KHTML, like Gecko) Chrome/79.0.3945.130 Safari/537.36"
