41.217.25.43 - - [28/Jan/2020:04:29:20 -0500] "GET /wp-includes/js/tinymce/plugins/compat3x/plugin.min.js?ver=4960-20190918 HTTP/1.1" 304 - "https://www.naijadial.com/wp-admin/user-edit.php?user_id=54&updated=1&wp_http_referer=%2Fwp-admin%2Fusers.php%3Frole%3Dprofessional" "Mozilla/5.0 (Windows NT 6.3; Win64; x64) AppleWebKit/537.36 (KHTML, like Gecko) Chrome/79.0.3945.130 Safari/537.36"
41.217.25.43 - - [28/Jan/2020:04:29:20 -0500] "GET /wp-includes/js/tinymce/langs/wp-langs-en.js?ver=4960-20190918-tadv-5210 HTTP/1.1" 304 - "https://www.naijadial.com/wp-admin/user-edit.php?user_id=54&updated=1&wp_http_referer=%2Fwp-admin%2Fusers.php%3Frole%3Dprofessional" "Mozilla/5.0 (Windows NT 6.3; Win64; x64) AppleWebKit/537.36 (KHTML, like Gecko) Chrome/79.0.3945.130 Safari/537.36"
41.217.25.43 - - [28/Jan/2020:04:29:20 -0500] "GET /wp-content/plugins/brizy/admin/static/img/brizy-logo.svg HTTP/1.1" 304 - "https://www.naijadial.com/wp-admin/user-edit.php?user_id=54&updated=1&wp_http_referer=%2Fwp-admin%2Fusers.php%3Frole%3Dprofessional" "Mozilla/5.0 (Windows NT 6.3; Win64; x64) AppleWebKit/537.36 (KHTML, like Gecko) Chrome/79.0.3945.130 Safari/537.36"
41.217.25.43 - - [28/Jan/2020:04:29:20 -0500] "GET /wp-content/plugins/js_composer/assets/vc/logo/wpb-logo-white_32.svg HTTP/1.1" 304 - "https://www.naijadial.com/wp-admin/user-edit.php?user_id=54&updated=1&wp_http_referer=%2Fwp-admin%2Fusers.php%3Frole%3Dprofessional" "Mozilla/5.0 (Windows NT 6.3; Win64; x64) AppleWebKit/537.36 (KHTML, like Gecko) Chrome/79.0.3945.130 Safari/537.36"
41.217.25.43 - - [28/Jan/2020:04:29:21 -0500] "GET /wp-content/uploads/2020/01/NaijaDial-Avatar-100x100.png HTTP/1.1" 304 - "https://www.naijadial.com/wp-admin/user-edit.php?user_id=54&updated=1&wp_http_referer=%2Fwp-admin%2Fusers.php%3Frole%3Dprofessional" "Mozilla/5.0 (Windows NT 6.3; Win64; x64) AppleWebKit/537.36 (KHTML, like Gecko) Chrome/79.0.3945.130 Safari/537.36"
41.217.25.43 - - [28/Jan/2020:04:29:21 -0500] "GET /wp-content/themes/listingo/images/geoicon.svg HTTP/1.1" 304 - "https://www.naijadial.com/wp-admin/user-edit.php?user_id=54&updated=1&wp_http_referer=%2Fwp-admin%2Fusers.php%3Frole%3Dprofessional" "Mozilla/5.0 (Windows NT 6.3; Win64; x64) AppleWebKit/537.36 (KHTML, like Gecko) Chrome/79.0.3945.130 Safari/537.36"
41.217.25.43 - - [28/Jan/2020:04:29:21 -0500] "GET /wp-content/themes/listingo/images/chosen-sprite.png HTTP/1.1" 304 - "https://www.naijadial.com/wp-content/themes/listingo/css/chosen.css?ver=3.2.2" "Mozilla/5.0 (Windows NT 6.3; Win64; x64) AppleWebKit/537.36 (KHTML, like Gecko) Chrome/79.0.3945.130 Safari/537.36"
41.217.25.43 - - [28/Jan/2020:04:29:22 -0500] "GET /wp-content/plugins/tinymce-advanced/mce/visualchars/plugin.min.js?wp-mce-4960-20190918-tadv-5210 HTTP/1.1" 304 - "https://www.naijadial.com/wp-admin/user-edit.php?user_id=54&wp_http_referer=%2Fwp-admin%2Fusers.php%3Frole%3Dprofessional" "Mozilla/5.0 (Windows NT 6.3; Win64; x64) AppleWebKit/537.36 (KHTML, like Gecko) Chrome/79.0.3945.130 Safari/537.36"
41.217.25.43 - - [28/Jan/2020:04:29:22 -0500] "GET /wp-content/plugins/tinymce-advanced/mce/visualblocks/plugin.min.js?wp-mce-4960-20190918-tadv-5210 HTTP/1.1" 304 - "https://www.naijadial.com/wp-admin/user-edit.php?user_id=54&wp_http_referer=%2Fwp-admin%2Fusers.php%3Frole%3Dprofessional" "Mozilla/5.0 (Windows NT 6.3; Win64; x64) AppleWebKit/537.36 (KHTML, like Gecko) Chrome/79.0.3945.130 Safari/537.36"
41.217.25.43 - - [28/Jan/2020:04:29:22 -0500] "GET /wp-content/plugins/tinymce-advanced/mce/advlist/plugin.min.js?wp-mce-4960-20190918-tadv-5210 HTTP/1.1" 304 - "https://www.naijadial.com/wp-admin/user-edit.php?user_id=54&wp_http_referer=%2Fwp-admin%2Fusers.php%3Frole%3Dprofessional" "Mozilla/5.0 (Windows NT 6.3; Win64; x64) AppleWebKit/537.36 (KHTML, like Gecko) Chrome/79.0.3945.130 Safari/537.36"
41.217.25.43 - - [28/Jan/2020:04:29:23 -0500] "GET /wp-content/plugins/tinymce-advanced/mce/wptadv/plugin.min.js?wp-mce-4960-20190918-tadv-5210 HTTP/1.1" 304 - "https://www.naijadial.com/wp-admin/user-edit.php?user_id=54&wp_http_referer=%2Fwp-admin%2Fusers.php%3Frole%3Dprofessional" "Mozilla/5.0 (Windows NT 6.3; Win64; x64) AppleWebKit/537.36 (KHTML, like Gecko) Chrome/79.0.3945.130 Safari/537.36"
41.217.25.43 - - [28/Jan/2020:04:29:23 -0500] "GET /wp-includes/js/tinymce/plugins/charmap/plugin.min.js?wp-mce-4960-20190918-tadv-5210 HTTP/1.1" 304 - "https://www.naijadial.com/wp-admin/user-edit.php?user_id=54&wp_http_referer=%2Fwp-admin%2Fusers.php%3Frole%3Dprofessional" "Mozilla/5.0 (Windows NT 6.3; Win64; x64) AppleWebKit/537.36 (KHTML, like Gecko) Chrome/79.0.3945.130 Safari/537.36"
41.217.25.43 - - [28/Jan/2020:04:29:22 -0500] "POST /wp-admin/admin-ajax.php HTTP/1.1" 200 124190 "https://www.naijadial.com/wp-admin/user-edit.php?user_id=54&wp_http_referer=%2Fwp-admin%2Fusers.php%3Frole%3Dprofessional" "Mozilla/5.0 (Windows NT 6.3; Win64; x64) AppleWebKit/537.36 (KHTML, like Gecko) Chrome/79.0.3945.130 Safari/537.36"
41.217.25.43 - - [28/Jan/2020:04:29:23 -0500] "GET /wp-includes/js/tinymce/plugins/colorpicker/plugin.min.js?wp-mce-4960-20190918-tadv-5210 HTTP/1.1" 304 - "https://www.naijadial.com/wp-admin/user-edit.php?user_id=54&wp_http_referer=%2Fwp-admin%2Fusers.php%3Frole%3Dprofessional" "Mozilla/5.0 (Windows NT 6.3; Win64; x64) AppleWebKit/537.36 (KHTML, like Gecko) Chrome/79.0.3945.130 Safari/537.36"
41.217.25.43 - - [28/Jan/2020:04:29:23 -0500] "GET /wp-includes/js/tinymce/plugins/lists/plugin.min.js?wp-mce-4960-20190918-tadv-5210 HTTP/1.1" 304 - "https://www.naijadial.com/wp-admin/user-edit.php?user_id=54&wp_http_referer=%2Fwp-admin%2Fusers.php%3Frole%3Dprofessional" "Mozilla/5.0 (Windows NT 6.3; Win64; x64) AppleWebKit/537.36 (KHTML, like Gecko) Chrome/79.0.3945.130 Safari/537.36"
41.217.25.43 - - [28/Jan/2020:04:29:23 -0500] "GET /wp-includes/js/tinymce/plugins/hr/plugin.min.js?wp-mce-4960-20190918-tadv-5210 HTTP/1.1" 304 - "https://www.naijadial.com/wp-admin/user-edit.php?user_id=54&wp_http_referer=%2Fwp-admin%2Fusers.php%3Frole%3Dprofessional" "Mozilla/5.0 (Windows NT 6.3; Win64; x64) AppleWebKit/537.36 (KHTML, like Gecko) Chrome/79.0.3945.130 Safari/537.36"
41.217.25.43 - - [28/Jan/2020:04:29:26 -0500] "GET /wp-includes/js/tinymce/plugins/media/plugin.min.js?wp-mce-4960-20190918-tadv-5210 HTTP/1.1" 304 - "https://www.naijadial.com/wp-admin/user-edit.php?user_id=54&wp_http_referer=%2Fwp-admin%2Fusers.php%3Frole%3Dprofessional" "Mozilla/5.0 (Windows NT 6.3; Win64; x64) AppleWebKit/537.36 (KHTML, like Gecko) Chrome/79.0.3945.130 Safari/537.36"
41.217.25.43 - - [28/Jan/2020:04:29:26 -0500] "GET /wp-includes/js/tinymce/plugins/paste/plugin.min.js?wp-mce-4960-20190918-tadv-5210 HTTP/1.1" 304 - "https://www.naijadial.com/wp-admin/user-edit.php?user_id=54&wp_http_referer=%2Fwp-admin%2Fusers.php%3Frole%3Dprofessional" "Mozilla/5.0 (Windows NT 6.3; Win64; x64) AppleWebKit/537.36 (KHTML, like Gecko) Chrome/79.0.3945.130 Safari/537.36"
41.217.25.43 - - [28/Jan/2020:04:29:26 -0500] "GET /wp-includes/js/tinymce/plugins/tabfocus/plugin.min.js?wp-mce-4960-20190918-tadv-5210 HTTP/1.1" 304 - "https://www.naijadial.com/wp-admin/user-edit.php?user_id=54&wp_http_referer=%2Fwp-admin%2Fusers.php%3Frole%3Dprofessional" "Mozilla/5.0 (Windows NT 6.3; Win64; x64) AppleWebKit/537.36 (KHTML, like Gecko) Chrome/79.0.3945.130 Safari/537.36"
41.217.25.43 - - [28/Jan/2020:04:29:26 -0500] "GET /wp-includes/js/tinymce/plugins/textcolor/plugin.min.js?wp-mce-4960-20190918-tadv-5210 HTTP/1.1" 304 - "https://www.naijadial.com/wp-admin/user-edit.php?user_id=54&wp_http_referer=%2Fwp-admin%2Fusers.php%3Frole%3Dprofessional" "Mozilla/5.0 (Windows NT 6.3; Win64; x64) AppleWebKit/537.36 (KHTML, like Gecko) Chrome/79.0.3945.130 Safari/537.36"
41.217.25.43 - - [28/Jan/2020:04:29:26 -0500] "GET /wp-includes/js/tinymce/plugins/fullscreen/plugin.min.js?wp-mce-4960-20190918-tadv-5210 HTTP/1.1" 304 - "https://www.naijadial.com/wp-admin/user-edit.php?user_id=54&wp_http_referer=%2Fwp-admin%2Fusers.php%3Frole%3Dprofessional" "Mozilla/5.0 (Windows NT 6.3; Win64; x64) AppleWebKit/537.36 (KHTML, like Gecko) Chrome/79.0.3945.130 Safari/537.36"
41.217.25.43 - - [28/Jan/2020:04:29:27 -0500] "GET /wp-includes/js/tinymce/plugins/wordpress/plugin.min.js?wp-mce-4960-20190918-tadv-5210 HTTP/1.1" 304 - "https://www.naijadial.com/wp-admin/user-edit.php?user_id=54&wp_http_referer=%2Fwp-admin%2Fusers.php%3Frole%3Dprofessional" "Mozilla/5.0 (Windows NT 6.3; Win64; x64) AppleWebKit/537.36 (KHTML, like Gecko) Chrome/79.0.3945.130 Safari/537.36"
41.217.25.43 - - [28/Jan/2020:04:29:31 -0500] "POST /wp-admin/admin-ajax.php HTTP/1.1" 200 47 "https://www.naijadial.com/wp-admin/user-edit.php?user_id=88&wp_http_referer=%2Fwp-admin%2Fusers.php%3Frole%3Dprofessional" "Mozilla/5.0 (Windows NT 6.3; Win64; x64) AppleWebKit/537.36 (KHTML, like Gecko) Chrome/79.0.3945.130 Safari/537.36"
41.217.25.43 - - [28/Jan/2020:04:29:37 -0500] "POST /wp-admin/user-edit.php HTTP/1.1" 302 - "https://www.naijadial.com/wp-admin/user-edit.php?user_id=88&wp_http_referer=%2Fwp-admin%2Fusers.php%3Frole%3Dprofessional" "Mozilla/5.0 (Windows NT 6.3; Win64; x64) AppleWebKit/537.36 (KHTML, like Gecko) Chrome/79.0.3945.130 Safari/537.36"
41.217.25.43 - - [28/Jan/2020:04:29:38 -0500] "GET /wp-admin/user-edit.php?user_id=88&updated=1&wp_http_referer=%2Fwp-admin%2Fusers.php%3Frole%3Dprofessional HTTP/1.1" 200 78409 "https://www.naijadial.com/wp-admin/user-edit.php?user_id=88&wp_http_referer=%2Fwp-admin%2Fusers.php%3Frole%3Dprofessional" "Mozilla/5.0 (Windows NT 6.3; Win64; x64) AppleWebKit/537.36 (KHTML, like Gecko) Chrome/79.0.3945.130 Safari/537.36"
41.217.25.43 - - [28/Jan/2020:04:29:42 -0500] "GET /wp-includes/js/tinymce/plugins/wpeditimage/plugin.min.js?wp-mce-4960-20190918-tadv-5210 HTTP/1.1" 304 - "https://www.naijadial.com/wp-admin/user-edit.php?user_id=88&wp_http_referer=%2Fwp-admin%2Fusers.php%3Frole%3Dprofessional" "Mozilla/5.0 (Windows NT 6.3; Win64; x64) AppleWebKit/537.36 (KHTML, like Gecko) Chrome/79.0.3945.130 Safari/537.36"
41.217.25.43 - - [28/Jan/2020:04:29:42 -0500] "GET /wp-includes/js/tinymce/plugins/wpautoresize/plugin.min.js?wp-mce-4960-20190918-tadv-5210 HTTP/1.1" 304 - "https://www.naijadial.com/wp-admin/user-edit.php?user_id=88&wp_http_referer=%2Fwp-admin%2Fusers.php%3Frole%3Dprofessional" "Mozilla/5.0 (Windows NT 6.3; Win64; x64) AppleWebKit/537.36 (KHTML, like Gecko) Chrome/79.0.3945.130 Safari/537.36"
41.217.25.43 - - [28/Jan/2020:04:29:42 -0500] "GET /wp-includes/js/tinymce/plugins/wpemoji/plugin.min.js?wp-mce-4960-20190918-tadv-5210 HTTP/1.1" 304 - "https://www.naijadial.com/wp-admin/user-edit.php?user_id=88&wp_http_referer=%2Fwp-admin%2Fusers.php%3Frole%3Dprofessional" "Mozilla/5.0 (Windows NT 6.3; Win64; x64) AppleWebKit/537.36 (KHTML, like Gecko) Chrome/79.0.3945.130 Safari/537.36"
41.217.25.43 - - [28/Jan/2020:04:29:42 -0500] "POST /wp-admin/admin-ajax.php HTTP/1.1" 200 124190 "https://www.naijadial.com/wp-admin/user-edit.php?user_id=88&wp_http_referer=%2Fwp-admin%2Fusers.php%3Frole%3Dprofessional" "Mozilla/5.0 (Windows NT 6.3; Win64; x64) AppleWebKit/537.36 (KHTML, like Gecko) Chrome/79.0.3945.130 Safari/537.36"
41.217.25.43 - - [28/Jan/2020:04:29:43 -0500] "GET /wp-includes/js/tinymce/plugins/wpgallery/plugin.min.js?wp-mce-4960-20190918-tadv-5210 HTTP/1.1" 304 - "https://www.naijadial.com/wp-admin/user-edit.php?user_id=88&wp_http_referer=%2Fwp-admin%2Fusers.php%3Frole%3Dprofessional" "Mozilla/5.0 (Windows NT 6.3; Win64; x64) AppleWebKit/537.36 (KHTML, like Gecko) Chrome/79.0.3945.130 Safari/537.36"
41.217.25.43 - - [28/Jan/2020:04:29:43 -0500] "GET /wp-includes/js/tinymce/plugins/wplink/plugin.min.js?wp-mce-4960-20190918-tadv-5210 HTTP/1.1" 304 - "https://www.naijadial.com/wp-admin/user-edit.php?user_id=88&wp_http_referer=%2Fwp-admin%2Fusers.php%3Frole%3Dprofessional" "Mozilla/5.0 (Windows NT 6.3; Win64; x64) AppleWebKit/537.36 (KHTML, like Gecko) Chrome/79.0.3945.130 Safari/537.36"
41.217.25.43 - - [28/Jan/2020:04:29:43 -0500] "GET /wp-includes/js/tinymce/plugins/wpdialogs/plugin.min.js?wp-mce-4960-20190918-tadv-5210 HTTP/1.1" 304 - "https://www.naijadial.com/wp-admin/user-edit.php?user_id=88&wp_http_referer=%2Fwp-admin%2Fusers.php%3Frole%3Dprofessional" "Mozilla/5.0 (Windows NT 6.3; Win64; x64) AppleWebKit/537.36 (KHTML, like Gecko) Chrome/79.0.3945.130 Safari/537.36"
41.217.25.43 - - [28/Jan/2020:04:29:46 -0500] "GET /wp-includes/js/tinymce/plugins/wptextpattern/plugin.min.js?wp-mce-4960-20190918-tadv-5210 HTTP/1.1" 304 - "https://www.naijadial.com/wp-admin/user-edit.php?user_id=88&wp_http_referer=%2Fwp-admin%2Fusers.php%3Frole%3Dprofessional" "Mozilla/5.0 (Windows NT 6.3; Win64; x64) AppleWebKit/537.36 (KHTML, like Gecko) Chrome/79.0.3945.130 Safari/537.36"
41.217.25.43 - - [28/Jan/2020:04:29:46 -0500] "GET /wp-includes/js/tinymce/plugins/image/plugin.min.js?wp-mce-4960-20190918-tadv-5210 HTTP/1.1" 304 - "https://www.naijadial.com/wp-admin/user-edit.php?user_id=88&wp_http_referer=%2Fwp-admin%2Fusers.php%3Frole%3Dprofessional" "Mozilla/5.0 (Windows NT 6.3; Win64; x64) AppleWebKit/537.36 (KHTML, like Gecko) Chrome/79.0.3945.130 Safari/537.36"
41.217.25.43 - - [28/Jan/2020:04:29:46 -0500] "GET /wp-includes/js/tinymce/plugins/wpview/plugin.min.js?wp-mce-4960-20190918-tadv-5210 HTTP/1.1" 304 - "https://www.naijadial.com/wp-admin/user-edit.php?user_id=88&wp_http_referer=%2Fwp-admin%2Fusers.php%3Frole%3Dprofessional" "Mozilla/5.0 (Windows NT 6.3; Win64; x64) AppleWebKit/537.36 (KHTML, like Gecko) Chrome/79.0.3945.130 Safari/537.36"
41.217.25.43 - - [28/Jan/2020:04:29:46 -0500] "GET /wp-includes/js/tinymce/skins/lightgray/skin.min.css?wp-mce-4960-20190918-tadv-5210 HTTP/1.1" 304 - "https://www.naijadial.com/wp-admin/user-edit.php?user_id=88&wp_http_referer=%2Fwp-admin%2Fusers.php%3Frole%3Dprofessional" "Mozilla/5.0 (Windows NT 6.3; Win64; x64) AppleWebKit/537.36 (KHTML, like Gecko) Chrome/79.0.3945.130 Safari/537.36"
41.217.25.43 - - [28/Jan/2020:04:29:46 -0500] "GET /wp-content/plugins/woocommerce/assets/css/jquery-ui/images/ui-bg_flat_75_ffffff_40x100.png HTTP/1.1" 304 - "https://www.naijadial.com/wp-content/plugins/woocommerce/assets/css/jquery-ui/jquery-ui.min.css?ver=3.9.0" "Mozilla/5.0 (Windows NT 6.3; Win64; x64) AppleWebKit/537.36 (KHTML, like Gecko) Chrome/79.0.3945.130 Safari/537.36"
41.217.25.43 - - [28/Jan/2020:04:29:46 -0500] "GET /wp-includes/css/dashicons.min.css?ver=5.3.2&wp-mce-4960-20190918-tadv-5210 HTTP/1.1" 304 - "https://www.naijadial.com/wp-admin/user-edit.php?user_id=88&wp_http_referer=%2Fwp-admin%2Fusers.php%3Frole%3Dprofessional" "Mozilla/5.0 (Windows NT 6.3; Win64; x64) AppleWebKit/537.36 (KHTML, like Gecko) Chrome/79.0.3945.130 Safari/537.36"
41.217.25.43 - - [28/Jan/2020:04:29:46 -0500] "GET /wp-includes/js/tinymce/skins/lightgray/content.min.css?wp-mce-4960-20190918-tadv-5210 HTTP/1.1" 304 - "https://www.naijadial.com/wp-admin/user-edit.php?user_id=88&wp_http_referer=%2Fwp-admin%2Fusers.php%3Frole%3Dprofessional" "Mozilla/5.0 (Windows NT 6.3; Win64; x64) AppleWebKit/537.36 (KHTML, like Gecko) Chrome/79.0.3945.130 Safari/537.36"
41.217.25.43 - - [28/Jan/2020:04:29:47 -0500] "GET /wp-includes/js/zxcvbn.min.js HTTP/1.1" 304 - "https://www.naijadial.com/wp-admin/user-edit.php?user_id=88&wp_http_referer=%2Fwp-admin%2Fusers.php%3Frole%3Dprofessional" "Mozilla/5.0 (Windows NT 6.3; Win64; x64) AppleWebKit/537.36 (KHTML, like Gecko) Chrome/79.0.3945.130 Safari/537.36"
41.217.25.43 - - [28/Jan/2020:04:29:47 -0500] "GET /wp-includes/js/tinymce/skins/wordpress/wp-content.css?ver=5.3.2&wp-mce-4960-20190918-tadv-5210 HTTP/1.1" 304 - "https://www.naijadial.com/wp-admin/user-edit.php?user_id=88&wp_http_referer=%2Fwp-admin%2Fusers.php%3Frole%3Dprofessional" "Mozilla/5.0 (Windows NT 6.3; Win64; x64) AppleWebKit/537.36 (KHTML, like Gecko) Chrome/79.0.3945.130 Safari/537.36"
41.217.25.43 - - [28/Jan/2020:04:29:47 -0500] "GET /wp-content/themes/listingo/admin/css/listingo-editor-style.css?wp-mce-4960-20190918-tadv-5210 HTTP/1.1" 304 - "https://www.naijadial.com/wp-admin/user-edit.php?user_id=88&wp_http_referer=%2Fwp-admin%2Fusers.php%3Frole%3Dprofessional" "Mozilla/5.0 (Windows NT 6.3; Win64; x64) AppleWebKit/537.36 (KHTML, like Gecko) Chrome/79.0.3945.130 Safari/537.36"
41.217.25.43 - - [28/Jan/2020:04:29:47 -0500] "GET /wp-includes/js/tinymce/skins/lightgray/fonts/tinymce.woff HTTP/1.1" 304 - "https://www.naijadial.com/wp-includes/js/tinymce/skins/lightgray/skin.min.css?wp-mce-4960-20190918-tadv-5210" "Mozilla/5.0 (Windows NT 6.3; Win64; x64) AppleWebKit/537.36 (KHTML, like Gecko) Chrome/79.0.3945.130 Safari/537.36"
41.217.25.43 - - [28/Jan/2020:04:29:47 -0500] "GET /wp-content/plugins/unyson/framework/static/libs/unycon/unycon.css?wp-mce-4960-20190918-tadv-5210 HTTP/1.1" 304 - "https://www.naijadial.com/wp-admin/user-edit.php?user_id=88&wp_http_referer=%2Fwp-admin%2Fusers.php%3Frole%3Dprofessional" "Mozilla/5.0 (Windows NT 6.3; Win64; x64) AppleWebKit/537.36 (KHTML, like Gecko) Chrome/79.0.3945.130 Safari/537.36"
41.217.25.43 - - [28/Jan/2020:04:29:47 -0500] "GET /wp-content/plugins/unyson/framework/extensions/shortcodes/extensions/wp-shortcodes/static/css/content.css?wp-mce-4960-20190918-tadv-5210 HTTP/1.1" 304 - "https://www.naijadial.com/wp-admin/user-edit.php?user_id=88&wp_http_referer=%2Fwp-admin%2Fusers.php%3Frole%3Dprofessional" "Mozilla/5.0 (Windows NT 6.3; Win64; x64) AppleWebKit/537.36 (KHTML, like Gecko) Chrome/79.0.3945.130 Safari/537.36"
41.217.25.43 - - [28/Jan/2020:04:29:48 -0500] "GET /wp-content/plugins/unyson/framework/static/libs/font-awesome/css/font-awesome.min.css?wp-mce-4960-20190918-tadv-5210 HTTP/1.1" 304 - "https://www.naijadial.com/wp-admin/user-edit.php?user_id=88&wp_http_referer=%2Fwp-admin%2Fusers.php%3Frole%3Dprofessional" "Mozilla/5.0 (Windows NT 6.3; Win64; x64) AppleWebKit/537.36 (KHTML, like Gecko) Chrome/79.0.3945.130 Safari/537.36"
185.152.67.47 - - [28/Jan/2020:04:29:54 -0500] "POST /wp-admin/admin-ajax.php HTTP/1.1" 200 47 "https://www.naijadial.com/wp-admin/" "Mozilla/5.0 (Windows NT 6.3; Win64; x64) AppleWebKit/537.36 (KHTML, like Gecko) Chrome/79.0.3945.130 Safari/537.36"
41.217.25.43 - - [28/Jan/2020:04:29:56 -0500] "POST /wp-admin/user-edit.php HTTP/1.1" 302 - "https://www.naijadial.com/wp-admin/user-edit.php?user_id=54&wp_http_referer=%2Fwp-admin%2Fusers.php%3Frole%3Dprofessional" "Mozilla/5.0 (Windows NT 6.3; Win64; x64) AppleWebKit/537.36 (KHTML, like Gecko) Chrome/79.0.3945.130 Safari/537.36"
41.217.25.43 - - [28/Jan/2020:04:29:57 -0500] "GET /wp-admin/user-edit.php?user_id=54&updated=1&wp_http_referer=%2Fwp-admin%2Fusers.php%3Frole%3Dprofessional HTTP/1.1" 200 78601 "https://www.naijadial.com/wp-admin/user-edit.php?user_id=54&wp_http_referer=%2Fwp-admin%2Fusers.php%3Frole%3Dprofessional" "Mozilla/5.0 (Windows NT 6.3; Win64; x64) AppleWebKit/537.36 (KHTML, like Gecko) Chrome/79.0.3945.130 Safari/537.36"
41.217.25.43 - - [28/Jan/2020:04:30:01 -0500] "GET /wp-content/plugins/unyson/framework/core/components/extensions/manager/static/unyson-font-icon/fonts/icomoon.woff?iganyx HTTP/1.1" 304 - "https://www.naijadial.com/wp-content/plugins/unyson/framework/core/components/extensions/manager/static/unyson-font-icon/style.css?ver=2.7.22" "Mozilla/5.0 (Windows NT 6.3; Win64; x64) AppleWebKit/537.36 (KHTML, like Gecko) Chrome/79.0.3945.130 Safari/537.36"
41.217.25.43 - - [28/Jan/2020:04:30:02 -0500] "GET /wp-content/plugins/woocommerce/assets/fonts/WooCommerce.woff HTTP/1.1" 304 - "https://www.naijadial.com/wp-content/plugins/woocommerce/assets/css/menu.css?ver=3.9.0" "Mozilla/5.0 (Windows NT 6.3; Win64; x64) AppleWebKit/537.36 (KHTML, like Gecko) Chrome/79.0.3945.130 Safari/537.36"
41.217.25.43 - - [28/Jan/2020:04:30:02 -0500] "GET /wp-content/themes/listingo/fonts/fontawesome-webfont.woff2?v=4.7.0 HTTP/1.1" 304 - "https://www.naijadial.com/wp-content/themes/listingo/css/font-awesome.min.css?ver=3.2.2" "Mozilla/5.0 (Windows NT 6.3; Win64; x64) AppleWebKit/537.36 (KHTML, like Gecko) Chrome/79.0.3945.130 Safari/537.36"
41.217.25.43 - - [28/Jan/2020:04:30:02 -0500] "GET /wp-content/themes/listingo/fonts/Linearicons-Free.woff2?w118d HTTP/1.1" 304 - "https://www.naijadial.com/wp-content/themes/listingo/css/linearicons.css?ver=3.2.2" "Mozilla/5.0 (Windows NT 6.3; Win64; x64) AppleWebKit/537.36 (KHTML, like Gecko) Chrome/79.0.3945.130 Safari/537.36"
41.217.25.43 - - [28/Jan/2020:04:30:02 -0500] "POST /wp-admin/admin-ajax.php HTTP/1.1" 200 47 "https://www.naijadial.com/wp-admin/user-edit.php?user_id=79&wp_http_referer=%2Fwp-admin%2Fusers.php%3Frole%3Dprofessional" "Mozilla/5.0 (Windows NT 6.3; Win64; x64) AppleWebKit/537.36 (KHTML, like Gecko) Chrome/79.0.3945.130 Safari/537.36"
41.217.25.43 - - [28/Jan/2020:04:30:03 -0500] "GET /wp-includes/js/wp-emoji-release.min.js?ver=5.3.2 HTTP/1.1" 304 - "https://www.naijadial.com/wp-admin/user-edit.php?user_id=54&updated=1&wp_http_referer=%2Fwp-admin%2Fusers.php%3Frole%3Dprofessional" "Mozilla/5.0 (Windows NT 6.3; Win64; x64) AppleWebKit/537.36 (KHTML, like Gecko) Chrome/79.0.3945.130 Safari/537.36"
41.217.25.43 - - [28/Jan/2020:04:30:03 -0500] "GET /wp-includes/js/thickbox/loadingAnimation.gif HTTP/1.1" 304 - "https://www.naijadial.com/wp-admin/user-edit.php?user_id=54&wp_http_referer=%2Fwp-admin%2Fusers.php%3Frole%3Dprofessional" "Mozilla/5.0 (Windows NT 6.3; Win64; x64) AppleWebKit/537.36 (KHTML, like Gecko) Chrome/79.0.3945.130 Safari/537.36"
41.217.25.43 - - [28/Jan/2020:04:30:03 -0500] "GET /wp-includes/js/tinymce/themes/modern/theme.min.js?wp-mce-4960-20190918-tadv-5210 HTTP/1.1" 304 - "https://www.naijadial.com/wp-admin/user-edit.php?user_id=54&wp_http_referer=%2Fwp-admin%2Fusers.php%3Frole%3Dprofessional" "Mozilla/5.0 (Windows NT 6.3; Win64; x64) AppleWebKit/537.36 (KHTML, like Gecko) Chrome/79.0.3945.130 Safari/537.36"
41.217.25.43 - - [28/Jan/2020:04:30:04 -0500] "GET /wp-content/plugins/unyson/framework/extensions/shortcodes/extensions/wp-shortcodes/static/js/plugin.js?wp-mce-4960-20190918-tadv-5210 HTTP/1.1" 304 - "https://www.naijadial.com/wp-admin/user-edit.php?user_id=54&wp_http_referer=%2Fwp-admin%2Fusers.php%3Frole%3Dprofessional" "Mozilla/5.0 (Windows NT 6.3; Win64; x64) AppleWebKit/537.36 (KHTML, like Gecko) Chrome/79.0.3945.130 Safari/537.36"
41.217.25.43 - - [28/Jan/2020:04:30:04 -0500] "GET /wp-content/plugins/tinymce-advanced/mce/anchor/plugin.min.js?wp-mce-4960-20190918-tadv-5210 HTTP/1.1" 304 - "https://www.naijadial.com/wp-admin/user-edit.php?user_id=54&wp_http_referer=%2Fwp-admin%2Fusers.php%3Frole%3Dprofessional" "Mozilla/5.0 (Windows NT 6.3; Win64; x64) AppleWebKit/537.36 (KHTML, like Gecko) Chrome/79.0.3945.130 Safari/537.36"
41.217.25.43 - - [28/Jan/2020:04:30:04 -0500] "GET /wp-content/plugins/tinymce-advanced/mce/code/plugin.min.js?wp-mce-4960-20190918-tadv-5210 HTTP/1.1" 304 - "https://www.naijadial.com/wp-admin/user-edit.php?user_id=54&wp_http_referer=%2Fwp-admin%2Fusers.php%3Frole%3Dprofessional" "Mozilla/5.0 (Windows NT 6.3; Win64; x64) AppleWebKit/537.36 (KHTML, like Gecko) Chrome/79.0.3945.130 Safari/537.36"
41.217.25.43 - - [28/Jan/2020:04:30:04 -0500] "GET /wp-content/plugins/tinymce-advanced/mce/insertdatetime/plugin.min.js?wp-mce-4960-20190918-tadv-5210 HTTP/1.1" 304 - "https://www.naijadial.com/wp-admin/user-edit.php?user_id=54&wp_http_referer=%2Fwp-admin%2Fusers.php%3Frole%3Dprofessional" "Mozilla/5.0 (Windows NT 6.3; Win64; x64) AppleWebKit/537.36 (KHTML, like Gecko) Chrome/79.0.3945.130 Safari/537.36"
41.217.25.43 - - [28/Jan/2020:04:30:05 -0500] "GET /wp-content/plugins/tinymce-advanced/mce/print/plugin.min.js?wp-mce-4960-20190918-tadv-5210 HTTP/1.1" 304 - "https://www.naijadial.com/wp-admin/user-edit.php?user_id=54&wp_http_referer=%2Fwp-admin%2Fusers.php%3Frole%3Dprofessional" "Mozilla/5.0 (Windows NT 6.3; Win64; x64) AppleWebKit/537.36 (KHTML, like Gecko) Chrome/79.0.3945.130 Safari/537.36"
41.217.25.43 - - [28/Jan/2020:04:30:05 -0500] "GET /wp-content/plugins/tinymce-advanced/mce/nonbreaking/plugin.min.js?wp-mce-4960-20190918-tadv-5210 HTTP/1.1" 304 - "https://www.naijadial.com/wp-admin/user-edit.php?user_id=54&wp_http_referer=%2Fwp-admin%2Fusers.php%3Frole%3Dprofessional" "Mozilla/5.0 (Windows NT 6.3; Win64; x64) AppleWebKit/537.36 (KHTML, like Gecko) Chrome/79.0.3945.130 Safari/537.36"
41.217.25.43 - - [28/Jan/2020:04:30:04 -0500] "POST /wp-admin/admin-ajax.php HTTP/1.1" 200 124190 "https://www.naijadial.com/wp-admin/user-edit.php?user_id=54&wp_http_referer=%2Fwp-admin%2Fusers.php%3Frole%3Dprofessional" "Mozilla/5.0 (Windows NT 6.3; Win64; x64) AppleWebKit/537.36 (KHTML, like Gecko) Chrome/79.0.3945.130 Safari/537.36"
41.217.25.43 - - [28/Jan/2020:04:30:05 -0500] "GET /wp-content/plugins/tinymce-advanced/mce/table/plugin.min.js?wp-mce-4960-20190918-tadv-5210 HTTP/1.1" 304 - "https://www.naijadial.com/wp-admin/user-edit.php?user_id=54&wp_http_referer=%2Fwp-admin%2Fusers.php%3Frole%3Dprofessional" "Mozilla/5.0 (Windows NT 6.3; Win64; x64) AppleWebKit/537.36 (KHTML, like Gecko) Chrome/79.0.3945.130 Safari/537.36"
41.217.25.43 - - [28/Jan/2020:04:30:05 -0500] "GET /wp-content/plugins/tinymce-advanced/mce/searchreplace/plugin.min.js?wp-mce-4960-20190918-tadv-5210 HTTP/1.1" 304 - "https://www.naijadial.com/wp-admin/user-edit.php?user_id=54&wp_http_referer=%2Fwp-admin%2Fusers.php%3Frole%3Dprofessional" "Mozilla/5.0 (Windows NT 6.3; Win64; x64) AppleWebKit/537.36 (KHTML, like Gecko) Chrome/79.0.3945.130 Safari/537.36"
198.54.125.95 - - [28/Jan/2020:04:30:14 -0500] "POST /wp-cron.php?doing_wp_cron=1580203814.8751580715179443359375 HTTP/1.1" 200 - "https://www.naijadial.com/wp-cron.php?doing_wp_cron=1580203814.8751580715179443359375" "WordPress/5.3.2; https://www.naijadial.com"
41.217.25.43 - - [28/Jan/2020:04:30:14 -0500] "POST /wp-admin/admin-ajax.php HTTP/1.1" 200 47 "https://www.naijadial.com/wp-admin/themes.php?page=fw-settings" "Mozilla/5.0 (Windows NT 6.3; Win64; x64) AppleWebKit/537.36 (KHTML, like Gecko) Chrome/79.0.3945.130 Safari/537.36"
41.217.25.43 - - [28/Jan/2020:04:30:15 -0500] "POST /wp-admin/user-edit.php HTTP/1.1" 302 - "https://www.naijadial.com/wp-admin/user-edit.php?user_id=79&wp_http_referer=%2Fwp-admin%2Fusers.php%3Frole%3Dprofessional" "Mozilla/5.0 (Windows NT 6.3; Win64; x64) AppleWebKit/537.36 (KHTML, like Gecko) Chrome/79.0.3945.130 Safari/537.36"
41.217.25.43 - - [28/Jan/2020:04:30:16 -0500] "POST /wp-admin/admin-ajax.php HTTP/1.1" 200 47 "https://www.naijadial.com/wp-admin/user-edit.php?user_id=22&wp_http_referer=%2Fwp-admin%2Fusers.php%3Frole%3Dprofessional" "Mozilla/5.0 (Windows NT 6.3; Win64; x64) AppleWebKit/537.36 (KHTML, like Gecko) Chrome/79.0.3945.130 Safari/537.36"
41.217.25.43 - - [28/Jan/2020:04:30:16 -0500] "GET /wp-admin/user-edit.php?user_id=79&updated=1&wp_http_referer=%2Fwp-admin%2Fusers.php%3Frole%3Dprofessional HTTP/1.1" 200 78200 "https://www.naijadial.com/wp-admin/user-edit.php?user_id=79&wp_http_referer=%2Fwp-admin%2Fusers.php%3Frole%3Dprofessional" "Mozilla/5.0 (Windows NT 6.3; Win64; x64) AppleWebKit/537.36 (KHTML, like Gecko) Chrome/79.0.3945.130 Safari/537.36"
41.217.25.43 - - [28/Jan/2020:04:30:21 -0500] "POST /wp-admin/admin-ajax.php HTTP/1.1" 200 124190 "https://www.naijadial.com/wp-admin/user-edit.php?user_id=79&wp_http_referer=%2Fwp-admin%2Fusers.php%3Frole%3Dprofessional" "Mozilla/5.0 (Windows NT 6.3; Win64; x64) AppleWebKit/537.36 (KHTML, like Gecko) Chrome/79.0.3945.130 Safari/537.36"
41.217.25.43 - - [28/Jan/2020:04:30:25 -0500] "POST /wp-admin/user-edit.php HTTP/1.1" 302 - "https://www.naijadial.com/wp-admin/user-edit.php?user_id=22&wp_http_referer=%2Fwp-admin%2Fusers.php%3Frole%3Dprofessional" "Mozilla/5.0 (Windows NT 6.3; Win64; x64) AppleWebKit/537.36 (KHTML, like Gecko) Chrome/79.0.3945.130 Safari/537.36"
41.217.25.43 - - [28/Jan/2020:04:30:26 -0500] "POST /wp-admin/admin-ajax.php HTTP/1.1" 200 47 "https://www.naijadial.com/wp-admin/user-edit.php?user_id=76&wp_http_referer=%2Fwp-admin%2Fusers.php%3Frole%3Dprofessional" "Mozilla/5.0 (Windows NT 6.3; Win64; x64) AppleWebKit/537.36 (KHTML, like Gecko) Chrome/79.0.3945.130 Safari/537.36"
41.217.25.43 - - [28/Jan/2020:04:30:26 -0500] "GET /wp-admin/user-edit.php?user_id=22&updated=1&wp_http_referer=%2Fwp-admin%2Fusers.php%3Frole%3Dprofessional HTTP/1.1" 200 78475 "https://www.naijadial.com/wp-admin/user-edit.php?user_id=22&wp_http_referer=%2Fwp-admin%2Fusers.php%3Frole%3Dprofessional" "Mozilla/5.0 (Windows NT 6.3; Win64; x64) AppleWebKit/537.36 (KHTML, like Gecko) Chrome/79.0.3945.130 Safari/537.36"
41.217.25.43 - - [28/Jan/2020:04:30:29 -0500] "GET /wp-includes/js/dist/vendor/wp-polyfill.min.js?ver=7.4.4 HTTP/1.1" 304 - "https://www.naijadial.com/wp-admin/user-edit.php?user_id=22&updated=1&wp_http_referer=%2Fwp-admin%2Fusers.php%3Frole%3Dprofessional" "Mozilla/5.0 (Windows NT 6.3; Win64; x64) AppleWebKit/537.36 (KHTML, like Gecko) Chrome/79.0.3945.130 Safari/537.36"
41.217.25.43 - - [28/Jan/2020:04:30:29 -0500] "GET /wp-content/themes/listingo/admin/js/admin_functions.js?ver=3.2.2 HTTP/1.1" 304 - "https://www.naijadial.com/wp-admin/user-edit.php?user_id=22&updated=1&wp_http_referer=%2Fwp-admin%2Fusers.php%3Frole%3Dprofessional" "Mozilla/5.0 (Windows NT 6.3; Win64; x64) AppleWebKit/537.36 (KHTML, like Gecko) Chrome/79.0.3945.130 Safari/537.36"
41.217.25.43 - - [28/Jan/2020:04:30:30 -0500] "GET /wp-content/plugins/listingo_core/admin/js/functions.js?ver=3.2.1 HTTP/1.1" 304 - "https://www.naijadial.com/wp-admin/user-edit.php?user_id=22&updated=1&wp_http_referer=%2Fwp-admin%2Fusers.php%3Frole%3Dprofessional" "Mozilla/5.0 (Windows NT 6.3; Win64; x64) AppleWebKit/537.36 (KHTML, like Gecko) Chrome/79.0.3945.130 Safari/537.36"
41.217.25.43 - - [28/Jan/2020:04:30:30 -0500] "GET /wp-includes/js/backbone.min.js?ver=1.4.0 HTTP/1.1" 304 - "https://www.naijadial.com/wp-admin/user-edit.php?user_id=22&updated=1&wp_http_referer=%2Fwp-admin%2Fusers.php%3Frole%3Dprofessional" "Mozilla/5.0 (Windows NT 6.3; Win64; x64) AppleWebKit/537.36 (KHTML, like Gecko) Chrome/79.0.3945.130 Safari/537.36"
41.217.25.43 - - [28/Jan/2020:04:30:30 -0500] "GET /wp-includes/js/plupload/moxie.min.js?ver=1.3.5 HTTP/1.1" 304 - "https://www.naijadial.com/wp-admin/user-edit.php?user_id=22&updated=1&wp_http_referer=%2Fwp-admin%2Fusers.php%3Frole%3Dprofessional" "Mozilla/5.0 (Windows NT 6.3; Win64; x64) AppleWebKit/537.36 (KHTML, like Gecko) Chrome/79.0.3945.130 Safari/537.36"
41.217.25.43 - - [28/Jan/2020:04:30:31 -0500] "GET /wp-includes/js/plupload/plupload.min.js?ver=2.1.9 HTTP/1.1" 304 - "https://www.naijadial.com/wp-admin/user-edit.php?user_id=22&updated=1&wp_http_referer=%2Fwp-admin%2Fusers.php%3Frole%3Dprofessional" "Mozilla/5.0 (Windows NT 6.3; Win64; x64) AppleWebKit/537.36 (KHTML, like Gecko) Chrome/79.0.3945.130 Safari/537.36"
41.217.25.43 - - [28/Jan/2020:04:30:31 -0500] "GET /wp-includes/js/jquery/ui/core.min.js?ver=1.11.4 HTTP/1.1" 304 - "https://www.naijadial.com/wp-admin/user-edit.php?user_id=22&updated=1&wp_http_referer=%2Fwp-admin%2Fusers.php%3Frole%3Dprofessional" "Mozilla/5.0 (Windows NT 6.3; Win64; x64) AppleWebKit/537.36 (KHTML, like Gecko) Chrome/79.0.3945.130 Safari/537.36"
41.217.25.43 - - [28/Jan/2020:04:30:32 -0500] "GET /wp-includes/js/jquery/ui/widget.min.js?ver=1.11.4 HTTP/1.1" 304 - "https://www.naijadial.com/wp-admin/user-edit.php?user_id=22&updated=1&wp_http_referer=%2Fwp-admin%2Fusers.php%3Frole%3Dprofessional" "Mozilla/5.0 (Windows NT 6.3; Win64; x64) AppleWebKit/537.36 (KHTML, like Gecko) Chrome/79.0.3945.130 Safari/537.36"
41.217.25.43 - - [28/Jan/2020:04:30:32 -0500] "GET /wp-includes/js/jquery/ui/mouse.min.js?ver=1.11.4 HTTP/1.1" 304 - "https://www.naijadial.com/wp-admin/user-edit.php?user_id=22&updated=1&wp_http_referer=%2Fwp-admin%2Fusers.php%3Frole%3Dprofessional" "Mozilla/5.0 (Windows NT 6.3; Win64; x64) AppleWebKit/537.36 (KHTML, like Gecko) Chrome/79.0.3945.130 Safari/537.36"
41.217.25.43 - - [28/Jan/2020:04:30:32 -0500] "GET /wp-includes/js/jquery/ui/sortable.min.js?ver=1.11.4 HTTP/1.1" 304 - "https://www.naijadial.com/wp-admin/user-edit.php?user_id=22&updated=1&wp_http_referer=%2Fwp-admin%2Fusers.php%3Frole%3Dprofessional" "Mozilla/5.0 (Windows NT 6.3; Win64; x64) AppleWebKit/537.36 (KHTML, like Gecko) Chrome/79.0.3945.130 Safari/537.36"
41.217.25.43 - - [28/Jan/2020:04:30:33 -0500] "GET /wp-includes/js/dist/dom-ready.min.js?ver=2.5.1 HTTP/1.1" 304 - "https://www.naijadial.com/wp-admin/user-edit.php?user_id=22&updated=1&wp_http_referer=%2Fwp-admin%2Fusers.php%3Frole%3Dprofessional" "Mozilla/5.0 (Windows NT 6.3; Win64; x64) AppleWebKit/537.36 (KHTML, like Gecko) Chrome/79.0.3945.130 Safari/537.36"
185.152.67.47 - - [28/Jan/2020:04:30:32 -0500] "GET /wp-admin/users.php HTTP/1.1" 200 46156 "https://www.naijadial.com/wp-admin/" "Mozilla/5.0 (Windows NT 6.3; Win64; x64) AppleWebKit/537.36 (KHTML, like Gecko) Chrome/79.0.3945.130 Safari/537.36"
41.217.25.43 - - [28/Jan/2020:04:30:33 -0500] "GET /wp-includes/js/dist/a11y.min.js?ver=2.5.1 HTTP/1.1" 304 - "https://www.naijadial.com/wp-admin/user-edit.php?user_id=22&updated=1&wp_http_referer=%2Fwp-admin%2Fusers.php%3Frole%3Dprofessional" "Mozilla/5.0 (Windows NT 6.3; Win64; x64) AppleWebKit/537.36 (KHTML, like Gecko) Chrome/79.0.3945.130 Safari/537.36"
41.217.25.43 - - [28/Jan/2020:04:30:33 -0500] "GET /wp-includes/js/jquery/ui/position.min.js?ver=1.11.4 HTTP/1.1" 304 - "https://www.naijadial.com/wp-admin/user-edit.php?user_id=22&updated=1&wp_http_referer=%2Fwp-admin%2Fusers.php%3Frole%3Dprofessional" "Mozilla/5.0 (Windows NT 6.3; Win64; x64) AppleWebKit/537.36 (KHTML, like Gecko) Chrome/79.0.3945.130 Safari/537.36"
185.152.67.47 - - [28/Jan/2020:04:30:34 -0500] "GET /wp-includes/js/jquery/ui/core.min.js?ver=1.11.4 HTTP/1.1" 304 - "https://www.naijadial.com/wp-admin/users.php" "Mozilla/5.0 (Windows NT 6.3; Win64; x64) AppleWebKit/537.36 (KHTML, like Gecko) Chrome/79.0.3945.130 Safari/537.36"
185.152.67.47 - - [28/Jan/2020:04:30:34 -0500] "GET /wp-includes/js/jquery/ui/widget.min.js?ver=1.11.4 HTTP/1.1" 304 - "https://www.naijadial.com/wp-admin/users.php" "Mozilla/5.0 (Windows NT 6.3; Win64; x64) AppleWebKit/537.36 (KHTML, like Gecko) Chrome/79.0.3945.130 Safari/537.36"
185.152.67.47 - - [28/Jan/2020:04:30:34 -0500] "GET /wp-includes/js/underscore.min.js?ver=1.8.3 HTTP/1.1" 304 - "https://www.naijadial.com/wp-admin/users.php" "Mozilla/5.0 (Windows NT 6.3; Win64; x64) AppleWebKit/537.36 (KHTML, like Gecko) Chrome/79.0.3945.130 Safari/537.36"
41.217.25.43 - - [28/Jan/2020:04:30:34 -0500] "GET /wp-includes/js/jquery/ui/menu.min.js?ver=1.11.4 HTTP/1.1" 304 - "https://www.naijadial.com/wp-admin/user-edit.php?user_id=22&updated=1&wp_http_referer=%2Fwp-admin%2Fusers.php%3Frole%3Dprofessional" "Mozilla/5.0 (Windows NT 6.3; Win64; x64) AppleWebKit/537.36 (KHTML, like Gecko) Chrome/79.0.3945.130 Safari/537.36"
41.217.25.43 - - [28/Jan/2020:04:30:35 -0500] "GET /wp-includes/js/jquery/ui/autocomplete.min.js?ver=1.11.4 HTTP/1.1" 304 - "https://www.naijadial.com/wp-admin/user-edit.php?user_id=22&updated=1&wp_http_referer=%2Fwp-admin%2Fusers.php%3Frole%3Dprofessional" "Mozilla/5.0 (Windows NT 6.3; Win64; x64) AppleWebKit/537.36 (KHTML, like Gecko) Chrome/79.0.3945.130 Safari/537.36"
41.217.25.43 - - [28/Jan/2020:04:30:35 -0500] "GET /wp-content/themes/listingo/js/gmap3.min.js?ver=5.3.2 HTTP/1.1" 304 - "https://www.naijadial.com/wp-admin/user-edit.php?user_id=22&updated=1&wp_http_referer=%2Fwp-admin%2Fusers.php%3Frole%3Dprofessional" "Mozilla/5.0 (Windows NT 6.3; Win64; x64) AppleWebKit/537.36 (KHTML, like Gecko) Chrome/79.0.3945.130 Safari/537.36"
185.152.67.47 - - [28/Jan/2020:04:30:36 -0500] "GET /wp-content/uploads/2020/01/NaijaDial-Avatar-92x92.png HTTP/1.1" 200 4848 "https://www.naijadial.com/wp-admin/users.php" "Mozilla/5.0 (Windows NT 6.3; Win64; x64) AppleWebKit/537.36 (KHTML, like Gecko) Chrome/79.0.3945.130 Safari/537.36"
185.152.67.47 - - [28/Jan/2020:04:30:36 -0500] "GET /wp-admin/load-scripts.php?c=0&load%5Bchunk_0%5D=hoverIntent,common,hoverintent-js,admin-bar,svg-painter,wp-hooks,heartbeat,wp-auth-check,shortcode,wp-util,wp-backbone,media-mod&load%5Bchunk_1%5D=els,wp-plupload,jquery-ui-mouse,jquery-ui-sortable&ver=5.3.2 HTTP/1.1" 200 28298 "https://www.naijadial.com/wp-admin/users.php" "Mozilla/5.0 (Windows NT 6.3; Win64; x64) AppleWebKit/537.36 (KHTML, like Gecko) Chrome/79.0.3945.130 Safari/537.36"
41.217.25.43 - - [28/Jan/2020:04:30:36 -0500] "GET /wp-content/plugins/unyson/framework/static/js/fw-events.js?ver=2.7.22 HTTP/1.1" 304 - "https://www.naijadial.com/wp-admin/user-edit.php?user_id=22&updated=1&wp_http_referer=%2Fwp-admin%2Fusers.php%3Frole%3Dprofessional" "Mozilla/5.0 (Windows NT 6.3; Win64; x64) AppleWebKit/537.36 (KHTML, like Gecko) Chrome/79.0.3945.130 Safari/537.36"
41.217.25.43 - - [28/Jan/2020:04:30:37 -0500] "GET /wp-content/plugins/unyson/framework/static/libs/qtip/jquery.qtip.min.js?ver=2.7.22 HTTP/1.1" 304 - "https://www.naijadial.com/wp-admin/user-edit.php?user_id=22&updated=1&wp_http_referer=%2Fwp-admin%2Fusers.php%3Frole%3Dprofessional" "Mozilla/5.0 (Windows NT 6.3; Win64; x64) AppleWebKit/537.36 (KHTML, like Gecko) Chrome/79.0.3945.130 Safari/537.36"
41.217.25.43 - - [28/Jan/2020:04:30:36 -0500] "POST /wp-admin/user-edit.php HTTP/1.1" 302 - "https://www.naijadial.com/wp-admin/user-edit.php?user_id=76&wp_http_referer=%2Fwp-admin%2Fusers.php%3Frole%3Dprofessional" "Mozilla/5.0 (Windows NT 6.3; Win64; x64) AppleWebKit/537.36 (KHTML, like Gecko) Chrome/79.0.3945.130 Safari/537.36"
185.152.67.47 - - [28/Jan/2020:04:30:37 -0500] "GET /wp-includes/js/wp-sanitize.min.js?ver=5.3.2 HTTP/1.1" 200 258 "https://www.naijadial.com/wp-admin/users.php" "Mozilla/5.0 (Windows NT 6.3; Win64; x64) AppleWebKit/537.36 (KHTML, like Gecko) Chrome/79.0.3945.130 Safari/537.36"
185.152.67.47 - - [28/Jan/2020:04:30:37 -0500] "GET /wp-includes/js/thickbox/thickbox.js?ver=3.1-20121105 HTTP/1.1" 200 3997 "https://www.naijadial.com/wp-admin/users.php" "Mozilla/5.0 (Windows NT 6.3; Win64; x64) AppleWebKit/537.36 (KHTML, like Gecko) Chrome/79.0.3945.130 Safari/537.36"
185.152.67.47 - - [28/Jan/2020:04:30:37 -0500] "GET /wp-admin/js/updates.min.js?ver=5.3.2 HTTP/1.1" 200 7424 "https://www.naijadial.com/wp-admin/users.php" "Mozilla/5.0 (Windows NT 6.3; Win64; x64) AppleWebKit/537.36 (KHTML, like Gecko) Chrome/79.0.3945.130 Safari/537.36"
185.152.67.47 - - [28/Jan/2020:04:30:37 -0500] "GET /wp-admin/js/media-upload.min.js?ver=5.3.2 HTTP/1.1" 200 582 "https://www.naijadial.com/wp-admin/users.php" "Mozilla/5.0 (Windows NT 6.3; Win64; x64) AppleWebKit/537.36 (KHTML, like Gecko) Chrome/79.0.3945.130 Safari/537.36"
41.217.25.43 - - [28/Jan/2020:04:30:37 -0500] "GET /wp-content/plugins/unyson/framework/static/js/fw.js?ver=2.7.22 HTTP/1.1" 304 - "https://www.naijadial.com/wp-admin/user-edit.php?user_id=22&updated=1&wp_http_referer=%2Fwp-admin%2Fusers.php%3Frole%3Dprofessional" "Mozilla/5.0 (Windows NT 6.3; Win64; x64) AppleWebKit/537.36 (KHTML, like Gecko) Chrome/79.0.3945.130 Safari/537.36"
41.217.25.43 - - [28/Jan/2020:04:30:37 -0500] "POST /wp-admin/admin-ajax.php HTTP/1.1" 200 47 "https://www.naijadial.com/wp-admin/user-edit.php?user_id=33&wp_http_referer=%2Fwp-admin%2Fusers.php%3Frole%3Dprofessional" "Mozilla/5.0 (Windows NT 6.3; Win64; x64) AppleWebKit/537.36 (KHTML, like Gecko) Chrome/79.0.3945.130 Safari/537.36"
41.217.25.43 - - [28/Jan/2020:04:30:37 -0500] "GET /wp-content/plugins/woocommerce/assets/js/jquery-blockui/jquery.blockUI.min.js?ver=2.70 HTTP/1.1" 304 - "https://www.naijadial.com/wp-admin/user-edit.php?user_id=22&updated=1&wp_http_referer=%2Fwp-admin%2Fusers.php%3Frole%3Dprofessional" "Mozilla/5.0 (Windows NT 6.3; Win64; x64) AppleWebKit/537.36 (KHTML, like Gecko) Chrome/79.0.3945.130 Safari/537.36"
41.217.25.43 - - [28/Jan/2020:04:30:37 -0500] "GET /wp-admin/user-edit.php?user_id=76&updated=1&wp_http_referer=%2Fwp-admin%2Fusers.php%3Frole%3Dprofessional HTTP/1.1" 200 78660 "https://www.naijadial.com/wp-admin/user-edit.php?user_id=76&wp_http_referer=%2Fwp-admin%2Fusers.php%3Frole%3Dprofessional" "Mozilla/5.0 (Windows NT 6.3; Win64; x64) AppleWebKit/537.36 (KHTML, like Gecko) Chrome/79.0.3945.130 Safari/537.36"
41.217.25.43 - - [28/Jan/2020:04:30:38 -0500] "GET /wp-content/plugins/woocommerce/assets/js/jquery-tiptip/jquery.tipTip.min.js?ver=3.9.0 HTTP/1.1" 304 - "https://www.naijadial.com/wp-admin/user-edit.php?user_id=22&updated=1&wp_http_referer=%2Fwp-admin%2Fusers.php%3Frole%3Dprofessional" "Mozilla/5.0 (Windows NT 6.3; Win64; x64) AppleWebKit/537.36 (KHTML, like Gecko) Chrome/79.0.3945.130 Safari/537.36"
185.152.67.47 - - [28/Jan/2020:04:30:39 -0500] "GET /favicon.ico HTTP/1.1" 200 - "https://www.naijadial.com/wp-admin/users.php" "Mozilla/5.0 (Windows NT 6.3; Win64; x64) AppleWebKit/537.36 (KHTML, like Gecko) Chrome/79.0.3945.130 Safari/537.36"
41.217.25.43 - - [28/Jan/2020:04:30:40 -0500] "GET /wp-content/plugins/woocommerce/assets/js/admin/woocommerce_admin.min.js?ver=3.9.0 HTTP/1.1" 304 - "https://www.naijadial.com/wp-admin/user-edit.php?user_id=22&updated=1&wp_http_referer=%2Fwp-admin%2Fusers.php%3Frole%3Dprofessional" "Mozilla/5.0 (Windows NT 6.3; Win64; x64) AppleWebKit/537.36 (KHTML, like Gecko) Chrome/79.0.3945.130 Safari/537.36"
41.217.25.43 - - [28/Jan/2020:04:30:41 -0500] "GET /wp-content/plugins/woocommerce/assets/js/selectWoo/selectWoo.full.min.js?ver=1.0.6 HTTP/1.1" 304 - "https://www.naijadial.com/wp-admin/user-edit.php?user_id=22&updated=1&wp_http_referer=%2Fwp-admin%2Fusers.php%3Frole%3Dprofessional" "Mozilla/5.0 (Windows NT 6.3; Win64; x64) AppleWebKit/537.36 (KHTML, like Gecko) Chrome/79.0.3945.130 Safari/537.36"
41.217.25.43 - - [28/Jan/2020:04:30:41 -0500] "GET /wp-content/plugins/woocommerce/assets/js/admin/wc-enhanced-select.min.js?ver=3.9.0 HTTP/1.1" 304 - "https://www.naijadial.com/wp-admin/user-edit.php?user_id=76&updated=1&wp_http_referer=%2Fwp-admin%2Fusers.php%3Frole%3Dprofessional" "Mozilla/5.0 (Windows NT 6.3; Win64; x64) AppleWebKit/537.36 (KHTML, like Gecko) Chrome/79.0.3945.130 Safari/537.36"
41.217.25.43 - - [28/Jan/2020:04:30:44 -0500] "POST /wp-admin/admin-ajax.php HTTP/1.1" 200 124190 "https://www.naijadial.com/wp-admin/user-edit.php?user_id=22&wp_http_referer=%2Fwp-admin%2Fusers.php%3Frole%3Dprofessional" "Mozilla/5.0 (Windows NT 6.3; Win64; x64) AppleWebKit/537.36 (KHTML, like Gecko) Chrome/79.0.3945.130 Safari/537.36"
41.217.25.43 - - [28/Jan/2020:04:30:44 -0500] "POST /wp-admin/admin-ajax.php HTTP/1.1" 200 124190 "https://www.naijadial.com/wp-admin/user-edit.php?user_id=76&wp_http_referer=%2Fwp-admin%2Fusers.php%3Frole%3Dprofessional" "Mozilla/5.0 (Windows NT 6.3; Win64; x64) AppleWebKit/537.36 (KHTML, like Gecko) Chrome/79.0.3945.130 Safari/537.36"
41.217.25.43 - - [28/Jan/2020:04:30:47 -0500] "POST /wp-admin/user-edit.php HTTP/1.1" 302 - "https://www.naijadial.com/wp-admin/user-edit.php?user_id=33&wp_http_referer=%2Fwp-admin%2Fusers.php%3Frole%3Dprofessional" "Mozilla/5.0 (Windows NT 6.3; Win64; x64) AppleWebKit/537.36 (KHTML, like Gecko) Chrome/79.0.3945.130 Safari/537.36"
185.152.67.47 - - [28/Jan/2020:04:30:47 -0500] "GET /wp-admin/users.php?role=business HTTP/1.1" 200 46405 "https://www.naijadial.com/wp-admin/users.php" "Mozilla/5.0 (Windows NT 6.3; Win64; x64) AppleWebKit/537.36 (KHTML, like Gecko) Chrome/79.0.3945.130 Safari/537.36"
185.152.67.47 - - [28/Jan/2020:04:30:51 -0500] "GET /wp-content/uploads/2020/01/AD9A00BE-8900-4C53-ADB7-61EE702F7D79-92x92.jpeg HTTP/1.1" 200 9599 "https://www.naijadial.com/wp-admin/users.php?role=business" "Mozilla/5.0 (Windows NT 6.3; Win64; x64) AppleWebKit/537.36 (KHTML, like Gecko) Chrome/79.0.3945.130 Safari/537.36"
41.217.25.43 - - [28/Jan/2020:04:30:52 -0500] "GET /wp-admin/user-edit.php?user_id=33&updated=1&wp_http_referer=%2Fwp-admin%2Fusers.php%3Frole%3Dprofessional HTTP/1.1" 200 75610 "https://www.naijadial.com/wp-admin/user-edit.php?user_id=33&wp_http_referer=%2Fwp-admin%2Fusers.php%3Frole%3Dprofessional" "Mozilla/5.0 (Windows NT 6.3; Win64; x64) AppleWebKit/537.36 (KHTML, like Gecko) Chrome/79.0.3945.130 Safari/537.36"
185.152.67.47 - - [28/Jan/2020:04:30:53 -0500] "GET /favicon.ico HTTP/1.1" 200 - "https://www.naijadial.com/wp-admin/users.php?role=business" "Mozilla/5.0 (Windows NT 6.3; Win64; x64) AppleWebKit/537.36 (KHTML, like Gecko) Chrome/79.0.3945.130 Safari/537.36"
41.217.25.43 - - [28/Jan/2020:04:30:57 -0500] "POST /wp-admin/admin-ajax.php HTTP/1.1" 200 124190 "https://www.naijadial.com/wp-admin/user-edit.php?user_id=33&wp_http_referer=%2Fwp-admin%2Fusers.php%3Frole%3Dprofessional" "Mozilla/5.0 (Windows NT 6.3; Win64; x64) AppleWebKit/537.36 (KHTML, like Gecko) Chrome/79.0.3945.130 Safari/537.36"
198.54.125.95 - - [28/Jan/2020:04:31:06 -0500] "POST /wp-cron.php?doing_wp_cron=1580203866.3786499500274658203125 HTTP/1.1" 200 - "https://www.naijadial.com/wp-cron.php?doing_wp_cron=1580203866.3786499500274658203125" "WordPress/5.3.2; https://www.naijadial.com"
41.217.25.43 - - [28/Jan/2020:04:31:06 -0500] "POST /wp-admin/admin-ajax.php HTTP/1.1" 200 47 "https://www.naijadial.com/wp-admin/user-edit.php?user_id=54&wp_http_referer=%2Fwp-admin%2Fusers.php%3Frole%3Dprofessional" "Mozilla/5.0 (Windows NT 6.3; Win64; x64) AppleWebKit/537.36 (KHTML, like Gecko) Chrome/79.0.3945.130 Safari/537.36"
41.217.25.43 - - [28/Jan/2020:04:31:07 -0500] "POST /wp-admin/admin-ajax.php HTTP/1.1" 200 47 "https://www.naijadial.com/wp-admin/users.php?role=professional" "Mozilla/5.0 (Windows NT 6.3; Win64; x64) AppleWebKit/537.36 (KHTML, like Gecko) Chrome/79.0.3945.130 Safari/537.36"
41.217.25.43 - - [28/Jan/2020:04:31:10 -0500] "GET / HTTP/1.1" 200 24129 "https://www.naijadial.com/" "Mozilla/5.0 (Windows NT 6.3; Win64; x64) AppleWebKit/537.36 (KHTML, like Gecko) Chrome/79.0.3945.130 Safari/537.36"
41.217.25.43 - - [28/Jan/2020:04:31:15 -0500] "GET /wp-content/themes/listingo/css/color.css?ver=3.2.2 HTTP/1.1" 304 - "https://www.naijadial.com/" "Mozilla/5.0 (Windows NT 6.3; Win64; x64) AppleWebKit/537.36 (KHTML, like Gecko) Chrome/79.0.3945.130 Safari/537.36"
41.217.25.43 - - [28/Jan/2020:04:31:15 -0500] "GET /wp-content/themes/listingo/css/prettyPhoto.css?ver=3.2.2 HTTP/1.1" 304 - "https://www.naijadial.com/" "Mozilla/5.0 (Windows NT 6.3; Win64; x64) AppleWebKit/537.36 (KHTML, like Gecko) Chrome/79.0.3945.130 Safari/537.36"
41.217.25.43 - - [28/Jan/2020:04:31:15 -0500] "GET /wp-content/plugins/js_composer/assets/lib/bower/font-awesome/css/font-awesome.min.css?ver=6.0.5 HTTP/1.1" 304 - "https://www.naijadial.com/" "Mozilla/5.0 (Windows NT 6.3; Win64; x64) AppleWebKit/537.36 (KHTML, like Gecko) Chrome/79.0.3945.130 Safari/537.36"
41.217.25.43 - - [28/Jan/2020:04:31:15 -0500] "GET /wp-content/plugins/unyson/framework/extensions/builder/static/css/frontend-grid.css?ver=1.2.11 HTTP/1.1" 304 - "https://www.naijadial.com/" "Mozilla/5.0 (Windows NT 6.3; Win64; x64) AppleWebKit/537.36 (KHTML, like Gecko) Chrome/79.0.3945.130 Safari/537.36"
41.217.25.43 - - [28/Jan/2020:04:31:15 -0500] "GET /wp-content/plugins/mega-addons-for-visual-composer/css/style.css?ver=5.3.2 HTTP/1.1" 304 - "https://www.naijadial.com/" "Mozilla/5.0 (Windows NT 6.3; Win64; x64) AppleWebKit/537.36 (KHTML, like Gecko) Chrome/79.0.3945.130 Safari/537.36"
41.217.25.43 - - [28/Jan/2020:04:31:15 -0500] "GET /wp-content/plugins/mega-addons-for-visual-composer/css/font-awesome/css/font-awesome.css?ver=5.3.2 HTTP/1.1" 304 - "https://www.naijadial.com/" "Mozilla/5.0 (Windows NT 6.3; Win64; x64) AppleWebKit/537.36 (KHTML, like Gecko) Chrome/79.0.3945.130 Safari/537.36"
41.217.25.43 - - [28/Jan/2020:04:31:15 -0500] "GET /wp-content/themes/listingo/style.css?ver=3.2.2 HTTP/1.1" 304 - "https://www.naijadial.com/" "Mozilla/5.0 (Windows NT 6.3; Win64; x64) AppleWebKit/537.36 (KHTML, like Gecko) Chrome/79.0.3945.130 Safari/537.36"
41.217.25.43 - - [28/Jan/2020:04:31:15 -0500] "GET /wp-content/themes/listingo/css/normalize.css?ver=3.2.2 HTTP/1.1" 304 - "https://www.naijadial.com/" "Mozilla/5.0 (Windows NT 6.3; Win64; x64) AppleWebKit/537.36 (KHTML, like Gecko) Chrome/79.0.3945.130 Safari/537.36"
41.217.25.43 - - [28/Jan/2020:04:31:15 -0500] "GET /wp-content/themes/listingo/css/owl.carousel.min.css?ver=3.2.2 HTTP/1.1" 304 - "https://www.naijadial.com/" "Mozilla/5.0 (Windows NT 6.3; Win64; x64) AppleWebKit/537.36 (KHTML, like Gecko) Chrome/79.0.3945.130 Safari/537.36"
41.217.25.43 - - [28/Jan/2020:04:31:15 -0500] "GET /wp-content/themes/listingo/css/typo.css?ver=3.2.2 HTTP/1.1" 304 - "https://www.naijadial.com/" "Mozilla/5.0 (Windows NT 6.3; Win64; x64) AppleWebKit/537.36 (KHTML, like Gecko) Chrome/79.0.3945.130 Safari/537.36"
41.217.25.43 - - [28/Jan/2020:04:31:15 -0500] "GET /wp-includes/js/jquery/jquery-migrate.min.js?ver=1.4.1 HTTP/1.1" 304 - "https://www.naijadial.com/" "Mozilla/5.0 (Windows NT 6.3; Win64; x64) AppleWebKit/537.36 (KHTML, like Gecko) Chrome/79.0.3945.130 Safari/537.36"
41.217.25.43 - - [28/Jan/2020:04:31:15 -0500] "GET /wp-content/themes/listingo/js/appear.js?ver=5.3.2 HTTP/1.1" 304 - "https://www.naijadial.com/" "Mozilla/5.0 (Windows NT 6.3; Win64; x64) AppleWebKit/537.36 (KHTML, like Gecko) Chrome/79.0.3945.130 Safari/537.36"
41.217.25.43 - - [28/Jan/2020:04:31:15 -0500] "GET /wp-content/themes/listingo/css/jquery-ui.css?ver=3.2.2 HTTP/1.1" 304 - "https://www.naijadial.com/" "Mozilla/5.0 (Windows NT 6.3; Win64; x64) AppleWebKit/537.36 (KHTML, like Gecko) Chrome/79.0.3945.130 Safari/537.36"
41.217.25.43 - - [28/Jan/2020:04:31:15 -0500] "GET /wp-content/plugins/woocommerce/assets/js/frontend/add-to-cart.min.js?ver=3.9.0 HTTP/1.1" 304 - "https://www.naijadial.com/" "Mozilla/5.0 (Windows NT 6.3; Win64; x64) AppleWebKit/537.36 (KHTML, like Gecko) Chrome/79.0.3945.130 Safari/537.36"
41.217.25.43 - - [28/Jan/2020:04:31:15 -0500] "GET /wp-content/themes/listingo/css/bootstrap.min.css?ver=3.2.2 HTTP/1.1" 304 - "https://www.naijadial.com/" "Mozilla/5.0 (Windows NT 6.3; Win64; x64) AppleWebKit/537.36 (KHTML, like Gecko) Chrome/79.0.3945.130 Safari/537.36"
41.217.25.43 - - [28/Jan/2020:04:31:15 -0500] "GET /wp-content/themes/listingo/css/transitions.css?ver=3.2.2 HTTP/1.1" 304 - "https://www.naijadial.com/" "Mozilla/5.0 (Windows NT 6.3; Win64; x64) AppleWebKit/537.36 (KHTML, like Gecko) Chrome/79.0.3945.130 Safari/537.36"
