107.178.204.251 - - [27/Jan/2020:12:40:38 -0500] "GET / HTTP/1.1" 200 38923 "-" "RyteBot/1.0.0 (+https://bot.ryte.com/)"
198.54.125.95 - - [27/Jan/2020:12:40:33 -0500] "POST /wp-cron.php?doing_wp_cron=1580146833.5040359497070312500000 HTTP/1.1" 200 - "https://www.naijadial.com/wp-cron.php?doing_wp_cron=1580146833.5040359497070312500000" "WordPress/5.3.2; https://www.naijadial.com"
198.54.125.95 - - [27/Jan/2020:12:40:42 -0500] "POST /new/wp-cron.php?doing_wp_cron=1580146842.6176090240478515625000 HTTP/1.1" 200 - "https://www.naijadial.com/new/wp-cron.php?doing_wp_cron=1580146842.6176090240478515625000" "WordPress/5.3.2; https://www.naijadial.com/new"
78.159.99.208 - - [27/Jan/2020:12:40:42 -0500] "POST /new/wp-admin/admin-ajax.php HTTP/1.1" 200 47 "https://www.naijadial.com/new/wp-admin/themes.php?page=fw-settings" "Mozilla/5.0 (Windows NT 6.3; Win64; x64) AppleWebKit/537.36 (KHTML, like Gecko) Chrome/79.0.3945.130 Safari/537.36"
198.54.125.95 - - [27/Jan/2020:12:42:45 -0500] "POST /new/wp-cron.php?doing_wp_cron=1580146965.7197349071502685546875 HTTP/1.1" 200 - "https://www.naijadial.com/new/wp-cron.php?doing_wp_cron=1580146965.7197349071502685546875" "WordPress/5.3.2; https://www.naijadial.com/new"
78.159.99.208 - - [27/Jan/2020:12:42:43 -0500] "POST /new/wp-admin/admin-ajax.php HTTP/1.1" 200 47 "https://www.naijadial.com/new/wp-admin/themes.php?page=fw-settings" "Mozilla/5.0 (Windows NT 6.3; Win64; x64) AppleWebKit/537.36 (KHTML, like Gecko) Chrome/79.0.3945.130 Safari/537.36"
198.54.125.95 - - [27/Jan/2020:12:43:03 -0500] "POST /wp-cron.php?doing_wp_cron=1580146983.3533909320831298828125 HTTP/1.1" 200 - "https://www.naijadial.com/wp-cron.php?doing_wp_cron=1580146983.3533909320831298828125" "WordPress/5.3.2; http://www.naijadial.com"
159.138.157.200 - - [27/Jan/2020:12:43:01 -0500] "GET /wp-login.php?action=wordpress_social_authenticate&mode=login&provider=Twitter&redirect_to=https%3A%2F%2Fwww.naijadial.com%2Fproviders-category%2Fclinic%2F HTTP/1.1" 200 690 "-" "Mozilla/5.0 (Linux; Android 7.0; FRD-AL00 Build/HUAWEIFRD-AL00; wv) AppleWebKit/537.36 (KHTML, like Gecko) Version/4.0 Chrome/53.0.2785.49 Mobile MQQBrowser/6.2 TBS/043602 Safari/537.36 MicroMessenger/6.5.16.1120 NetType/WIFI Language/zh_CN"
159.138.152.109 - - [27/Jan/2020:12:43:04 -0500] "GET /wp-login.php?action=wordpress_social_authenticate&mode=login&provider=Twitter&redirect_to=https%3A%2F%2Fwww.naijadial.com%2Fproviders-category%2Ffashion%2F HTTP/1.1" 200 690 "-" "Mozilla/5.0(Linux;U;Android 5.1.1;zh-CN;OPPO A33 Build/LMY47V) AppleWebKit/537.36(KHTML,like Gecko) Version/4.0 Chrome/40.0.2214.89 UCBrowser/11.7.0.953 Mobile Safari/537.36"
159.138.155.239 - - [27/Jan/2020:12:43:11 -0500] "GET /wp-login.php?action=wordpress_social_authenticate&mode=login&provider=Twitter&redirect_to=https%3A%2F%2Fwww.naijadial.com%2Fproviders-category%2Flogistics%2F HTTP/1.1" 200 690 "-" "Mozilla/5.0(Linux;Android 5.1.1;OPPO A33 Build/LMY47V;wv) AppleWebKit/537.36(KHTML,link Gecko) Version/4.0 Chrome/43.0.2357.121 Mobile Safari/537.36 LieBaoFast/4.51.3"
159.138.128.201 - - [27/Jan/2020:12:43:12 -0500] "GET /providers-category/car-autocare-and-servicing HTTP/1.1" 301 - "-" "Mozilla/5.0(Linux;U;Android 5.1.1;zh-CN;OPPO A33 Build/LMY47V) AppleWebKit/537.36(KHTML,like Gecko) Version/4.0 Chrome/40.0.2214.89 UCBrowser/11.7.0.953 Mobile Safari/537.36"
159.138.152.148 - - [27/Jan/2020:12:43:13 -0500] "GET /providers-category/car-autocare-and-servicing/ HTTP/1.1" 200 30203 "-" "Mozilla/5.0(Linux;U;Android 5.1.1;zh-CN;OPPO A33 Build/LMY47V) AppleWebKit/537.36(KHTML,like Gecko) Version/4.0 Chrome/40.0.2214.89 UCBrowser/11.7.0.953 Mobile Safari/537.36"
198.54.125.95 - - [27/Jan/2020:12:43:22 -0500] "POST /wp-cron.php?doing_wp_cron=1580147002.9086990356445312500000 HTTP/1.1" 200 - "https://www.naijadial.com/wp-cron.php?doing_wp_cron=1580147002.9086990356445312500000" "WordPress/5.3.2; https://www.naijadial.com"
159.138.157.203 - - [27/Jan/2020:12:43:22 -0500] "GET /providers-category/fast-food HTTP/1.1" 301 - "-" "Mozilla/5.0(Linux;Android 5.1.1;OPPO A33 Build/LMY47V;wv) AppleWebKit/537.36(KHTML,link Gecko) Version/4.0 Chrome/43.0.2357.121 Mobile Safari/537.36 LieBaoFast/4.51.3"
159.138.152.64 - - [27/Jan/2020:12:43:24 -0500] "GET /providers-category/fast-food/ HTTP/1.1" 200 29935 "-" "Mozilla/5.0(Linux;Android 5.1.1;OPPO A33 Build/LMY47V;wv) AppleWebKit/537.36(KHTML,link Gecko) Version/4.0 Chrome/43.0.2357.121 Mobile Safari/537.36 LieBaoFast/4.51.3"
159.138.128.180 - - [27/Jan/2020:12:43:26 -0500] "GET /wp-login.php?action=wordpress_social_authenticate&mode=login&provider=Twitter&redirect_to=https%3A%2F%2Fwww.naijadial.com%2Fproviders-category%2Fhealth-and-fitness%2F HTTP/1.1" 200 690 "-" "Mozilla/5.0(Linux;Android 5.1.1;OPPO A33 Build/LMY47V;wv) AppleWebKit/537.36(KHTML,link Gecko) Version/4.0 Chrome/42.0.2311.138 Mobile Safari/537.36 Mb2345Browser/9.0"
159.138.128.211 - - [27/Jan/2020:12:43:33 -0500] "GET /wp-login.php?action=wordpress_social_authenticate&mode=login&provider=Twitter&redirect_to=https%3A%2F%2Fwww.naijadial.com%2Fproviders-category%2Fcyber-cafe%2F HTTP/1.1" 200 690 "-" "Mozilla/5.0(Linux;Android 5.1.1;OPPO A33 Build/LMY47V;wv) AppleWebKit/537.36(KHTML,link Gecko) Version/4.0 Chrome/43.0.2357.121 Mobile Safari/537.36 LieBaoFast/4.51.3"
159.138.128.33 - - [27/Jan/2020:12:43:43 -0500] "GET /providers-category/dentist-health-and-fitness HTTP/1.1" 301 - "-" "Mozilla/5.0 (Linux; Android 7.0; FRD-AL00 Build/HUAWEIFRD-AL00; wv) AppleWebKit/537.36 (KHTML, like Gecko) Version/4.0 Chrome/53.0.2785.49 Mobile MQQBrowser/6.2 TBS/043602 Safari/537.36 MicroMessenger/6.5.16.1120 NetType/WIFI Language/zh_CN"
159.138.152.22 - - [27/Jan/2020:12:43:44 -0500] "GET /providers-category/dentist-health-and-fitness/ HTTP/1.1" 200 30079 "-" "Mozilla/5.0 (Linux; Android 7.0; FRD-AL00 Build/HUAWEIFRD-AL00; wv) AppleWebKit/537.36 (KHTML, like Gecko) Version/4.0 Chrome/53.0.2785.49 Mobile MQQBrowser/6.2 TBS/043602 Safari/537.36 MicroMessenger/6.5.16.1120 NetType/WIFI Language/zh_CN"
159.138.150.50 - - [27/Jan/2020:12:43:46 -0500] "GET /providers-category/website-content-writer HTTP/1.1" 301 - "-" "Mozilla/5.0(Linux;U;Android 5.1.1;zh-CN;OPPO A33 Build/LMY47V) AppleWebKit/537.36(KHTML,like Gecko) Version/4.0 Chrome/40.0.2214.89 UCBrowser/11.7.0.953 Mobile Safari/537.36"
159.138.155.55 - - [27/Jan/2020:12:43:48 -0500] "GET /providers-category/website-content-writer/ HTTP/1.1" 200 30043 "-" "Mozilla/5.0(Linux;U;Android 5.1.1;zh-CN;OPPO A33 Build/LMY47V) AppleWebKit/537.36(KHTML,like Gecko) Version/4.0 Chrome/40.0.2214.89 UCBrowser/11.7.0.953 Mobile Safari/537.36"
198.54.125.95 - - [27/Jan/2020:12:44:43 -0500] "POST /new/wp-cron.php?doing_wp_cron=1580147083.6169700622558593750000 HTTP/1.1" 200 - "https://www.naijadial.com/new/wp-cron.php?doing_wp_cron=1580147083.6169700622558593750000" "WordPress/5.3.2; https://www.naijadial.com/new"
78.159.99.208 - - [27/Jan/2020:12:44:43 -0500] "POST /new/wp-admin/admin-ajax.php HTTP/1.1" 200 47 "https://www.naijadial.com/new/wp-admin/themes.php?page=fw-settings" "Mozilla/5.0 (Windows NT 6.3; Win64; x64) AppleWebKit/537.36 (KHTML, like Gecko) Chrome/79.0.3945.130 Safari/537.36"
198.54.125.95 - - [27/Jan/2020:12:44:48 -0500] "POST /wp-cron.php?doing_wp_cron=1580147088.5420210361480712890625 HTTP/1.1" 200 - "https://www.naijadial.com/wp-cron.php?doing_wp_cron=1580147088.5420210361480712890625" "WordPress/5.3.2; https://www.naijadial.com"
198.54.125.95 - - [27/Jan/2020:12:30:40 -0500] "POST /new/wp-cron.php?doing_wp_cron=1580146240.7864890098571777343750 HTTP/1.1" 200 - "https://www.naijadial.com/new/wp-cron.php?doing_wp_cron=1580146240.7864890098571777343750" "WordPress/5.3.2; https://www.naijadial.com/new"
78.159.99.208 - - [27/Jan/2020:12:30:40 -0500] "POST /new/wp-admin/admin-ajax.php HTTP/1.1" 200 47 "https://www.naijadial.com/new/wp-admin/themes.php?page=fw-settings" "Mozilla/5.0 (Windows NT 6.3; Win64; x64) AppleWebKit/537.36 (KHTML, like Gecko) Chrome/79.0.3945.130 Safari/537.36"
198.54.125.95 - - [27/Jan/2020:12:32:17 -0500] "POST /wp-cron.php?doing_wp_cron=1580146337.4605998992919921875000 HTTP/1.1" 200 - "https://www.naijadial.com/wp-cron.php?doing_wp_cron=1580146337.4605998992919921875000" "WordPress/5.3.2; https://www.naijadial.com"
40.77.167.211 - - [27/Jan/2020:12:32:15 -0500] "GET /providers-category/fabrics/ HTTP/1.1" 200 30367 "-" "Mozilla/5.0 (compatible; bingbot/2.0; +http://www.bing.com/bingbot.htm)"
198.54.125.95 - - [27/Jan/2020:12:32:42 -0500] "POST /new/wp-cron.php?doing_wp_cron=1580146362.5544309616088867187500 HTTP/1.1" 200 - "https://www.naijadial.com/new/wp-cron.php?doing_wp_cron=1580146362.5544309616088867187500" "WordPress/5.3.2; https://www.naijadial.com/new"
78.159.99.208 - - [27/Jan/2020:12:32:42 -0500] "POST /new/wp-admin/admin-ajax.php HTTP/1.1" 200 47 "https://www.naijadial.com/new/wp-admin/themes.php?page=fw-settings" "Mozilla/5.0 (Windows NT 6.3; Win64; x64) AppleWebKit/537.36 (KHTML, like Gecko) Chrome/79.0.3945.130 Safari/537.36"
198.54.125.95 - - [27/Jan/2020:12:34:41 -0500] "POST /new/wp-cron.php?doing_wp_cron=1580146481.8188400268554687500000 HTTP/1.1" 200 - "https://www.naijadial.com/new/wp-cron.php?doing_wp_cron=1580146481.8188400268554687500000" "WordPress/5.3.2; https://www.naijadial.com/new"
78.159.99.208 - - [27/Jan/2020:12:34:41 -0500] "POST /new/wp-admin/admin-ajax.php HTTP/1.1" 200 47 "https://www.naijadial.com/new/wp-admin/themes.php?page=fw-settings" "Mozilla/5.0 (Windows NT 6.3; Win64; x64) AppleWebKit/537.36 (KHTML, like Gecko) Chrome/79.0.3945.130 Safari/537.36"
198.54.125.95 - - [27/Jan/2020:12:36:42 -0500] "POST /new/wp-cron.php?doing_wp_cron=1580146602.7045359611511230468750 HTTP/1.1" 200 - "https://www.naijadial.com/new/wp-cron.php?doing_wp_cron=1580146602.7045359611511230468750" "WordPress/5.3.2; https://www.naijadial.com/new"
78.159.99.208 - - [27/Jan/2020:12:36:42 -0500] "POST /new/wp-admin/admin-ajax.php HTTP/1.1" 200 47 "https://www.naijadial.com/new/wp-admin/themes.php?page=fw-settings" "Mozilla/5.0 (Windows NT 6.3; Win64; x64) AppleWebKit/537.36 (KHTML, like Gecko) Chrome/79.0.3945.130 Safari/537.36"
159.138.152.148 - - [27/Jan/2020:12:44:48 -0500] "GET /providers-category/beverages HTTP/1.1" 301 - "-" "Mozilla/5.0(Linux;Android 5.1.1;OPPO A33 Build/LMY47V;wv) AppleWebKit/537.36(KHTML,link Gecko) Version/4.0 Chrome/42.0.2311.138 Mobile Safari/537.36 Mb2345Browser/9.0"
159.138.128.43 - - [27/Jan/2020:12:44:50 -0500] "GET /providers-category/beverages/ HTTP/1.1" 200 30139 "-" "Mozilla/5.0(Linux;Android 5.1.1;OPPO A33 Build/LMY47V;wv) AppleWebKit/537.36(KHTML,link Gecko) Version/4.0 Chrome/42.0.2311.138 Mobile Safari/537.36 Mb2345Browser/9.0"
198.54.125.95 - - [27/Jan/2020:12:46:43 -0500] "POST /new/wp-cron.php?doing_wp_cron=1580147203.8398609161376953125000 HTTP/1.1" 200 - "https://www.naijadial.com/new/wp-cron.php?doing_wp_cron=1580147203.8398609161376953125000" "WordPress/5.3.2; https://www.naijadial.com/new"
78.159.99.208 - - [27/Jan/2020:12:46:43 -0500] "POST /new/wp-admin/admin-ajax.php HTTP/1.1" 200 47 "https://www.naijadial.com/new/wp-admin/themes.php?page=fw-settings" "Mozilla/5.0 (Windows NT 6.3; Win64; x64) AppleWebKit/537.36 (KHTML, like Gecko) Chrome/79.0.3945.130 Safari/537.36"
78.159.99.208 - - [27/Jan/2020:12:48:43 -0500] "POST /new/wp-admin/admin-ajax.php HTTP/1.1" 200 47 "https://www.naijadial.com/new/wp-admin/themes.php?page=fw-settings" "Mozilla/5.0 (Windows NT 6.3; Win64; x64) AppleWebKit/537.36 (KHTML, like Gecko) Chrome/79.0.3945.130 Safari/537.36"
198.54.125.95 - - [27/Jan/2020:12:49:02 -0500] "POST /new/wp-cron.php?doing_wp_cron=1580147325.5424859523773193359375 HTTP/1.1" 200 - "https://www.naijadial.com/new/wp-cron.php?doing_wp_cron=1580147325.5424859523773193359375" "WordPress/5.3.2; https://www.naijadial.com/new"
78.159.99.208 - - [27/Jan/2020:12:50:47 -0500] "POST /new/wp-admin/admin-ajax.php HTTP/1.1" 200 47 "https://www.naijadial.com/new/wp-admin/themes.php?page=fw-settings" "Mozilla/5.0 (Windows NT 6.3; Win64; x64) AppleWebKit/537.36 (KHTML, like Gecko) Chrome/79.0.3945.130 Safari/537.36"
198.54.125.95 - - [27/Jan/2020:12:52:55 -0500] "POST /new/wp-cron.php?doing_wp_cron=1580147575.5730121135711669921875 HTTP/1.1" 200 - "https://www.naijadial.com/new/wp-cron.php?doing_wp_cron=1580147575.5730121135711669921875" "WordPress/5.3.2; https://www.naijadial.com/new"
78.159.99.208 - - [27/Jan/2020:12:52:53 -0500] "POST /new/wp-admin/admin-ajax.php HTTP/1.1" 200 47 "https://www.naijadial.com/new/wp-admin/themes.php?page=fw-settings" "Mozilla/5.0 (Windows NT 6.3; Win64; x64) AppleWebKit/537.36 (KHTML, like Gecko) Chrome/79.0.3945.130 Safari/537.36"
36.110.199.36 - - [27/Jan/2020:12:53:36 -0500] "GET /robots.txt HTTP/1.1" 200 67 "-" "Mozilla/5.0 (Windows NT 10.0; WOW64) AppleWebKit/537.36 (KHTML, like Gecko) Chrome/48.0.2564.116 Safari/537.36"
78.159.99.208 - - [27/Jan/2020:12:54:54 -0500] "POST /new/wp-admin/admin-ajax.php HTTP/1.1" 200 47 "https://www.naijadial.com/new/wp-admin/themes.php?page=fw-settings" "Mozilla/5.0 (Windows NT 6.3; Win64; x64) AppleWebKit/537.36 (KHTML, like Gecko) Chrome/79.0.3945.130 Safari/537.36"
220.181.108.85 - - [27/Jan/2020:12:55:52 -0500] "GET / HTTP/1.1" 200 263611 "-" "Mozilla/5.0 (compatible; Baiduspider/2.0; +http://www.baidu.com/search/spider.html)"
220.181.108.182 - - [27/Jan/2020:12:56:56 -0500] "GET / HTTP/1.1" 200 263611 "-" "Mozilla/5.0 (compatible; Baiduspider/2.0; +http://www.baidu.com/search/spider.html)"
66.249.79.189 - - [27/Jan/2020:13:10:46 -0500] "GET /robots.txt HTTP/1.1" 200 69 "-" "Mozilla/5.0 (compatible; Googlebot/2.1; +http://www.google.com/bot.html)"
198.54.125.95 - - [27/Jan/2020:13:26:46 -0500] "POST /wp-cron.php?doing_wp_cron=1580149606.1914849281311035156250 HTTP/1.1" 200 - "https://www.naijadial.com/wp-cron.php?doing_wp_cron=1580149606.1914849281311035156250" "WordPress/5.3.2; https://www.naijadial.com"
149.202.146.226 - - [27/Jan/2020:13:26:21 -0500] "POST /wp-engines.php HTTP/1.1" 404 143812 "-" "Mozilla/5.0 (Windows NT 6.1; WOW64) AppleWebKit/537.36 (KHTML, like Gecko) Chrome/41.0.2227.0 Safari/537.36"
198.54.125.95 - - [27/Jan/2020:13:31:14 -0500] "POST /wp-cron.php?doing_wp_cron=1580149874.2244999408721923828125 HTTP/1.1" 200 - "https://www.naijadial.com/wp-cron.php?doing_wp_cron=1580149874.2244999408721923828125" "WordPress/5.3.2; https://www.naijadial.com"
77.75.77.72 - - [27/Jan/2020:13:31:12 -0500] "GET /robots.txt HTTP/1.1" 200 69 "-" "Mozilla/5.0 (compatible; SeznamBot/3.2; +http://napoveda.seznam.cz/en/seznambot-intro/)"
198.54.125.95 - - [27/Jan/2020:13:31:23 -0500] "POST /wp-cron.php?doing_wp_cron=1580149883.0969979763031005859375 HTTP/1.1" 200 - "https://www.naijadial.com/wp-cron.php?doing_wp_cron=1580149883.0969979763031005859375" "WordPress/5.3.2; https://www.naijadial.com"
77.75.77.72 - - [27/Jan/2020:13:31:22 -0500] "GET /providers-category/ice-cream-shop/ HTTP/1.1" 200 30235 "-" "Mozilla/5.0 (compatible; SeznamBot/3.2; +http://napoveda.seznam.cz/en/seznambot-intro/)"
198.54.125.95 - - [27/Jan/2020:13:51:57 -0500] "POST /new/wp-cron.php?doing_wp_cron=1580151117.9171369075775146484375 HTTP/1.1" 200 - "https://www.naijadial.com/new/wp-cron.php?doing_wp_cron=1580151117.9171369075775146484375" "WordPress/5.3.2; https://www.naijadial.com/new"
41.217.11.125 - - [27/Jan/2020:13:51:56 -0500] "GET /new/wp-admin/themes.php?page=fw-settings HTTP/1.1" 200 207392 "-" "Mozilla/5.0 (Windows NT 6.3; Win64; x64) AppleWebKit/537.36 (KHTML, like Gecko) Chrome/79.0.3945.130 Safari/537.36"
41.217.11.125 - - [27/Jan/2020:13:52:52 -0500] "GET /favicon.ico HTTP/1.1" 200 - "https://www.naijadial.com/new/wp-admin/themes.php?page=fw-settings" "Mozilla/5.0 (Windows NT 6.3; Win64; x64) AppleWebKit/537.36 (KHTML, like Gecko) Chrome/79.0.3945.130 Safari/537.36"
198.54.125.95 - - [27/Jan/2020:13:52:53 -0500] "POST /new/wp-cron.php?doing_wp_cron=1580151173.3457689285278320312500 HTTP/1.1" 200 - "https://www.naijadial.com/new/wp-cron.php?doing_wp_cron=1580151173.3457689285278320312500" "WordPress/5.3.2; https://www.naijadial.com/new"
41.217.11.125 - - [27/Jan/2020:13:52:52 -0500] "POST /new/wp-admin/admin-ajax.php HTTP/1.1" 200 50566 "https://www.naijadial.com/new/wp-admin/themes.php?page=fw-settings" "Mozilla/5.0 (Windows NT 6.3; Win64; x64) AppleWebKit/537.36 (KHTML, like Gecko) Chrome/79.0.3945.130 Safari/537.36"
198.54.125.95 - - [27/Jan/2020:13:52:54 -0500] "POST /new/wp-cron.php?doing_wp_cron=1580151174.1880741119384765625000 HTTP/1.1" 200 - "https://www.naijadial.com/new/wp-cron.php?doing_wp_cron=1580151174.1880741119384765625000" "WordPress/5.3.2; https://www.naijadial.com/new"
41.217.11.125 - - [27/Jan/2020:13:52:52 -0500] "POST /new/wp-admin/admin-ajax.php HTTP/1.1" 200 67 "https://www.naijadial.com/new/wp-admin/themes.php?page=fw-settings" "Mozilla/5.0 (Windows NT 6.3; Win64; x64) AppleWebKit/537.36 (KHTML, like Gecko) Chrome/79.0.3945.130 Safari/537.36"
41.217.11.125 - - [27/Jan/2020:13:52:52 -0500] "POST /new/wp-admin/admin-ajax.php HTTP/1.1" 200 47 "https://www.naijadial.com/new/wp-admin/themes.php?page=fw-settings" "Mozilla/5.0 (Windows NT 6.3; Win64; x64) AppleWebKit/537.36 (KHTML, like Gecko) Chrome/79.0.3945.130 Safari/537.36"
41.217.11.125 - - [27/Jan/2020:13:52:57 -0500] "POST /new/wp-admin/admin-ajax.php HTTP/1.1" 200 11495 "https://www.naijadial.com/new/wp-admin/themes.php?page=fw-settings" "Mozilla/5.0 (Windows NT 6.3; Win64; x64) AppleWebKit/537.36 (KHTML, like Gecko) Chrome/79.0.3945.130 Safari/537.36"
198.54.125.95 - - [27/Jan/2020:13:54:03 -0500] "POST /new/wp-cron.php?doing_wp_cron=1580151243.3511979579925537109375 HTTP/1.1" 200 - "https://www.naijadial.com/new/wp-cron.php?doing_wp_cron=1580151243.3511979579925537109375" "WordPress/5.3.2; https://www.naijadial.com/new"
41.217.11.125 - - [27/Jan/2020:13:54:03 -0500] "GET /new/wp-admin/plugin-install.php HTTP/1.1" 200 42234 "https://www.naijadial.com/new/wp-admin/widgets.php" "Mozilla/5.0 (Windows NT 6.3; Win64; x64) AppleWebKit/537.36 (KHTML, like Gecko) Chrome/79.0.3945.130 Safari/537.36"
198.54.125.95 - - [27/Jan/2020:13:54:07 -0500] "POST /new/wp-cron.php?doing_wp_cron=1580151247.1637609004974365234375 HTTP/1.1" 200 - "https://www.naijadial.com/new/wp-cron.php?doing_wp_cron=1580151247.1637609004974365234375" "WordPress/5.3.2; https://www.naijadial.com/new"
41.217.11.125 - - [27/Jan/2020:13:54:07 -0500] "POST /new/wp-admin/admin-ajax.php HTTP/1.1" 200 47 "https://www.naijadial.com/new/wp-admin/widgets.php" "Mozilla/5.0 (Windows NT 6.3; Win64; x64) AppleWebKit/537.36 (KHTML, like Gecko) Chrome/79.0.3945.130 Safari/537.36"
41.217.11.125 - - [27/Jan/2020:13:54:12 -0500] "POST /new/wp-admin/admin-ajax.php HTTP/1.1" 200 47 "https://www.naijadial.com/new/wp-admin/themes.php?page=fw-settings" "Mozilla/5.0 (Windows NT 6.3; Win64; x64) AppleWebKit/537.36 (KHTML, like Gecko) Chrome/79.0.3945.130 Safari/537.36"
41.217.11.125 - - [27/Jan/2020:13:54:49 -0500] "POST /new/wp-admin/admin-ajax.php HTTP/1.1" 200 253 "https://www.naijadial.com/new/wp-admin/themes.php?page=fw-settings" "Mozilla/5.0 (Windows NT 6.3; Win64; x64) AppleWebKit/537.36 (KHTML, like Gecko) Chrome/79.0.3945.130 Safari/537.36"
41.217.11.125 - - [27/Jan/2020:13:54:50 -0500] "POST /new/wp-admin/admin-ajax.php HTTP/1.1" 200 47 "https://www.naijadial.com/new/wp-admin/edit-tags.php?taxonomy=ad_tags&post_type=sp_ads" "Mozilla/5.0 (Windows NT 6.3; Win64; x64) AppleWebKit/537.36 (KHTML, like Gecko) Chrome/79.0.3945.130 Safari/537.36"
198.54.125.95 - - [27/Jan/2020:13:55:15 -0500] "POST /new/wp-cron.php?doing_wp_cron=1580151315.7235639095306396484375 HTTP/1.1" 200 - "https://www.naijadial.com/new/wp-cron.php?doing_wp_cron=1580151315.7235639095306396484375" "WordPress/5.3.2; https://www.naijadial.com/new"
41.217.11.125 - - [27/Jan/2020:13:55:13 -0500] "POST /new/wp-admin/admin-ajax.php HTTP/1.1" 200 47 "https://www.naijadial.com/new/wp-admin/themes.php?page=fw-settings" "Mozilla/5.0 (Windows NT 6.3; Win64; x64) AppleWebKit/537.36 (KHTML, like Gecko) Chrome/79.0.3945.130 Safari/537.36"
198.54.125.95 - - [27/Jan/2020:13:56:08 -0500] "POST /new/wp-cron.php?doing_wp_cron=1580151368.1907789707183837890625 HTTP/1.1" 200 - "https://www.naijadial.com/new/wp-cron.php?doing_wp_cron=1580151368.1907789707183837890625" "WordPress/5.3.2; https://www.naijadial.com/new"
41.217.11.125 - - [27/Jan/2020:13:56:08 -0500] "POST /new/wp-admin/admin-ajax.php HTTP/1.1" 200 47 "https://www.naijadial.com/new/wp-admin/widgets.php" "Mozilla/5.0 (Windows NT 6.3; Win64; x64) AppleWebKit/537.36 (KHTML, like Gecko) Chrome/79.0.3945.130 Safari/537.36"
41.217.11.125 - - [27/Jan/2020:13:56:13 -0500] "POST /new/wp-admin/admin-ajax.php HTTP/1.1" 200 47 "https://www.naijadial.com/new/wp-admin/plugin-install.php" "Mozilla/5.0 (Windows NT 6.3; Win64; x64) AppleWebKit/537.36 (KHTML, like Gecko) Chrome/79.0.3945.130 Safari/537.36"
41.217.11.125 - - [27/Jan/2020:13:56:36 -0500] "POST /new/wp-admin/admin-ajax.php HTTP/1.1" 200 47 "https://www.naijadial.com/new/wp-admin/edit-tags.php?taxonomy=ad_tags&post_type=sp_ads" "Mozilla/5.0 (Windows NT 6.3; Win64; x64) AppleWebKit/537.36 (KHTML, like Gecko) Chrome/79.0.3945.130 Safari/537.36"
198.54.125.95 - - [27/Jan/2020:13:57:14 -0500] "POST /new/wp-cron.php?doing_wp_cron=1580151434.9783639907836914062500 HTTP/1.1" 200 - "https://www.naijadial.com/new/wp-cron.php?doing_wp_cron=1580151434.9783639907836914062500" "WordPress/5.3.2; https://www.naijadial.com/new"
41.217.11.125 - - [27/Jan/2020:13:57:14 -0500] "POST /new/wp-admin/admin-ajax.php HTTP/1.1" 200 47 "https://www.naijadial.com/new/wp-admin/themes.php?page=fw-settings" "Mozilla/5.0 (Windows NT 6.3; Win64; x64) AppleWebKit/537.36 (KHTML, like Gecko) Chrome/79.0.3945.130 Safari/537.36"
198.54.125.95 - - [27/Jan/2020:13:58:08 -0500] "POST /new/wp-cron.php?doing_wp_cron=1580151488.1440579891204833984375 HTTP/1.1" 200 - "https://www.naijadial.com/new/wp-cron.php?doing_wp_cron=1580151488.1440579891204833984375" "WordPress/5.3.2; https://www.naijadial.com/new"
41.217.11.125 - - [27/Jan/2020:13:58:08 -0500] "POST /new/wp-admin/admin-ajax.php HTTP/1.1" 200 47 "https://www.naijadial.com/new/wp-admin/widgets.php" "Mozilla/5.0 (Windows NT 6.3; Win64; x64) AppleWebKit/537.36 (KHTML, like Gecko) Chrome/79.0.3945.130 Safari/537.36"
41.217.11.125 - - [27/Jan/2020:13:58:13 -0500] "POST /new/wp-admin/admin-ajax.php HTTP/1.1" 200 47 "https://www.naijadial.com/new/wp-admin/plugin-install.php" "Mozilla/5.0 (Windows NT 6.3; Win64; x64) AppleWebKit/537.36 (KHTML, like Gecko) Chrome/79.0.3945.130 Safari/537.36"
41.217.11.125 - - [27/Jan/2020:13:58:36 -0500] "POST /new/wp-admin/admin-ajax.php HTTP/1.1" 200 47 "https://www.naijadial.com/new/wp-admin/edit-tags.php?taxonomy=ad_tags&post_type=sp_ads" "Mozilla/5.0 (Windows NT 6.3; Win64; x64) AppleWebKit/537.36 (KHTML, like Gecko) Chrome/79.0.3945.130 Safari/537.36"
198.54.125.95 - - [27/Jan/2020:13:59:08 -0500] "POST /wp-cron.php?doing_wp_cron=1580151548.8059160709381103515625 HTTP/1.1" 200 - "https://www.naijadial.com/wp-cron.php?doing_wp_cron=1580151548.8059160709381103515625" "WordPress/5.3.2; https://www.naijadial.com"
66.249.79.189 - - [27/Jan/2020:13:59:07 -0500] "GET / HTTP/1.1" 200 38915 "-" "Mozilla/5.0 (Linux; Android 6.0.1; Nexus 5X Build/MMB29P) AppleWebKit/537.36 (KHTML, like Gecko) Chrome/41.0.2272.96 Mobile Safari/537.36 (compatible; Googlebot/2.1; +http://www.google.com/bot.html)"
198.54.125.95 - - [27/Jan/2020:13:59:15 -0500] "POST /new/wp-cron.php?doing_wp_cron=1580151555.0694789886474609375000 HTTP/1.1" 200 - "https://www.naijadial.com/new/wp-cron.php?doing_wp_cron=1580151555.0694789886474609375000" "WordPress/5.3.2; https://www.naijadial.com/new"
198.54.125.95 - - [27/Jan/2020:13:59:15 -0500] "POST /wp-cron.php?doing_wp_cron=1580151555.2760450839996337890625 HTTP/1.1" 200 - "https://www.naijadial.com/wp-cron.php?doing_wp_cron=1580151555.2760450839996337890625" "WordPress/5.3.2; https://www.naijadial.com"
41.217.11.125 - - [27/Jan/2020:13:59:14 -0500] "POST /new/wp-admin/admin-ajax.php HTTP/1.1" 200 47 "https://www.naijadial.com/new/wp-admin/themes.php?page=fw-settings" "Mozilla/5.0 (Windows NT 6.3; Win64; x64) AppleWebKit/537.36 (KHTML, like Gecko) Chrome/79.0.3945.130 Safari/537.36"
66.249.79.185 - - [27/Jan/2020:13:59:15 -0500] "POST /?wc-ajax=get_refreshed_fragments HTTP/1.1" 200 212 "https://www.naijadial.com/" "Mozilla/5.0 (Linux; Android 6.0.1; Nexus 5X Build/MMB29P) AppleWebKit/537.36 (KHTML, like Gecko) Chrome/79.0.3945.120 Mobile Safari/537.36 (compatible; Googlebot/2.1; +http://www.google.com/bot.html)"
66.249.79.185 - - [27/Jan/2020:13:59:16 -0500] "GET /wp-admin/admin-ajax.php?action=quform_support_page_caching&token=Zc886irGFqIfar5bz4QAKmZefXsk13NdMIiGWYgI&forms%5B%5D=89d23f HTTP/1.1" 200 97 "https://www.naijadial.com/" "Mozilla/5.0 (Linux; Android 6.0.1; Nexus 5X Build/MMB29P) AppleWebKit/537.36 (KHTML, like Gecko) Chrome/79.0.3945.120 Mobile Safari/537.36 (compatible; Googlebot/2.1; +http://www.google.com/bot.html)"
198.54.125.95 - - [27/Jan/2020:14:00:09 -0500] "POST /new/wp-cron.php?doing_wp_cron=1580151609.3105928897857666015625 HTTP/1.1" 200 - "https://www.naijadial.com/new/wp-cron.php?doing_wp_cron=1580151609.3105928897857666015625" "WordPress/5.3.2; https://www.naijadial.com/new"
41.217.11.125 - - [27/Jan/2020:14:00:09 -0500] "POST /new/wp-admin/admin-ajax.php HTTP/1.1" 200 47 "https://www.naijadial.com/new/wp-admin/widgets.php" "Mozilla/5.0 (Windows NT 6.3; Win64; x64) AppleWebKit/537.36 (KHTML, like Gecko) Chrome/79.0.3945.130 Safari/537.36"
41.217.11.125 - - [27/Jan/2020:14:00:15 -0500] "POST /new/wp-admin/admin-ajax.php HTTP/1.1" 200 47 "https://www.naijadial.com/new/wp-admin/plugin-install.php" "Mozilla/5.0 (Windows NT 6.3; Win64; x64) AppleWebKit/537.36 (KHTML, like Gecko) Chrome/79.0.3945.130 Safari/537.36"
41.217.11.125 - - [27/Jan/2020:14:00:37 -0500] "POST /new/wp-admin/admin-ajax.php HTTP/1.1" 200 47 "https://www.naijadial.com/new/wp-admin/edit-tags.php?taxonomy=ad_tags&post_type=sp_ads" "Mozilla/5.0 (Windows NT 6.3; Win64; x64) AppleWebKit/537.36 (KHTML, like Gecko) Chrome/79.0.3945.130 Safari/537.36"
198.54.125.95 - - [27/Jan/2020:14:01:16 -0500] "POST /new/wp-cron.php?doing_wp_cron=1580151676.6299149990081787109375 HTTP/1.1" 200 - "https://www.naijadial.com/new/wp-cron.php?doing_wp_cron=1580151676.6299149990081787109375" "WordPress/5.3.2; https://www.naijadial.com/new"
41.217.11.125 - - [27/Jan/2020:14:01:16 -0500] "POST /new/wp-admin/admin-ajax.php HTTP/1.1" 200 47 "https://www.naijadial.com/new/wp-admin/themes.php?page=fw-settings" "Mozilla/5.0 (Windows NT 6.3; Win64; x64) AppleWebKit/537.36 (KHTML, like Gecko) Chrome/79.0.3945.130 Safari/537.36"
198.54.125.95 - - [27/Jan/2020:14:02:08 -0500] "POST /new/wp-cron.php?doing_wp_cron=1580151728.9345359802246093750000 HTTP/1.1" 200 - "https://www.naijadial.com/new/wp-cron.php?doing_wp_cron=1580151728.9345359802246093750000" "WordPress/5.3.2; https://www.naijadial.com/new"
41.217.11.125 - - [27/Jan/2020:14:02:08 -0500] "POST /new/wp-admin/admin-ajax.php HTTP/1.1" 200 47 "https://www.naijadial.com/new/wp-admin/widgets.php" "Mozilla/5.0 (Windows NT 6.3; Win64; x64) AppleWebKit/537.36 (KHTML, like Gecko) Chrome/79.0.3945.130 Safari/537.36"
41.217.11.125 - - [27/Jan/2020:14:02:15 -0500] "POST /new/wp-admin/admin-ajax.php HTTP/1.1" 200 47 "https://www.naijadial.com/new/wp-admin/plugin-install.php" "Mozilla/5.0 (Windows NT 6.3; Win64; x64) AppleWebKit/537.36 (KHTML, like Gecko) Chrome/79.0.3945.130 Safari/537.36"
41.217.11.125 - - [27/Jan/2020:14:02:36 -0500] "POST /new/wp-admin/admin-ajax.php HTTP/1.1" 200 47 "https://www.naijadial.com/new/wp-admin/edit-tags.php?taxonomy=ad_tags&post_type=sp_ads" "Mozilla/5.0 (Windows NT 6.3; Win64; x64) AppleWebKit/537.36 (KHTML, like Gecko) Chrome/79.0.3945.130 Safari/537.36"
198.54.125.95 - - [27/Jan/2020:14:03:16 -0500] "POST /new/wp-cron.php?doing_wp_cron=1580151796.0340189933776855468750 HTTP/1.1" 200 - "https://www.naijadial.com/new/wp-cron.php?doing_wp_cron=1580151796.0340189933776855468750" "WordPress/5.3.2; https://www.naijadial.com/new"
41.217.11.125 - - [27/Jan/2020:14:03:15 -0500] "POST /new/wp-admin/admin-ajax.php HTTP/1.1" 200 47 "https://www.naijadial.com/new/wp-admin/themes.php?page=fw-settings" "Mozilla/5.0 (Windows NT 6.3; Win64; x64) AppleWebKit/537.36 (KHTML, like Gecko) Chrome/79.0.3945.130 Safari/537.36"
198.54.125.95 - - [27/Jan/2020:14:04:09 -0500] "POST /new/wp-cron.php?doing_wp_cron=1580151849.5443100929260253906250 HTTP/1.1" 200 - "https://www.naijadial.com/new/wp-cron.php?doing_wp_cron=1580151849.5443100929260253906250" "WordPress/5.3.2; https://www.naijadial.com/new"
41.217.11.125 - - [27/Jan/2020:14:04:09 -0500] "POST /new/wp-admin/admin-ajax.php HTTP/1.1" 200 47 "https://www.naijadial.com/new/wp-admin/widgets.php" "Mozilla/5.0 (Windows NT 6.3; Win64; x64) AppleWebKit/537.36 (KHTML, like Gecko) Chrome/79.0.3945.130 Safari/537.36"
41.217.11.125 - - [27/Jan/2020:14:04:15 -0500] "POST /new/wp-admin/admin-ajax.php HTTP/1.1" 200 47 "https://www.naijadial.com/new/wp-admin/plugin-install.php" "Mozilla/5.0 (Windows NT 6.3; Win64; x64) AppleWebKit/537.36 (KHTML, like Gecko) Chrome/79.0.3945.130 Safari/537.36"
41.217.11.125 - - [27/Jan/2020:14:04:37 -0500] "POST /new/wp-admin/admin-ajax.php HTTP/1.1" 200 47 "https://www.naijadial.com/new/wp-admin/edit-tags.php?taxonomy=ad_tags&post_type=sp_ads" "Mozilla/5.0 (Windows NT 6.3; Win64; x64) AppleWebKit/537.36 (KHTML, like Gecko) Chrome/79.0.3945.130 Safari/537.36"
198.54.125.95 - - [27/Jan/2020:14:06:15 -0500] "POST /new/wp-cron.php?doing_wp_cron=1580151975.1375029087066650390625 HTTP/1.1" 200 - "https://www.naijadial.com/new/wp-cron.php?doing_wp_cron=1580151975.1375029087066650390625" "WordPress/5.3.2; https://www.naijadial.com/new"
41.217.11.125 - - [27/Jan/2020:14:06:14 -0500] "POST /new/wp-admin/admin-ajax.php HTTP/1.1" 200 47 "https://www.naijadial.com/new/wp-admin/plugin-install.php" "Mozilla/5.0 (Windows NT 6.3; Win64; x64) AppleWebKit/537.36 (KHTML, like Gecko) Chrome/79.0.3945.130 Safari/537.36"
198.54.125.95 - - [27/Jan/2020:13:40:40 -0500] "POST /wp-cron.php?doing_wp_cron=1580150440.6280210018157958984375 HTTP/1.1" 200 - "https://www.naijadial.com/wp-cron.php?doing_wp_cron=1580150440.6280210018157958984375" "WordPress/5.3.2; https://www.naijadial.com"
66.249.79.189 - - [27/Jan/2020:13:40:38 -0500] "GET /register-your-business/ HTTP/1.1" 404 143436 "-" "Mozilla/5.0 (Linux; Android 6.0.1; Nexus 5X Build/MMB29P) AppleWebKit/537.36 (KHTML, like Gecko) Chrome/41.0.2272.96 Mobile Safari/537.36 (compatible; Googlebot/2.1; +http://www.google.com/bot.html)"
198.54.125.95 - - [27/Jan/2020:14:14:46 -0500] "POST /new/wp-cron.php?doing_wp_cron=1580152486.4897699356079101562500 HTTP/1.1" 200 - "https://www.naijadial.com/new/wp-cron.php?doing_wp_cron=1580152486.4897699356079101562500" "WordPress/5.3.2; https://www.naijadial.com/new"
41.217.11.125 - - [27/Jan/2020:14:14:34 -0500] "POST /new/wp-admin/admin-ajax.php HTTP/1.1" 200 47 "https://www.naijadial.com/new/wp-admin/plugin-install.php" "Mozilla/5.0 (Windows NT 6.3; Win64; x64) AppleWebKit/537.36 (KHTML, like Gecko) Chrome/79.0.3945.130 Safari/537.36"
198.54.125.95 - - [27/Jan/2020:14:16:20 -0500] "POST /new/wp-cron.php?doing_wp_cron=1580152580.9618349075317382812500 HTTP/1.1" 200 - "https://www.naijadial.com/new/wp-cron.php?doing_wp_cron=1580152580.9618349075317382812500" "WordPress/5.3.2; https://www.naijadial.com/new"
41.217.11.125 - - [27/Jan/2020:14:16:20 -0500] "POST /new/wp-admin/admin-ajax.php HTTP/1.1" 200 47 "https://www.naijadial.com/new/wp-admin/plugin-install.php" "Mozilla/5.0 (Windows NT 6.3; Win64; x64) AppleWebKit/537.36 (KHTML, like Gecko) Chrome/79.0.3945.130 Safari/537.36"
198.54.125.95 - - [27/Jan/2020:14:18:21 -0500] "POST /new/wp-cron.php?doing_wp_cron=1580152701.3330819606781005859375 HTTP/1.1" 200 - "https://www.naijadial.com/new/wp-cron.php?doing_wp_cron=1580152701.3330819606781005859375" "WordPress/5.3.2; https://www.naijadial.com/new"
41.217.11.125 - - [27/Jan/2020:14:18:21 -0500] "POST /new/wp-admin/admin-ajax.php HTTP/1.1" 200 47 "https://www.naijadial.com/new/wp-admin/plugin-install.php" "Mozilla/5.0 (Windows NT 6.3; Win64; x64) AppleWebKit/537.36 (KHTML, like Gecko) Chrome/79.0.3945.130 Safari/537.36"
198.54.125.95 - - [27/Jan/2020:14:20:37 -0500] "POST /new/wp-cron.php?doing_wp_cron=1580152837.9527039527893066406250 HTTP/1.1" 200 - "https://www.naijadial.com/new/wp-cron.php?doing_wp_cron=1580152837.9527039527893066406250" "WordPress/5.3.2; https://www.naijadial.com/new"
41.217.11.125 - - [27/Jan/2020:14:20:36 -0500] "POST /new/wp-admin/admin-ajax.php HTTP/1.1" 200 47 "https://www.naijadial.com/new/wp-admin/plugin-install.php" "Mozilla/5.0 (Windows NT 6.3; Win64; x64) AppleWebKit/537.36 (KHTML, like Gecko) Chrome/79.0.3945.130 Safari/537.36"
198.54.125.95 - - [27/Jan/2020:14:22:23 -0500] "POST /new/wp-cron.php?doing_wp_cron=1580152943.6625750064849853515625 HTTP/1.1" 200 - "https://www.naijadial.com/new/wp-cron.php?doing_wp_cron=1580152943.6625750064849853515625" "WordPress/5.3.2; https://www.naijadial.com/new"
41.217.11.125 - - [27/Jan/2020:14:22:23 -0500] "POST /new/wp-admin/admin-ajax.php HTTP/1.1" 200 47 "https://www.naijadial.com/new/wp-admin/plugin-install.php" "Mozilla/5.0 (Windows NT 6.3; Win64; x64) AppleWebKit/537.36 (KHTML, like Gecko) Chrome/79.0.3945.130 Safari/537.36"
198.54.125.95 - - [27/Jan/2020:14:24:39 -0500] "POST /new/wp-cron.php?doing_wp_cron=1580153079.2724730968475341796875 HTTP/1.1" 200 - "https://www.naijadial.com/new/wp-cron.php?doing_wp_cron=1580153079.2724730968475341796875" "WordPress/5.3.2; https://www.naijadial.com/new"
41.217.11.125 - - [27/Jan/2020:14:24:37 -0500] "POST /new/wp-admin/admin-ajax.php HTTP/1.1" 200 47 "https://www.naijadial.com/new/wp-admin/plugin-install.php" "Mozilla/5.0 (Windows NT 6.3; Win64; x64) AppleWebKit/537.36 (KHTML, like Gecko) Chrome/79.0.3945.130 Safari/537.36"
41.217.11.125 - - [27/Jan/2020:13:54:13 -0500] "GET /favicon.ico HTTP/1.1" 200 - "https://www.naijadial.com/new/wp-admin/plugin-install.php" "Mozilla/5.0 (Windows NT 6.3; Win64; x64) AppleWebKit/537.36 (KHTML, like Gecko) Chrome/79.0.3945.130 Safari/537.36"
198.54.125.95 - - [27/Jan/2020:14:38:35 -0500] "POST /wp-cron.php?doing_wp_cron=1580153915.3254129886627197265625 HTTP/1.1" 200 - "https://www.naijadial.com/wp-cron.php?doing_wp_cron=1580153915.3254129886627197265625" "WordPress/5.3.2; https://www.naijadial.com"
95.163.255.34 - - [27/Jan/2020:14:38:33 -0500] "GET /robots.txt HTTP/1.0" 200 67 "-" "Mozilla/5.0 (compatible; Linux x86_64; Mail.RU_Bot/2.0; +http://go.mail.ru/help/robots)"
95.163.255.34 - - [27/Jan/2020:14:38:42 -0500] "GET /sitemap.xml HTTP/1.1" 200 3878 "-" "Mozilla/5.0 (compatible; Linux x86_64; Mail.RU_Bot/2.0; +http://go.mail.ru/help/robots)"
40.77.167.211 - - [27/Jan/2020:14:38:45 -0500] "GET /jobs/ HTTP/1.1" 200 21127 "-" "Mozilla/5.0 (compatible; bingbot/2.0; +http://www.bing.com/bingbot.htm)"
198.54.125.95 - - [27/Jan/2020:14:41:47 -0500] "POST /wp-cron.php?doing_wp_cron=1580154107.9159519672393798828125 HTTP/1.1" 200 - "https://www.naijadial.com/wp-cron.php?doing_wp_cron=1580154107.9159519672393798828125" "WordPress/5.3.2; https://www.naijadial.com"
77.75.76.163 - - [27/Jan/2020:14:41:46 -0500] "GET /robots.txt HTTP/1.1" 200 69 "-" "Mozilla/5.0 (compatible; SeznamBot/3.2; +http://napoveda.seznam.cz/en/seznambot-intro/)"
77.75.76.163 - - [27/Jan/2020:14:41:56 -0500] "GET /providers-category/cobbler/ HTTP/1.1" 200 29913 "-" "Mozilla/5.0 (compatible; SeznamBot/3.2; +http://napoveda.seznam.cz/en/seznambot-intro/)"
198.54.125.95 - - [27/Jan/2020:15:01:24 -0500] "POST /wp-cron.php?doing_wp_cron=1580155284.3558049201965332031250 HTTP/1.1" 200 - "https://www.naijadial.com/wp-cron.php?doing_wp_cron=1580155284.3558049201965332031250" "WordPress/5.3.2; https://www.naijadial.com"
159.138.155.122 - - [27/Jan/2020:15:01:22 -0500] "GET /providers-category/recruitment-agency HTTP/1.1" 301 - "-" "Mozilla/5.0(Linux;U;Android 5.1.1;zh-CN;OPPO A33 Build/LMY47V) AppleWebKit/537.36(KHTML,like Gecko) Version/4.0 Chrome/40.0.2214.89 UCBrowser/11.7.0.953 Mobile Safari/537.36"
159.138.155.122 - - [27/Jan/2020:15:01:25 -0500] "GET /providers-category/recruitment-agency/ HTTP/1.1" 200 30001 "-" "Mozilla/5.0(Linux;U;Android 5.1.1;zh-CN;OPPO A33 Build/LMY47V) AppleWebKit/537.36(KHTML,like Gecko) Version/4.0 Chrome/40.0.2214.89 UCBrowser/11.7.0.953 Mobile Safari/537.36"
159.138.156.247 - - [27/Jan/2020:15:01:35 -0500] "GET /wp-login.php?action=wordpress_social_authenticate&mode=login&provider=Twitter&redirect_to=https%3A%2F%2Fwww.naijadial.com%2Fproviders-category%2Ffilling-station%2F HTTP/1.1" 200 690 "-" "Mozilla/5.0(Linux;Android 5.1.1;OPPO A33 Build/LMY47V;wv) AppleWebKit/537.36(KHTML,link Gecko) Version/4.0 Chrome/43.0.2357.121 Mobile Safari/537.36 LieBaoFast/4.51.3"
159.138.154.236 - - [27/Jan/2020:15:01:35 -0500] "GET /wp-login.php?action=wordpress_social_authenticate&mode=login&provider=Twitter&redirect_to=https%3A%2F%2Fwww.naijadial.com%2Fproviders-category%2Fcompany%2F HTTP/1.1" 200 690 "-" "Mozilla/5.0(Linux;Android 5.1.1;OPPO A33 Build/LMY47V;wv) AppleWebKit/537.36(KHTML,link Gecko) Version/4.0 Chrome/43.0.2357.121 Mobile Safari/537.36 LieBaoFast/4.51.3"
159.138.158.109 - - [27/Jan/2020:15:01:44 -0500] "GET /provider/sodic-garden HTTP/1.1" 301 - "-" "Mozilla/5.0 (Linux; Android 7.0; FRD-AL00 Build/HUAWEIFRD-AL00; wv) AppleWebKit/537.36 (KHTML, like Gecko) Version/4.0 Chrome/53.0.2785.49 Mobile MQQBrowser/6.2 TBS/043602 Safari/537.36 MicroMessenger/6.5.16.1120 NetType/WIFI Language/zh_CN"
159.138.156.148 - - [27/Jan/2020:15:01:45 -0500] "GET /provider/sodic-garden/ HTTP/1.1" 200 36501 "-" "Mozilla/5.0 (Linux; Android 7.0; FRD-AL00 Build/HUAWEIFRD-AL00; wv) AppleWebKit/537.36 (KHTML, like Gecko) Version/4.0 Chrome/53.0.2785.49 Mobile MQQBrowser/6.2 TBS/043602 Safari/537.36 MicroMessenger/6.5.16.1120 NetType/WIFI Language/zh_CN"
159.138.152.245 - - [27/Jan/2020:15:01:55 -0500] "GET /providers-category/light-sound HTTP/1.1" 301 - "-" "Mozilla/5.0(Linux;Android 5.1.1;OPPO A33 Build/LMY47V;wv) AppleWebKit/537.36(KHTML,link Gecko) Version/4.0 Chrome/42.0.2311.138 Mobile Safari/537.36 Mb2345Browser/9.0"
159.138.153.75 - - [27/Jan/2020:15:02:00 -0500] "GET /providers-category/light-sound/ HTTP/1.1" 200 30106 "-" "Mozilla/5.0(Linux;Android 5.1.1;OPPO A33 Build/LMY47V;wv) AppleWebKit/537.36(KHTML,link Gecko) Version/4.0 Chrome/42.0.2311.138 Mobile Safari/537.36 Mb2345Browser/9.0"
159.138.149.98 - - [27/Jan/2020:15:02:10 -0500] "GET /wp-login.php?action=wordpress_social_authenticate&mode=login&provider=Twitter&redirect_to=https%3A%2F%2Fwww.naijadial.com%2Fproviders-category%2Fdj%2F HTTP/1.1" 200 690 "-" "Mozilla/5.0(Linux;U;Android 5.1.1;zh-CN;OPPO A33 Build/LMY47V) AppleWebKit/537.36(KHTML,like Gecko) Version/4.0 Chrome/40.0.2214.89 UCBrowser/11.7.0.953 Mobile Safari/537.36"
159.138.155.1 - - [27/Jan/2020:15:02:14 -0500] "GET /providers-category/food-production HTTP/1.1" 301 - "-" "Mozilla/5.0(Linux;Android 5.1.1;OPPO A33 Build/LMY47V;wv) AppleWebKit/537.36(KHTML,link Gecko) Version/4.0 Chrome/43.0.2357.121 Mobile Safari/537.36 LieBaoFast/4.51.3"
198.54.125.95 - - [27/Jan/2020:15:02:22 -0500] "POST /wp-cron.php?doing_wp_cron=1580155342.4471619129180908203125 HTTP/1.1" 200 - "https://www.naijadial.com/wp-cron.php?doing_wp_cron=1580155342.4471619129180908203125" "WordPress/5.3.2; https://www.naijadial.com"
198.54.125.95 - - [27/Jan/2020:15:10:14 -0500] "POST /new/wp-cron.php?doing_wp_cron=1580155814.3254859447479248046875 HTTP/1.1" 200 - "https://www.naijadial.com/new/wp-cron.php?doing_wp_cron=1580155814.3254859447479248046875" "WordPress/5.3.2; https://www.naijadial.com/new"
5.181.233.162 - - [27/Jan/2020:15:10:12 -0500] "POST /new/wp-admin/admin-ajax.php HTTP/1.1" 200 47 "https://www.naijadial.com/new/wp-admin/themes.php?page=fw-settings" "Mozilla/5.0 (Windows NT 6.3; Win64; x64) AppleWebKit/537.36 (KHTML, like Gecko) Chrome/79.0.3945.130 Safari/537.36"
198.54.125.95 - - [27/Jan/2020:15:10:15 -0500] "POST /new/wp-cron.php?doing_wp_cron=1580155815.5390920639038085937500 HTTP/1.1" 200 - "https://www.naijadial.com/new/wp-cron.php?doing_wp_cron=1580155815.5390920639038085937500" "WordPress/5.3.2; https://www.naijadial.com/new"
5.181.233.162 - - [27/Jan/2020:15:10:13 -0500] "GET /new/ HTTP/1.1" 200 23965 "https://www.naijadial.com/new/wp-admin/themes.php?page=fw-settings" "Mozilla/5.0 (Windows NT 6.3; Win64; x64) AppleWebKit/537.36 (KHTML, like Gecko) Chrome/79.0.3945.130 Safari/537.36"
5.181.233.162 - - [27/Jan/2020:15:10:17 -0500] "GET /new/wp-content/plugins/woocommerce/packages/woocommerce-blocks/build/style.css?ver=2.5.11 HTTP/1.1" 304 - "https://www.naijadial.com/new/" "Mozilla/5.0 (Windows NT 6.3; Win64; x64) AppleWebKit/537.36 (KHTML, like Gecko) Chrome/79.0.3945.130 Safari/537.36"
5.181.233.162 - - [27/Jan/2020:15:10:18 -0500] "GET /new/wp-content/plugins/revslider/public/assets/css/rs6.css?ver=6.0.7 HTTP/1.1" 304 - "https://www.naijadial.com/new/" "Mozilla/5.0 (Windows NT 6.3; Win64; x64) AppleWebKit/537.36 (KHTML, like Gecko) Chrome/79.0.3945.130 Safari/537.36"
5.181.233.162 - - [27/Jan/2020:15:10:18 -0500] "GET /new/wp-content/plugins/woocommerce/assets/css/woocommerce.css?ver=3.9.0 HTTP/1.1" 304 - "https://www.naijadial.com/new/" "Mozilla/5.0 (Windows NT 6.3; Win64; x64) AppleWebKit/537.36 (KHTML, like Gecko) Chrome/79.0.3945.130 Safari/537.36"
5.181.233.162 - - [27/Jan/2020:15:10:18 -0500] "GET /new/wp-content/plugins/woocommerce/assets/css/woocommerce-layout.css?ver=3.9.0 HTTP/1.1" 304 - "https://www.naijadial.com/new/" "Mozilla/5.0 (Windows NT 6.3; Win64; x64) AppleWebKit/537.36 (KHTML, like Gecko) Chrome/79.0.3945.130 Safari/537.36"
5.181.233.162 - - [27/Jan/2020:15:10:19 -0500] "GET /new/wp-content/plugins/revslider/public/assets/js/revolution.tools.min.js?ver=6.0 HTTP/1.1" 304 - "https://www.naijadial.com/new/" "Mozilla/5.0 (Windows NT 6.3; Win64; x64) AppleWebKit/537.36 (KHTML, like Gecko) Chrome/79.0.3945.130 Safari/537.36"
5.181.233.162 - - [27/Jan/2020:15:10:19 -0500] "GET /new/wp-content/plugins/woocommerce/assets/js/jquery-blockui/jquery.blockUI.min.js?ver=2.70 HTTP/1.1" 304 - "https://www.naijadial.com/new/" "Mozilla/5.0 (Windows NT 6.3; Win64; x64) AppleWebKit/537.36 (KHTML, like Gecko) Chrome/79.0.3945.130 Safari/537.36"
5.181.233.162 - - [27/Jan/2020:15:10:19 -0500] "GET /new/wp-content/plugins/woocommerce/assets/js/frontend/add-to-cart.min.js?ver=3.9.0 HTTP/1.1" 304 - "https://www.naijadial.com/new/" "Mozilla/5.0 (Windows NT 6.3; Win64; x64) AppleWebKit/537.36 (KHTML, like Gecko) Chrome/79.0.3945.130 Safari/537.36"
5.181.233.162 - - [27/Jan/2020:15:10:19 -0500] "GET /new/wp-content/plugins/revslider/public/assets/js/rs6.min.js?ver=6.0.7 HTTP/1.1" 304 - "https://www.naijadial.com/new/" "Mozilla/5.0 (Windows NT 6.3; Win64; x64) AppleWebKit/537.36 (KHTML, like Gecko) Chrome/79.0.3945.130 Safari/537.36"
5.181.233.162 - - [27/Jan/2020:15:10:20 -0500] "GET /new/wp-content/uploads/so-css/so-css-listingo.css?ver=1580144791 HTTP/1.1" 304 - "https://www.naijadial.com/new/" "Mozilla/5.0 (Windows NT 6.3; Win64; x64) AppleWebKit/537.36 (KHTML, like Gecko) Chrome/79.0.3945.130 Safari/537.36"
5.181.233.162 - - [27/Jan/2020:15:10:21 -0500] "GET /new/wp-content/plugins/woocommerce/assets/js/frontend/cart-fragments.min.js?ver=3.9.0 HTTP/1.1" 304 - "https://www.naijadial.com/new/" "Mozilla/5.0 (Windows NT 6.3; Win64; x64) AppleWebKit/537.36 (KHTML, like Gecko) Chrome/79.0.3945.130 Safari/537.36"
5.181.233.162 - - [27/Jan/2020:15:10:21 -0500] "GET /new/wp-content/plugins/woocommerce/assets/js/frontend/woocommerce.min.js?ver=3.9.0 HTTP/1.1" 304 - "https://www.naijadial.com/new/" "Mozilla/5.0 (Windows NT 6.3; Win64; x64) AppleWebKit/537.36 (KHTML, like Gecko) Chrome/79.0.3945.130 Safari/537.36"
5.181.233.162 - - [27/Jan/2020:15:10:21 -0500] "GET /new/wp-content/plugins/woocommerce/assets/js/js-cookie/js.cookie.min.js?ver=2.1.4 HTTP/1.1" 304 - "https://www.naijadial.com/new/" "Mozilla/5.0 (Windows NT 6.3; Win64; x64) AppleWebKit/537.36 (KHTML, like Gecko) Chrome/79.0.3945.130 Safari/537.36"
5.181.233.162 - - [27/Jan/2020:15:10:23 -0500] "GET /new/wp-content/plugins/woocommerce/assets/js/prettyPhoto/jquery.prettyPhoto.min.js?ver=3.1.6 HTTP/1.1" 304 - "https://www.naijadial.com/new/" "Mozilla/5.0 (Windows NT 6.3; Win64; x64) AppleWebKit/537.36 (KHTML, like Gecko) Chrome/79.0.3945.130 Safari/537.36"
5.181.233.162 - - [27/Jan/2020:15:10:24 -0500] "GET /new/wp-content/uploads/2020/01/responsive-web-design-360x240.png HTTP/1.1" 304 - "https://www.naijadial.com/new/" "Mozilla/5.0 (Windows NT 6.3; Win64; x64) AppleWebKit/537.36 (KHTML, like Gecko) Chrome/79.0.3945.130 Safari/537.36"
5.181.233.162 - - [27/Jan/2020:15:10:24 -0500] "GET /new/wp-content/plugins/woocommerce/assets/css/woocommerce-smallscreen.css?ver=3.9.0 HTTP/1.1" 304 - "https://www.naijadial.com/new/" "Mozilla/5.0 (Windows NT 6.3; Win64; x64) AppleWebKit/537.36 (KHTML, like Gecko) Chrome/79.0.3945.130 Safari/537.36"
5.181.233.162 - - [27/Jan/2020:15:10:25 -0500] "POST /new/?wc-ajax=get_refreshed_fragments HTTP/1.1" 200 2611 "https://www.naijadial.com/new/" "Mozilla/5.0 (Windows NT 6.3; Win64; x64) AppleWebKit/537.36 (KHTML, like Gecko) Chrome/79.0.3945.130 Safari/537.36"
5.181.233.162 - - [27/Jan/2020:15:10:26 -0500] "GET /favicon.ico HTTP/1.1" 200 - "https://www.naijadial.com/new/" "Mozilla/5.0 (Windows NT 6.3; Win64; x64) AppleWebKit/537.36 (KHTML, like Gecko) Chrome/79.0.3945.130 Safari/537.36"
198.54.125.95 - - [27/Jan/2020:15:12:12 -0500] "POST /new/wp-cron.php?doing_wp_cron=1580155932.5901050567626953125000 HTTP/1.1" 200 - "https://www.naijadial.com/new/wp-cron.php?doing_wp_cron=1580155932.5901050567626953125000" "WordPress/5.3.2; https://www.naijadial.com/new"
66.249.79.187 - - [27/Jan/2020:15:12:13 -0500] "POST /new/?wc-ajax=get_refreshed_fragments HTTP/1.1" 200 210 "https://www.naijadial.com/new/sub_category/shoe-making/" "Mozilla/5.0 (Linux; Android 6.0.1; Nexus 5X Build/MMB29P) AppleWebKit/537.36 (KHTML, like Gecko) Chrome/79.0.3945.120 Mobile Safari/537.36 (compatible; Googlebot/2.1; +http://www.google.com/bot.html)"
5.181.233.162 - - [27/Jan/2020:15:12:12 -0500] "POST /new/wp-admin/admin-ajax.php HTTP/1.1" 200 47 "https://www.naijadial.com/new/wp-admin/themes.php?page=fw-settings" "Mozilla/5.0 (Windows NT 6.3; Win64; x64) AppleWebKit/537.36 (KHTML, like Gecko) Chrome/79.0.3945.130 Safari/537.36"
198.54.125.95 - - [27/Jan/2020:14:08:20 -0500] "POST /new/wp-cron.php?doing_wp_cron=1580152100.0934469699859619140625 HTTP/1.1" 200 - "https://www.naijadial.com/new/wp-cron.php?doing_wp_cron=1580152100.0934469699859619140625" "WordPress/5.3.2; https://www.naijadial.com/new"
41.217.11.125 - - [27/Jan/2020:14:08:18 -0500] "POST /new/wp-admin/admin-ajax.php HTTP/1.1" 200 47 "https://www.naijadial.com/new/wp-admin/plugin-install.php" "Mozilla/5.0 (Windows NT 6.3; Win64; x64) AppleWebKit/537.36 (KHTML, like Gecko) Chrome/79.0.3945.130 Safari/537.36"
198.54.125.95 - - [27/Jan/2020:14:10:17 -0500] "POST /new/wp-cron.php?doing_wp_cron=1580152217.9763269424438476562500 HTTP/1.1" 200 - "https://www.naijadial.com/new/wp-cron.php?doing_wp_cron=1580152217.9763269424438476562500" "WordPress/5.3.2; https://www.naijadial.com/new"
41.217.11.125 - - [27/Jan/2020:14:10:17 -0500] "POST /new/wp-admin/admin-ajax.php HTTP/1.1" 200 47 "https://www.naijadial.com/new/wp-admin/plugin-install.php" "Mozilla/5.0 (Windows NT 6.3; Win64; x64) AppleWebKit/537.36 (KHTML, like Gecko) Chrome/79.0.3945.130 Safari/537.36"
198.54.125.95 - - [27/Jan/2020:14:12:22 -0500] "POST /new/wp-cron.php?doing_wp_cron=1580152342.6360199451446533203125 HTTP/1.1" 200 - "https://www.naijadial.com/new/wp-cron.php?doing_wp_cron=1580152342.6360199451446533203125" "WordPress/5.3.2; https://www.naijadial.com/new"
41.217.11.125 - - [27/Jan/2020:14:12:20 -0500] "POST /new/wp-admin/admin-ajax.php HTTP/1.1" 200 47 "https://www.naijadial.com/new/wp-admin/plugin-install.php" "Mozilla/5.0 (Windows NT 6.3; Win64; x64) AppleWebKit/537.36 (KHTML, like Gecko) Chrome/79.0.3945.130 Safari/537.36"
159.138.157.232 - - [27/Jan/2020:15:02:22 -0500] "GET /providers-category/food-production/ HTTP/1.1" 200 30136 "-" "Mozilla/5.0(Linux;Android 5.1.1;OPPO A33 Build/LMY47V;wv) AppleWebKit/537.36(KHTML,link Gecko) Version/4.0 Chrome/43.0.2357.121 Mobile Safari/537.36 LieBaoFast/4.51.3"
66.249.79.185 - - [27/Jan/2020:15:03:08 -0500] "GET /robots.txt HTTP/1.1" 200 69 "-" "Mozilla/5.0 (compatible; Googlebot/2.1; +http://www.google.com/bot.html)"
66.249.79.187 - - [27/Jan/2020:15:03:09 -0500] "GET /files_up/2019/03/20-60x60.jpg HTTP/1.1" 200 1777 "-" "Googlebot-Image/1.0"
198.54.125.95 - - [27/Jan/2020:14:26:01 -0500] "POST /wp-cron.php?doing_wp_cron=1580153161.7402029037475585937500 HTTP/1.1" 200 - "https://www.naijadial.com/wp-cron.php?doing_wp_cron=1580153161.7402029037475585937500" "WordPress/5.3.2; https://www.naijadial.com"
54.36.149.55 - - [27/Jan/2020:14:25:49 -0500] "GET /provider/ajimobi-ridwan/ HTTP/1.1" 200 37221 "-" "Mozilla/5.0 (compatible; AhrefsBot/6.1; +http://ahrefs.com/robot/)"
198.54.125.95 - - [27/Jan/2020:15:14:43 -0500] "POST /new/wp-cron.php?doing_wp_cron=1580156083.5586700439453125000000 HTTP/1.1" 200 - "https://www.naijadial.com/new/wp-cron.php?doing_wp_cron=1580156083.5586700439453125000000" "WordPress/5.3.2; https://www.naijadial.com/new"
5.181.233.162 - - [27/Jan/2020:15:14:29 -0500] "POST /new/wp-admin/admin-ajax.php HTTP/1.1" 200 47 "https://www.naijadial.com/new/wp-admin/themes.php?page=fw-settings" "Mozilla/5.0 (Windows NT 6.3; Win64; x64) AppleWebKit/537.36 (KHTML, like Gecko) Chrome/79.0.3945.130 Safari/537.36"
5.181.233.162 - - [27/Jan/2020:15:14:54 -0500] "GET /new/wp-admin/plugins.php HTTP/1.1" 200 47554 "https://www.naijadial.com/new/wp-admin/themes.php?page=fw-settings" "Mozilla/5.0 (Windows NT 6.3; Win64; x64) AppleWebKit/537.36 (KHTML, like Gecko) Chrome/79.0.3945.130 Safari/537.36"
