78.159.99.208 - - [27/Jan/2020:09:50:48 -0500] "GET /new/?brizy_media=wp-62436e455ba09395f2f793160f5746f9&brizy_crop=iW%3D383%26iH%3Dany&brizy_post=1808 HTTP/1.1" 200 58129 "https://www.naijadial.com/new/wp-content/plugins/brizy/public/editor-build/128-wp/editor/js/0.worker.js" "Mozilla/5.0 (Windows NT 6.3; Win64; x64) AppleWebKit/537.36 (KHTML, like Gecko) Chrome/79.0.3945.130 Safari/537.36"
78.159.99.208 - - [27/Jan/2020:09:50:52 -0500] "POST /new/wp-admin/admin-ajax.php HTTP/1.1" 200 117 "https://www.naijadial.com/new/?page_id=1808&brizy-edit-iframe" "Mozilla/5.0 (Windows NT 6.3; Win64; x64) AppleWebKit/537.36 (KHTML, like Gecko) Chrome/79.0.3945.130 Safari/537.36"
198.54.125.95 - - [27/Jan/2020:09:51:07 -0500] "POST /new/wp-cron.php?doing_wp_cron=1580136667.0217409133911132812500 HTTP/1.1" 200 - "https://www.naijadial.com/new/wp-cron.php?doing_wp_cron=1580136667.0217409133911132812500" "WordPress/5.3.2; https://www.naijadial.com/new"
78.159.99.208 - - [27/Jan/2020:09:51:06 -0500] "POST /new/wp-admin/admin-ajax.php HTTP/1.1" 200 15598 "https://www.naijadial.com/new/?page_id=1808&brizy-edit-iframe" "Mozilla/5.0 (Windows NT 6.3; Win64; x64) AppleWebKit/537.36 (KHTML, like Gecko) Chrome/79.0.3945.130 Safari/537.36"
78.159.99.208 - - [27/Jan/2020:09:51:08 -0500] "GET /new/?brizy_media=wp-62436e455ba09395f2f793160f5746f9&brizy_crop=iW%3D383%26iH%3Dany&brizy_post=1808 HTTP/1.1" 200 58129 "https://www.naijadial.com/new/wp-content/plugins/brizy/public/editor-build/128-wp/editor/js/0.worker.js" "Mozilla/5.0 (Windows NT 6.3; Win64; x64) AppleWebKit/537.36 (KHTML, like Gecko) Chrome/79.0.3945.130 Safari/537.36"
78.159.99.208 - - [27/Jan/2020:09:51:13 -0500] "POST /new/wp-admin/admin-ajax.php HTTP/1.1" 200 117 "https://www.naijadial.com/new/?page_id=1808&brizy-edit-iframe" "Mozilla/5.0 (Windows NT 6.3; Win64; x64) AppleWebKit/537.36 (KHTML, like Gecko) Chrome/79.0.3945.130 Safari/537.36"
78.159.99.208 - - [27/Jan/2020:09:51:13 -0500] "POST /new/wp-admin/admin-ajax.php HTTP/1.1" 200 15585 "https://www.naijadial.com/new/?page_id=1808&brizy-edit-iframe" "Mozilla/5.0 (Windows NT 6.3; Win64; x64) AppleWebKit/537.36 (KHTML, like Gecko) Chrome/79.0.3945.130 Safari/537.36"
78.159.99.208 - - [27/Jan/2020:09:51:18 -0500] "GET /new/?brizy_media=wp-62436e455ba09395f2f793160f5746f9&brizy_crop=iW%3D383%26iH%3Dany&brizy_post=1808 HTTP/1.1" 200 58129 "https://www.naijadial.com/new/wp-content/plugins/brizy/public/editor-build/128-wp/editor/js/0.worker.js" "Mozilla/5.0 (Windows NT 6.3; Win64; x64) AppleWebKit/537.36 (KHTML, like Gecko) Chrome/79.0.3945.130 Safari/537.36"
78.159.99.208 - - [27/Jan/2020:09:51:18 -0500] "GET /new/?page_id=1808&preview_id=1808&preview_nonce=b235901fee&preview=true HTTP/1.1" 200 17616 "-" "Mozilla/5.0 (Windows NT 6.3; Win64; x64) AppleWebKit/537.36 (KHTML, like Gecko) Chrome/79.0.3945.130 Safari/537.36"
78.159.99.208 - - [27/Jan/2020:09:51:25 -0500] "POST /new/wp-admin/admin-ajax.php HTTP/1.1" 200 117 "https://www.naijadial.com/new/?page_id=1808&brizy-edit-iframe" "Mozilla/5.0 (Windows NT 6.3; Win64; x64) AppleWebKit/537.36 (KHTML, like Gecko) Chrome/79.0.3945.130 Safari/537.36"
78.159.99.208 - - [27/Jan/2020:09:51:27 -0500] "GET /new/wp-content/plugins/brizy/public/editor-build/128-wp/editor/css/preview.css HTTP/1.1" 200 57676 "https://www.naijadial.com/new/?page_id=1808&preview_id=1808&preview_nonce=b235901fee&preview=true" "Mozilla/5.0 (Windows NT 6.3; Win64; x64) AppleWebKit/537.36 (KHTML, like Gecko) Chrome/79.0.3945.130 Safari/537.36"
78.159.99.208 - - [27/Jan/2020:09:51:27 -0500] "POST /new/wp-admin/admin-ajax.php HTTP/1.1" 200 15997 "https://www.naijadial.com/new/?page_id=1808&brizy-edit-iframe" "Mozilla/5.0 (Windows NT 6.3; Win64; x64) AppleWebKit/537.36 (KHTML, like Gecko) Chrome/79.0.3945.130 Safari/537.36"
78.159.99.208 - - [27/Jan/2020:09:51:27 -0500] "POST /new/wp-admin/admin-ajax.php HTTP/1.1" 200 66198 "https://www.naijadial.com/new/?page_id=1808&brizy-edit-iframe" "Mozilla/5.0 (Windows NT 6.3; Win64; x64) AppleWebKit/537.36 (KHTML, like Gecko) Chrome/79.0.3945.130 Safari/537.36"
78.159.99.208 - - [27/Jan/2020:09:51:30 -0500] "GET /new/wp-content/uploads/so-css/so-css-listingo.css?ver=1580125388 HTTP/1.1" 304 - "https://www.naijadial.com/new/?page_id=1808&preview_id=1808&preview_nonce=b235901fee&preview=true" "Mozilla/5.0 (Windows NT 6.3; Win64; x64) AppleWebKit/537.36 (KHTML, like Gecko) Chrome/79.0.3945.130 Safari/537.36"
78.159.99.208 - - [27/Jan/2020:09:51:32 -0500] "GET /new/wp-content/plugins/brizy/public/editor-build/128-wp/editor/js/preview.js HTTP/1.1" 200 151502 "https://www.naijadial.com/new/?page_id=1808&preview_id=1808&preview_nonce=b235901fee&preview=true" "Mozilla/5.0 (Windows NT 6.3; Win64; x64) AppleWebKit/537.36 (KHTML, like Gecko) Chrome/79.0.3945.130 Safari/537.36"
78.159.99.208 - - [27/Jan/2020:09:51:32 -0500] "GET /new/?brizy_media=wp-fd9066cc19171af961075edaa05b9660&brizy_crop=iW%3D273%26iH%3D273%26oX%3D0%26oY%3D8%26cW%3D273%26cH%3D256&brizy_post=1910 HTTP/1.1" 200 29909 "https://www.naijadial.com/new/?page_id=1808&preview_id=1808&preview_nonce=b235901fee&preview=true" "Mozilla/5.0 (Windows NT 6.3; Win64; x64) AppleWebKit/537.36 (KHTML, like Gecko) Chrome/79.0.3945.130 Safari/537.36"
78.159.99.208 - - [27/Jan/2020:09:51:32 -0500] "GET /new/?brizy_media=wp-62436e455ba09395f2f793160f5746f9&brizy_crop=iW%3D273%26iH%3D273%26oX%3D0%26oY%3D8%26cW%3D273%26cH%3D256&brizy_post=1910 HTTP/1.1" 200 33630 "https://www.naijadial.com/new/?page_id=1808&preview_id=1808&preview_nonce=b235901fee&preview=true" "Mozilla/5.0 (Windows NT 6.3; Win64; x64) AppleWebKit/537.36 (KHTML, like Gecko) Chrome/79.0.3945.130 Safari/537.36"
78.159.99.208 - - [27/Jan/2020:09:51:37 -0500] "GET /new/wp-content/uploads/brizy/1808/assets/images/iW=5000&iH=any/d03-BG-trees-scaled.jpg HTTP/1.1" 200 115835 "https://www.naijadial.com/new/?page_id=1808&preview_id=1808&preview_nonce=b235901fee&preview=true" "Mozilla/5.0 (Windows NT 6.3; Win64; x64) AppleWebKit/537.36 (KHTML, like Gecko) Chrome/79.0.3945.130 Safari/537.36"
78.159.99.208 - - [27/Jan/2020:09:51:44 -0500] "GET /favicon.ico HTTP/1.1" 200 - "https://www.naijadial.com/new/?page_id=1808&preview_id=1808&preview_nonce=b235901fee&preview=true" "Mozilla/5.0 (Windows NT 6.3; Win64; x64) AppleWebKit/537.36 (KHTML, like Gecko) Chrome/79.0.3945.130 Safari/537.36"
198.54.125.95 - - [27/Jan/2020:09:52:07 -0500] "POST /new/wp-cron.php?doing_wp_cron=1580136727.2146680355072021484375 HTTP/1.1" 200 - "https://www.naijadial.com/new/wp-cron.php?doing_wp_cron=1580136727.2146680355072021484375" "WordPress/5.3.2; https://www.naijadial.com/new"
78.159.99.208 - - [27/Jan/2020:09:52:06 -0500] "POST /new/wp-admin/admin-ajax.php HTTP/1.1" 200 15997 "https://www.naijadial.com/new/?page_id=1808&brizy-edit-iframe" "Mozilla/5.0 (Windows NT 6.3; Win64; x64) AppleWebKit/537.36 (KHTML, like Gecko) Chrome/79.0.3945.130 Safari/537.36"
78.159.99.208 - - [27/Jan/2020:09:52:07 -0500] "POST /new/wp-admin/admin-ajax.php HTTP/1.1" 200 15997 "https://www.naijadial.com/new/?page_id=1808&brizy-edit-iframe" "Mozilla/5.0 (Windows NT 6.3; Win64; x64) AppleWebKit/537.36 (KHTML, like Gecko) Chrome/79.0.3945.130 Safari/537.36"
78.159.99.208 - - [27/Jan/2020:09:52:14 -0500] "GET /new/?brizy_media=wp-fd9066cc19171af961075edaa05b9660&brizy_crop=iW%3D600%26iH%3Dany&brizy_post=1808 HTTP/1.1" 200 93671 "https://www.naijadial.com/new/wp-content/plugins/brizy/public/editor-build/128-wp/editor/js/0.worker.js" "Mozilla/5.0 (Windows NT 6.3; Win64; x64) AppleWebKit/537.36 (KHTML, like Gecko) Chrome/79.0.3945.130 Safari/537.36"
78.159.99.208 - - [27/Jan/2020:09:52:19 -0500] "POST /new/wp-admin/admin-ajax.php HTTP/1.1" 200 47 "https://www.naijadial.com/new/wp-admin/themes.php?page=fw-settings" "Mozilla/5.0 (Windows NT 6.3; Win64; x64) AppleWebKit/537.36 (KHTML, like Gecko) Chrome/79.0.3945.130 Safari/537.36"
78.159.99.208 - - [27/Jan/2020:09:52:20 -0500] "POST /new/wp-admin/admin-ajax.php HTTP/1.1" 200 117 "https://www.naijadial.com/new/?page_id=1808&brizy-edit-iframe" "Mozilla/5.0 (Windows NT 6.3; Win64; x64) AppleWebKit/537.36 (KHTML, like Gecko) Chrome/79.0.3945.130 Safari/537.36"
78.159.99.208 - - [27/Jan/2020:09:52:54 -0500] "GET /new/wp-content/plugins/brizy/public/editor-build/128-wp/kits/resolves/block1447.json HTTP/1.1" 200 11708 "https://www.naijadial.com/new/?page_id=1808&brizy-edit-iframe" "Mozilla/5.0 (Windows NT 6.3; Win64; x64) AppleWebKit/537.36 (KHTML, like Gecko) Chrome/79.0.3945.130 Safari/537.36"
78.159.99.208 - - [27/Jan/2020:09:52:55 -0500] "POST /new/wp-admin/admin-ajax.php HTTP/1.1" 200 26 "https://www.naijadial.com/new/?page_id=1808&brizy-edit-iframe" "Mozilla/5.0 (Windows NT 6.3; Win64; x64) AppleWebKit/537.36 (KHTML, like Gecko) Chrome/79.0.3945.130 Safari/537.36"
78.159.99.208 - - [27/Jan/2020:09:52:56 -0500] "GET /new/?brizy_post=1808&brizy=editor/icons/glyph/basket.txt HTTP/1.1" 200 668 "https://www.naijadial.com/new/?page_id=1808&brizy-edit-iframe" "Mozilla/5.0 (Windows NT 6.3; Win64; x64) AppleWebKit/537.36 (KHTML, like Gecko) Chrome/79.0.3945.130 Safari/537.36"
78.159.99.208 - - [27/Jan/2020:09:52:56 -0500] "GET /new/?brizy_post=1808&brizy=editor/icons/glyph/pin-3.txt HTTP/1.1" 200 453 "https://www.naijadial.com/new/?page_id=1808&brizy-edit-iframe" "Mozilla/5.0 (Windows NT 6.3; Win64; x64) AppleWebKit/537.36 (KHTML, like Gecko) Chrome/79.0.3945.130 Safari/537.36"
78.159.99.208 - - [27/Jan/2020:09:53:05 -0500] "GET /new?brizy_file=https%3A%2F%2Fwww.brizy.cloud%2Fmedia%2FiW%3D5000%26iH%3Dany%2Fd03-moden-wall.jpg HTTP/1.1" 301 331 "https://www.naijadial.com/new/wp-content/plugins/brizy/public/editor-build/128-wp/editor/js/0.worker.js" "Mozilla/5.0 (Windows NT 6.3; Win64; x64) AppleWebKit/537.36 (KHTML, like Gecko) Chrome/79.0.3945.130 Safari/537.36"
78.159.99.208 - - [27/Jan/2020:09:53:00 -0500] "POST /new/wp-admin/admin-ajax.php HTTP/1.1" 200 15997 "https://www.naijadial.com/new/?page_id=1808&brizy-edit-iframe" "Mozilla/5.0 (Windows NT 6.3; Win64; x64) AppleWebKit/537.36 (KHTML, like Gecko) Chrome/79.0.3945.130 Safari/537.36"
198.54.125.95 - - [27/Jan/2020:09:53:05 -0500] "POST /new/wp-cron.php?doing_wp_cron=1580136785.4787650108337402343750 HTTP/1.1" 200 - "https://www.naijadial.com/new/wp-cron.php?doing_wp_cron=1580136785.4787650108337402343750" "WordPress/5.3.2; https://www.naijadial.com/new"
198.54.125.95 - - [27/Jan/2020:09:53:06 -0500] "POST /new/wp-cron.php?doing_wp_cron=1580136786.1797049045562744140625 HTTP/1.1" 200 - "https://www.naijadial.com/new/wp-cron.php?doing_wp_cron=1580136786.1797049045562744140625" "WordPress/5.3.2; https://www.naijadial.com/new"
78.159.99.208 - - [27/Jan/2020:09:52:56 -0500] "GET /new/?brizy_post=1808&brizy=editor/icons/glyph/apple.txt HTTP/1.1" 200 907 "https://www.naijadial.com/new/?page_id=1808&brizy-edit-iframe" "Mozilla/5.0 (Windows NT 6.3; Win64; x64) AppleWebKit/537.36 (KHTML, like Gecko) Chrome/79.0.3945.130 Safari/537.36"
78.159.99.208 - - [27/Jan/2020:09:53:05 -0500] "GET /new/?brizy_post=1808&brizy=editor/icons/glyph/basket.txt HTTP/1.1" 200 668 "https://www.naijadial.com/new/?page_id=1808&brizy-edit-iframe" "Mozilla/5.0 (Windows NT 6.3; Win64; x64) AppleWebKit/537.36 (KHTML, like Gecko) Chrome/79.0.3945.130 Safari/537.36"
78.159.99.208 - - [27/Jan/2020:09:53:05 -0500] "GET /new/?brizy_post=1808&brizy=editor/icons/glyph/pin-3.txt HTTP/1.1" 200 453 "https://www.naijadial.com/new/?page_id=1808&brizy-edit-iframe" "Mozilla/5.0 (Windows NT 6.3; Win64; x64) AppleWebKit/537.36 (KHTML, like Gecko) Chrome/79.0.3945.130 Safari/537.36"
78.159.99.208 - - [27/Jan/2020:09:53:05 -0500] "GET /new/?brizy_file=https%3A%2F%2Fwww.brizy.cloud%2Fmedia%2FiW%3D5000%26iH%3Dany%2Fd03-moden-wall.jpg HTTP/1.1" 200 262244 "https://www.naijadial.com/new/wp-content/plugins/brizy/public/editor-build/128-wp/editor/js/0.worker.js" "Mozilla/5.0 (Windows NT 6.3; Win64; x64) AppleWebKit/537.36 (KHTML, like Gecko) Chrome/79.0.3945.130 Safari/537.36"
78.159.99.208 - - [27/Jan/2020:09:53:07 -0500] "GET /new/?brizy_post=1808&brizy=editor/icons/glyph/apple.txt HTTP/1.1" 200 907 "https://www.naijadial.com/new/?page_id=1808&brizy-edit-iframe" "Mozilla/5.0 (Windows NT 6.3; Win64; x64) AppleWebKit/537.36 (KHTML, like Gecko) Chrome/79.0.3945.130 Safari/537.36"
78.159.99.208 - - [27/Jan/2020:09:53:07 -0500] "GET /new/?brizy_post=1808&brizy=editor/icons/glyph/basket.txt HTTP/1.1" 200 668 "https://www.naijadial.com/new/?page_id=1808&brizy-edit-iframe" "Mozilla/5.0 (Windows NT 6.3; Win64; x64) AppleWebKit/537.36 (KHTML, like Gecko) Chrome/79.0.3945.130 Safari/537.36"
78.159.99.208 - - [27/Jan/2020:09:53:07 -0500] "GET /new/?brizy_post=1808&brizy=editor/icons/glyph/pin-3.txt HTTP/1.1" 200 453 "https://www.naijadial.com/new/?page_id=1808&brizy-edit-iframe" "Mozilla/5.0 (Windows NT 6.3; Win64; x64) AppleWebKit/537.36 (KHTML, like Gecko) Chrome/79.0.3945.130 Safari/537.36"
78.159.99.208 - - [27/Jan/2020:09:53:08 -0500] "GET /new/?brizy_post=1808&brizy=editor/icons/glyph/apple.txt HTTP/1.1" 200 907 "https://www.naijadial.com/new/?page_id=1808&brizy-edit-iframe" "Mozilla/5.0 (Windows NT 6.3; Win64; x64) AppleWebKit/537.36 (KHTML, like Gecko) Chrome/79.0.3945.130 Safari/537.36"
78.159.99.208 - - [27/Jan/2020:09:53:09 -0500] "GET /new/?brizy_post=1808&brizy=editor/icons/glyph/basket.txt HTTP/1.1" 200 668 "https://www.naijadial.com/new/?page_id=1808&brizy-edit-iframe" "Mozilla/5.0 (Windows NT 6.3; Win64; x64) AppleWebKit/537.36 (KHTML, like Gecko) Chrome/79.0.3945.130 Safari/537.36"
78.159.99.208 - - [27/Jan/2020:09:53:09 -0500] "GET /new/?brizy_post=1808&brizy=editor/icons/glyph/pin-3.txt HTTP/1.1" 200 453 "https://www.naijadial.com/new/?page_id=1808&brizy-edit-iframe" "Mozilla/5.0 (Windows NT 6.3; Win64; x64) AppleWebKit/537.36 (KHTML, like Gecko) Chrome/79.0.3945.130 Safari/537.36"
78.159.99.208 - - [27/Jan/2020:09:53:09 -0500] "GET /new/?brizy_post=1808&brizy=editor/icons/glyph/apple.txt HTTP/1.1" 200 907 "https://www.naijadial.com/new/?page_id=1808&brizy-edit-iframe" "Mozilla/5.0 (Windows NT 6.3; Win64; x64) AppleWebKit/537.36 (KHTML, like Gecko) Chrome/79.0.3945.130 Safari/537.36"
78.159.99.208 - - [27/Jan/2020:09:53:18 -0500] "GET /new/?brizy_media=d03-moden-wall.jpg&brizy_crop=iW%3D5000%26iH%3Dany&brizy_post=1808 HTTP/1.1" 200 104429 "https://www.naijadial.com/new/?page_id=1808&brizy-edit-iframe" "Mozilla/5.0 (Windows NT 6.3; Win64; x64) AppleWebKit/537.36 (KHTML, like Gecko) Chrome/79.0.3945.130 Safari/537.36"
78.159.99.208 - - [27/Jan/2020:09:53:18 -0500] "POST /new/wp-admin/admin-ajax.php HTTP/1.1" 200 117 "https://www.naijadial.com/new/?page_id=1808&brizy-edit-iframe" "Mozilla/5.0 (Windows NT 6.3; Win64; x64) AppleWebKit/537.36 (KHTML, like Gecko) Chrome/79.0.3945.130 Safari/537.36"
78.159.99.208 - - [27/Jan/2020:09:53:23 -0500] "POST /new/wp-admin/admin-ajax.php HTTP/1.1" 200 15997 "https://www.naijadial.com/new/?page_id=1808&brizy-edit-iframe" "Mozilla/5.0 (Windows NT 6.3; Win64; x64) AppleWebKit/537.36 (KHTML, like Gecko) Chrome/79.0.3945.130 Safari/537.36"
78.159.99.208 - - [27/Jan/2020:09:53:25 -0500] "GET /new/?brizy_post=1808&brizy=editor/icons/glyph/pin-3.txt HTTP/1.1" 200 453 "https://www.naijadial.com/new/?page_id=1808&brizy-edit-iframe" "Mozilla/5.0 (Windows NT 6.3; Win64; x64) AppleWebKit/537.36 (KHTML, like Gecko) Chrome/79.0.3945.130 Safari/537.36"
78.159.99.208 - - [27/Jan/2020:09:53:25 -0500] "GET /new/?brizy_post=1808&brizy=editor/icons/glyph/apple.txt HTTP/1.1" 200 907 "https://www.naijadial.com/new/?page_id=1808&brizy-edit-iframe" "Mozilla/5.0 (Windows NT 6.3; Win64; x64) AppleWebKit/537.36 (KHTML, like Gecko) Chrome/79.0.3945.130 Safari/537.36"
78.159.99.208 - - [27/Jan/2020:09:53:25 -0500] "GET /new/?brizy_post=1808&brizy=editor/icons/glyph/basket.txt HTTP/1.1" 200 668 "https://www.naijadial.com/new/?page_id=1808&brizy-edit-iframe" "Mozilla/5.0 (Windows NT 6.3; Win64; x64) AppleWebKit/537.36 (KHTML, like Gecko) Chrome/79.0.3945.130 Safari/537.36"
78.159.99.208 - - [27/Jan/2020:09:53:28 -0500] "GET /new/?brizy_post=1808&brizy=editor/icons/glyph/pin-3.txt HTTP/1.1" 200 453 "https://www.naijadial.com/new/?page_id=1808&brizy-edit-iframe" "Mozilla/5.0 (Windows NT 6.3; Win64; x64) AppleWebKit/537.36 (KHTML, like Gecko) Chrome/79.0.3945.130 Safari/537.36"
78.159.99.208 - - [27/Jan/2020:09:53:28 -0500] "GET /new/?brizy_post=1808&brizy=editor/icons/glyph/apple.txt HTTP/1.1" 200 907 "https://www.naijadial.com/new/?page_id=1808&brizy-edit-iframe" "Mozilla/5.0 (Windows NT 6.3; Win64; x64) AppleWebKit/537.36 (KHTML, like Gecko) Chrome/79.0.3945.130 Safari/537.36"
78.159.99.208 - - [27/Jan/2020:09:53:28 -0500] "GET /new/?brizy_post=1808&brizy=editor/icons/glyph/basket.txt HTTP/1.1" 200 668 "https://www.naijadial.com/new/?page_id=1808&brizy-edit-iframe" "Mozilla/5.0 (Windows NT 6.3; Win64; x64) AppleWebKit/537.36 (KHTML, like Gecko) Chrome/79.0.3945.130 Safari/537.36"
78.159.99.208 - - [27/Jan/2020:09:53:29 -0500] "GET /new/?brizy_post=1808&brizy=editor/icons/glyph/pin-3.txt HTTP/1.1" 200 453 "https://www.naijadial.com/new/?page_id=1808&brizy-edit-iframe" "Mozilla/5.0 (Windows NT 6.3; Win64; x64) AppleWebKit/537.36 (KHTML, like Gecko) Chrome/79.0.3945.130 Safari/537.36"
78.159.99.208 - - [27/Jan/2020:09:53:29 -0500] "GET /new/?brizy_post=1808&brizy=editor/icons/glyph/apple.txt HTTP/1.1" 200 907 "https://www.naijadial.com/new/?page_id=1808&brizy-edit-iframe" "Mozilla/5.0 (Windows NT 6.3; Win64; x64) AppleWebKit/537.36 (KHTML, like Gecko) Chrome/79.0.3945.130 Safari/537.36"
78.159.99.208 - - [27/Jan/2020:09:53:31 -0500] "GET /new/?brizy_post=1808&brizy=editor/icons/glyph/basket.txt HTTP/1.1" 200 668 "https://www.naijadial.com/new/?page_id=1808&brizy-edit-iframe" "Mozilla/5.0 (Windows NT 6.3; Win64; x64) AppleWebKit/537.36 (KHTML, like Gecko) Chrome/79.0.3945.130 Safari/537.36"
78.159.99.208 - - [27/Jan/2020:09:53:31 -0500] "GET /new/?brizy_media=d03-moden-wall.jpg&brizy_crop=iW%3D5000%26iH%3Dany&brizy_post=1808 HTTP/1.1" 200 104429 "https://www.naijadial.com/new/wp-content/plugins/brizy/public/editor-build/128-wp/editor/js/0.worker.js" "Mozilla/5.0 (Windows NT 6.3; Win64; x64) AppleWebKit/537.36 (KHTML, like Gecko) Chrome/79.0.3945.130 Safari/537.36"
78.159.99.208 - - [27/Jan/2020:09:53:31 -0500] "GET /new/?brizy_post=1808&brizy=editor/icons/glyph/pin-3.txt HTTP/1.1" 200 453 "https://www.naijadial.com/new/?page_id=1808&brizy-edit-iframe" "Mozilla/5.0 (Windows NT 6.3; Win64; x64) AppleWebKit/537.36 (KHTML, like Gecko) Chrome/79.0.3945.130 Safari/537.36"
78.159.99.208 - - [27/Jan/2020:09:53:31 -0500] "GET /new/?brizy_post=1808&brizy=editor/icons/glyph/apple.txt HTTP/1.1" 200 907 "https://www.naijadial.com/new/?page_id=1808&brizy-edit-iframe" "Mozilla/5.0 (Windows NT 6.3; Win64; x64) AppleWebKit/537.36 (KHTML, like Gecko) Chrome/79.0.3945.130 Safari/537.36"
78.159.99.208 - - [27/Jan/2020:09:53:32 -0500] "GET /new/?brizy_post=1808&brizy=editor/icons/glyph/basket.txt HTTP/1.1" 200 668 "https://www.naijadial.com/new/?page_id=1808&brizy-edit-iframe" "Mozilla/5.0 (Windows NT 6.3; Win64; x64) AppleWebKit/537.36 (KHTML, like Gecko) Chrome/79.0.3945.130 Safari/537.36"
78.159.99.208 - - [27/Jan/2020:09:53:35 -0500] "POST /new/wp-admin/admin-ajax.php HTTP/1.1" 200 46291 "https://www.naijadial.com/new/?page_id=1808&brizy-edit-iframe" "Mozilla/5.0 (Windows NT 6.3; Win64; x64) AppleWebKit/537.36 (KHTML, like Gecko) Chrome/79.0.3945.130 Safari/537.36"
78.159.99.208 - - [27/Jan/2020:09:43:13 -0500] "POST /new/wp-admin/admin-ajax.php HTTP/1.1" 200 117 "https://www.naijadial.com/new/?page_id=1808&brizy-edit-iframe" "Mozilla/5.0 (Windows NT 6.3; Win64; x64) AppleWebKit/537.36 (KHTML, like Gecko) Chrome/79.0.3945.130 Safari/537.36"
78.159.99.208 - - [27/Jan/2020:09:43:28 -0500] "POST /new/wp-admin/admin-ajax.php HTTP/1.1" 200 17616 "https://www.naijadial.com/new/?page_id=1808&brizy-edit-iframe" "Mozilla/5.0 (Windows NT 6.3; Win64; x64) AppleWebKit/537.36 (KHTML, like Gecko) Chrome/79.0.3945.130 Safari/537.36"
78.159.99.208 - - [27/Jan/2020:09:43:34 -0500] "POST /new/wp-admin/admin-ajax.php HTTP/1.1" 200 117 "https://www.naijadial.com/new/?page_id=1808&brizy-edit-iframe" "Mozilla/5.0 (Windows NT 6.3; Win64; x64) AppleWebKit/537.36 (KHTML, like Gecko) Chrome/79.0.3945.130 Safari/537.36"
78.159.99.208 - - [27/Jan/2020:09:43:40 -0500] "POST /new/wp-admin/admin-ajax.php HTTP/1.1" 200 17206 "https://www.naijadial.com/new/?page_id=1808&brizy-edit-iframe" "Mozilla/5.0 (Windows NT 6.3; Win64; x64) AppleWebKit/537.36 (KHTML, like Gecko) Chrome/79.0.3945.130 Safari/537.36"
78.159.99.208 - - [27/Jan/2020:09:43:41 -0500] "POST /new/wp-admin/admin-ajax.php HTTP/1.1" 200 117 "https://www.naijadial.com/new/?page_id=1808&brizy-edit-iframe" "Mozilla/5.0 (Windows NT 6.3; Win64; x64) AppleWebKit/537.36 (KHTML, like Gecko) Chrome/79.0.3945.130 Safari/537.36"
78.159.99.208 - - [27/Jan/2020:09:44:01 -0500] "GET /new/?brizy_post=1808&brizy=editor/icons/editor/img.txt HTTP/1.1" 200 426 "https://www.naijadial.com/new/?page_id=1808&brizy-edit-iframe" "Mozilla/5.0 (Windows NT 6.3; Win64; x64) AppleWebKit/537.36 (KHTML, like Gecko) Chrome/79.0.3945.130 Safari/537.36"
78.159.99.208 - - [27/Jan/2020:09:44:02 -0500] "POST /new/wp-admin/admin-ajax.php HTTP/1.1" 200 17452 "https://www.naijadial.com/new/?page_id=1808&brizy-edit-iframe" "Mozilla/5.0 (Windows NT 6.3; Win64; x64) AppleWebKit/537.36 (KHTML, like Gecko) Chrome/79.0.3945.130 Safari/537.36"
198.54.125.95 - - [27/Jan/2020:09:44:08 -0500] "POST /new/wp-cron.php?doing_wp_cron=1580136248.1746139526367187500000 HTTP/1.1" 200 - "https://www.naijadial.com/new/wp-cron.php?doing_wp_cron=1580136248.1746139526367187500000" "WordPress/5.3.2; https://www.naijadial.com/new"
78.159.99.208 - - [27/Jan/2020:09:44:07 -0500] "POST /new/wp-admin/admin-ajax.php HTTP/1.1" 200 117 "https://www.naijadial.com/new/?page_id=1808&brizy-edit-iframe" "Mozilla/5.0 (Windows NT 6.3; Win64; x64) AppleWebKit/537.36 (KHTML, like Gecko) Chrome/79.0.3945.130 Safari/537.36"
78.159.99.208 - - [27/Jan/2020:09:47:31 -0500] "POST /new/wp-admin/admin-ajax.php HTTP/1.1" 200 117 "https://www.naijadial.com/new/?page_id=1808&brizy-edit-iframe" "Mozilla/5.0 (Windows NT 6.3; Win64; x64) AppleWebKit/537.36 (KHTML, like Gecko) Chrome/79.0.3945.130 Safari/537.36"
78.159.99.208 - - [27/Jan/2020:09:47:37 -0500] "POST /new/wp-admin/admin-ajax.php HTTP/1.1" 200 117 "https://www.naijadial.com/new/?page_id=1808&brizy-edit-iframe" "Mozilla/5.0 (Windows NT 6.3; Win64; x64) AppleWebKit/537.36 (KHTML, like Gecko) Chrome/79.0.3945.130 Safari/537.36"
78.159.99.208 - - [27/Jan/2020:09:47:36 -0500] "POST /new/wp-admin/admin-ajax.php HTTP/1.1" 200 16355 "https://www.naijadial.com/new/?page_id=1808&brizy-edit-iframe" "Mozilla/5.0 (Windows NT 6.3; Win64; x64) AppleWebKit/537.36 (KHTML, like Gecko) Chrome/79.0.3945.130 Safari/537.36"
78.159.99.208 - - [27/Jan/2020:09:47:49 -0500] "POST /new/wp-admin/admin-ajax.php HTTP/1.1" 200 17091 "https://www.naijadial.com/new/?page_id=1808&brizy-edit-iframe" "Mozilla/5.0 (Windows NT 6.3; Win64; x64) AppleWebKit/537.36 (KHTML, like Gecko) Chrome/79.0.3945.130 Safari/537.36"
78.159.99.208 - - [27/Jan/2020:09:47:53 -0500] "POST /new/wp-admin/admin-ajax.php HTTP/1.1" 200 17091 "https://www.naijadial.com/new/?page_id=1808&brizy-edit-iframe" "Mozilla/5.0 (Windows NT 6.3; Win64; x64) AppleWebKit/537.36 (KHTML, like Gecko) Chrome/79.0.3945.130 Safari/537.36"
78.159.99.208 - - [27/Jan/2020:09:47:55 -0500] "POST /new/wp-admin/admin-ajax.php HTTP/1.1" 200 22754 "https://www.naijadial.com/new/?page_id=1808&brizy-edit-iframe" "Mozilla/5.0 (Windows NT 6.3; Win64; x64) AppleWebKit/537.36 (KHTML, like Gecko) Chrome/79.0.3945.130 Safari/537.36"
198.54.125.95 - - [27/Jan/2020:09:56:47 -0500] "POST /new/wp-cron.php?doing_wp_cron=1580137007.2498068809509277343750 HTTP/1.1" 200 - "https://www.naijadial.com/new/wp-cron.php?doing_wp_cron=1580137007.2498068809509277343750" "WordPress/5.3.2; https://www.naijadial.com/new"
78.159.99.208 - - [27/Jan/2020:09:56:21 -0500] "POST /new/wp-admin/admin-ajax.php HTTP/1.1" 200 47 "https://www.naijadial.com/new/wp-admin/themes.php?page=fw-settings" "Mozilla/5.0 (Windows NT 6.3; Win64; x64) AppleWebKit/537.36 (KHTML, like Gecko) Chrome/79.0.3945.130 Safari/537.36"
78.159.99.208 - - [27/Jan/2020:09:57:01 -0500] "GET /new/ad/need-a-website/ HTTP/1.1" 200 17735 "https://www.naijadial.com/new/" "Mozilla/5.0 (Windows NT 6.3; Win64; x64) AppleWebKit/537.36 (KHTML, like Gecko) Chrome/79.0.3945.130 Safari/537.36"
78.159.99.208 - - [27/Jan/2020:09:57:28 -0500] "GET /favicon.ico HTTP/1.1" 200 - "https://www.naijadial.com/new/ad/need-a-website/" "Mozilla/5.0 (Windows NT 6.3; Win64; x64) AppleWebKit/537.36 (KHTML, like Gecko) Chrome/79.0.3945.130 Safari/537.36"
198.54.125.95 - - [27/Jan/2020:09:58:23 -0500] "POST /new/wp-cron.php?doing_wp_cron=1580137103.3219549655914306640625 HTTP/1.1" 200 - "https://www.naijadial.com/new/wp-cron.php?doing_wp_cron=1580137103.3219549655914306640625" "WordPress/5.3.2; https://www.naijadial.com/new"
78.159.99.208 - - [27/Jan/2020:09:58:23 -0500] "POST /new/wp-admin/admin-ajax.php HTTP/1.1" 200 47 "https://www.naijadial.com/new/wp-admin/themes.php?page=fw-settings" "Mozilla/5.0 (Windows NT 6.3; Win64; x64) AppleWebKit/537.36 (KHTML, like Gecko) Chrome/79.0.3945.130 Safari/537.36"
198.54.125.95 - - [27/Jan/2020:09:59:07 -0500] "POST /new/wp-cron.php?doing_wp_cron=1580137147.1455500125885009765625 HTTP/1.1" 200 - "https://www.naijadial.com/new/wp-cron.php?doing_wp_cron=1580137147.1455500125885009765625" "WordPress/5.3.2; https://www.naijadial.com/new"
66.249.79.185 - - [27/Jan/2020:09:59:06 -0500] "GET /new/sitemap-page.xml HTTP/1.1" 200 716 "-" "Mozilla/5.0 (compatible; Googlebot/2.1; +http://www.google.com/bot.html)"
78.159.99.208 - - [27/Jan/2020:09:53:43 -0500] "GET /new/?brizy_media=d03-moden-wall.jpg&brizy_crop=iW%3D5000%26iH%3Dany&brizy_post=1808 HTTP/1.1" 200 104429 "https://www.naijadial.com/new/wp-content/plugins/brizy/public/editor-build/128-wp/editor/js/0.worker.js" "Mozilla/5.0 (Windows NT 6.3; Win64; x64) AppleWebKit/537.36 (KHTML, like Gecko) Chrome/79.0.3945.130 Safari/537.36"
78.159.99.208 - - [27/Jan/2020:09:53:49 -0500] "POST /new/wp-admin/admin-ajax.php HTTP/1.1" 200 117 "https://www.naijadial.com/new/?page_id=1808&brizy-edit-iframe" "Mozilla/5.0 (Windows NT 6.3; Win64; x64) AppleWebKit/537.36 (KHTML, like Gecko) Chrome/79.0.3945.130 Safari/537.36"
78.159.99.208 - - [27/Jan/2020:09:53:55 -0500] "GET /new/?brizy_media=d03-moden-wall.jpg&brizy_crop=iW%3D5000%26iH%3Dany&brizy_post=1808 HTTP/1.1" 200 104429 "https://www.naijadial.com/new/wp-content/plugins/brizy/public/editor-build/128-wp/editor/js/0.worker.js" "Mozilla/5.0 (Windows NT 6.3; Win64; x64) AppleWebKit/537.36 (KHTML, like Gecko) Chrome/79.0.3945.130 Safari/537.36"
78.159.99.208 - - [27/Jan/2020:09:54:02 -0500] "POST /new/wp-admin/admin-ajax.php HTTP/1.1" 200 117 "https://www.naijadial.com/new/?page_id=1808&brizy-edit-iframe" "Mozilla/5.0 (Windows NT 6.3; Win64; x64) AppleWebKit/537.36 (KHTML, like Gecko) Chrome/79.0.3945.130 Safari/537.36"
198.54.125.95 - - [27/Jan/2020:09:54:13 -0500] "POST /new/wp-cron.php?doing_wp_cron=1580136853.1091840267181396484375 HTTP/1.1" 200 - "https://www.naijadial.com/new/wp-cron.php?doing_wp_cron=1580136853.1091840267181396484375" "WordPress/5.3.2; https://www.naijadial.com/new"
198.54.125.95 - - [27/Jan/2020:09:54:13 -0500] "POST /new/wp-cron.php?doing_wp_cron=1580136853.1099750995635986328125 HTTP/1.1" 200 - "https://www.naijadial.com/new/wp-cron.php?doing_wp_cron=1580136853.1099750995635986328125" "WordPress/5.3.2; https://www.naijadial.com/new"
78.159.99.208 - - [27/Jan/2020:09:54:12 -0500] "GET /new/?brizy_media=d03-moden-wall.jpg&brizy_crop=iW%3D5000%26iH%3Dany&brizy_post=1808 HTTP/1.1" 200 104429 "https://www.naijadial.com/new/wp-content/plugins/brizy/public/editor-build/128-wp/editor/js/0.worker.js" "Mozilla/5.0 (Windows NT 6.3; Win64; x64) AppleWebKit/537.36 (KHTML, like Gecko) Chrome/79.0.3945.130 Safari/537.36"
78.159.99.208 - - [27/Jan/2020:09:54:12 -0500] "POST /new/wp-admin/admin-ajax.php HTTP/1.1" 200 46339 "https://www.naijadial.com/new/?page_id=1808&brizy-edit-iframe" "Mozilla/5.0 (Windows NT 6.3; Win64; x64) AppleWebKit/537.36 (KHTML, like Gecko) Chrome/79.0.3945.130 Safari/537.36"
78.159.99.208 - - [27/Jan/2020:09:54:19 -0500] "POST /new/wp-admin/admin-ajax.php HTTP/1.1" 200 117 "https://www.naijadial.com/new/?page_id=1808&brizy-edit-iframe" "Mozilla/5.0 (Windows NT 6.3; Win64; x64) AppleWebKit/537.36 (KHTML, like Gecko) Chrome/79.0.3945.130 Safari/537.36"
78.159.99.208 - - [27/Jan/2020:09:54:19 -0500] "POST /new/wp-admin/admin-ajax.php HTTP/1.1" 200 31192 "https://www.naijadial.com/new/?page_id=1808&brizy-edit-iframe" "Mozilla/5.0 (Windows NT 6.3; Win64; x64) AppleWebKit/537.36 (KHTML, like Gecko) Chrome/79.0.3945.130 Safari/537.36"
78.159.99.208 - - [27/Jan/2020:09:54:19 -0500] "POST /new/wp-admin/admin-ajax.php HTTP/1.1" 200 47 "https://www.naijadial.com/new/wp-admin/themes.php?page=fw-settings" "Mozilla/5.0 (Windows NT 6.3; Win64; x64) AppleWebKit/537.36 (KHTML, like Gecko) Chrome/79.0.3945.130 Safari/537.36"
66.249.93.75 - - [27/Jan/2020:09:59:55 -0500] "GET /new/wp-content/uploads/2020/01/Email-Header.png HTTP/1.1" 200 139744 "-" "Mozilla/5.0 (Windows NT 5.1; rv:11.0) Gecko Firefox/11.0 (via ggpht.com GoogleImageProxy)"
66.249.93.75 - - [27/Jan/2020:09:59:57 -0500] "GET /new/wp-content/uploads/2020/01/NaijaDial.png HTTP/1.1" 200 8268 "-" "Mozilla/5.0 (Windows NT 5.1; rv:11.0) Gecko Firefox/11.0 (via ggpht.com GoogleImageProxy)"
66.249.93.79 - - [27/Jan/2020:10:00:04 -0500] "GET /new/wp-content/uploads/2019/12/NaijaDial-Logo.png HTTP/1.1" 200 7732 "-" "Mozilla/5.0 (Windows NT 5.1; rv:11.0) Gecko Firefox/11.0 (via ggpht.com GoogleImageProxy)"
198.54.125.95 - - [27/Jan/2020:10:00:19 -0500] "POST /new/wp-cron.php?doing_wp_cron=1580137219.1013810634613037109375 HTTP/1.1" 200 - "https://www.naijadial.com/new/wp-cron.php?doing_wp_cron=1580137219.1013810634613037109375" "WordPress/5.3.2; https://www.naijadial.com/new"
72.14.199.57 - - [27/Jan/2020:10:00:18 -0500] "GET /new/ HTTP/1.1" 200 23552 "-" "Mozilla/5.0 (Windows NT 10.0; Win64; x64) AppleWebKit/537.36 (KHTML, like Gecko) Chrome/42.0.2311.135 Safari/537.36 Edge/12.246 Mozilla/5.0"
72.14.199.57 - - [27/Jan/2020:10:00:21 -0500] "GET /new/wp-content/plugins/vc-extensions-bundle/css/admin_icon.css?ver=5.3.2 HTTP/1.1" 200 1139 "https://www.naijadial.com/new/" "Mozilla/5.0 (Windows NT 10.0; Win64; x64) AppleWebKit/537.36 (KHTML, like Gecko) Chrome/42.0.2311.135 Safari/537.36 Edge/12.246 Mozilla/5.0"
72.14.199.61 - - [27/Jan/2020:10:00:21 -0500] "GET /new/wp-content/plugins/bbpress/templates/default/css/bbpress.min.css?ver=2.6.3 HTTP/1.1" 200 5241 "https://www.naijadial.com/new/" "Mozilla/5.0 (Windows NT 10.0; Win64; x64) AppleWebKit/537.36 (KHTML, like Gecko) Chrome/42.0.2311.135 Safari/537.36 Edge/12.246 Mozilla/5.0"
72.14.199.61 - - [27/Jan/2020:10:00:22 -0500] "GET /new/wp-content/plugins/mega-addons-for-visual-composer/css/font-awesome/css/font-awesome.css?ver=5.3.2 HTTP/1.1" 200 7439 "https://www.naijadial.com/new/" "Mozilla/5.0 (Windows NT 10.0; Win64; x64) AppleWebKit/537.36 (KHTML, like Gecko) Chrome/42.0.2311.135 Safari/537.36 Edge/12.246 Mozilla/5.0"
72.14.199.59 - - [27/Jan/2020:10:00:23 -0500] "GET /new/wp-content/plugins/woocommerce/packages/woocommerce-blocks/build/style.css?ver=2.5.11 HTTP/1.1" 200 8221 "https://www.naijadial.com/new/" "Mozilla/5.0 (Windows NT 10.0; Win64; x64) AppleWebKit/537.36 (KHTML, like Gecko) Chrome/42.0.2311.135 Safari/537.36 Edge/12.246 Mozilla/5.0"
78.159.99.208 - - [27/Jan/2020:10:00:22 -0500] "POST /new/wp-admin/admin-ajax.php HTTP/1.1" 200 47 "https://www.naijadial.com/new/wp-admin/themes.php?page=fw-settings" "Mozilla/5.0 (Windows NT 6.3; Win64; x64) AppleWebKit/537.36 (KHTML, like Gecko) Chrome/79.0.3945.130 Safari/537.36"
72.14.199.57 - - [27/Jan/2020:10:00:24 -0500] "GET /new/wp-includes/css/dist/block-library/style.min.css?ver=5.3.2 HTTP/1.1" 200 6163 "https://www.naijadial.com/new/" "Mozilla/5.0 (Windows NT 10.0; Win64; x64) AppleWebKit/537.36 (KHTML, like Gecko) Chrome/42.0.2311.135 Safari/537.36 Edge/12.246 Mozilla/5.0"
72.14.199.59 - - [27/Jan/2020:10:00:25 -0500] "GET /new/wp-content/plugins/mega-addons-for-visual-composer/css/ihover.css?ver=5.3.2 HTTP/1.1" 200 77665 "https://www.naijadial.com/new/" "Mozilla/5.0 (Windows NT 10.0; Win64; x64) AppleWebKit/537.36 (KHTML, like Gecko) Chrome/42.0.2311.135 Safari/537.36 Edge/12.246 Mozilla/5.0"
72.14.199.57 - - [27/Jan/2020:10:00:47 -0500] "GET /new/ad/need-a-website/ HTTP/1.1" 200 17179 "-" "Mozilla/5.0 (Windows NT 10.0; Win64; x64) AppleWebKit/537.36 (KHTML, like Gecko) Chrome/42.0.2311.135 Safari/537.36 Edge/12.246 Mozilla/5.0"
72.14.199.57 - - [27/Jan/2020:10:00:47 -0500] "GET /new/wp-content/plugins/gd-bbpress-toolbox/templates/default/css/widgets.min.css?ver=5.2.1.712 HTTP/1.1" 200 517 "https://www.naijadial.com/new/ad/need-a-website/" "Mozilla/5.0 (Windows NT 10.0; Win64; x64) AppleWebKit/537.36 (KHTML, like Gecko) Chrome/42.0.2311.135 Safari/537.36 Edge/12.246 Mozilla/5.0"
72.14.199.57 - - [27/Jan/2020:10:00:48 -0500] "GET /new/wp-content/plugins/revslider/public/assets/css/rs6.css?ver=6.0.7 HTTP/1.1" 200 11700 "https://www.naijadial.com/new/ad/need-a-website/" "Mozilla/5.0 (Windows NT 10.0; Win64; x64) AppleWebKit/537.36 (KHTML, like Gecko) Chrome/42.0.2311.135 Safari/537.36 Edge/12.246 Mozilla/5.0"
72.14.199.57 - - [27/Jan/2020:10:00:49 -0500] "GET /new/wp-content/plugins/mega-addons-for-visual-composer/css/style.css?ver=5.3.2 HTTP/1.1" 200 601 "https://www.naijadial.com/new/ad/need-a-website/" "Mozilla/5.0 (Windows NT 10.0; Win64; x64) AppleWebKit/537.36 (KHTML, like Gecko) Chrome/42.0.2311.135 Safari/537.36 Edge/12.246 Mozilla/5.0"
72.14.199.57 - - [27/Jan/2020:10:00:50 -0500] "GET /new/wp-content/plugins/contact-form-7/includes/css/styles.css?ver=5.1.6 HTTP/1.1" 200 649 "https://www.naijadial.com/new/ad/need-a-website/" "Mozilla/5.0 (Windows NT 10.0; Win64; x64) AppleWebKit/537.36 (KHTML, like Gecko) Chrome/42.0.2311.135 Safari/537.36 Edge/12.246 Mozilla/5.0"
72.14.199.57 - - [27/Jan/2020:10:00:51 -0500] "GET /new/wp-content/plugins/wpforo/wpf-themes/classic/widgets.css?ver=1.6.5 HTTP/1.1" 200 1092 "https://www.naijadial.com/new/ad/need-a-website/" "Mozilla/5.0 (Windows NT 10.0; Win64; x64) AppleWebKit/537.36 (KHTML, like Gecko) Chrome/42.0.2311.135 Safari/537.36 Edge/12.246 Mozilla/5.0"
72.14.199.57 - - [27/Jan/2020:10:00:52 -0500] "GET /new/wp-content/plugins/woocommerce/assets/css/woocommerce-smallscreen.css?ver=3.9.0 HTTP/1.1" 200 1055 "https://www.naijadial.com/new/ad/need-a-website/" "Mozilla/5.0 (Windows NT 10.0; Win64; x64) AppleWebKit/537.36 (KHTML, like Gecko) Chrome/42.0.2311.135 Safari/537.36 Edge/12.246 Mozilla/5.0"
41.217.30.236 - - [27/Jan/2020:10:00:52 -0500] "GET /new/ad/need-a-website/ HTTP/1.1" 200 17179 "-" "Mozilla/5.0 (Linux; Android 8.1.0; DUB-LX1) AppleWebKit/537.36 (KHTML, like Gecko) Chrome/79.0.3945.136 Mobile Safari/537.36"
72.14.199.57 - - [27/Jan/2020:10:00:53 -0500] "GET /new/wp-content/plugins/woocommerce/assets/css/woocommerce.css?ver=3.9.0 HTTP/1.1" 200 8820 "https://www.naijadial.com/new/ad/need-a-website/" "Mozilla/5.0 (Windows NT 10.0; Win64; x64) AppleWebKit/537.36 (KHTML, like Gecko) Chrome/42.0.2311.135 Safari/537.36 Edge/12.246 Mozilla/5.0"
41.217.30.236 - - [27/Jan/2020:10:00:54 -0500] "GET /new/wp-content/plugins/revslider/public/assets/css/rs6.css?ver=6.0.7 HTTP/1.1" 304 - "https://www.naijadial.com/new/ad/need-a-website/" "Mozilla/5.0 (Linux; Android 8.1.0; DUB-LX1) AppleWebKit/537.36 (KHTML, like Gecko) Chrome/79.0.3945.136 Mobile Safari/537.36"
41.217.30.236 - - [27/Jan/2020:10:00:54 -0500] "GET /new/wp-content/uploads/so-css/so-css-listingo.css?ver=1580125388 HTTP/1.1" 200 1018 "https://www.naijadial.com/new/ad/need-a-website/" "Mozilla/5.0 (Linux; Android 8.1.0; DUB-LX1) AppleWebKit/537.36 (KHTML, like Gecko) Chrome/79.0.3945.136 Mobile Safari/537.36"
41.217.30.236 - - [27/Jan/2020:10:00:54 -0500] "GET /new/wp-content/plugins/bbp-style-pack/css/bspstyle.css?ver=4.3.8 HTTP/1.1" 304 - "https://www.naijadial.com/new/ad/need-a-website/" "Mozilla/5.0 (Linux; Android 8.1.0; DUB-LX1) AppleWebKit/537.36 (KHTML, like Gecko) Chrome/79.0.3945.136 Mobile Safari/537.36"
41.217.30.236 - - [27/Jan/2020:10:00:54 -0500] "GET /new/wp-content/plugins/revslider/public/assets/js/rs6.min.js?ver=6.0.7 HTTP/1.1" 304 - "https://www.naijadial.com/new/ad/need-a-website/" "Mozilla/5.0 (Linux; Android 8.1.0; DUB-LX1) AppleWebKit/537.36 (KHTML, like Gecko) Chrome/79.0.3945.136 Mobile Safari/537.36"
41.217.30.236 - - [27/Jan/2020:10:00:54 -0500] "GET /new/wp-content/plugins/revslider/public/assets/js/revolution.tools.min.js?ver=6.0 HTTP/1.1" 304 - "https://www.naijadial.com/new/ad/need-a-website/" "Mozilla/5.0 (Linux; Android 8.1.0; DUB-LX1) AppleWebKit/537.36 (KHTML, like Gecko) Chrome/79.0.3945.136 Mobile Safari/537.36"
72.14.199.57 - - [27/Jan/2020:10:00:54 -0500] "GET /new/wp-content/plugins/woocommerce/assets/css/woocommerce-layout.css?ver=3.9.0 HTTP/1.1" 200 2482 "https://www.naijadial.com/new/ad/need-a-website/" "Mozilla/5.0 (Windows NT 10.0; Win64; x64) AppleWebKit/537.36 (KHTML, like Gecko) Chrome/42.0.2311.135 Safari/537.36 Edge/12.246 Mozilla/5.0"
41.217.30.236 - - [27/Jan/2020:10:01:02 -0500] "GET /new/wp-content/uploads/2020/01/responsive-web-design-480x380.png HTTP/1.1" 304 - "https://www.naijadial.com/new/ad/need-a-website/" "Mozilla/5.0 (Linux; Android 8.1.0; DUB-LX1) AppleWebKit/537.36 (KHTML, like Gecko) Chrome/79.0.3945.136 Mobile Safari/537.36"
41.217.30.236 - - [27/Jan/2020:10:01:03 -0500] "POST /new/?wc-ajax=get_refreshed_fragments HTTP/1.1" 200 210 "https://www.naijadial.com/new/ad/need-a-website/" "Mozilla/5.0 (Linux; Android 8.1.0; DUB-LX1) AppleWebKit/537.36 (KHTML, like Gecko) Chrome/79.0.3945.136 Mobile Safari/537.36"
41.217.30.236 - - [27/Jan/2020:10:01:06 -0500] "GET /favicon.ico HTTP/1.1" 200 - "https://www.naijadial.com/new/ad/need-a-website/" "Mozilla/5.0 (Linux; Android 8.1.0; DUB-LX1) AppleWebKit/537.36 (KHTML, like Gecko) Chrome/79.0.3945.136 Mobile Safari/537.36"
198.54.125.95 - - [27/Jan/2020:10:01:06 -0500] "POST /new/wp-cron.php?doing_wp_cron=1580137266.6227359771728515625000 HTTP/1.1" 200 - "https://www.naijadial.com/new/wp-cron.php?doing_wp_cron=1580137266.6227359771728515625000" "WordPress/5.3.2; https://www.naijadial.com/new"
41.217.30.236 - - [27/Jan/2020:10:01:06 -0500] "GET /new/ad/need-a-website/apple-touch-icon.png HTTP/1.1" 404 54036 "https://www.naijadial.com/new/ad/need-a-website/" "Mozilla/5.0 (Linux; Android 8.1.0; DUB-LX1) AppleWebKit/537.36 (KHTML, like Gecko) Chrome/79.0.3945.136 Mobile Safari/537.36"
198.54.125.95 - - [27/Jan/2020:10:02:23 -0500] "POST /new/wp-cron.php?doing_wp_cron=1580137343.4637799263000488281250 HTTP/1.1" 200 - "https://www.naijadial.com/new/wp-cron.php?doing_wp_cron=1580137343.4637799263000488281250" "WordPress/5.3.2; https://www.naijadial.com/new"
78.159.99.208 - - [27/Jan/2020:10:02:23 -0500] "POST /new/wp-admin/admin-ajax.php HTTP/1.1" 200 47 "https://www.naijadial.com/new/wp-admin/themes.php?page=fw-settings" "Mozilla/5.0 (Windows NT 6.3; Win64; x64) AppleWebKit/537.36 (KHTML, like Gecko) Chrome/79.0.3945.130 Safari/537.36"
198.54.125.95 - - [27/Jan/2020:10:04:29 -0500] "POST /new/wp-cron.php?doing_wp_cron=1580137469.1816689968109130859375 HTTP/1.1" 200 - "https://www.naijadial.com/new/wp-cron.php?doing_wp_cron=1580137469.1816689968109130859375" "WordPress/5.3.2; https://www.naijadial.com/new"
78.159.99.208 - - [27/Jan/2020:10:04:26 -0500] "POST /new/wp-admin/admin-ajax.php HTTP/1.1" 200 47 "https://www.naijadial.com/new/wp-admin/themes.php?page=fw-settings" "Mozilla/5.0 (Windows NT 6.3; Win64; x64) AppleWebKit/537.36 (KHTML, like Gecko) Chrome/79.0.3945.130 Safari/537.36"
114.119.166.130 - - [27/Jan/2020:10:05:22 -0500] "GET /providers-category/general-labour HTTP/1.1" 301 - "-" "Mozilla/5.0(Linux;U;Android 5.1.1;zh-CN;OPPO A33 Build/LMY47V) AppleWebKit/537.36(KHTML,like Gecko) Version/4.0 Chrome/40.0.2214.89 UCBrowser/11.7.0.953 Mobile Safari/537.36"
66.220.149.27 - - [27/Jan/2020:10:06:01 -0500] "GET /files_up/2019/03/NaijaDial-Logo.png HTTP/1.1" 200 7732 "-" "facebookexternalhit/1.1 (+http://www.facebook.com/externalhit_uatext.php)"
198.54.125.95 - - [27/Jan/2020:10:05:50 -0500] "POST /wp-cron.php?doing_wp_cron=1580137550.9288890361785888671875 HTTP/1.1" 200 - "https://www.naijadial.com/wp-cron.php?doing_wp_cron=1580137550.9288890361785888671875" "WordPress/5.3.2; https://www.naijadial.com"
198.54.125.95 - - [27/Jan/2020:10:06:23 -0500] "POST /new/wp-cron.php?doing_wp_cron=1580137583.7880940437316894531250 HTTP/1.1" 200 - "https://www.naijadial.com/new/wp-cron.php?doing_wp_cron=1580137583.7880940437316894531250" "WordPress/5.3.2; https://www.naijadial.com/new"
78.159.99.208 - - [27/Jan/2020:10:06:22 -0500] "POST /new/wp-admin/admin-ajax.php HTTP/1.1" 200 47 "https://www.naijadial.com/new/wp-admin/themes.php?page=fw-settings" "Mozilla/5.0 (Windows NT 6.3; Win64; x64) AppleWebKit/537.36 (KHTML, like Gecko) Chrome/79.0.3945.130 Safari/537.36"
198.54.125.95 - - [27/Jan/2020:10:08:22 -0500] "POST /new/wp-cron.php?doing_wp_cron=1580137702.1413619518280029296875 HTTP/1.1" 200 - "https://www.naijadial.com/new/wp-cron.php?doing_wp_cron=1580137702.1413619518280029296875" "WordPress/5.3.2; https://www.naijadial.com/new"
78.159.99.208 - - [27/Jan/2020:10:08:21 -0500] "POST /new/wp-admin/admin-ajax.php HTTP/1.1" 200 47 "https://www.naijadial.com/new/wp-admin/themes.php?page=fw-settings" "Mozilla/5.0 (Windows NT 6.3; Win64; x64) AppleWebKit/537.36 (KHTML, like Gecko) Chrome/79.0.3945.130 Safari/537.36"
198.54.125.95 - - [27/Jan/2020:10:10:22 -0500] "POST /new/wp-cron.php?doing_wp_cron=1580137822.4682140350341796875000 HTTP/1.1" 200 - "https://www.naijadial.com/new/wp-cron.php?doing_wp_cron=1580137822.4682140350341796875000" "WordPress/5.3.2; https://www.naijadial.com/new"
78.159.99.208 - - [27/Jan/2020:10:10:22 -0500] "POST /new/wp-admin/admin-ajax.php HTTP/1.1" 200 47 "https://www.naijadial.com/new/wp-admin/themes.php?page=fw-settings" "Mozilla/5.0 (Windows NT 6.3; Win64; x64) AppleWebKit/537.36 (KHTML, like Gecko) Chrome/79.0.3945.130 Safari/537.36"
198.54.125.95 - - [27/Jan/2020:10:11:44 -0500] "POST /wp-cron.php?doing_wp_cron=1580137903.9819250106811523437500 HTTP/1.1" 200 - "https://www.naijadial.com/wp-cron.php?doing_wp_cron=1580137903.9819250106811523437500" "WordPress/5.3.2; https://www.naijadial.com"
114.119.138.5 - - [27/Jan/2020:10:11:43 -0500] "GET /providers-category/beverages-company HTTP/1.1" 301 - "-" "Mozilla/5.0(Linux;Android 5.1.1;OPPO A33 Build/LMY47V;wv) AppleWebKit/537.36(KHTML,link Gecko) Version/4.0 Chrome/42.0.2311.138 Mobile Safari/537.36 Mb2345Browser/9.0"
114.119.138.5 - - [27/Jan/2020:10:11:45 -0500] "GET /providers-category/beverages-company/ HTTP/1.1" 200 29885 "-" "Mozilla/5.0(Linux;Android 5.1.1;OPPO A33 Build/LMY47V;wv) AppleWebKit/537.36(KHTML,link Gecko) Version/4.0 Chrome/42.0.2311.138 Mobile Safari/537.36 Mb2345Browser/9.0"
198.54.125.95 - - [27/Jan/2020:10:12:22 -0500] "POST /new/wp-cron.php?doing_wp_cron=1580137942.6684699058532714843750 HTTP/1.1" 200 - "https://www.naijadial.com/new/wp-cron.php?doing_wp_cron=1580137942.6684699058532714843750" "WordPress/5.3.2; https://www.naijadial.com/new"
78.159.99.208 - - [27/Jan/2020:10:12:22 -0500] "POST /new/wp-admin/admin-ajax.php HTTP/1.1" 200 47 "https://www.naijadial.com/new/wp-admin/themes.php?page=fw-settings" "Mozilla/5.0 (Windows NT 6.3; Win64; x64) AppleWebKit/537.36 (KHTML, like Gecko) Chrome/79.0.3945.130 Safari/537.36"
198.54.125.95 - - [27/Jan/2020:10:14:22 -0500] "POST /new/wp-cron.php?doing_wp_cron=1580138062.8736779689788818359375 HTTP/1.1" 200 - "https://www.naijadial.com/new/wp-cron.php?doing_wp_cron=1580138062.8736779689788818359375" "WordPress/5.3.2; https://www.naijadial.com/new"
78.159.99.208 - - [27/Jan/2020:10:14:22 -0500] "POST /new/wp-admin/admin-ajax.php HTTP/1.1" 200 47 "https://www.naijadial.com/new/wp-admin/themes.php?page=fw-settings" "Mozilla/5.0 (Windows NT 6.3; Win64; x64) AppleWebKit/537.36 (KHTML, like Gecko) Chrome/79.0.3945.130 Safari/537.36"
198.54.125.95 - - [27/Jan/2020:10:16:23 -0500] "POST /new/wp-cron.php?doing_wp_cron=1580138183.5015919208526611328125 HTTP/1.1" 200 - "https://www.naijadial.com/new/wp-cron.php?doing_wp_cron=1580138183.5015919208526611328125" "WordPress/5.3.2; https://www.naijadial.com/new"
78.159.99.208 - - [27/Jan/2020:10:16:23 -0500] "POST /new/wp-admin/admin-ajax.php HTTP/1.1" 200 47 "https://www.naijadial.com/new/wp-admin/themes.php?page=fw-settings" "Mozilla/5.0 (Windows NT 6.3; Win64; x64) AppleWebKit/537.36 (KHTML, like Gecko) Chrome/79.0.3945.130 Safari/537.36"
198.54.125.95 - - [27/Jan/2020:10:16:24 -0500] "POST /new/wp-cron.php?doing_wp_cron=1580138184.7901170253753662109375 HTTP/1.1" 200 - "https://www.naijadial.com/new/wp-cron.php?doing_wp_cron=1580138184.7901170253753662109375" "WordPress/5.3.2; https://www.naijadial.com/new"
78.159.99.208 - - [27/Jan/2020:10:16:23 -0500] "GET /new/wp-admin/post.php?post=100&action=edit HTTP/1.1" 200 376036 "https://www.naijadial.com/new/wp-admin/post.php?post=100&action=edit&revision=1797" "Mozilla/5.0 (Windows NT 6.3; Win64; x64) AppleWebKit/537.36 (KHTML, like Gecko) Chrome/79.0.3945.130 Safari/537.36"
78.159.99.208 - - [27/Jan/2020:10:16:28 -0500] "GET /new/?page_id=1808&preview_id=1808&preview_nonce=b235901fee&preview=true HTTP/1.1" 200 20111 "-" "Mozilla/5.0 (Windows NT 6.3; Win64; x64) AppleWebKit/537.36 (KHTML, like Gecko) Chrome/79.0.3945.130 Safari/537.36"
78.159.99.208 - - [27/Jan/2020:10:16:30 -0500] "GET /new/wp-admin/post.php?post=100&action=edit HTTP/1.1" 200 376004 "https://www.naijadial.com/new/wp-admin/post.php?post=100&action=edit" "Mozilla/5.0 (Windows NT 6.3; Win64; x64) AppleWebKit/537.36 (KHTML, like Gecko) Chrome/79.0.3945.130 Safari/537.36"
78.159.99.208 - - [27/Jan/2020:10:17:02 -0500] "GET /new/wp-content/uploads/2020/01/About-Header-150x150.jpg HTTP/1.1" 304 - "https://www.naijadial.com/new/wp-admin/post.php?post=100&action=edit" "Mozilla/5.0 (Windows NT 6.3; Win64; x64) AppleWebKit/537.36 (KHTML, like Gecko) Chrome/79.0.3945.130 Safari/537.36"
78.159.99.208 - - [27/Jan/2020:10:17:05 -0500] "GET /new/wp-content/uploads/brizy/1808/assets/images/iW=5000&iH=any/d03-BG-trees-scaled.jpg HTTP/1.1" 304 - "https://www.naijadial.com/new/?page_id=1808&preview_id=1808&preview_nonce=b235901fee&preview=true" "Mozilla/5.0 (Windows NT 6.3; Win64; x64) AppleWebKit/537.36 (KHTML, like Gecko) Chrome/79.0.3945.130 Safari/537.36"
78.159.99.208 - - [27/Jan/2020:10:17:08 -0500] "GET /new/wp-content/uploads/brizy/1919/assets/icons/basket.txt HTTP/1.1" 200 668 "https://www.naijadial.com/new/?page_id=1808&preview_id=1808&preview_nonce=b235901fee&preview=true" "Mozilla/5.0 (Windows NT 6.3; Win64; x64) AppleWebKit/537.36 (KHTML, like Gecko) Chrome/79.0.3945.130 Safari/537.36"
78.159.99.208 - - [27/Jan/2020:10:17:08 -0500] "GET /new/wp-content/uploads/brizy/1919/assets/icons/apple.txt HTTP/1.1" 200 907 "https://www.naijadial.com/new/?page_id=1808&preview_id=1808&preview_nonce=b235901fee&preview=true" "Mozilla/5.0 (Windows NT 6.3; Win64; x64) AppleWebKit/537.36 (KHTML, like Gecko) Chrome/79.0.3945.130 Safari/537.36"
78.159.99.208 - - [27/Jan/2020:10:17:08 -0500] "GET /new/wp-content/uploads/brizy/1919/assets/icons/pin-3.txt HTTP/1.1" 200 453 "https://www.naijadial.com/new/?page_id=1808&preview_id=1808&preview_nonce=b235901fee&preview=true" "Mozilla/5.0 (Windows NT 6.3; Win64; x64) AppleWebKit/537.36 (KHTML, like Gecko) Chrome/79.0.3945.130 Safari/537.36"
198.54.125.95 - - [27/Jan/2020:10:17:26 -0500] "POST /new/wp-cron.php?doing_wp_cron=1580138246.2203669548034667968750 HTTP/1.1" 200 - "https://www.naijadial.com/new/wp-cron.php?doing_wp_cron=1580138246.2203669548034667968750" "WordPress/5.3.2; https://www.naijadial.com/new"
78.159.99.208 - - [27/Jan/2020:10:17:09 -0500] "POST /new/wp-admin/admin-ajax.php HTTP/1.1" 200 124634 "https://www.naijadial.com/new/wp-admin/post.php?post=100&action=edit" "Mozilla/5.0 (Windows NT 6.3; Win64; x64) AppleWebKit/537.36 (KHTML, like Gecko) Chrome/79.0.3945.130 Safari/537.36"
198.54.125.95 - - [27/Jan/2020:10:17:28 -0500] "POST /new/wp-cron.php?doing_wp_cron=1580138248.0340089797973632812500 HTTP/1.1" 200 - "https://www.naijadial.com/new/wp-cron.php?doing_wp_cron=1580138248.0340089797973632812500" "WordPress/5.3.2; https://www.naijadial.com/new"
78.159.99.208 - - [27/Jan/2020:10:17:10 -0500] "POST /new/wp-admin/admin-ajax.php HTTP/1.1" 200 67 "https://www.naijadial.com/new/wp-admin/post.php?post=100&action=edit" "Mozilla/5.0 (Windows NT 6.3; Win64; x64) AppleWebKit/537.36 (KHTML, like Gecko) Chrome/79.0.3945.130 Safari/537.36"
198.54.125.95 - - [27/Jan/2020:10:17:29 -0500] "POST /new/wp-cron.php?doing_wp_cron=1580138249.1508569717407226562500 HTTP/1.1" 200 - "https://www.naijadial.com/new/wp-cron.php?doing_wp_cron=1580138249.1508569717407226562500" "WordPress/5.3.2; https://www.naijadial.com/new"
78.159.99.208 - - [27/Jan/2020:10:17:10 -0500] "POST /new/wp-admin/admin-ajax.php HTTP/1.1" 200 50566 "https://www.naijadial.com/new/wp-admin/post.php?post=100&action=edit" "Mozilla/5.0 (Windows NT 6.3; Win64; x64) AppleWebKit/537.36 (KHTML, like Gecko) Chrome/79.0.3945.130 Safari/537.36"
78.159.99.208 - - [27/Jan/2020:10:17:30 -0500] "POST /new/wp-admin/admin-ajax.php HTTP/1.1" 200 11495 "https://www.naijadial.com/new/wp-admin/post.php?post=100&action=edit" "Mozilla/5.0 (Windows NT 6.3; Win64; x64) AppleWebKit/537.36 (KHTML, like Gecko) Chrome/79.0.3945.130 Safari/537.36"
78.159.99.208 - - [27/Jan/2020:10:17:15 -0500] "GET /favicon.ico HTTP/1.1" 200 - "https://www.naijadial.com/new/?page_id=1808&preview_id=1808&preview_nonce=b235901fee&preview=true" "Mozilla/5.0 (Windows NT 6.3; Win64; x64) AppleWebKit/537.36 (KHTML, like Gecko) Chrome/79.0.3945.130 Safari/537.36"
