41.217.25.43 - - [28/Jan/2020:02:52:18 -0500] "GET /favicon.ico HTTP/1.1" 200 - "https://www.naijadial.com/new/wp-admin/admin.php?page=duplicator-settings" "Mozilla/5.0 (Windows NT 6.3; Win64; x64) AppleWebKit/537.36 (KHTML, like Gecko) Chrome/79.0.3945.130 Safari/537.36"
198.54.125.95 - - [28/Jan/2020:02:53:20 -0500] "POST /new/wp-cron.php?doing_wp_cron=1580198000.4514749050140380859375 HTTP/1.1" 200 - "https://www.naijadial.com/new/wp-cron.php?doing_wp_cron=1580198000.4514749050140380859375" "WordPress/5.3.2; https://www.naijadial.com/new"
41.217.25.43 - - [28/Jan/2020:02:53:20 -0500] "POST /new/wp-admin/admin-ajax.php HTTP/1.1" 200 47 "https://www.naijadial.com/new/wp-admin/admin.php?page=duplicator-settings" "Mozilla/5.0 (Windows NT 6.3; Win64; x64) AppleWebKit/537.36 (KHTML, like Gecko) Chrome/79.0.3945.130 Safari/537.36"
41.217.25.43 - - [28/Jan/2020:02:53:20 -0500] "POST /new/wp-admin/admin-ajax.php HTTP/1.1" 200 47 "https://www.naijadial.com/new/wp-admin/plugin-install.php?tab=popular" "Mozilla/5.0 (Windows NT 6.3; Win64; x64) AppleWebKit/537.36 (KHTML, like Gecko) Chrome/79.0.3945.130 Safari/537.36"
41.217.25.43 - - [28/Jan/2020:02:53:58 -0500] "POST /new/wp-admin/admin-ajax.php HTTP/1.1" 200 47 "https://www.naijadial.com/new/wp-admin/plugins.php?plugin_status=all&paged=1&s" "Mozilla/5.0 (Windows NT 6.3; Win64; x64) AppleWebKit/537.36 (KHTML, like Gecko) Chrome/79.0.3945.130 Safari/537.36"
198.54.125.95 - - [28/Jan/2020:03:02:19 -0500] "POST /new/wp-cron.php?doing_wp_cron=1580198539.1081969738006591796875 HTTP/1.1" 200 - "https://www.naijadial.com/new/wp-cron.php?doing_wp_cron=1580198539.1081969738006591796875" "WordPress/5.3.2; https://www.naijadial.com/new"
41.217.25.43 - - [28/Jan/2020:03:02:18 -0500] "POST /new/wp-admin/admin-ajax.php HTTP/1.1" 200 47 "https://www.naijadial.com/new/wp-admin/admin.php?page=duplicator-settings" "Mozilla/5.0 (Windows NT 6.3; Win64; x64) AppleWebKit/537.36 (KHTML, like Gecko) Chrome/79.0.3945.130 Safari/537.36"
198.54.125.95 - - [28/Jan/2020:03:02:28 -0500] "POST /wp-cron.php?doing_wp_cron=1580198548.0081670284271240234375 HTTP/1.1" 200 - "https://www.naijadial.com/wp-cron.php?doing_wp_cron=1580198548.0081670284271240234375" "WordPress/5.3.2; https://www.naijadial.com"
54.36.149.23 - - [28/Jan/2020:03:02:26 -0500] "GET /providers-category/graphic-designer/ HTTP/1.1" 200 30155 "-" "Mozilla/5.0 (compatible; AhrefsBot/6.1; +http://ahrefs.com/robot/)"
198.54.125.95 - - [28/Jan/2020:03:03:21 -0500] "POST /new/wp-cron.php?doing_wp_cron=1580198601.7348709106445312500000 HTTP/1.1" 200 - "https://www.naijadial.com/new/wp-cron.php?doing_wp_cron=1580198601.7348709106445312500000" "WordPress/5.3.2; https://www.naijadial.com/new"
41.217.25.43 - - [28/Jan/2020:03:03:21 -0500] "POST /new/wp-admin/admin-ajax.php HTTP/1.1" 200 47 "https://www.naijadial.com/new/wp-admin/admin.php?page=duplicator-settings" "Mozilla/5.0 (Windows NT 6.3; Win64; x64) AppleWebKit/537.36 (KHTML, like Gecko) Chrome/79.0.3945.130 Safari/537.36"
198.54.125.95 - - [28/Jan/2020:03:04:20 -0500] "POST /new/wp-cron.php?doing_wp_cron=1580198660.1733300685882568359375 HTTP/1.1" 200 - "https://www.naijadial.com/new/wp-cron.php?doing_wp_cron=1580198660.1733300685882568359375" "WordPress/5.3.2; https://www.naijadial.com/new"
41.217.25.43 - - [28/Jan/2020:03:04:20 -0500] "POST /new/wp-admin/admin-ajax.php HTTP/1.1" 200 47 "https://www.naijadial.com/new/wp-admin/admin.php?page=duplicator-settings" "Mozilla/5.0 (Windows NT 6.3; Win64; x64) AppleWebKit/537.36 (KHTML, like Gecko) Chrome/79.0.3945.130 Safari/537.36"
198.54.125.95 - - [28/Jan/2020:03:05:20 -0500] "POST /new/wp-cron.php?doing_wp_cron=1580198719.9933309555053710937500 HTTP/1.1" 200 - "https://www.naijadial.com/new/wp-cron.php?doing_wp_cron=1580198719.9933309555053710937500" "WordPress/5.3.2; https://www.naijadial.com/new"
41.217.25.43 - - [28/Jan/2020:03:05:19 -0500] "POST /new/wp-admin/admin-ajax.php HTTP/1.1" 200 47 "https://www.naijadial.com/new/wp-admin/admin.php?page=duplicator-settings" "Mozilla/5.0 (Windows NT 6.3; Win64; x64) AppleWebKit/537.36 (KHTML, like Gecko) Chrome/79.0.3945.130 Safari/537.36"
198.54.125.95 - - [28/Jan/2020:03:07:19 -0500] "POST /new/wp-cron.php?doing_wp_cron=1580198839.2476830482482910156250 HTTP/1.1" 200 - "https://www.naijadial.com/new/wp-cron.php?doing_wp_cron=1580198839.2476830482482910156250" "WordPress/5.3.2; https://www.naijadial.com/new"
41.217.25.43 - - [28/Jan/2020:03:07:19 -0500] "POST /new/wp-admin/admin-ajax.php HTTP/1.1" 200 47 "https://www.naijadial.com/new/wp-admin/admin.php?page=duplicator-settings" "Mozilla/5.0 (Windows NT 6.3; Win64; x64) AppleWebKit/537.36 (KHTML, like Gecko) Chrome/79.0.3945.130 Safari/537.36"
198.54.125.95 - - [28/Jan/2020:03:08:20 -0500] "POST /new/wp-cron.php?doing_wp_cron=1580198900.6186940670013427734375 HTTP/1.1" 200 - "https://www.naijadial.com/new/wp-cron.php?doing_wp_cron=1580198900.6186940670013427734375" "WordPress/5.3.2; https://www.naijadial.com/new"
41.217.25.43 - - [28/Jan/2020:03:08:20 -0500] "POST /new/wp-admin/admin-ajax.php HTTP/1.1" 200 47 "https://www.naijadial.com/new/wp-admin/admin.php?page=duplicator-settings" "Mozilla/5.0 (Windows NT 6.3; Win64; x64) AppleWebKit/537.36 (KHTML, like Gecko) Chrome/79.0.3945.130 Safari/537.36"
198.54.125.95 - - [28/Jan/2020:03:08:57 -0500] "POST /wp-cron.php?doing_wp_cron=1580198937.4431149959564208984375 HTTP/1.1" 200 - "https://www.naijadial.com/wp-cron.php?doing_wp_cron=1580198937.4431149959564208984375" "WordPress/5.3.2; https://www.naijadial.com"
54.36.150.74 - - [28/Jan/2020:03:08:55 -0500] "GET /providers-category/fumigation/feed/ HTTP/1.1" 200 523 "-" "Mozilla/5.0 (compatible; AhrefsBot/6.1; +http://ahrefs.com/robot/)"
198.54.125.95 - - [28/Jan/2020:03:09:19 -0500] "POST /new/wp-cron.php?doing_wp_cron=1580198959.3261051177978515625000 HTTP/1.1" 200 - "https://www.naijadial.com/new/wp-cron.php?doing_wp_cron=1580198959.3261051177978515625000" "WordPress/5.3.2; https://www.naijadial.com/new"
41.217.25.43 - - [28/Jan/2020:03:09:19 -0500] "POST /new/wp-admin/admin-ajax.php HTTP/1.1" 200 47 "https://www.naijadial.com/new/wp-admin/admin.php?page=duplicator-settings" "Mozilla/5.0 (Windows NT 6.3; Win64; x64) AppleWebKit/537.36 (KHTML, like Gecko) Chrome/79.0.3945.130 Safari/537.36"
198.54.125.95 - - [28/Jan/2020:03:10:19 -0500] "POST /new/wp-cron.php?doing_wp_cron=1580199019.1935460567474365234375 HTTP/1.1" 200 - "https://www.naijadial.com/new/wp-cron.php?doing_wp_cron=1580199019.1935460567474365234375" "WordPress/5.3.2; https://www.naijadial.com/new"
41.217.25.43 - - [28/Jan/2020:03:10:19 -0500] "POST /new/wp-admin/admin-ajax.php HTTP/1.1" 200 47 "https://www.naijadial.com/new/wp-admin/admin.php?page=duplicator-settings" "Mozilla/5.0 (Windows NT 6.3; Win64; x64) AppleWebKit/537.36 (KHTML, like Gecko) Chrome/79.0.3945.130 Safari/537.36"
41.217.25.43 - - [28/Jan/2020:03:10:31 -0500] "GET /new/wp-admin/admin.php?page=duplicator-settings HTTP/1.1" 200 45163 "https://www.naijadial.com/new/wp-admin/admin.php?page=duplicator&tab=new1&_wpnonce=4baf2d9174" "Mozilla/5.0 (Windows NT 6.3; Win64; x64) AppleWebKit/537.36 (KHTML, like Gecko) Chrome/79.0.3945.130 Safari/537.36"
41.217.25.43 - - [28/Jan/2020:03:10:33 -0500] "GET /new/wp-content/plugins/duplicator/assets/css/global_admin_style.css?ver=1.3.24 HTTP/1.1" 304 - "https://www.naijadial.com/new/wp-admin/admin.php?page=duplicator-settings" "Mozilla/5.0 (Windows NT 6.3; Win64; x64) AppleWebKit/537.36 (KHTML, like Gecko) Chrome/79.0.3945.130 Safari/537.36"
41.217.25.43 - - [28/Jan/2020:03:10:34 -0500] "GET /new/wp-content/plugins/duplicator/assets/js/jquery.qtip/jquery.qtip.min.js?ver=2.2.1 HTTP/1.1" 304 - "https://www.naijadial.com/new/wp-admin/admin.php?page=duplicator-settings" "Mozilla/5.0 (Windows NT 6.3; Win64; x64) AppleWebKit/537.36 (KHTML, like Gecko) Chrome/79.0.3945.130 Safari/537.36"
41.217.25.43 - - [28/Jan/2020:03:10:34 -0500] "GET /new/wp-content/plugins/duplicator/assets/js/parsley.min.js?ver=1.1.18 HTTP/1.1" 304 - "https://www.naijadial.com/new/wp-admin/admin.php?page=duplicator-settings" "Mozilla/5.0 (Windows NT 6.3; Win64; x64) AppleWebKit/537.36 (KHTML, like Gecko) Chrome/79.0.3945.130 Safari/537.36"
41.217.25.43 - - [28/Jan/2020:03:10:34 -0500] "GET /new/wp-content/plugins/duplicator/assets/css/style.css?ver=1.3.24 HTTP/1.1" 304 - "https://www.naijadial.com/new/wp-admin/admin.php?page=duplicator-settings" "Mozilla/5.0 (Windows NT 6.3; Win64; x64) AppleWebKit/537.36 (KHTML, like Gecko) Chrome/79.0.3945.130 Safari/537.36"
41.217.25.43 - - [28/Jan/2020:03:10:34 -0500] "GET /new/wp-content/plugins/duplicator/assets/css/fontawesome-all.min.css?ver=5.7.2 HTTP/1.1" 304 - "https://www.naijadial.com/new/wp-admin/admin.php?page=duplicator-settings" "Mozilla/5.0 (Windows NT 6.3; Win64; x64) AppleWebKit/537.36 (KHTML, like Gecko) Chrome/79.0.3945.130 Safari/537.36"
41.217.25.43 - - [28/Jan/2020:03:10:34 -0500] "GET /new/wp-content/plugins/duplicator/assets/js/jquery.qtip/jquery.qtip.min.css?ver=2.2.1 HTTP/1.1" 304 - "https://www.naijadial.com/new/wp-admin/admin.php?page=duplicator-settings" "Mozilla/5.0 (Windows NT 6.3; Win64; x64) AppleWebKit/537.36 (KHTML, like Gecko) Chrome/79.0.3945.130 Safari/537.36"
41.217.25.43 - - [28/Jan/2020:03:10:34 -0500] "GET /new/wp-content/plugins/duplicator/assets/css/jquery-ui.css?ver=1.11.2 HTTP/1.1" 304 - "https://www.naijadial.com/new/wp-admin/admin.php?page=duplicator-settings" "Mozilla/5.0 (Windows NT 6.3; Win64; x64) AppleWebKit/537.36 (KHTML, like Gecko) Chrome/79.0.3945.130 Safari/537.36"
41.217.25.43 - - [28/Jan/2020:03:10:35 -0500] "GET /new/wp-content/plugins/wp-smushit/app/assets/js/smush-media.min.js?ver=3.4.2 HTTP/1.1" 304 - "https://www.naijadial.com/new/wp-admin/admin.php?page=duplicator-settings" "Mozilla/5.0 (Windows NT 6.3; Win64; x64) AppleWebKit/537.36 (KHTML, like Gecko) Chrome/79.0.3945.130 Safari/537.36"
41.217.25.43 - - [28/Jan/2020:03:10:35 -0500] "GET /new/wp-content/plugins/duplicator/assets/webfonts/fa-solid-900.woff2 HTTP/1.1" 304 - "https://www.naijadial.com/new/wp-content/plugins/duplicator/assets/css/fontawesome-all.min.css?ver=5.7.2" "Mozilla/5.0 (Windows NT 6.3; Win64; x64) AppleWebKit/537.36 (KHTML, like Gecko) Chrome/79.0.3945.130 Safari/537.36"
41.217.25.43 - - [28/Jan/2020:03:10:37 -0500] "GET /favicon.ico HTTP/1.1" 200 - "https://www.naijadial.com/new/wp-admin/admin.php?page=duplicator-settings" "Mozilla/5.0 (Windows NT 6.3; Win64; x64) AppleWebKit/537.36 (KHTML, like Gecko) Chrome/79.0.3945.130 Safari/537.36"
198.54.125.95 - - [28/Jan/2020:03:11:26 -0500] "POST /new/wp-cron.php?doing_wp_cron=1580199086.8650488853454589843750 HTTP/1.1" 200 - "https://www.naijadial.com/new/wp-cron.php?doing_wp_cron=1580199086.8650488853454589843750" "WordPress/5.3.2; https://www.naijadial.com/new"
41.217.25.43 - - [28/Jan/2020:03:11:26 -0500] "GET /new/wp-admin/plugins.php HTTP/1.1" 200 50792 "https://www.naijadial.com/new/wp-admin/admin.php?page=duplicator-settings" "Mozilla/5.0 (Windows NT 6.3; Win64; x64) AppleWebKit/537.36 (KHTML, like Gecko) Chrome/79.0.3945.130 Safari/537.36"
41.217.25.43 - - [28/Jan/2020:03:11:31 -0500] "GET /new/wp-json/wp/v2/ HTTP/1.1" 200 107534 "https://www.naijadial.com/new/wp-admin/plugins.php" "Mozilla/5.0 (Windows NT 6.3; Win64; x64) AppleWebKit/537.36 (KHTML, like Gecko) Chrome/79.0.3945.130 Safari/537.36"
41.217.25.43 - - [28/Jan/2020:03:11:31 -0500] "GET /favicon.ico HTTP/1.1" 200 - "https://www.naijadial.com/new/wp-admin/plugins.php" "Mozilla/5.0 (Windows NT 6.3; Win64; x64) AppleWebKit/537.36 (KHTML, like Gecko) Chrome/79.0.3945.130 Safari/537.36"
41.217.25.43 - - [28/Jan/2020:03:11:36 -0500] "POST /new/wp-admin/admin-ajax.php HTTP/1.1" 200 47 "https://www.naijadial.com/new/wp-admin/admin.php?page=duplicator-settings" "Mozilla/5.0 (Windows NT 6.3; Win64; x64) AppleWebKit/537.36 (KHTML, like Gecko) Chrome/79.0.3945.130 Safari/537.36"
41.217.25.43 - - [28/Jan/2020:03:11:39 -0500] "GET /new/wp-admin/plugins.php?action=deactivate&plugin=wp-smushit%2Fwp-smush.php&plugin_status=all&paged=1&s&_wpnonce=2edc7a194b HTTP/1.1" 302 - "https://www.naijadial.com/new/wp-admin/plugins.php" "Mozilla/5.0 (Windows NT 6.3; Win64; x64) AppleWebKit/537.36 (KHTML, like Gecko) Chrome/79.0.3945.130 Safari/537.36"
41.217.25.43 - - [28/Jan/2020:03:11:40 -0500] "GET /new/wp-admin/plugins.php?deactivate=true&plugin_status=all&paged=1&s= HTTP/1.1" 200 49418 "https://www.naijadial.com/new/wp-admin/plugins.php" "Mozilla/5.0 (Windows NT 6.3; Win64; x64) AppleWebKit/537.36 (KHTML, like Gecko) Chrome/79.0.3945.130 Safari/537.36"
41.217.25.43 - - [28/Jan/2020:03:11:42 -0500] "GET /favicon.ico HTTP/1.1" 200 - "https://www.naijadial.com/new/wp-admin/plugins.php?plugin_status=all&paged=1&s" "Mozilla/5.0 (Windows NT 6.3; Win64; x64) AppleWebKit/537.36 (KHTML, like Gecko) Chrome/79.0.3945.130 Safari/537.36"
41.217.25.43 - - [28/Jan/2020:03:11:48 -0500] "POST /new/wp-admin/admin-ajax.php HTTP/1.1" 200 120 "https://www.naijadial.com/new/wp-admin/plugins.php?plugin_status=all&paged=1&s" "Mozilla/5.0 (Windows NT 6.3; Win64; x64) AppleWebKit/537.36 (KHTML, like Gecko) Chrome/79.0.3945.130 Safari/537.36"
198.54.125.95 - - [28/Jan/2020:03:11:49 -0500] "POST /wp-cron.php?doing_wp_cron=1580199109.8958449363708496093750 HTTP/1.1" 200 - "https://www.naijadial.com/wp-cron.php?doing_wp_cron=1580199109.8958449363708496093750" "WordPress/5.3.2; https://www.naijadial.com"
114.119.130.127 - - [28/Jan/2020:03:11:49 -0500] "GET /providers-category/fashion HTTP/1.1" 301 - "-" "Mozilla/5.0(Linux;Android 5.1.1;OPPO A33 Build/LMY47V;wv) AppleWebKit/537.36(KHTML,link Gecko) Version/4.0 Chrome/43.0.2357.121 Mobile Safari/537.36 LieBaoFast/4.51.3"
114.119.130.127 - - [28/Jan/2020:03:11:51 -0500] "GET /providers-category/fashion/ HTTP/1.1" 200 30425 "-" "Mozilla/5.0(Linux;Android 5.1.1;OPPO A33 Build/LMY47V;wv) AppleWebKit/537.36(KHTML,link Gecko) Version/4.0 Chrome/43.0.2357.121 Mobile Safari/537.36 LieBaoFast/4.51.3"
198.54.125.95 - - [28/Jan/2020:03:12:12 -0500] "POST /new/wp-cron.php?doing_wp_cron=1580199132.7133960723876953125000 HTTP/1.1" 200 - "https://www.naijadial.com/new/wp-cron.php?doing_wp_cron=1580199132.7133960723876953125000" "WordPress/5.3.2; https://www.naijadial.com/new"
41.217.25.43 - - [28/Jan/2020:03:12:12 -0500] "GET /new/wp-admin/admin.php?page=duplicator-settings HTTP/1.1" 200 43634 "https://www.naijadial.com/new/wp-admin/plugins.php?plugin_status=all&paged=1&s" "Mozilla/5.0 (Windows NT 6.3; Win64; x64) AppleWebKit/537.36 (KHTML, like Gecko) Chrome/79.0.3945.130 Safari/537.36"
41.217.25.43 - - [28/Jan/2020:03:12:17 -0500] "GET /favicon.ico HTTP/1.1" 200 - "https://www.naijadial.com/new/wp-admin/admin.php?page=duplicator-settings" "Mozilla/5.0 (Windows NT 6.3; Win64; x64) AppleWebKit/537.36 (KHTML, like Gecko) Chrome/79.0.3945.130 Safari/537.36"
41.217.25.43 - - [28/Jan/2020:03:12:28 -0500] "GET /new/wp-admin/admin.php?page=duplicator HTTP/1.1" 200 46705 "https://www.naijadial.com/new/wp-admin/admin.php?page=duplicator-settings" "Mozilla/5.0 (Windows NT 6.3; Win64; x64) AppleWebKit/537.36 (KHTML, like Gecko) Chrome/79.0.3945.130 Safari/537.36"
41.217.25.43 - - [28/Jan/2020:03:12:31 -0500] "GET /favicon.ico HTTP/1.1" 200 - "https://www.naijadial.com/new/wp-admin/admin.php?page=duplicator" "Mozilla/5.0 (Windows NT 6.3; Win64; x64) AppleWebKit/537.36 (KHTML, like Gecko) Chrome/79.0.3945.130 Safari/537.36"
41.217.25.43 - - [28/Jan/2020:03:12:34 -0500] "POST /new/wp-admin/admin-ajax.php HTTP/1.1" 200 103 "https://www.naijadial.com/new/wp-admin/admin.php?page=duplicator" "Mozilla/5.0 (Windows NT 6.3; Win64; x64) AppleWebKit/537.36 (KHTML, like Gecko) Chrome/79.0.3945.130 Safari/537.36"
41.217.25.43 - - [28/Jan/2020:03:12:35 -0500] "GET /new/wp-admin/admin.php?page=duplicator&tab=new1&_wpnonce=4baf2d9174 HTTP/1.1" 200 52252 "https://www.naijadial.com/new/wp-admin/admin.php?page=duplicator" "Mozilla/5.0 (Windows NT 6.3; Win64; x64) AppleWebKit/537.36 (KHTML, like Gecko) Chrome/79.0.3945.130 Safari/537.36"
41.217.25.43 - - [28/Jan/2020:03:12:37 -0500] "GET /new/wp-content/plugins/duplicator/assets/img/amazon-64.png HTTP/1.1" 304 - "https://www.naijadial.com/new/wp-admin/admin.php?page=duplicator&tab=new1&_wpnonce=4baf2d9174" "Mozilla/5.0 (Windows NT 6.3; Win64; x64) AppleWebKit/537.36 (KHTML, like Gecko) Chrome/79.0.3945.130 Safari/537.36"
198.54.125.95 - - [28/Jan/2020:03:15:01 -0500] "POST /new/wp-cron.php?doing_wp_cron=1580199301.1457469463348388671875 HTTP/1.1" 200 - "https://www.naijadial.com/new/wp-cron.php?doing_wp_cron=1580199301.1457469463348388671875" "WordPress/5.3.2; https://www.naijadial.com/new"
41.217.25.43 - - [28/Jan/2020:03:14:41 -0500] "POST /new/wp-admin/admin-ajax.php HTTP/1.1" 200 47 "https://www.naijadial.com/new/wp-admin/admin.php?page=duplicator&tab=new1&_wpnonce=4baf2d9174" "Mozilla/5.0 (Windows NT 6.3; Win64; x64) AppleWebKit/537.36 (KHTML, like Gecko) Chrome/79.0.3945.130 Safari/537.36"
41.217.25.43 - - [28/Jan/2020:03:14:45 -0500] "POST /new/wp-admin/admin-ajax.php HTTP/1.1" 200 47 "https://www.naijadial.com/new/wp-admin/" "Mozilla/5.0 (Windows NT 6.3; Win64; x64) AppleWebKit/537.36 (KHTML, like Gecko) Chrome/79.0.3945.130 Safari/537.36"
198.54.125.95 - - [28/Jan/2020:03:15:05 -0500] "POST /new/wp-cron.php?doing_wp_cron=1580199305.0738260746002197265625 HTTP/1.1" 200 - "https://www.naijadial.com/new/wp-cron.php?doing_wp_cron=1580199305.0738260746002197265625" "WordPress/5.3.2; https://www.naijadial.com/new"
41.217.25.43 - - [28/Jan/2020:03:14:48 -0500] "GET /new/ HTTP/1.1" 200 23799 "https://www.naijadial.com/new/wp-admin/" "Mozilla/5.0 (Windows NT 6.3; Win64; x64) AppleWebKit/537.36 (KHTML, like Gecko) Chrome/79.0.3945.130 Safari/537.36"
41.217.25.43 - - [28/Jan/2020:03:15:07 -0500] "GET /new/wp-content/plugins/gd-bbpress-toolbox/templates/default/css/widgets.min.css?ver=5.2.1.712 HTTP/1.1" 304 - "https://www.naijadial.com/new/" "Mozilla/5.0 (Windows NT 6.3; Win64; x64) AppleWebKit/537.36 (KHTML, like Gecko) Chrome/79.0.3945.130 Safari/537.36"
41.217.25.43 - - [28/Jan/2020:03:15:07 -0500] "GET /new/wp-content/plugins/bbp-style-pack/css/bspstyle.css?ver=4.3.8 HTTP/1.1" 304 - "https://www.naijadial.com/new/" "Mozilla/5.0 (Windows NT 6.3; Win64; x64) AppleWebKit/537.36 (KHTML, like Gecko) Chrome/79.0.3945.130 Safari/537.36"
41.217.25.43 - - [28/Jan/2020:03:15:07 -0500] "GET /new/wp-content/plugins/revslider/public/assets/css/rs6.css?ver=6.0.7 HTTP/1.1" 304 - "https://www.naijadial.com/new/" "Mozilla/5.0 (Windows NT 6.3; Win64; x64) AppleWebKit/537.36 (KHTML, like Gecko) Chrome/79.0.3945.130 Safari/537.36"
41.217.25.43 - - [28/Jan/2020:03:15:08 -0500] "GET /new/wp-content/plugins/revslider/public/assets/js/revolution.tools.min.js?ver=6.0 HTTP/1.1" 304 - "https://www.naijadial.com/new/" "Mozilla/5.0 (Windows NT 6.3; Win64; x64) AppleWebKit/537.36 (KHTML, like Gecko) Chrome/79.0.3945.130 Safari/537.36"
41.217.25.43 - - [28/Jan/2020:03:15:08 -0500] "GET /new/wp-content/plugins/revslider/public/assets/js/rs6.min.js?ver=6.0.7 HTTP/1.1" 304 - "https://www.naijadial.com/new/" "Mozilla/5.0 (Windows NT 6.3; Win64; x64) AppleWebKit/537.36 (KHTML, like Gecko) Chrome/79.0.3945.130 Safari/537.36"
41.217.25.43 - - [28/Jan/2020:03:15:09 -0500] "GET /new/wp-content/uploads/so-css/so-css-listingo.css?ver=1580144791 HTTP/1.1" 304 - "https://www.naijadial.com/new/" "Mozilla/5.0 (Windows NT 6.3; Win64; x64) AppleWebKit/537.36 (KHTML, like Gecko) Chrome/79.0.3945.130 Safari/537.36"
41.217.25.43 - - [28/Jan/2020:03:15:11 -0500] "GET /new/wp-content/uploads/2020/01/banner.png HTTP/1.1" 304 - "https://www.naijadial.com/new/" "Mozilla/5.0 (Windows NT 6.3; Win64; x64) AppleWebKit/537.36 (KHTML, like Gecko) Chrome/79.0.3945.130 Safari/537.36"
41.217.25.43 - - [28/Jan/2020:03:15:11 -0500] "POST /new/?wc-ajax=get_refreshed_fragments HTTP/1.1" 200 2611 "https://www.naijadial.com/new/" "Mozilla/5.0 (Windows NT 6.3; Win64; x64) AppleWebKit/537.36 (KHTML, like Gecko) Chrome/79.0.3945.130 Safari/537.36"
41.217.25.43 - - [28/Jan/2020:03:15:12 -0500] "GET /new/wp-content/uploads/2020/01/Matican-Logo-92x92.png HTTP/1.1" 304 - "https://www.naijadial.com/new/" "Mozilla/5.0 (Windows NT 6.3; Win64; x64) AppleWebKit/537.36 (KHTML, like Gecko) Chrome/79.0.3945.130 Safari/537.36"
41.217.25.43 - - [28/Jan/2020:03:15:12 -0500] "GET /new/wp-content/uploads/2020/01/AD9A00BE-8900-4C53-ADB7-61EE702F7D79-92x92.jpeg HTTP/1.1" 304 - "https://www.naijadial.com/new/" "Mozilla/5.0 (Windows NT 6.3; Win64; x64) AppleWebKit/537.36 (KHTML, like Gecko) Chrome/79.0.3945.130 Safari/537.36"
41.217.25.43 - - [28/Jan/2020:03:15:12 -0500] "GET /new/wp-content/uploads/2020/01/IMG_20191204_181816_061-275x152.jpg HTTP/1.1" 304 - "https://www.naijadial.com/new/" "Mozilla/5.0 (Windows NT 6.3; Win64; x64) AppleWebKit/537.36 (KHTML, like Gecko) Chrome/79.0.3945.130 Safari/537.36"
41.217.25.43 - - [28/Jan/2020:03:15:12 -0500] "GET /new/wp-content/uploads/2020/01/IMG_20200112_211013-92x92.jpg HTTP/1.1" 304 - "https://www.naijadial.com/new/" "Mozilla/5.0 (Windows NT 6.3; Win64; x64) AppleWebKit/537.36 (KHTML, like Gecko) Chrome/79.0.3945.130 Safari/537.36"
41.217.25.43 - - [28/Jan/2020:03:15:12 -0500] "GET /new/wp-content/uploads/2020/01/responsive-web-design-360x240.png HTTP/1.1" 304 - "https://www.naijadial.com/new/" "Mozilla/5.0 (Windows NT 6.3; Win64; x64) AppleWebKit/537.36 (KHTML, like Gecko) Chrome/79.0.3945.130 Safari/537.36"
41.217.25.43 - - [28/Jan/2020:03:15:12 -0500] "GET /new/wp-content/uploads/2020/01/NaijaDial-Logo.png HTTP/1.1" 304 - "https://www.naijadial.com/new/" "Mozilla/5.0 (Windows NT 6.3; Win64; x64) AppleWebKit/537.36 (KHTML, like Gecko) Chrome/79.0.3945.130 Safari/537.36"
41.217.25.43 - - [28/Jan/2020:03:15:13 -0500] "GET /new/wp-content/uploads/2020/01/105245014_megaphone_976alamy.jpg HTTP/1.1" 304 - "https://www.naijadial.com/new/" "Mozilla/5.0 (Windows NT 6.3; Win64; x64) AppleWebKit/537.36 (KHTML, like Gecko) Chrome/79.0.3945.130 Safari/537.36"
41.217.25.43 - - [28/Jan/2020:03:15:14 -0500] "GET /favicon.ico HTTP/1.1" 200 - "https://www.naijadial.com/new/" "Mozilla/5.0 (Windows NT 6.3; Win64; x64) AppleWebKit/537.36 (KHTML, like Gecko) Chrome/79.0.3945.130 Safari/537.36"
41.217.25.43 - - [28/Jan/2020:03:15:37 -0500] "POST /new/wp-admin/admin-ajax.php HTTP/1.1" 200 47 "https://www.naijadial.com/new/wp-admin/admin.php?page=duplicator-settings" "Mozilla/5.0 (Windows NT 6.3; Win64; x64) AppleWebKit/537.36 (KHTML, like Gecko) Chrome/79.0.3945.130 Safari/537.36"
41.217.25.43 - - [28/Jan/2020:03:15:57 -0500] "POST /new/wp-admin/admin-ajax.php HTTP/1.1" 200 47 "https://www.naijadial.com/new/wp-admin/admin.php?page=duplicator&tab=new1&_wpnonce=4baf2d9174" "Mozilla/5.0 (Windows NT 6.3; Win64; x64) AppleWebKit/537.36 (KHTML, like Gecko) Chrome/79.0.3945.130 Safari/537.36"
198.54.125.95 - - [28/Jan/2020:03:16:38 -0500] "POST /new/wp-cron.php?doing_wp_cron=1580199398.9379260540008544921875 HTTP/1.1" 200 - "https://www.naijadial.com/new/wp-cron.php?doing_wp_cron=1580199398.9379260540008544921875" "WordPress/5.3.2; https://www.naijadial.com/new"
41.217.25.43 - - [28/Jan/2020:03:16:38 -0500] "POST /new/wp-admin/admin-ajax.php HTTP/1.1" 200 47 "https://www.naijadial.com/new/wp-admin/plugins.php?plugin_status=all&paged=1&s" "Mozilla/5.0 (Windows NT 6.3; Win64; x64) AppleWebKit/537.36 (KHTML, like Gecko) Chrome/79.0.3945.130 Safari/537.36"
198.54.125.95 - - [28/Jan/2020:03:16:39 -0500] "POST /new/wp-cron.php?doing_wp_cron=1580199399.6823129653930664062500 HTTP/1.1" 200 - "https://www.naijadial.com/new/wp-cron.php?doing_wp_cron=1580199399.6823129653930664062500" "WordPress/5.3.2; https://www.naijadial.com/new"
41.217.25.43 - - [28/Jan/2020:03:16:38 -0500] "POST /new/wp-admin/admin-ajax.php HTTP/1.1" 200 47 "https://www.naijadial.com/new/wp-admin/admin.php?page=duplicator-settings" "Mozilla/5.0 (Windows NT 6.3; Win64; x64) AppleWebKit/537.36 (KHTML, like Gecko) Chrome/79.0.3945.130 Safari/537.36"
41.217.25.43 - - [28/Jan/2020:03:16:45 -0500] "POST /new/wp-admin/admin-ajax.php HTTP/1.1" 200 47 "https://www.naijadial.com/new/wp-admin/" "Mozilla/5.0 (Windows NT 6.3; Win64; x64) AppleWebKit/537.36 (KHTML, like Gecko) Chrome/79.0.3945.130 Safari/537.36"
41.217.25.43 - - [28/Jan/2020:03:16:57 -0500] "POST /new/wp-admin/admin-ajax.php HTTP/1.1" 200 47 "https://www.naijadial.com/new/wp-admin/admin.php?page=duplicator&tab=new1&_wpnonce=4baf2d9174" "Mozilla/5.0 (Windows NT 6.3; Win64; x64) AppleWebKit/537.36 (KHTML, like Gecko) Chrome/79.0.3945.130 Safari/537.36"
198.54.125.95 - - [28/Jan/2020:03:17:58 -0500] "POST /new/wp-cron.php?doing_wp_cron=1580199478.6432070732116699218750 HTTP/1.1" 200 - "https://www.naijadial.com/new/wp-cron.php?doing_wp_cron=1580199478.6432070732116699218750" "WordPress/5.3.2; https://www.naijadial.com/new"
41.217.25.43 - - [28/Jan/2020:03:17:58 -0500] "POST /new/wp-admin/admin-ajax.php HTTP/1.1" 200 47 "https://www.naijadial.com/new/wp-admin/admin.php?page=duplicator&tab=new1&_wpnonce=4baf2d9174" "Mozilla/5.0 (Windows NT 6.3; Win64; x64) AppleWebKit/537.36 (KHTML, like Gecko) Chrome/79.0.3945.130 Safari/537.36"
198.54.125.95 - - [28/Jan/2020:03:18:07 -0500] "POST /new/wp-cron.php?doing_wp_cron=1580199487.8601150512695312500000 HTTP/1.1" 200 - "https://www.naijadial.com/new/wp-cron.php?doing_wp_cron=1580199487.8601150512695312500000" "WordPress/5.3.2; https://www.naijadial.com/new"
41.217.25.43 - - [28/Jan/2020:03:18:07 -0500] "POST /new/wp-admin/admin.php?page=duplicator&tab=new2&retry=0&_wpnonce=9d1e26b4d8 HTTP/1.1" 200 57490 "https://www.naijadial.com/new/wp-admin/admin.php?page=duplicator&tab=new1&_wpnonce=4baf2d9174" "Mozilla/5.0 (Windows NT 6.3; Win64; x64) AppleWebKit/537.36 (KHTML, like Gecko) Chrome/79.0.3945.130 Safari/537.36"
41.217.25.43 - - [28/Jan/2020:03:18:09 -0500] "GET /new/wp-content/plugins/duplicator/assets/css/global_admin_style.css?ver=1.3.24 HTTP/1.1" 304 - "https://www.naijadial.com/new/wp-admin/admin.php?page=duplicator&tab=new2&retry=0&_wpnonce=9d1e26b4d8" "Mozilla/5.0 (Windows NT 6.3; Win64; x64) AppleWebKit/537.36 (KHTML, like Gecko) Chrome/79.0.3945.130 Safari/537.36"
41.217.25.43 - - [28/Jan/2020:03:18:09 -0500] "GET /new/wp-content/plugins/duplicator/assets/js/jquery.qtip/jquery.qtip.min.css?ver=2.2.1 HTTP/1.1" 304 - "https://www.naijadial.com/new/wp-admin/admin.php?page=duplicator&tab=new2&retry=0&_wpnonce=9d1e26b4d8" "Mozilla/5.0 (Windows NT 6.3; Win64; x64) AppleWebKit/537.36 (KHTML, like Gecko) Chrome/79.0.3945.130 Safari/537.36"
41.217.25.43 - - [28/Jan/2020:03:18:09 -0500] "GET /new/wp-content/plugins/duplicator/assets/css/fontawesome-all.min.css?ver=5.7.2 HTTP/1.1" 304 - "https://www.naijadial.com/new/wp-admin/admin.php?page=duplicator&tab=new2&retry=0&_wpnonce=9d1e26b4d8" "Mozilla/5.0 (Windows NT 6.3; Win64; x64) AppleWebKit/537.36 (KHTML, like Gecko) Chrome/79.0.3945.130 Safari/537.36"
41.217.25.43 - - [28/Jan/2020:03:18:09 -0500] "GET /new/wp-content/plugins/duplicator/assets/css/jquery-ui.css?ver=1.11.2 HTTP/1.1" 304 - "https://www.naijadial.com/new/wp-admin/admin.php?page=duplicator&tab=new2&retry=0&_wpnonce=9d1e26b4d8" "Mozilla/5.0 (Windows NT 6.3; Win64; x64) AppleWebKit/537.36 (KHTML, like Gecko) Chrome/79.0.3945.130 Safari/537.36"
41.217.25.43 - - [28/Jan/2020:03:18:09 -0500] "GET /new/wp-content/plugins/duplicator/assets/css/style.css?ver=1.3.24 HTTP/1.1" 304 - "https://www.naijadial.com/new/wp-admin/admin.php?page=duplicator&tab=new2&retry=0&_wpnonce=9d1e26b4d8" "Mozilla/5.0 (Windows NT 6.3; Win64; x64) AppleWebKit/537.36 (KHTML, like Gecko) Chrome/79.0.3945.130 Safari/537.36"
41.217.25.43 - - [28/Jan/2020:03:18:09 -0500] "GET /new/wp-content/plugins/duplicator/assets/js/jquery.qtip/jquery.qtip.min.js?ver=2.2.1 HTTP/1.1" 304 - "https://www.naijadial.com/new/wp-admin/admin.php?page=duplicator&tab=new2&retry=0&_wpnonce=9d1e26b4d8" "Mozilla/5.0 (Windows NT 6.3; Win64; x64) AppleWebKit/537.36 (KHTML, like Gecko) Chrome/79.0.3945.130 Safari/537.36"
41.217.25.43 - - [28/Jan/2020:03:18:09 -0500] "GET /new/wp-content/plugins/duplicator/assets/js/parsley.min.js?ver=1.1.18 HTTP/1.1" 304 - "https://www.naijadial.com/new/wp-admin/admin.php?page=duplicator&tab=new2&retry=0&_wpnonce=9d1e26b4d8" "Mozilla/5.0 (Windows NT 6.3; Win64; x64) AppleWebKit/537.36 (KHTML, like Gecko) Chrome/79.0.3945.130 Safari/537.36"
41.217.25.43 - - [28/Jan/2020:03:12:38 -0500] "GET /new/wp-content/plugins/duplicator/assets/img/dropbox-64.png HTTP/1.1" 304 - "https://www.naijadial.com/new/wp-admin/admin.php?page=duplicator&tab=new1&_wpnonce=4baf2d9174" "Mozilla/5.0 (Windows NT 6.3; Win64; x64) AppleWebKit/537.36 (KHTML, like Gecko) Chrome/79.0.3945.130 Safari/537.36"
41.217.25.43 - - [28/Jan/2020:03:12:38 -0500] "GET /new/wp-content/plugins/duplicator/assets/img/google_drive_64px.png HTTP/1.1" 304 - "https://www.naijadial.com/new/wp-admin/admin.php?page=duplicator&tab=new1&_wpnonce=4baf2d9174" "Mozilla/5.0 (Windows NT 6.3; Win64; x64) AppleWebKit/537.36 (KHTML, like Gecko) Chrome/79.0.3945.130 Safari/537.36"
41.217.25.43 - - [28/Jan/2020:03:12:38 -0500] "GET /new/wp-content/plugins/duplicator/assets/img/cpanel-48.png HTTP/1.1" 304 - "https://www.naijadial.com/new/wp-admin/admin.php?page=duplicator&tab=new1&_wpnonce=4baf2d9174" "Mozilla/5.0 (Windows NT 6.3; Win64; x64) AppleWebKit/537.36 (KHTML, like Gecko) Chrome/79.0.3945.130 Safari/537.36"
41.217.25.43 - - [28/Jan/2020:03:12:38 -0500] "GET /new/wp-content/plugins/duplicator/assets/img/onedrive-48px.png HTTP/1.1" 304 - "https://www.naijadial.com/new/wp-admin/admin.php?page=duplicator&tab=new1&_wpnonce=4baf2d9174" "Mozilla/5.0 (Windows NT 6.3; Win64; x64) AppleWebKit/537.36 (KHTML, like Gecko) Chrome/79.0.3945.130 Safari/537.36"
41.217.25.43 - - [28/Jan/2020:03:12:38 -0500] "GET /new/wp-content/plugins/duplicator/assets/img/ftp-64.png HTTP/1.1" 304 - "https://www.naijadial.com/new/wp-admin/admin.php?page=duplicator&tab=new1&_wpnonce=4baf2d9174" "Mozilla/5.0 (Windows NT 6.3; Win64; x64) AppleWebKit/537.36 (KHTML, like Gecko) Chrome/79.0.3945.130 Safari/537.36"
41.217.25.43 - - [28/Jan/2020:03:12:38 -0500] "GET /new/wp-content/plugins/duplicator/assets/webfonts/fa-regular-400.woff2 HTTP/1.1" 304 - "https://www.naijadial.com/new/wp-content/plugins/duplicator/assets/css/fontawesome-all.min.css?ver=5.7.2" "Mozilla/5.0 (Windows NT 6.3; Win64; x64) AppleWebKit/537.36 (KHTML, like Gecko) Chrome/79.0.3945.130 Safari/537.36"
41.217.25.43 - - [28/Jan/2020:03:12:39 -0500] "GET /favicon.ico HTTP/1.1" 200 - "https://www.naijadial.com/new/wp-admin/admin.php?page=duplicator&tab=new1&_wpnonce=4baf2d9174" "Mozilla/5.0 (Windows NT 6.3; Win64; x64) AppleWebKit/537.36 (KHTML, like Gecko) Chrome/79.0.3945.130 Safari/537.36"
198.54.125.95 - - [28/Jan/2020:03:13:38 -0500] "POST /new/wp-cron.php?doing_wp_cron=1580199218.7624640464782714843750 HTTP/1.1" 200 - "https://www.naijadial.com/new/wp-cron.php?doing_wp_cron=1580199218.7624640464782714843750" "WordPress/5.3.2; https://www.naijadial.com/new"
41.217.25.43 - - [28/Jan/2020:03:13:38 -0500] "POST /new/wp-admin/admin-ajax.php HTTP/1.1" 200 47 "https://www.naijadial.com/new/wp-admin/admin.php?page=duplicator-settings" "Mozilla/5.0 (Windows NT 6.3; Win64; x64) AppleWebKit/537.36 (KHTML, like Gecko) Chrome/79.0.3945.130 Safari/537.36"
41.217.25.43 - - [28/Jan/2020:03:13:39 -0500] "POST /new/wp-admin/admin-ajax.php HTTP/1.1" 200 47 "https://www.naijadial.com/new/wp-admin/admin.php?page=duplicator&tab=new1&_wpnonce=4baf2d9174" "Mozilla/5.0 (Windows NT 6.3; Win64; x64) AppleWebKit/537.36 (KHTML, like Gecko) Chrome/79.0.3945.130 Safari/537.36"
41.217.25.43 - - [28/Jan/2020:03:18:10 -0500] "GET /new/wp-content/plugins/duplicator/assets/js/handlebars.min.js?ver=4.0.10 HTTP/1.1" 200 22695 "https://www.naijadial.com/new/wp-admin/admin.php?page=duplicator&tab=new2&retry=0&_wpnonce=9d1e26b4d8" "Mozilla/5.0 (Windows NT 6.3; Win64; x64) AppleWebKit/537.36 (KHTML, like Gecko) Chrome/79.0.3945.130 Safari/537.36"
41.217.25.43 - - [28/Jan/2020:03:18:11 -0500] "GET /new/wp-content/plugins/duplicator/assets/webfonts/fa-solid-900.woff2 HTTP/1.1" 304 - "https://www.naijadial.com/new/wp-content/plugins/duplicator/assets/css/fontawesome-all.min.css?ver=5.7.2" "Mozilla/5.0 (Windows NT 6.3; Win64; x64) AppleWebKit/537.36 (KHTML, like Gecko) Chrome/79.0.3945.130 Safari/537.36"
41.217.25.43 - - [28/Jan/2020:03:18:12 -0500] "GET /new/wp-content/plugins/duplicator/assets/css/images/ui-bg_flat_75_ffffff_40x100.png HTTP/1.1" 200 178 "https://www.naijadial.com/new/wp-content/plugins/duplicator/assets/css/jquery-ui.css?ver=1.11.2" "Mozilla/5.0 (Windows NT 6.3; Win64; x64) AppleWebKit/537.36 (KHTML, like Gecko) Chrome/79.0.3945.130 Safari/537.36"
41.217.25.43 - - [28/Jan/2020:03:18:12 -0500] "GET /new/wp-content/plugins/duplicator/assets/css/images/ui-bg_highlight-soft_75_cccccc_1x100.png HTTP/1.1" 200 101 "https://www.naijadial.com/new/wp-content/plugins/duplicator/assets/css/jquery-ui.css?ver=1.11.2" "Mozilla/5.0 (Windows NT 6.3; Win64; x64) AppleWebKit/537.36 (KHTML, like Gecko) Chrome/79.0.3945.130 Safari/537.36"
41.217.25.43 - - [28/Jan/2020:03:18:12 -0500] "GET /favicon.ico HTTP/1.1" 200 - "https://www.naijadial.com/new/wp-admin/admin.php?page=duplicator&tab=new2&retry=0&_wpnonce=9d1e26b4d8" "Mozilla/5.0 (Windows NT 6.3; Win64; x64) AppleWebKit/537.36 (KHTML, like Gecko) Chrome/79.0.3945.130 Safari/537.36"
41.217.25.43 - - [28/Jan/2020:03:18:11 -0500] "POST /new/wp-admin/admin-ajax.php HTTP/1.1" 200 2963939 "https://www.naijadial.com/new/wp-admin/admin.php?page=duplicator&tab=new2&retry=0&_wpnonce=9d1e26b4d8" "Mozilla/5.0 (Windows NT 6.3; Win64; x64) AppleWebKit/537.36 (KHTML, like Gecko) Chrome/79.0.3945.130 Safari/537.36"
41.217.25.43 - - [28/Jan/2020:03:18:35 -0500] "GET /new/wp-content/plugins/duplicator/assets/webfonts/fa-regular-400.woff2 HTTP/1.1" 304 - "https://www.naijadial.com/new/wp-content/plugins/duplicator/assets/css/fontawesome-all.min.css?ver=5.7.2" "Mozilla/5.0 (Windows NT 6.3; Win64; x64) AppleWebKit/537.36 (KHTML, like Gecko) Chrome/79.0.3945.130 Safari/537.36"
41.217.25.43 - - [28/Jan/2020:03:18:38 -0500] "POST /new/wp-admin/admin-ajax.php HTTP/1.1" 200 47 "https://www.naijadial.com/new/wp-admin/plugins.php?plugin_status=all&paged=1&s" "Mozilla/5.0 (Windows NT 6.3; Win64; x64) AppleWebKit/537.36 (KHTML, like Gecko) Chrome/79.0.3945.130 Safari/537.36"
41.217.25.43 - - [28/Jan/2020:03:18:39 -0500] "POST /new/wp-admin/admin-ajax.php HTTP/1.1" 200 47 "https://www.naijadial.com/new/wp-admin/admin.php?page=duplicator-settings" "Mozilla/5.0 (Windows NT 6.3; Win64; x64) AppleWebKit/537.36 (KHTML, like Gecko) Chrome/79.0.3945.130 Safari/537.36"
41.217.25.43 - - [28/Jan/2020:03:18:45 -0500] "POST /new/wp-admin/admin-ajax.php HTTP/1.1" 200 47 "https://www.naijadial.com/new/wp-admin/" "Mozilla/5.0 (Windows NT 6.3; Win64; x64) AppleWebKit/537.36 (KHTML, like Gecko) Chrome/79.0.3945.130 Safari/537.36"
198.54.125.95 - - [28/Jan/2020:03:19:12 -0500] "POST /new/wp-cron.php?doing_wp_cron=1580199551.9895100593566894531250 HTTP/1.1" 200 - "https://www.naijadial.com/new/wp-cron.php?doing_wp_cron=1580199551.9895100593566894531250" "WordPress/5.3.2; https://www.naijadial.com/new"
41.217.25.43 - - [28/Jan/2020:03:19:11 -0500] "POST /new/wp-admin/admin-ajax.php HTTP/1.1" 200 47 "https://www.naijadial.com/new/wp-admin/admin.php?page=duplicator&tab=new2&retry=0&_wpnonce=9d1e26b4d8" "Mozilla/5.0 (Windows NT 6.3; Win64; x64) AppleWebKit/537.36 (KHTML, like Gecko) Chrome/79.0.3945.130 Safari/537.36"
198.54.125.95 - - [28/Jan/2020:03:20:07 -0500] "POST /new/wp-cron.php?doing_wp_cron=1580199607.1454589366912841796875 HTTP/1.1" 200 - "https://www.naijadial.com/new/wp-cron.php?doing_wp_cron=1580199607.1454589366912841796875" "WordPress/5.3.2; https://www.naijadial.com/new"
41.217.25.43 - - [28/Jan/2020:03:20:06 -0500] "POST /new/wp-admin/admin.php?page=duplicator&tab=new3&_wpnonce=8cb3b9794a HTTP/1.1" 200 50270 "https://www.naijadial.com/new/wp-admin/admin.php?page=duplicator&tab=new2&retry=0&_wpnonce=9d1e26b4d8" "Mozilla/5.0 (Windows NT 6.3; Win64; x64) AppleWebKit/537.36 (KHTML, like Gecko) Chrome/79.0.3945.130 Safari/537.36"
41.217.25.43 - - [28/Jan/2020:03:20:11 -0500] "GET /favicon.ico HTTP/1.1" 200 - "https://www.naijadial.com/new/wp-admin/admin.php?page=duplicator&tab=new3&_wpnonce=8cb3b9794a" "Mozilla/5.0 (Windows NT 6.3; Win64; x64) AppleWebKit/537.36 (KHTML, like Gecko) Chrome/79.0.3945.130 Safari/537.36"
198.54.125.95 - - [28/Jan/2020:03:21:05 -0500] "POST /wp-cron.php?doing_wp_cron=1580199665.2665169239044189453125 HTTP/1.1" 200 - "https://www.naijadial.com/wp-cron.php?doing_wp_cron=1580199665.2665169239044189453125" "WordPress/5.3.2; https://www.naijadial.com"
66.249.79.248 - - [28/Jan/2020:03:21:04 -0500] "GET /robots.txt HTTP/1.1" 200 69 "-" "Mozilla/5.0 (compatible; Googlebot/2.1; +http://www.google.com/bot.html)"
198.54.125.95 - - [28/Jan/2020:03:21:05 -0500] "POST /wp-cron.php?doing_wp_cron=1580199665.2665939331054687500000 HTTP/1.1" 200 - "https://www.naijadial.com/wp-cron.php?doing_wp_cron=1580199665.2665939331054687500000" "WordPress/5.3.2; https://www.naijadial.com"
176.9.210.82 - - [28/Jan/2020:03:21:03 -0500] "GET / HTTP/1.1" 200 38950 "-" "Mozilla/5.0 (Windows NT 5.1) AppleWebKit/537.36 (KHTML, like Gecko) Chrome/46.0.2490.71 Safari/537.36"
176.9.210.82 - - [28/Jan/2020:03:21:07 -0500] "GET /addons/js_composer/assets/js/vendors/woocommerce-add-to-cart.js?ver=5.3 HTTP/1.1" 200 351 "https://www.naijadial.com/" "Mozilla/5.0 (Windows NT 5.1) AppleWebKit/537.36 (KHTML, like Gecko) Chrome/46.0.2490.71 Safari/537.36"
176.9.210.82 - - [28/Jan/2020:03:21:07 -0500] "GET /nd-include/js/jquery/jquery-migrate.min.js?ver=1.4.1 HTTP/1.1" 200 4014 "https://www.naijadial.com/" "Mozilla/5.0 (Windows NT 5.1) AppleWebKit/537.36 (KHTML, like Gecko) Chrome/46.0.2490.71 Safari/537.36"
176.9.210.82 - - [28/Jan/2020:03:21:07 -0500] "GET /addons/woocommerce/assets/js/jquery-blockui/jquery.blockUI.min.js?ver=2.70 HTTP/1.1" 200 3533 "https://www.naijadial.com/" "Mozilla/5.0 (Windows NT 5.1) AppleWebKit/537.36 (KHTML, like Gecko) Chrome/46.0.2490.71 Safari/537.36"
176.9.210.82 - - [28/Jan/2020:03:21:07 -0500] "GET /addons/wordpress-social-login/assets/js/widget.js?ver=5.3.2 HTTP/1.1" 200 874 "https://www.naijadial.com/" "Mozilla/5.0 (Windows NT 5.1) AppleWebKit/537.36 (KHTML, like Gecko) Chrome/46.0.2490.71 Safari/537.36"
176.9.210.82 - - [28/Jan/2020:03:21:07 -0500] "GET /addons/woocommerce/assets/js/frontend/add-to-cart.min.js?ver=3.8.1 HTTP/1.1" 200 1017 "https://www.naijadial.com/" "Mozilla/5.0 (Windows NT 5.1) AppleWebKit/537.36 (KHTML, like Gecko) Chrome/46.0.2490.71 Safari/537.36"
176.9.210.82 - - [28/Jan/2020:03:21:07 -0500] "GET /nd-include/js/jquery/jquery.js?ver=1.12.4-wp HTTP/1.1" 200 33776 "https://www.naijadial.com/" "Mozilla/5.0 (Windows NT 5.1) AppleWebKit/537.36 (KHTML, like Gecko) Chrome/46.0.2490.71 Safari/537.36"
176.9.210.82 - - [28/Jan/2020:03:21:07 -0500] "GET /addons/revslider/public/assets/js/jquery.themepunch.revolution.min.js?ver=5.4.7.4 HTTP/1.1" 200 18003 "https://www.naijadial.com/" "Mozilla/5.0 (Windows NT 5.1) AppleWebKit/537.36 (KHTML, like Gecko) Chrome/46.0.2490.71 Safari/537.36"
176.9.210.82 - - [28/Jan/2020:03:21:07 -0500] "GET /addons/revslider/public/assets/js/jquery.themepunch.tools.min.js?ver=5.4.7.4 HTTP/1.1" 200 38337 "https://www.naijadial.com/" "Mozilla/5.0 (Windows NT 5.1) AppleWebKit/537.36 (KHTML, like Gecko) Chrome/46.0.2490.71 Safari/537.36"
176.9.210.82 - - [28/Jan/2020:03:21:08 -0500] "GET /addons/sf-booking//js/bootstrap-select.min.js HTTP/1.1" 200 8647 "https://www.naijadial.com/" "Mozilla/5.0 (Windows NT 5.1) AppleWebKit/537.36 (KHTML, like Gecko) Chrome/46.0.2490.71 Safari/537.36"
176.9.210.82 - - [28/Jan/2020:03:21:08 -0500] "GET /addons/sf-booking//js/jquery.bootstrap-touchspin.js HTTP/1.1" 200 3397 "https://www.naijadial.com/" "Mozilla/5.0 (Windows NT 5.1) AppleWebKit/537.36 (KHTML, like Gecko) Chrome/46.0.2490.71 Safari/537.36"
176.9.210.82 - - [28/Jan/2020:03:21:08 -0500] "GET /addons/sf-booking//js/counterup.min.js HTTP/1.1" 200 578 "https://www.naijadial.com/" "Mozilla/5.0 (Windows NT 5.1) AppleWebKit/537.36 (KHTML, like Gecko) Chrome/46.0.2490.71 Safari/537.36"
176.9.210.82 - - [28/Jan/2020:03:21:08 -0500] "GET /addons/js_composer/assets/lib/waypoints/waypoints.min.js?ver=5.3 HTTP/1.1" 200 2615 "https://www.naijadial.com/" "Mozilla/5.0 (Windows NT 5.1) AppleWebKit/537.36 (KHTML, like Gecko) Chrome/46.0.2490.71 Safari/537.36"
176.9.210.82 - - [28/Jan/2020:03:21:08 -0500] "GET /addons/sf-booking//js/encoder.js HTTP/1.1" 200 4613 "https://www.naijadial.com/" "Mozilla/5.0 (Windows NT 5.1) AppleWebKit/537.36 (KHTML, like Gecko) Chrome/46.0.2490.71 Safari/537.36"
176.9.210.82 - - [28/Jan/2020:03:21:08 -0500] "GET /addons/sf-booking//assets/scripts/form-validation.js HTTP/1.1" 200 7968 "https://www.naijadial.com/" "Mozilla/5.0 (Windows NT 5.1) AppleWebKit/537.36 (KHTML, like Gecko) Chrome/46.0.2490.71 Safari/537.36"
176.9.210.82 - - [28/Jan/2020:03:21:08 -0500] "GET /addons/sf-booking//frontend/modules/get-quote/resources/quote-form.js HTTP/1.1" 200 1890 "https://www.naijadial.com/" "Mozilla/5.0 (Windows NT 5.1) AppleWebKit/537.36 (KHTML, like Gecko) Chrome/46.0.2490.71 Safari/537.36"
176.9.210.82 - - [28/Jan/2020:03:21:08 -0500] "GET /addons/sf-booking//js/bootstrap-toggle.min.js HTTP/1.1" 200 1327 "https://www.naijadial.com/" "Mozilla/5.0 (Windows NT 5.1) AppleWebKit/537.36 (KHTML, like Gecko) Chrome/46.0.2490.71 Safari/537.36"
176.9.210.82 - - [28/Jan/2020:03:21:08 -0500] "GET /addons/sf-booking//js/qanda.js HTTP/1.1" 200 1179 "https://www.naijadial.com/" "Mozilla/5.0 (Windows NT 5.1) AppleWebKit/537.36 (KHTML, like Gecko) Chrome/46.0.2490.71 Safari/537.36"
176.9.210.82 - - [28/Jan/2020:03:21:08 -0500] "GET /addons/sf-booking//js/jquery.popupoverlay.js HTTP/1.1" 200 5253 "https://www.naijadial.com/" "Mozilla/5.0 (Windows NT 5.1) AppleWebKit/537.36 (KHTML, like Gecko) Chrome/46.0.2490.71 Safari/537.36"
176.9.210.82 - - [28/Jan/2020:03:21:08 -0500] "GET /addons/sf-booking//assets/ratings/star-rating.js HTTP/1.1" 200 4580 "https://www.naijadial.com/" "Mozilla/5.0 (Windows NT 5.1) AppleWebKit/537.36 (KHTML, like Gecko) Chrome/46.0.2490.71 Safari/537.36"
176.9.210.82 - - [28/Jan/2020:03:21:08 -0500] "GET /addons/sf-booking//assets/scripts/custom-effects.js HTTP/1.1" 200 3083 "https://www.naijadial.com/" "Mozilla/5.0 (Windows NT 5.1) AppleWebKit/537.36 (KHTML, like Gecko) Chrome/46.0.2490.71 Safari/537.36"
176.9.210.82 - - [28/Jan/2020:03:21:08 -0500] "GET /addons/sf-booking//js/bootstrap.min.js HTTP/1.1" 200 9755 "https://www.naijadial.com/" "Mozilla/5.0 (Windows NT 5.1) AppleWebKit/537.36 (KHTML, like Gecko) Chrome/46.0.2490.71 Safari/537.36"
176.9.210.82 - - [28/Jan/2020:03:21:08 -0500] "GET /naijadial/inc/js/countdown.js HTTP/1.1" 200 625 "https://www.naijadial.com/" "Mozilla/5.0 (Windows NT 5.1) AppleWebKit/537.36 (KHTML, like Gecko) Chrome/46.0.2490.71 Safari/537.36"
176.9.210.82 - - [28/Jan/2020:03:21:08 -0500] "GET /addons/woocommerce/assets/js/frontend/cart-fragments.min.js?ver=3.8.1 HTTP/1.1" 200 1042 "https://www.naijadial.com/" "Mozilla/5.0 (Windows NT 5.1) AppleWebKit/537.36 (KHTML, like Gecko) Chrome/46.0.2490.71 Safari/537.36"
176.9.210.82 - - [28/Jan/2020:03:21:08 -0500] "GET /addons/mailchimp-for-woocommerce/public/js/mailchimp-woocommerce-public.min.js?ver=2.3.1 HTTP/1.1" 200 1962 "https://www.naijadial.com/" "Mozilla/5.0 (Windows NT 5.1) AppleWebKit/537.36 (KHTML, like Gecko) Chrome/46.0.2490.71 Safari/537.36"
176.9.210.82 - - [28/Jan/2020:03:21:08 -0500] "GET /nd-include/js/wp-embed.min.js?ver=5.3.2 HTTP/1.1" 200 740 "https://www.naijadial.com/" "Mozilla/5.0 (Windows NT 5.1) AppleWebKit/537.36 (KHTML, like Gecko) Chrome/46.0.2490.71 Safari/537.36"
176.9.210.82 - - [28/Jan/2020:03:21:08 -0500] "GET /nd-include/js/imagesloaded.min.js?ver=3.2.0 HTTP/1.1" 200 2551 "https://www.naijadial.com/" "Mozilla/5.0 (Windows NT 5.1) AppleWebKit/537.36 (KHTML, like Gecko) Chrome/46.0.2490.71 Safari/537.36"
176.9.210.82 - - [28/Jan/2020:03:21:08 -0500] "GET /naijadial/inc/js/job-apply.js HTTP/1.1" 200 3178 "https://www.naijadial.com/" "Mozilla/5.0 (Windows NT 5.1) AppleWebKit/537.36 (KHTML, like Gecko) Chrome/46.0.2490.71 Safari/537.36"
176.9.210.82 - - [28/Jan/2020:03:21:08 -0500] "GET /addons/sf-shortcodes//js/custom.js HTTP/1.1" 200 2409 "https://www.naijadial.com/" "Mozilla/5.0 (Windows NT 5.1) AppleWebKit/537.36 (KHTML, like Gecko) Chrome/46.0.2490.71 Safari/537.36"
176.9.210.82 - - [28/Jan/2020:03:21:08 -0500] "GET /addons/sf-booking//frontend/modules/search/resources/search-form.js HTTP/1.1" 200 1201 "https://www.naijadial.com/" "Mozilla/5.0 (Windows NT 5.1) AppleWebKit/537.36 (KHTML, like Gecko) Chrome/46.0.2490.71 Safari/537.36"
176.9.210.82 - - [28/Jan/2020:03:21:08 -0500] "GET /addons/sf-booking//frontend/modules/newsletter/resources/newsletter.js HTTP/1.1" 200 949 "https://www.naijadial.com/" "Mozilla/5.0 (Windows NT 5.1) AppleWebKit/537.36 (KHTML, like Gecko) Chrome/46.0.2490.71 Safari/537.36"
176.9.210.82 - - [28/Jan/2020:03:21:08 -0500] "GET /naijadial/inc/js/bootstrap-slider.min.js HTTP/1.1" 200 8378 "https://www.naijadial.com/" "Mozilla/5.0 (Windows NT 5.1) AppleWebKit/537.36 (KHTML, like Gecko) Chrome/46.0.2490.71 Safari/537.36"
176.9.210.82 - - [28/Jan/2020:03:21:08 -0500] "GET /naijadial/inc/js/masonry.pkgd.min.js HTTP/1.1" 200 7362 "https://www.naijadial.com/" "Mozilla/5.0 (Windows NT 5.1) AppleWebKit/537.36 (KHTML, like Gecko) Chrome/46.0.2490.71 Safari/537.36"
176.9.210.82 - - [28/Jan/2020:03:21:08 -0500] "GET /naijadial/inc/js/owl.carousel.js HTTP/1.1" 200 10487 "https://www.naijadial.com/" "Mozilla/5.0 (Windows NT 5.1) AppleWebKit/537.36 (KHTML, like Gecko) Chrome/46.0.2490.71 Safari/537.36"
176.9.210.82 - - [28/Jan/2020:03:21:08 -0500] "GET /naijadial/inc/js/jquery.parallax-1.1.3.js HTTP/1.1" 200 505 "https://www.naijadial.com/" "Mozilla/5.0 (Windows NT 5.1) AppleWebKit/537.36 (KHTML, like Gecko) Chrome/46.0.2490.71 Safari/537.36"
176.9.210.82 - - [28/Jan/2020:03:21:08 -0500] "GET /addons/sf-booking//frontend/modules/invoice/resources/bootstrap-datepicker.min.js HTTP/1.1" 200 7933 "https://www.naijadial.com/" "Mozilla/5.0 (Windows NT 5.1) AppleWebKit/537.36 (KHTML, like Gecko) Chrome/46.0.2490.71 Safari/537.36"
176.9.210.82 - - [28/Jan/2020:03:21:08 -0500] "GET /addons/sf-shortcodes//js/contactform.js HTTP/1.1" 200 1365 "https://www.naijadial.com/" "Mozilla/5.0 (Windows NT 5.1) AppleWebKit/537.36 (KHTML, like Gecko) Chrome/46.0.2490.71 Safari/537.36"
176.9.210.82 - - [28/Jan/2020:03:21:08 -0500] "GET /naijadial/inc/js/jquery.magnific-popup.js HTTP/1.1" 200 7699 "https://www.naijadial.com/" "Mozilla/5.0 (Windows NT 5.1) AppleWebKit/537.36 (KHTML, like Gecko) Chrome/46.0.2490.71 Safari/537.36"
176.9.210.82 - - [28/Jan/2020:03:21:08 -0500] "GET /naijadial/inc/js/m-custom-scrollbar.min.js HTTP/1.1" 200 12947 "https://www.naijadial.com/" "Mozilla/5.0 (Windows NT 5.1) AppleWebKit/537.36 (KHTML, like Gecko) Chrome/46.0.2490.71 Safari/537.36"
176.9.210.82 - - [28/Jan/2020:03:21:08 -0500] "GET /addons/woocommerce/assets/js/frontend/woocommerce.min.js?ver=3.8.1 HTTP/1.1" 200 619 "https://www.naijadial.com/" "Mozilla/5.0 (Windows NT 5.1) AppleWebKit/537.36 (KHTML, like Gecko) Chrome/46.0.2490.71 Safari/537.36"
176.9.210.82 - - [28/Jan/2020:03:21:08 -0500] "GET /addons/sf-booking//assets/bootbox/bootbox.min.js HTTP/1.1" 200 3723 "https://www.naijadial.com/" "Mozilla/5.0 (Windows NT 5.1) AppleWebKit/537.36 (KHTML, like Gecko) Chrome/46.0.2490.71 Safari/537.36"
176.9.210.82 - - [28/Jan/2020:03:21:08 -0500] "GET /addons/sf-shortcodes//js/featured-providers.js HTTP/1.1" 200 746 "https://www.naijadial.com/" "Mozilla/5.0 (Windows NT 5.1) AppleWebKit/537.36 (KHTML, like Gecko) Chrome/46.0.2490.71 Safari/537.36"
176.9.210.82 - - [28/Jan/2020:03:21:08 -0500] "GET /nd-include/js/comment-reply.min.js?ver=5.3.2 HTTP/1.1" 200 1131 "https://www.naijadial.com/" "Mozilla/5.0 (Windows NT 5.1) AppleWebKit/537.36 (KHTML, like Gecko) Chrome/46.0.2490.71 Safari/537.36"
176.9.210.82 - - [28/Jan/2020:03:21:08 -0500] "GET /addons/comments-ratings/js/reviews.js?ver=1.1.6 HTTP/1.1" 200 438 "https://www.naijadial.com/" "Mozilla/5.0 (Windows NT 5.1) AppleWebKit/537.36 (KHTML, like Gecko) Chrome/46.0.2490.71 Safari/537.36"
176.9.210.82 - - [28/Jan/2020:03:21:08 -0500] "GET /addons/sf-booking//assets/scripts/autofill.js HTTP/1.1" 200 1017 "https://www.naijadial.com/" "Mozilla/5.0 (Windows NT 5.1) AppleWebKit/537.36 (KHTML, like Gecko) Chrome/46.0.2490.71 Safari/537.36"
176.9.210.82 - - [28/Jan/2020:03:21:08 -0500] "GET /addons/quform/cache/quform.js?ver=1577884529 HTTP/1.1" 200 31767 "https://www.naijadial.com/" "Mozilla/5.0 (Windows NT 5.1) AppleWebKit/537.36 (KHTML, like Gecko) Chrome/46.0.2490.71 Safari/537.36"
176.9.210.82 - - [28/Jan/2020:03:21:08 -0500] "GET /naijadial/inc/js/fileinput.min.js HTTP/1.1" 200 15187 "https://www.naijadial.com/" "Mozilla/5.0 (Windows NT 5.1) AppleWebKit/537.36 (KHTML, like Gecko) Chrome/46.0.2490.71 Safari/537.36"
176.9.210.82 - - [28/Jan/2020:03:21:08 -0500] "GET /nd-include/js/wp-emoji-release.min.js?ver=5.3.2 HTTP/1.1" 200 4626 "https://www.naijadial.com/" "Mozilla/5.0 (Windows NT 5.1) AppleWebKit/537.36 (KHTML, like Gecko) Chrome/46.0.2490.71 Safari/537.36"
176.9.210.82 - - [28/Jan/2020:03:21:08 -0500] "GET /addons/comments-ratings/js/jquery.raty.js?ver=1.1.6 HTTP/1.1" 200 4501 "https://www.naijadial.com/" "Mozilla/5.0 (Windows NT 5.1) AppleWebKit/537.36 (KHTML, like Gecko) Chrome/46.0.2490.71 Safari/537.36"
176.9.210.82 - - [28/Jan/2020:03:21:08 -0500] "GET /addons/woocommerce/assets/js/js-cookie/js.cookie.min.js?ver=2.1.4 HTTP/1.1" 200 981 "https://www.naijadial.com/" "Mozilla/5.0 (Windows NT 5.1) AppleWebKit/537.36 (KHTML, like Gecko) Chrome/46.0.2490.71 Safari/537.36"
176.9.210.82 - - [28/Jan/2020:03:21:08 -0500] "GET /naijadial/inc/js/custom.js HTTP/1.1" 200 7470 "https://www.naijadial.com/" "Mozilla/5.0 (Windows NT 5.1) AppleWebKit/537.36 (KHTML, like Gecko) Chrome/46.0.2490.71 Safari/537.36"
