178.162.222.161 - - [27/Jan/2020:09:26:49 -0500] "GET /files_up/2019/03/lilly-bunn-purple-orange-living-room-60x60.jpg HTTP/1.1" 304 - "https://www.naijadial.com/" "Mozilla/5.0 (Windows NT 6.3; WOW64) AppleWebKit/537.36 (KHTML, like Gecko) Chrome/55.0.2883.87 UBrowser/7.0.185.1002 Safari/537.36"
178.162.222.161 - - [27/Jan/2020:09:26:49 -0500] "GET /files_up/2019/04/teamwork-ui-ux-developer_71983-50-60x60.jpg HTTP/1.1" 304 - "https://www.naijadial.com/" "Mozilla/5.0 (Windows NT 6.3; WOW64) AppleWebKit/537.36 (KHTML, like Gecko) Chrome/55.0.2883.87 UBrowser/7.0.185.1002 Safari/537.36"
178.162.222.161 - - [27/Jan/2020:09:26:49 -0500] "GET /files_up/2019/04/Oil-and-Gas-Expert-60x60.jpg HTTP/1.1" 304 - "https://www.naijadial.com/" "Mozilla/5.0 (Windows NT 6.3; WOW64) AppleWebKit/537.36 (KHTML, like Gecko) Chrome/55.0.2883.87 UBrowser/7.0.185.1002 Safari/537.36"
178.162.222.161 - - [27/Jan/2020:09:26:49 -0500] "GET /files_up/2019/04/Dry-Cleaning-60x60.jpg HTTP/1.1" 304 - "https://www.naijadial.com/" "Mozilla/5.0 (Windows NT 6.3; WOW64) AppleWebKit/537.36 (KHTML, like Gecko) Chrome/55.0.2883.87 UBrowser/7.0.185.1002 Safari/537.36"
178.162.222.161 - - [27/Jan/2020:09:26:49 -0500] "GET /files_up/2019/04/Paint-Dealers-60x60.jpg HTTP/1.1" 304 - "https://www.naijadial.com/" "Mozilla/5.0 (Windows NT 6.3; WOW64) AppleWebKit/537.36 (KHTML, like Gecko) Chrome/55.0.2883.87 UBrowser/7.0.185.1002 Safari/537.36"
178.162.222.161 - - [27/Jan/2020:09:26:49 -0500] "GET /files_up/2019/04/boutique_landing-60x60.jpg HTTP/1.1" 304 - "https://www.naijadial.com/" "Mozilla/5.0 (Windows NT 6.3; WOW64) AppleWebKit/537.36 (KHTML, like Gecko) Chrome/55.0.2883.87 UBrowser/7.0.185.1002 Safari/537.36"
178.162.222.161 - - [27/Jan/2020:09:26:49 -0500] "GET /files_up/2019/04/solar_power_inverters-60x60.jpg HTTP/1.1" 304 - "https://www.naijadial.com/" "Mozilla/5.0 (Windows NT 6.3; WOW64) AppleWebKit/537.36 (KHTML, like Gecko) Chrome/55.0.2883.87 UBrowser/7.0.185.1002 Safari/537.36"
178.162.222.161 - - [27/Jan/2020:09:26:49 -0500] "GET /files_up/2019/03/20-60x60.jpg HTTP/1.1" 304 - "https://www.naijadial.com/" "Mozilla/5.0 (Windows NT 6.3; WOW64) AppleWebKit/537.36 (KHTML, like Gecko) Chrome/55.0.2883.87 UBrowser/7.0.185.1002 Safari/537.36"
178.162.222.161 - - [27/Jan/2020:09:26:49 -0500] "GET /files_up/2019/04/Front-end-developer-60x60.png HTTP/1.1" 304 - "https://www.naijadial.com/" "Mozilla/5.0 (Windows NT 6.3; WOW64) AppleWebKit/537.36 (KHTML, like Gecko) Chrome/55.0.2883.87 UBrowser/7.0.185.1002 Safari/537.36"
178.162.222.161 - - [27/Jan/2020:09:26:49 -0500] "GET /files_up/2019/03/web-design-wallpaper-background-3-60x60.jpg HTTP/1.1" 304 - "https://www.naijadial.com/" "Mozilla/5.0 (Windows NT 6.3; WOW64) AppleWebKit/537.36 (KHTML, like Gecko) Chrome/55.0.2883.87 UBrowser/7.0.185.1002 Safari/537.36"
178.162.222.161 - - [27/Jan/2020:09:26:49 -0500] "GET /files_up/2019/03/shutterstock_386746354-1-60x60.jpg HTTP/1.1" 304 - "https://www.naijadial.com/" "Mozilla/5.0 (Windows NT 6.3; WOW64) AppleWebKit/537.36 (KHTML, like Gecko) Chrome/55.0.2883.87 UBrowser/7.0.185.1002 Safari/537.36"
178.162.222.161 - - [27/Jan/2020:09:26:49 -0500] "GET /files_up/2019/03/coaching-center-min-3114757812-60x60.jpg HTTP/1.1" 304 - "https://www.naijadial.com/" "Mozilla/5.0 (Windows NT 6.3; WOW64) AppleWebKit/537.36 (KHTML, like Gecko) Chrome/55.0.2883.87 UBrowser/7.0.185.1002 Safari/537.36"
178.162.222.161 - - [27/Jan/2020:09:26:49 -0500] "GET /files_up/2019/03/Videography-60x60.png HTTP/1.1" 304 - "https://www.naijadial.com/" "Mozilla/5.0 (Windows NT 6.3; WOW64) AppleWebKit/537.36 (KHTML, like Gecko) Chrome/55.0.2883.87 UBrowser/7.0.185.1002 Safari/537.36"
178.162.222.161 - - [27/Jan/2020:09:26:49 -0500] "GET /files_up/2019/04/User-Interface-Design-60x60.jpg HTTP/1.1" 304 - "https://www.naijadial.com/" "Mozilla/5.0 (Windows NT 6.3; WOW64) AppleWebKit/537.36 (KHTML, like Gecko) Chrome/55.0.2883.87 UBrowser/7.0.185.1002 Safari/537.36"
178.162.222.161 - - [27/Jan/2020:09:26:49 -0500] "GET /files_up/2019/04/native-men-t-shirt-60x60.jpg HTTP/1.1" 304 - "https://www.naijadial.com/" "Mozilla/5.0 (Windows NT 6.3; WOW64) AppleWebKit/537.36 (KHTML, like Gecko) Chrome/55.0.2883.87 UBrowser/7.0.185.1002 Safari/537.36"
178.162.222.161 - - [27/Jan/2020:09:26:49 -0500] "GET /files_up/2019/04/Repair_Electronic__Electrical_Product-60x60.jpg HTTP/1.1" 304 - "https://www.naijadial.com/" "Mozilla/5.0 (Windows NT 6.3; WOW64) AppleWebKit/537.36 (KHTML, like Gecko) Chrome/55.0.2883.87 UBrowser/7.0.185.1002 Safari/537.36"
178.162.222.161 - - [27/Jan/2020:09:26:49 -0500] "GET /files_up/2019/04/Home-Tutor-60x60.jpg HTTP/1.1" 304 - "https://www.naijadial.com/" "Mozilla/5.0 (Windows NT 6.3; WOW64) AppleWebKit/537.36 (KHTML, like Gecko) Chrome/55.0.2883.87 UBrowser/7.0.185.1002 Safari/537.36"
178.162.222.161 - - [27/Jan/2020:09:26:49 -0500] "GET /files_up/2019/04/Bridal-Houses-60x60.jpg HTTP/1.1" 304 - "https://www.naijadial.com/" "Mozilla/5.0 (Windows NT 6.3; WOW64) AppleWebKit/537.36 (KHTML, like Gecko) Chrome/55.0.2883.87 UBrowser/7.0.185.1002 Safari/537.36"
178.162.222.161 - - [27/Jan/2020:09:26:49 -0500] "GET /files_up/2019/04/Female-60x60.jpg HTTP/1.1" 304 - "https://www.naijadial.com/" "Mozilla/5.0 (Windows NT 6.3; WOW64) AppleWebKit/537.36 (KHTML, like Gecko) Chrome/55.0.2883.87 UBrowser/7.0.185.1002 Safari/537.36"
178.162.222.161 - - [27/Jan/2020:09:26:49 -0500] "GET /files_up/2019/03/month-cycle-pay-per-class-or-take-advantage-of-our-packages-ballroom-dancing-clipart-1000_851-60x60.jpg HTTP/1.1" 304 - "https://www.naijadial.com/" "Mozilla/5.0 (Windows NT 6.3; WOW64) AppleWebKit/537.36 (KHTML, like Gecko) Chrome/55.0.2883.87 UBrowser/7.0.185.1002 Safari/537.36"
178.162.222.161 - - [27/Jan/2020:09:26:49 -0500] "GET /files_up/2019/03/Aso-Ebi-Services-60x60.jpg HTTP/1.1" 304 - "https://www.naijadial.com/" "Mozilla/5.0 (Windows NT 6.3; WOW64) AppleWebKit/537.36 (KHTML, like Gecko) Chrome/55.0.2883.87 UBrowser/7.0.185.1002 Safari/537.36"
178.162.222.161 - - [27/Jan/2020:09:26:49 -0500] "GET /files_up/2019/03/greaternoidaweb_Monika-Car-Driving-School-in-Greater-Noida_e985b69c-0_24-09-2016130046-60x60.jpg HTTP/1.1" 304 - "https://www.naijadial.com/" "Mozilla/5.0 (Windows NT 6.3; WOW64) AppleWebKit/537.36 (KHTML, like Gecko) Chrome/55.0.2883.87 UBrowser/7.0.185.1002 Safari/537.36"
178.162.222.161 - - [27/Jan/2020:09:26:49 -0500] "GET /files_up/2019/04/Fabrics-60x60.jpg HTTP/1.1" 304 - "https://www.naijadial.com/" "Mozilla/5.0 (Windows NT 6.3; WOW64) AppleWebKit/537.36 (KHTML, like Gecko) Chrome/55.0.2883.87 UBrowser/7.0.185.1002 Safari/537.36"
178.162.222.161 - - [27/Jan/2020:09:26:49 -0500] "GET /files_up/2019/04/Clothing-60x60.jpg HTTP/1.1" 304 - "https://www.naijadial.com/" "Mozilla/5.0 (Windows NT 6.3; WOW64) AppleWebKit/537.36 (KHTML, like Gecko) Chrome/55.0.2883.87 UBrowser/7.0.185.1002 Safari/537.36"
178.162.222.161 - - [27/Jan/2020:09:26:49 -0500] "GET /addons/revslider/public/assets/js/extensions/revolution.extension.slideanims.min.js?version=5.4.7 HTTP/1.1" 304 - "https://www.naijadial.com/" "Mozilla/5.0 (Windows NT 6.3; WOW64) AppleWebKit/537.36 (KHTML, like Gecko) Chrome/55.0.2883.87 UBrowser/7.0.185.1002 Safari/537.36"
178.162.222.161 - - [27/Jan/2020:09:26:49 -0500] "GET /addons/revslider/public/assets/js/extensions/revolution.extension.navigation.min.js?version=5.4.7 HTTP/1.1" 304 - "https://www.naijadial.com/" "Mozilla/5.0 (Windows NT 6.3; WOW64) AppleWebKit/537.36 (KHTML, like Gecko) Chrome/55.0.2883.87 UBrowser/7.0.185.1002 Safari/537.36"
178.162.222.161 - - [27/Jan/2020:09:26:49 -0500] "GET /addons/revslider/public/assets/js/extensions/revolution.extension.actions.min.js?version=5.4.7 HTTP/1.1" 304 - "https://www.naijadial.com/" "Mozilla/5.0 (Windows NT 6.3; WOW64) AppleWebKit/537.36 (KHTML, like Gecko) Chrome/55.0.2883.87 UBrowser/7.0.185.1002 Safari/537.36"
178.162.222.161 - - [27/Jan/2020:09:26:49 -0500] "GET /addons/revslider/public/assets/js/extensions/revolution.extension.layeranimation.min.js?version=5.4.7 HTTP/1.1" 304 - "https://www.naijadial.com/" "Mozilla/5.0 (Windows NT 6.3; WOW64) AppleWebKit/537.36 (KHTML, like Gecko) Chrome/55.0.2883.87 UBrowser/7.0.185.1002 Safari/537.36"
178.162.222.161 - - [27/Jan/2020:09:26:50 -0500] "GET /addons/revslider/public/assets/js/extensions/revolution.extension.parallax.min.js?version=5.4.7 HTTP/1.1" 304 - "https://www.naijadial.com/" "Mozilla/5.0 (Windows NT 6.3; WOW64) AppleWebKit/537.36 (KHTML, like Gecko) Chrome/55.0.2883.87 UBrowser/7.0.185.1002 Safari/537.36"
178.162.222.161 - - [27/Jan/2020:09:26:50 -0500] "GET /files_up/2019/04/miso-ramen-recipe-7275-500x750-60x60.jpg HTTP/1.1" 304 - "https://www.naijadial.com/" "Mozilla/5.0 (Windows NT 6.3; WOW64) AppleWebKit/537.36 (KHTML, like Gecko) Chrome/55.0.2883.87 UBrowser/7.0.185.1002 Safari/537.36"
178.162.222.161 - - [27/Jan/2020:09:26:50 -0500] "GET /files_up/2019/04/819_main-60x60.jpg HTTP/1.1" 304 - "https://www.naijadial.com/" "Mozilla/5.0 (Windows NT 6.3; WOW64) AppleWebKit/537.36 (KHTML, like Gecko) Chrome/55.0.2883.87 UBrowser/7.0.185.1002 Safari/537.36"
178.162.222.161 - - [27/Jan/2020:09:26:50 -0500] "GET /files_up/2019/04/Froze-foods-60x60.jpg HTTP/1.1" 304 - "https://www.naijadial.com/" "Mozilla/5.0 (Windows NT 6.3; WOW64) AppleWebKit/537.36 (KHTML, like Gecko) Chrome/55.0.2883.87 UBrowser/7.0.185.1002 Safari/537.36"
178.162.222.161 - - [27/Jan/2020:09:26:50 -0500] "GET /files_up/2019/04/1345128139_23791-60x60.jpg HTTP/1.1" 304 - "https://www.naijadial.com/" "Mozilla/5.0 (Windows NT 6.3; WOW64) AppleWebKit/537.36 (KHTML, like Gecko) Chrome/55.0.2883.87 UBrowser/7.0.185.1002 Safari/537.36"
178.162.222.161 - - [27/Jan/2020:09:26:50 -0500] "GET /files_up/2019/04/Cold-Room-60x60.jpg HTTP/1.1" 304 - "https://www.naijadial.com/" "Mozilla/5.0 (Windows NT 6.3; WOW64) AppleWebKit/537.36 (KHTML, like Gecko) Chrome/55.0.2883.87 UBrowser/7.0.185.1002 Safari/537.36"
178.162.222.161 - - [27/Jan/2020:09:26:50 -0500] "GET /files_up/2019/03/CCC-cafe-46-slide-60x60.jpg HTTP/1.1" 304 - "https://www.naijadial.com/" "Mozilla/5.0 (Windows NT 6.3; WOW64) AppleWebKit/537.36 (KHTML, like Gecko) Chrome/55.0.2883.87 UBrowser/7.0.185.1002 Safari/537.36"
178.162.222.161 - - [27/Jan/2020:09:26:50 -0500] "GET /files_up/2019/04/images-34-60x60.jpg HTTP/1.1" 304 - "https://www.naijadial.com/" "Mozilla/5.0 (Windows NT 6.3; WOW64) AppleWebKit/537.36 (KHTML, like Gecko) Chrome/55.0.2883.87 UBrowser/7.0.185.1002 Safari/537.36"
178.162.222.161 - - [27/Jan/2020:09:26:50 -0500] "GET /files_up/2019/03/Mama-Put-60x60.jpg HTTP/1.1" 304 - "https://www.naijadial.com/" "Mozilla/5.0 (Windows NT 6.3; WOW64) AppleWebKit/537.36 (KHTML, like Gecko) Chrome/55.0.2883.87 UBrowser/7.0.185.1002 Safari/537.36"
178.162.222.161 - - [27/Jan/2020:09:26:50 -0500] "GET /files_up/2019/04/Cocktails-60x60.jpg HTTP/1.1" 304 - "https://www.naijadial.com/" "Mozilla/5.0 (Windows NT 6.3; WOW64) AppleWebKit/537.36 (KHTML, like Gecko) Chrome/55.0.2883.87 UBrowser/7.0.185.1002 Safari/537.36"
178.162.222.161 - - [27/Jan/2020:09:26:50 -0500] "GET /files_up/2019/03/Christmas-takeaways-60x60.jpg HTTP/1.1" 304 - "https://www.naijadial.com/" "Mozilla/5.0 (Windows NT 6.3; WOW64) AppleWebKit/537.36 (KHTML, like Gecko) Chrome/55.0.2883.87 UBrowser/7.0.185.1002 Safari/537.36"
178.162.222.161 - - [27/Jan/2020:09:26:50 -0500] "GET /files_up/2019/03/fashion-designer-60x60.png HTTP/1.1" 304 - "https://www.naijadial.com/" "Mozilla/5.0 (Windows NT 6.3; WOW64) AppleWebKit/537.36 (KHTML, like Gecko) Chrome/55.0.2883.87 UBrowser/7.0.185.1002 Safari/537.36"
178.162.222.161 - - [27/Jan/2020:09:26:50 -0500] "GET /files_up/2019/04/pizza-60x60.jpg HTTP/1.1" 304 - "https://www.naijadial.com/" "Mozilla/5.0 (Windows NT 6.3; WOW64) AppleWebKit/537.36 (KHTML, like Gecko) Chrome/55.0.2883.87 UBrowser/7.0.185.1002 Safari/537.36"
178.162.222.161 - - [27/Jan/2020:09:26:50 -0500] "GET /files_up/2019/04/Bureau-de-change-60x60.png HTTP/1.1" 304 - "https://www.naijadial.com/" "Mozilla/5.0 (Windows NT 6.3; WOW64) AppleWebKit/537.36 (KHTML, like Gecko) Chrome/55.0.2883.87 UBrowser/7.0.185.1002 Safari/537.36"
178.162.222.161 - - [27/Jan/2020:09:26:50 -0500] "GET /files_up/2019/04/Ice-cream-60x60.jpg HTTP/1.1" 304 - "https://www.naijadial.com/" "Mozilla/5.0 (Windows NT 6.3; WOW64) AppleWebKit/537.36 (KHTML, like Gecko) Chrome/55.0.2883.87 UBrowser/7.0.185.1002 Safari/537.36"
178.162.222.161 - - [27/Jan/2020:09:26:50 -0500] "GET /files_up/2019/04/Life-insurance-istock_FB-60x60.jpg HTTP/1.1" 304 - "https://www.naijadial.com/" "Mozilla/5.0 (Windows NT 6.3; WOW64) AppleWebKit/537.36 (KHTML, like Gecko) Chrome/55.0.2883.87 UBrowser/7.0.185.1002 Safari/537.36"
178.162.222.161 - - [27/Jan/2020:09:26:50 -0500] "GET /files_up/2019/04/food-processing-60x60.png HTTP/1.1" 304 - "https://www.naijadial.com/" "Mozilla/5.0 (Windows NT 6.3; WOW64) AppleWebKit/537.36 (KHTML, like Gecko) Chrome/55.0.2883.87 UBrowser/7.0.185.1002 Safari/537.36"
178.162.222.161 - - [27/Jan/2020:09:26:50 -0500] "GET /files_up/2019/03/776d05a79013776a23e8de71f5e5caf0-60x60.jpg HTTP/1.1" 304 - "https://www.naijadial.com/" "Mozilla/5.0 (Windows NT 6.3; WOW64) AppleWebKit/537.36 (KHTML, like Gecko) Chrome/55.0.2883.87 UBrowser/7.0.185.1002 Safari/537.36"
178.162.222.161 - - [27/Jan/2020:09:26:50 -0500] "GET /files_up/2019/03/What-Things-to-Consider-Before-Hiring-an-Electrician-_-Electricians-in-Summerville-SC-1024x768-60x60.jpg HTTP/1.1" 304 - "https://www.naijadial.com/" "Mozilla/5.0 (Windows NT 6.3; WOW64) AppleWebKit/537.36 (KHTML, like Gecko) Chrome/55.0.2883.87 UBrowser/7.0.185.1002 Safari/537.36"
178.162.222.161 - - [27/Jan/2020:09:26:50 -0500] "GET /files_up/2019/03/African-stock-video-of-a-black-rural-carpenter-planing-a-plank-3-60x60.jpg HTTP/1.1" 304 - "https://www.naijadial.com/" "Mozilla/5.0 (Windows NT 6.3; WOW64) AppleWebKit/537.36 (KHTML, like Gecko) Chrome/55.0.2883.87 UBrowser/7.0.185.1002 Safari/537.36"
178.162.222.161 - - [27/Jan/2020:09:26:50 -0500] "GET /files_up/2019/03/csm_TI_RESTAURANT_TROPICAL-GARDEN1_RGB_2000x860_61b40cc4c5-60x60.jpg HTTP/1.1" 304 - "https://www.naijadial.com/" "Mozilla/5.0 (Windows NT 6.3; WOW64) AppleWebKit/537.36 (KHTML, like Gecko) Chrome/55.0.2883.87 UBrowser/7.0.185.1002 Safari/537.36"
178.162.222.161 - - [27/Jan/2020:09:26:50 -0500] "GET /files_up/2019/04/Counselling-Services-60x60.png HTTP/1.1" 304 - "https://www.naijadial.com/" "Mozilla/5.0 (Windows NT 6.3; WOW64) AppleWebKit/537.36 (KHTML, like Gecko) Chrome/55.0.2883.87 UBrowser/7.0.185.1002 Safari/537.36"
178.162.222.161 - - [27/Jan/2020:09:26:50 -0500] "GET /files_up/2019/03/1673-60x60.jpg HTTP/1.1" 304 - "https://www.naijadial.com/" "Mozilla/5.0 (Windows NT 6.3; WOW64) AppleWebKit/537.36 (KHTML, like Gecko) Chrome/55.0.2883.87 UBrowser/7.0.185.1002 Safari/537.36"
178.162.222.161 - - [27/Jan/2020:09:26:50 -0500] "GET /files_up/2019/03/HealthCare-Clinic-825x400-1-60x60.jpg HTTP/1.1" 304 - "https://www.naijadial.com/" "Mozilla/5.0 (Windows NT 6.3; WOW64) AppleWebKit/537.36 (KHTML, like Gecko) Chrome/55.0.2883.87 UBrowser/7.0.185.1002 Safari/537.36"
178.162.222.161 - - [27/Jan/2020:09:26:50 -0500] "GET /files_up/2019/03/labor-day-2018-60x60.jpg HTTP/1.1" 304 - "https://www.naijadial.com/" "Mozilla/5.0 (Windows NT 6.3; WOW64) AppleWebKit/537.36 (KHTML, like Gecko) Chrome/55.0.2883.87 UBrowser/7.0.185.1002 Safari/537.36"
178.162.222.161 - - [27/Jan/2020:09:26:50 -0500] "GET /files_up/2019/04/5350_8-1-60x60.jpg HTTP/1.1" 304 - "https://www.naijadial.com/" "Mozilla/5.0 (Windows NT 6.3; WOW64) AppleWebKit/537.36 (KHTML, like Gecko) Chrome/55.0.2883.87 UBrowser/7.0.185.1002 Safari/537.36"
178.162.222.161 - - [27/Jan/2020:09:26:50 -0500] "GET /files_up/2019/04/Training-Consultancy.jpg HTTP/1.1" 304 - "https://www.naijadial.com/" "Mozilla/5.0 (Windows NT 6.3; WOW64) AppleWebKit/537.36 (KHTML, like Gecko) Chrome/55.0.2883.87 UBrowser/7.0.185.1002 Safari/537.36"
178.162.222.161 - - [27/Jan/2020:09:26:50 -0500] "GET /files_up/2019/04/truck-60x60.jpg HTTP/1.1" 304 - "https://www.naijadial.com/" "Mozilla/5.0 (Windows NT 6.3; WOW64) AppleWebKit/537.36 (KHTML, like Gecko) Chrome/55.0.2883.87 UBrowser/7.0.185.1002 Safari/537.36"
178.162.222.161 - - [27/Jan/2020:09:26:50 -0500] "GET /files_up/2019/04/delivery-60x60.jpg HTTP/1.1" 304 - "https://www.naijadial.com/" "Mozilla/5.0 (Windows NT 6.3; WOW64) AppleWebKit/537.36 (KHTML, like Gecko) Chrome/55.0.2883.87 UBrowser/7.0.185.1002 Safari/537.36"
178.162.222.161 - - [27/Jan/2020:09:26:50 -0500] "GET /files_up/2019/04/personal-management-60x60.jpg HTTP/1.1" 304 - "https://www.naijadial.com/" "Mozilla/5.0 (Windows NT 6.3; WOW64) AppleWebKit/537.36 (KHTML, like Gecko) Chrome/55.0.2883.87 UBrowser/7.0.185.1002 Safari/537.36"
178.162.222.161 - - [27/Jan/2020:09:26:50 -0500] "GET /files_up/2019/04/a73867404da57bccc19da3d459c81d8d-60x60.jpg HTTP/1.1" 304 - "https://www.naijadial.com/" "Mozilla/5.0 (Windows NT 6.3; WOW64) AppleWebKit/537.36 (KHTML, like Gecko) Chrome/55.0.2883.87 UBrowser/7.0.185.1002 Safari/537.36"
178.162.222.161 - - [27/Jan/2020:09:26:50 -0500] "GET /files_up/2019/03/moneysaving-car-leasing-tips-15298318178p4cl-60x60.jpg HTTP/1.1" 304 - "https://www.naijadial.com/" "Mozilla/5.0 (Windows NT 6.3; WOW64) AppleWebKit/537.36 (KHTML, like Gecko) Chrome/55.0.2883.87 UBrowser/7.0.185.1002 Safari/537.36"
178.162.222.161 - - [27/Jan/2020:09:26:50 -0500] "GET /files_up/2019/04/download-60x60.jpg HTTP/1.1" 304 - "https://www.naijadial.com/" "Mozilla/5.0 (Windows NT 6.3; WOW64) AppleWebKit/537.36 (KHTML, like Gecko) Chrome/55.0.2883.87 UBrowser/7.0.185.1002 Safari/537.36"
178.162.222.161 - - [27/Jan/2020:09:26:50 -0500] "GET /files_up/2019/04/Surveying-correct-Pic-60x60.jpg HTTP/1.1" 304 - "https://www.naijadial.com/" "Mozilla/5.0 (Windows NT 6.3; WOW64) AppleWebKit/537.36 (KHTML, like Gecko) Chrome/55.0.2883.87 UBrowser/7.0.185.1002 Safari/537.36"
178.162.222.161 - - [27/Jan/2020:09:26:50 -0500] "GET /files_up/2019/04/Marketing-Consultant-60x60.png HTTP/1.1" 304 - "https://www.naijadial.com/" "Mozilla/5.0 (Windows NT 6.3; WOW64) AppleWebKit/537.36 (KHTML, like Gecko) Chrome/55.0.2883.87 UBrowser/7.0.185.1002 Safari/537.36"
178.162.222.161 - - [27/Jan/2020:09:26:50 -0500] "GET /files_up/2019/04/adagold-aviation-service-thumb-60x60.jpg HTTP/1.1" 304 - "https://www.naijadial.com/" "Mozilla/5.0 (Windows NT 6.3; WOW64) AppleWebKit/537.36 (KHTML, like Gecko) Chrome/55.0.2883.87 UBrowser/7.0.185.1002 Safari/537.36"
178.162.222.161 - - [27/Jan/2020:09:26:50 -0500] "GET /files_up/2019/04/CTV-News-Desk-image-collage-Canada-60x60.jpg HTTP/1.1" 304 - "https://www.naijadial.com/" "Mozilla/5.0 (Windows NT 6.3; WOW64) AppleWebKit/537.36 (KHTML, like Gecko) Chrome/55.0.2883.87 UBrowser/7.0.185.1002 Safari/537.36"
178.162.222.161 - - [27/Jan/2020:09:26:50 -0500] "GET /files_up/2019/04/635975554612177535-ThinkstockPhotos-507068824-60x60.jpg HTTP/1.1" 304 - "https://www.naijadial.com/" "Mozilla/5.0 (Windows NT 6.3; WOW64) AppleWebKit/537.36 (KHTML, like Gecko) Chrome/55.0.2883.87 UBrowser/7.0.185.1002 Safari/537.36"
178.162.222.161 - - [27/Jan/2020:09:26:50 -0500] "GET /files_up/2019/04/refuse-disposal-60x60.jpg HTTP/1.1" 304 - "https://www.naijadial.com/" "Mozilla/5.0 (Windows NT 6.3; WOW64) AppleWebKit/537.36 (KHTML, like Gecko) Chrome/55.0.2883.87 UBrowser/7.0.185.1002 Safari/537.36"
178.162.222.161 - - [27/Jan/2020:09:26:50 -0500] "GET /files_up/2019/04/Fashion-Design-60x60.jpg HTTP/1.1" 304 - "https://www.naijadial.com/" "Mozilla/5.0 (Windows NT 6.3; WOW64) AppleWebKit/537.36 (KHTML, like Gecko) Chrome/55.0.2883.87 UBrowser/7.0.185.1002 Safari/537.36"
178.162.222.161 - - [27/Jan/2020:09:26:50 -0500] "GET /files_up/2019/04/Digital-Marketing-60x60.png HTTP/1.1" 304 - "https://www.naijadial.com/" "Mozilla/5.0 (Windows NT 6.3; WOW64) AppleWebKit/537.36 (KHTML, like Gecko) Chrome/55.0.2883.87 UBrowser/7.0.185.1002 Safari/537.36"
178.162.222.161 - - [27/Jan/2020:09:26:50 -0500] "GET /files_up/2019/04/Shoes-and-Bags-60x60.jpg HTTP/1.1" 304 - "https://www.naijadial.com/" "Mozilla/5.0 (Windows NT 6.3; WOW64) AppleWebKit/537.36 (KHTML, like Gecko) Chrome/55.0.2883.87 UBrowser/7.0.185.1002 Safari/537.36"
178.162.222.161 - - [27/Jan/2020:09:26:50 -0500] "GET /files_up/2019/04/Journalist-60x60.jpg HTTP/1.1" 304 - "https://www.naijadial.com/" "Mozilla/5.0 (Windows NT 6.3; WOW64) AppleWebKit/537.36 (KHTML, like Gecko) Chrome/55.0.2883.87 UBrowser/7.0.185.1002 Safari/537.36"
178.162.222.161 - - [27/Jan/2020:09:26:50 -0500] "GET /files_up/2019/04/Dental-Clinic-60x60.jpg HTTP/1.1" 304 - "https://www.naijadial.com/" "Mozilla/5.0 (Windows NT 6.3; WOW64) AppleWebKit/537.36 (KHTML, like Gecko) Chrome/55.0.2883.87 UBrowser/7.0.185.1002 Safari/537.36"
178.162.222.161 - - [27/Jan/2020:09:26:50 -0500] "GET /files_up/2019/04/Bathroom-toilet-Equipment-60x60.jpg HTTP/1.1" 304 - "https://www.naijadial.com/" "Mozilla/5.0 (Windows NT 6.3; WOW64) AppleWebKit/537.36 (KHTML, like Gecko) Chrome/55.0.2883.87 UBrowser/7.0.185.1002 Safari/537.36"
178.162.222.161 - - [27/Jan/2020:09:26:50 -0500] "GET /files_up/2019/04/illo-keys-home-for-sale-1024x576-60x60.jpeg HTTP/1.1" 304 - "https://www.naijadial.com/" "Mozilla/5.0 (Windows NT 6.3; WOW64) AppleWebKit/537.36 (KHTML, like Gecko) Chrome/55.0.2883.87 UBrowser/7.0.185.1002 Safari/537.36"
178.162.222.161 - - [27/Jan/2020:09:26:50 -0500] "GET /files_up/2019/04/auditing-service-singapore-e1478078777883-60x60.jpg HTTP/1.1" 304 - "https://www.naijadial.com/" "Mozilla/5.0 (Windows NT 6.3; WOW64) AppleWebKit/537.36 (KHTML, like Gecko) Chrome/55.0.2883.87 UBrowser/7.0.185.1002 Safari/537.36"
178.162.222.161 - - [27/Jan/2020:09:26:50 -0500] "GET /files_up/2019/04/Media-adn-Communication-60x60.jpg HTTP/1.1" 304 - "https://www.naijadial.com/" "Mozilla/5.0 (Windows NT 6.3; WOW64) AppleWebKit/537.36 (KHTML, like Gecko) Chrome/55.0.2883.87 UBrowser/7.0.185.1002 Safari/537.36"
178.162.222.161 - - [27/Jan/2020:09:26:50 -0500] "GET /files_up/2019/04/Travel-Agent-60x60.jpg HTTP/1.1" 304 - "https://www.naijadial.com/" "Mozilla/5.0 (Windows NT 6.3; WOW64) AppleWebKit/537.36 (KHTML, like Gecko) Chrome/55.0.2883.87 UBrowser/7.0.185.1002 Safari/537.36"
178.162.222.161 - - [27/Jan/2020:09:26:50 -0500] "GET /files_up/2019/03/CR-Magazine-Inlinehero-airline-travel-guide-december-2018-1018-60x60.jpg HTTP/1.1" 304 - "https://www.naijadial.com/" "Mozilla/5.0 (Windows NT 6.3; WOW64) AppleWebKit/537.36 (KHTML, like Gecko) Chrome/55.0.2883.87 UBrowser/7.0.185.1002 Safari/537.36"
178.162.222.161 - - [27/Jan/2020:09:26:50 -0500] "GET /files_up/2019/03/tour-operation-services-500x500-60x60.png HTTP/1.1" 304 - "https://www.naijadial.com/" "Mozilla/5.0 (Windows NT 6.3; WOW64) AppleWebKit/537.36 (KHTML, like Gecko) Chrome/55.0.2883.87 UBrowser/7.0.185.1002 Safari/537.36"
178.162.222.161 - - [27/Jan/2020:09:26:50 -0500] "GET /files_up/2019/03/Capture-56-Pass-Setra-e1501269678925-60x60.png HTTP/1.1" 304 - "https://www.naijadial.com/" "Mozilla/5.0 (Windows NT 6.3; WOW64) AppleWebKit/537.36 (KHTML, like Gecko) Chrome/55.0.2883.87 UBrowser/7.0.185.1002 Safari/537.36"
178.162.222.161 - - [27/Jan/2020:09:26:50 -0500] "GET /files_up/2019/04/Business-N-60x60.jpg HTTP/1.1" 304 - "https://www.naijadial.com/" "Mozilla/5.0 (Windows NT 6.3; WOW64) AppleWebKit/537.36 (KHTML, like Gecko) Chrome/55.0.2883.87 UBrowser/7.0.185.1002 Safari/537.36"
178.162.222.161 - - [27/Jan/2020:09:26:50 -0500] "GET /files_up/2019/04/kitchen-1-60x60.jpg HTTP/1.1" 304 - "https://www.naijadial.com/" "Mozilla/5.0 (Windows NT 6.3; WOW64) AppleWebKit/537.36 (KHTML, like Gecko) Chrome/55.0.2883.87 UBrowser/7.0.185.1002 Safari/537.36"
178.162.222.161 - - [27/Jan/2020:09:26:50 -0500] "GET /files_up/2019/03/Phoropter_AdobeStock_56640246-300x300-60x60.jpg HTTP/1.1" 304 - "https://www.naijadial.com/" "Mozilla/5.0 (Windows NT 6.3; WOW64) AppleWebKit/537.36 (KHTML, like Gecko) Chrome/55.0.2883.87 UBrowser/7.0.185.1002 Safari/537.36"
178.162.222.161 - - [27/Jan/2020:09:26:50 -0500] "GET /files_up/2019/04/data-analist-60x60.jpg HTTP/1.1" 304 - "https://www.naijadial.com/" "Mozilla/5.0 (Windows NT 6.3; WOW64) AppleWebKit/537.36 (KHTML, like Gecko) Chrome/55.0.2883.87 UBrowser/7.0.185.1002 Safari/537.36"
178.162.222.161 - - [27/Jan/2020:09:26:50 -0500] "GET /files_up/2019/04/obgyn_1920x1080-550x309-60x60.jpg HTTP/1.1" 304 - "https://www.naijadial.com/" "Mozilla/5.0 (Windows NT 6.3; WOW64) AppleWebKit/537.36 (KHTML, like Gecko) Chrome/55.0.2883.87 UBrowser/7.0.185.1002 Safari/537.36"
178.162.222.161 - - [27/Jan/2020:09:26:50 -0500] "GET /files_up/2019/03/health-medical-products-howe-sound-pharmacy-gibsons-bc-60x60.jpg HTTP/1.1" 304 - "https://www.naijadial.com/" "Mozilla/5.0 (Windows NT 6.3; WOW64) AppleWebKit/537.36 (KHTML, like Gecko) Chrome/55.0.2883.87 UBrowser/7.0.185.1002 Safari/537.36"
178.162.222.161 - - [27/Jan/2020:09:26:50 -0500] "GET /files_up/2019/03/1-60x60.jpg HTTP/1.1" 304 - "https://www.naijadial.com/" "Mozilla/5.0 (Windows NT 6.3; WOW64) AppleWebKit/537.36 (KHTML, like Gecko) Chrome/55.0.2883.87 UBrowser/7.0.185.1002 Safari/537.36"
178.162.222.161 - - [27/Jan/2020:09:26:50 -0500] "GET /files_up/2019/03/logistics-4-60x60.jpg HTTP/1.1" 304 - "https://www.naijadial.com/" "Mozilla/5.0 (Windows NT 6.3; WOW64) AppleWebKit/537.36 (KHTML, like Gecko) Chrome/55.0.2883.87 UBrowser/7.0.185.1002 Safari/537.36"
178.162.222.161 - - [27/Jan/2020:09:26:50 -0500] "GET /files_up/2019/03/download-60x60.jpg HTTP/1.1" 304 - "https://www.naijadial.com/" "Mozilla/5.0 (Windows NT 6.3; WOW64) AppleWebKit/537.36 (KHTML, like Gecko) Chrome/55.0.2883.87 UBrowser/7.0.185.1002 Safari/537.36"
178.162.222.161 - - [27/Jan/2020:09:26:50 -0500] "GET /files_up/2019/04/rawpixel-574844-unsplash-770x499-60x60.jpg HTTP/1.1" 304 - "https://www.naijadial.com/" "Mozilla/5.0 (Windows NT 6.3; WOW64) AppleWebKit/537.36 (KHTML, like Gecko) Chrome/55.0.2883.87 UBrowser/7.0.185.1002 Safari/537.36"
178.162.222.161 - - [27/Jan/2020:09:26:50 -0500] "GET /files_up/2019/03/Hospital-exterior-60x60.jpg HTTP/1.1" 304 - "https://www.naijadial.com/" "Mozilla/5.0 (Windows NT 6.3; WOW64) AppleWebKit/537.36 (KHTML, like Gecko) Chrome/55.0.2883.87 UBrowser/7.0.185.1002 Safari/537.36"
178.162.222.161 - - [27/Jan/2020:09:26:50 -0500] "GET /files_up/2019/04/do_you_need_courier_service_in_the_city-60x60.png HTTP/1.1" 304 - "https://www.naijadial.com/" "Mozilla/5.0 (Windows NT 6.3; WOW64) AppleWebKit/537.36 (KHTML, like Gecko) Chrome/55.0.2883.87 UBrowser/7.0.185.1002 Safari/537.36"
178.162.222.161 - - [27/Jan/2020:09:26:50 -0500] "GET /files_up/2019/03/FitnessGym-The-Prince-Sakura-Tower-Tokyo-170502-800x520-60x60.jpg HTTP/1.1" 304 - "https://www.naijadial.com/" "Mozilla/5.0 (Windows NT 6.3; WOW64) AppleWebKit/537.36 (KHTML, like Gecko) Chrome/55.0.2883.87 UBrowser/7.0.185.1002 Safari/537.36"
178.162.222.161 - - [27/Jan/2020:09:26:51 -0500] "GET /addons/revslider/public/assets/fonts/revicons/revicons.woff?5510888 HTTP/1.1" 304 - "https://www.naijadial.com/addons/revslider/public/assets/css/settings.css?ver=5.4.7.4" "Mozilla/5.0 (Windows NT 6.3; WOW64) AppleWebKit/537.36 (KHTML, like Gecko) Chrome/55.0.2883.87 UBrowser/7.0.185.1002 Safari/537.36"
178.162.222.161 - - [27/Jan/2020:09:26:51 -0500] "GET /files_up/2019/04/NaijaDial-newslider-100x50.jpg HTTP/1.1" 304 - "https://www.naijadial.com/" "Mozilla/5.0 (Windows NT 6.3; WOW64) AppleWebKit/537.36 (KHTML, like Gecko) Chrome/55.0.2883.87 UBrowser/7.0.185.1002 Safari/537.36"
178.162.222.161 - - [27/Jan/2020:09:26:51 -0500] "GET /files_up/2019/04/Employee-100x50.jpg HTTP/1.1" 304 - "https://www.naijadial.com/" "Mozilla/5.0 (Windows NT 6.3; WOW64) AppleWebKit/537.36 (KHTML, like Gecko) Chrome/55.0.2883.87 UBrowser/7.0.185.1002 Safari/537.36"
178.162.205.226 - - [27/Jan/2020:09:26:55 -0500] "GET /files_up/2019/04/NaijaDial-Logo-White.png HTTP/1.1" 304 - "https://www.naijadial.com/" "Mozilla/5.0 (Windows NT 6.3; WOW64) AppleWebKit/537.36 (KHTML, like Gecko) Chrome/55.0.2883.87 UBrowser/7.0.185.1002 Safari/537.36"
178.162.205.226 - - [27/Jan/2020:09:26:55 -0500] "GET /wp-content/uploads/2019/04/Quadri-Zeidh-298x300.jpg HTTP/1.1" 304 - "https://www.naijadial.com/" "Mozilla/5.0 (Windows NT 6.3; WOW64) AppleWebKit/537.36 (KHTML, like Gecko) Chrome/55.0.2883.87 UBrowser/7.0.185.1002 Safari/537.36"
178.162.222.161 - - [27/Jan/2020:09:27:00 -0500] "GET /about HTTP/1.1" 301 - "-" "Mozilla/5.0 (Windows NT 6.3; WOW64) AppleWebKit/537.36 (KHTML, like Gecko) Chrome/55.0.2883.87 UBrowser/7.0.185.1002 Safari/537.36"
178.162.222.161 - - [27/Jan/2020:09:27:01 -0500] "GET /about-naijadial/ HTTP/1.1" 200 22474 "-" "Mozilla/5.0 (Windows NT 6.3; WOW64) AppleWebKit/537.36 (KHTML, like Gecko) Chrome/55.0.2883.87 UBrowser/7.0.185.1002 Safari/537.36"
178.162.222.161 - - [27/Jan/2020:09:27:05 -0500] "GET /files_up/2019/05/Service-Providers.png HTTP/1.1" 200 225173 "https://www.naijadial.com/about-naijadial/" "Mozilla/5.0 (Windows NT 6.3; WOW64) AppleWebKit/537.36 (KHTML, like Gecko) Chrome/55.0.2883.87 UBrowser/7.0.185.1002 Safari/537.36"
178.162.222.161 - - [27/Jan/2020:09:27:05 -0500] "GET /files_up/2019/05/NaijaDial-Users.png HTTP/1.1" 200 316454 "https://www.naijadial.com/about-naijadial/" "Mozilla/5.0 (Windows NT 6.3; WOW64) AppleWebKit/537.36 (KHTML, like Gecko) Chrome/55.0.2883.87 UBrowser/7.0.185.1002 Safari/537.36"
198.54.125.95 - - [27/Jan/2020:09:27:48 -0500] "POST /new/wp-cron.php?doing_wp_cron=1580135268.7906420230865478515625 HTTP/1.1" 200 - "https://www.naijadial.com/new/wp-cron.php?doing_wp_cron=1580135268.7906420230865478515625" "WordPress/5.3.2; https://www.naijadial.com/new"
78.159.99.208 - - [27/Jan/2020:09:27:48 -0500] "GET /new/wp-admin/post.php?post=100&action=edit HTTP/1.1" 200 374067 "https://www.naijadial.com/new/wp-admin/post.php?post=100&action=edit" "Mozilla/5.0 (Windows NT 6.3; Win64; x64) AppleWebKit/537.36 (KHTML, like Gecko) Chrome/79.0.3945.130 Safari/537.36"
78.159.99.208 - - [27/Jan/2020:09:27:54 -0500] "GET /new/wp-content/plugins/brizy/admin/static/img/arrow.png HTTP/1.1" 200 564 "https://www.naijadial.com/new/wp-admin/post.php?post=100&action=edit" "Mozilla/5.0 (Windows NT 6.3; Win64; x64) AppleWebKit/537.36 (KHTML, like Gecko) Chrome/79.0.3945.130 Safari/537.36"
78.159.99.208 - - [27/Jan/2020:09:27:54 -0500] "GET /new/wp-admin/post.php?post=100&action=edit HTTP/1.1" 200 374073 "https://www.naijadial.com/new/wp-admin/post.php?post=100&action=edit" "Mozilla/5.0 (Windows NT 6.3; Win64; x64) AppleWebKit/537.36 (KHTML, like Gecko) Chrome/79.0.3945.130 Safari/537.36"
198.54.125.95 - - [27/Jan/2020:09:28:11 -0500] "POST /new/wp-cron.php?doing_wp_cron=1580135291.2884669303894042968750 HTTP/1.1" 200 - "https://www.naijadial.com/new/wp-cron.php?doing_wp_cron=1580135291.2884669303894042968750" "WordPress/5.3.2; https://www.naijadial.com/new"
78.159.99.208 - - [27/Jan/2020:09:28:11 -0500] "POST /new/wp-admin/admin-ajax.php HTTP/1.1" 200 67 "https://www.naijadial.com/new/wp-admin/post.php?post=100&action=edit" "Mozilla/5.0 (Windows NT 6.3; Win64; x64) AppleWebKit/537.36 (KHTML, like Gecko) Chrome/79.0.3945.130 Safari/537.36"
198.54.125.95 - - [27/Jan/2020:09:28:12 -0500] "POST /new/wp-cron.php?doing_wp_cron=1580135292.0783569812774658203125 HTTP/1.1" 200 - "https://www.naijadial.com/new/wp-cron.php?doing_wp_cron=1580135292.0783569812774658203125" "WordPress/5.3.2; https://www.naijadial.com/new"
78.159.99.208 - - [27/Jan/2020:09:28:11 -0500] "POST /new/wp-admin/admin-ajax.php HTTP/1.1" 200 50566 "https://www.naijadial.com/new/wp-admin/post.php?post=100&action=edit" "Mozilla/5.0 (Windows NT 6.3; Win64; x64) AppleWebKit/537.36 (KHTML, like Gecko) Chrome/79.0.3945.130 Safari/537.36"
78.159.99.208 - - [27/Jan/2020:09:28:11 -0500] "POST /new/wp-admin/admin-ajax.php HTTP/1.1" 200 124634 "https://www.naijadial.com/new/wp-admin/post.php?post=100&action=edit" "Mozilla/5.0 (Windows NT 6.3; Win64; x64) AppleWebKit/537.36 (KHTML, like Gecko) Chrome/79.0.3945.130 Safari/537.36"
78.159.99.208 - - [27/Jan/2020:09:28:12 -0500] "POST /new/wp-admin/admin-ajax.php HTTP/1.1" 200 11495 "https://www.naijadial.com/new/wp-admin/post.php?post=100&action=edit" "Mozilla/5.0 (Windows NT 6.3; Win64; x64) AppleWebKit/537.36 (KHTML, like Gecko) Chrome/79.0.3945.130 Safari/537.36"
178.162.205.226 - - [27/Jan/2020:09:28:13 -0500] "GET /files_up/2019/04/NaijaDial-Favicon.ico HTTP/1.1" 304 - "https://www.naijadial.com/about-naijadial/" "Mozilla/5.0 (Windows NT 6.3; WOW64) AppleWebKit/537.36 (KHTML, like Gecko) Chrome/55.0.2883.87 UBrowser/7.0.185.1002 Safari/537.36"
78.159.99.208 - - [27/Jan/2020:09:28:13 -0500] "POST /new/wp-admin/admin-ajax.php HTTP/1.1" 200 47 "https://www.naijadial.com/new/wp-admin/themes.php?page=fw-settings" "Mozilla/5.0 (Windows NT 6.3; Win64; x64) AppleWebKit/537.36 (KHTML, like Gecko) Chrome/79.0.3945.130 Safari/537.36"
198.54.125.95 - - [27/Jan/2020:09:28:14 -0500] "POST /wp-cron.php?doing_wp_cron=1580135294.3042271137237548828125 HTTP/1.1" 200 - "https://www.naijadial.com/wp-cron.php?doing_wp_cron=1580135294.3042271137237548828125" "WordPress/5.3.2; http://www.naijadial.com"
178.162.205.226 - - [27/Jan/2020:09:28:13 -0500] "GET /wp-admin/admin-ajax.php?action=quform_support_page_caching&token=omTV7Evag9ZpCrmQLDUg07n3CKZB2uqoTw5wWQBN&forms%5B%5D=f3e8c2 HTTP/1.1" 200 97 "https://www.naijadial.com/about-naijadial/" "Mozilla/5.0 (Windows NT 6.3; WOW64) AppleWebKit/537.36 (KHTML, like Gecko) Chrome/55.0.2883.87 UBrowser/7.0.185.1002 Safari/537.36"
78.159.99.208 - - [27/Jan/2020:09:28:17 -0500] "GET /favicon.ico HTTP/1.1" 200 - "https://www.naijadial.com/new/wp-admin/post.php?post=100&action=edit" "Mozilla/5.0 (Windows NT 6.3; Win64; x64) AppleWebKit/537.36 (KHTML, like Gecko) Chrome/79.0.3945.130 Safari/537.36"
78.159.99.208 - - [27/Jan/2020:09:28:26 -0500] "POST /new/wp-admin/admin-ajax.php HTTP/1.1" 200 98 "https://www.naijadial.com/new/wp-admin/post.php?post=100&action=edit" "Mozilla/5.0 (Windows NT 6.3; Win64; x64) AppleWebKit/537.36 (KHTML, like Gecko) Chrome/79.0.3945.130 Safari/537.36"
78.159.99.208 - - [27/Jan/2020:09:28:41 -0500] "POST /new/wp-admin/post.php HTTP/1.1" 302 - "https://www.naijadial.com/new/wp-admin/post.php?post=100&action=edit" "Mozilla/5.0 (Windows NT 6.3; Win64; x64) AppleWebKit/537.36 (KHTML, like Gecko) Chrome/79.0.3945.130 Safari/537.36"
78.159.99.208 - - [27/Jan/2020:09:28:41 -0500] "POST /new/wp-admin/admin-ajax.php HTTP/1.1" 200 98 "https://www.naijadial.com/new/wp-admin/post.php?post=100&action=edit" "Mozilla/5.0 (Windows NT 6.3; Win64; x64) AppleWebKit/537.36 (KHTML, like Gecko) Chrome/79.0.3945.130 Safari/537.36"
78.159.99.208 - - [27/Jan/2020:09:28:43 -0500] "GET /new/wp-admin/post.php?post=100&action=edit&message=1 HTTP/1.1" 200 374221 "https://www.naijadial.com/new/wp-admin/post.php?post=100&action=edit" "Mozilla/5.0 (Windows NT 6.3; Win64; x64) AppleWebKit/537.36 (KHTML, like Gecko) Chrome/79.0.3945.130 Safari/537.36"
78.159.99.208 - - [27/Jan/2020:09:29:00 -0500] "POST /new/wp-admin/admin-ajax.php HTTP/1.1" 200 124634 "https://www.naijadial.com/new/wp-admin/post.php?post=100&action=edit" "Mozilla/5.0 (Windows NT 6.3; Win64; x64) AppleWebKit/537.36 (KHTML, like Gecko) Chrome/79.0.3945.130 Safari/537.36"
78.159.99.208 - - [27/Jan/2020:09:29:00 -0500] "GET /new/wp-admin/admin-ajax.php?action=oembed-cache&post=100 HTTP/1.1" 200 21 "https://www.naijadial.com/new/wp-admin/post.php?post=100&action=edit" "Mozilla/5.0 (Windows NT 6.3; Win64; x64) AppleWebKit/537.36 (KHTML, like Gecko) Chrome/79.0.3945.130 Safari/537.36"
78.159.99.208 - - [27/Jan/2020:09:29:00 -0500] "POST /new/wp-admin/admin-ajax.php HTTP/1.1" 200 50566 "https://www.naijadial.com/new/wp-admin/post.php?post=100&action=edit" "Mozilla/5.0 (Windows NT 6.3; Win64; x64) AppleWebKit/537.36 (KHTML, like Gecko) Chrome/79.0.3945.130 Safari/537.36"
78.159.99.208 - - [27/Jan/2020:09:29:00 -0500] "POST /new/wp-admin/admin-ajax.php HTTP/1.1" 200 67 "https://www.naijadial.com/new/wp-admin/post.php?post=100&action=edit" "Mozilla/5.0 (Windows NT 6.3; Win64; x64) AppleWebKit/537.36 (KHTML, like Gecko) Chrome/79.0.3945.130 Safari/537.36"
78.159.99.208 - - [27/Jan/2020:09:29:10 -0500] "POST /new/wp-admin/admin-ajax.php HTTP/1.1" 200 11495 "https://www.naijadial.com/new/wp-admin/post.php?post=100&action=edit" "Mozilla/5.0 (Windows NT 6.3; Win64; x64) AppleWebKit/537.36 (KHTML, like Gecko) Chrome/79.0.3945.130 Safari/537.36"
78.159.99.208 - - [27/Jan/2020:09:29:11 -0500] "GET /favicon.ico HTTP/1.1" 200 - "https://www.naijadial.com/new/wp-admin/post.php?post=100&action=edit" "Mozilla/5.0 (Windows NT 6.3; Win64; x64) AppleWebKit/537.36 (KHTML, like Gecko) Chrome/79.0.3945.130 Safari/537.36"
198.54.125.95 - - [27/Jan/2020:09:29:17 -0500] "POST /new/wp-cron.php?doing_wp_cron=1580135357.1748929023742675781250 HTTP/1.1" 200 - "https://www.naijadial.com/new/wp-cron.php?doing_wp_cron=1580135357.1748929023742675781250" "WordPress/5.3.2; https://www.naijadial.com/new"
78.159.99.208 - - [27/Jan/2020:09:29:17 -0500] "GET /new/wp-admin/admin-post.php?action=_brizy_admin_editor_disable&post=100 HTTP/1.1" 302 - "https://www.naijadial.com/new/wp-admin/post.php?post=100&action=edit" "Mozilla/5.0 (Windows NT 6.3; Win64; x64) AppleWebKit/537.36 (KHTML, like Gecko) Chrome/79.0.3945.130 Safari/537.36"
198.54.125.95 - - [27/Jan/2020:09:29:17 -0500] "POST /new/wp-cron.php?doing_wp_cron=1580135357.9787349700927734375000 HTTP/1.1" 200 - "https://www.naijadial.com/new/wp-cron.php?doing_wp_cron=1580135357.9787349700927734375000" "WordPress/5.3.2; https://www.naijadial.com/new"
78.159.99.208 - - [27/Jan/2020:09:29:17 -0500] "POST /new/wp-admin/admin-ajax.php HTTP/1.1" 200 98 "https://www.naijadial.com/new/wp-admin/post.php?post=100&action=edit" "Mozilla/5.0 (Windows NT 6.3; Win64; x64) AppleWebKit/537.36 (KHTML, like Gecko) Chrome/79.0.3945.130 Safari/537.36"
78.159.99.208 - - [27/Jan/2020:09:29:18 -0500] "GET /new/wp-admin/post.php?post=100&action=edit HTTP/1.1" 200 373848 "https://www.naijadial.com/new/wp-admin/post.php?post=100&action=edit" "Mozilla/5.0 (Windows NT 6.3; Win64; x64) AppleWebKit/537.36 (KHTML, like Gecko) Chrome/79.0.3945.130 Safari/537.36"
78.159.99.208 - - [27/Jan/2020:09:29:20 -0500] "POST /new/wp-admin/admin-ajax.php HTTP/1.1" 200 21 "https://www.naijadial.com/new/wp-admin/post.php?post=100&action=edit" "Mozilla/5.0 (Windows NT 6.3; Win64; x64) AppleWebKit/537.36 (KHTML, like Gecko) Chrome/79.0.3945.130 Safari/537.36"
78.159.99.208 - - [27/Jan/2020:09:29:30 -0500] "POST /new/wp-admin/admin-ajax.php HTTP/1.1" 200 124634 "https://www.naijadial.com/new/wp-admin/post.php?post=100&action=edit" "Mozilla/5.0 (Windows NT 6.3; Win64; x64) AppleWebKit/537.36 (KHTML, like Gecko) Chrome/79.0.3945.130 Safari/537.36"
78.159.99.208 - - [27/Jan/2020:09:29:31 -0500] "POST /new/wp-admin/admin-ajax.php HTTP/1.1" 200 67 "https://www.naijadial.com/new/wp-admin/post.php?post=100&action=edit" "Mozilla/5.0 (Windows NT 6.3; Win64; x64) AppleWebKit/537.36 (KHTML, like Gecko) Chrome/79.0.3945.130 Safari/537.36"
78.159.99.208 - - [27/Jan/2020:09:29:31 -0500] "POST /new/wp-admin/admin-ajax.php HTTP/1.1" 200 50566 "https://www.naijadial.com/new/wp-admin/post.php?post=100&action=edit" "Mozilla/5.0 (Windows NT 6.3; Win64; x64) AppleWebKit/537.36 (KHTML, like Gecko) Chrome/79.0.3945.130 Safari/537.36"
78.159.99.208 - - [27/Jan/2020:09:29:36 -0500] "POST /new/wp-admin/admin-ajax.php HTTP/1.1" 200 11495 "https://www.naijadial.com/new/wp-admin/post.php?post=100&action=edit" "Mozilla/5.0 (Windows NT 6.3; Win64; x64) AppleWebKit/537.36 (KHTML, like Gecko) Chrome/79.0.3945.130 Safari/537.36"
78.159.99.208 - - [27/Jan/2020:09:29:37 -0500] "GET /favicon.ico HTTP/1.1" 200 - "https://www.naijadial.com/new/wp-admin/post.php?post=100&action=edit" "Mozilla/5.0 (Windows NT 6.3; Win64; x64) AppleWebKit/537.36 (KHTML, like Gecko) Chrome/79.0.3945.130 Safari/537.36"
78.159.99.208 - - [27/Jan/2020:09:29:45 -0500] "POST /new/wp-admin/admin-ajax.php HTTP/1.1" 200 21 "https://www.naijadial.com/new/wp-admin/post.php?post=100&action=edit" "Mozilla/5.0 (Windows NT 6.3; Win64; x64) AppleWebKit/537.36 (KHTML, like Gecko) Chrome/79.0.3945.130 Safari/537.36"
41.217.30.236 - - [27/Jan/2020:09:24:46 -0500] "GET /new/wp-content/uploads/2020/01/responsive-web-design-360x240.png HTTP/1.1" 304 - "https://www.naijadial.com/new/" "Mozilla/5.0 (Windows NT 6.3; WOW64) AppleWebKit/537.36 (KHTML, like Gecko) Chrome/55.0.2883.87 UBrowser/7.0.185.1002 Safari/537.36"
41.217.30.236 - - [27/Jan/2020:09:24:49 -0500] "GET /favicon.ico HTTP/1.1" 200 - "https://www.naijadial.com/new/" "Mozilla/5.0 (Windows NT 6.3; WOW64) AppleWebKit/537.36 (KHTML, like Gecko) Chrome/55.0.2883.87 UBrowser/7.0.185.1002 Safari/537.36"
41.217.30.236 - - [27/Jan/2020:09:24:50 -0500] "GET /favicon.ico HTTP/1.1" 200 - "https://www.naijadial.com/new/about/" "Mozilla/5.0 (Windows NT 6.3; WOW64) AppleWebKit/537.36 (KHTML, like Gecko) Chrome/55.0.2883.87 UBrowser/7.0.185.1002 Safari/537.36"
78.159.99.208 - - [27/Jan/2020:09:29:45 -0500] "GET /new/wp-admin/revision.php?revision=1806 HTTP/1.1" 200 38053 "https://www.naijadial.com/new/wp-admin/post.php?post=100&action=edit" "Mozilla/5.0 (Windows NT 6.3; Win64; x64) AppleWebKit/537.36 (KHTML, like Gecko) Chrome/79.0.3945.130 Safari/537.36"
78.159.99.208 - - [27/Jan/2020:09:29:46 -0500] "POST /new/wp-admin/admin-ajax.php HTTP/1.1" 200 98 "https://www.naijadial.com/new/wp-admin/post.php?post=100&action=edit" "Mozilla/5.0 (Windows NT 6.3; Win64; x64) AppleWebKit/537.36 (KHTML, like Gecko) Chrome/79.0.3945.130 Safari/537.36"
78.159.99.208 - - [27/Jan/2020:09:29:47 -0500] "GET /new/wp-admin/load-scripts.php?c=0&load%5Bchunk_0%5D=jquery-core,jquery-migrate,utils,underscore,backbone,jquery-ui-core,jquery-ui-widget&ver=5.3.2 HTTP/1.1" 200 54367 "https://www.naijadial.com/new/wp-admin/revision.php?revision=1806" "Mozilla/5.0 (Windows NT 6.3; Win64; x64) AppleWebKit/537.36 (KHTML, like Gecko) Chrome/79.0.3945.130 Safari/537.36"
78.159.99.208 - - [27/Jan/2020:09:29:48 -0500] "GET /new/wp-admin/load-scripts.php?c=0&load%5Bchunk_0%5D=hoverIntent,common,hoverintent-js,admin-bar,wp-util,wp-backbone,jquery-ui-mouse,jquery-ui-slider,revisions,svg-painter,wp-hooks,&load%5Bchunk_1%5D=heartbeat,wp-auth-check,shortcode,media-models,wp-plupload,jquery-ui-sortable&ver=5.3.2 HTTP/1.1" 200 35625 "https://www.naijadial.com/new/wp-admin/revision.php?revision=1806" "Mozilla/5.0 (Windows NT 6.3; Win64; x64) AppleWebKit/537.36 (KHTML, like Gecko) Chrome/79.0.3945.130 Safari/537.36"
78.159.99.208 - - [27/Jan/2020:09:29:47 -0500] "POST /new/wp-admin/admin-ajax.php HTTP/1.1" 200 21 "https://www.naijadial.com/new/wp-admin/post.php?post=100&action=edit" "Mozilla/5.0 (Windows NT 6.3; Win64; x64) AppleWebKit/537.36 (KHTML, like Gecko) Chrome/79.0.3945.130 Safari/537.36"
78.159.99.208 - - [27/Jan/2020:09:29:50 -0500] "GET /favicon.ico HTTP/1.1" 200 - "https://www.naijadial.com/new/wp-admin/revision.php?revision=1806" "Mozilla/5.0 (Windows NT 6.3; Win64; x64) AppleWebKit/537.36 (KHTML, like Gecko) Chrome/79.0.3945.130 Safari/537.36"
78.159.99.208 - - [27/Jan/2020:09:29:50 -0500] "POST /new/wp-admin/admin-ajax.php HTTP/1.1" 200 679169 "https://www.naijadial.com/new/wp-admin/revision.php?revision=1806" "Mozilla/5.0 (Windows NT 6.3; Win64; x64) AppleWebKit/537.36 (KHTML, like Gecko) Chrome/79.0.3945.130 Safari/537.36"
78.159.99.208 - - [27/Jan/2020:09:30:04 -0500] "GET /new/wp-admin/revision.php?revision=1797&action=restore&_wpnonce=5adaa4cddf HTTP/1.1" 302 - "https://www.naijadial.com/new/wp-admin/revision.php?revision=1806" "Mozilla/5.0 (Windows NT 6.3; Win64; x64) AppleWebKit/537.36 (KHTML, like Gecko) Chrome/79.0.3945.130 Safari/537.36"
198.54.125.95 - - [27/Jan/2020:09:30:10 -0500] "POST /new/wp-cron.php?doing_wp_cron=1580135410.5045499801635742187500 HTTP/1.1" 200 - "https://www.naijadial.com/new/wp-cron.php?doing_wp_cron=1580135410.5045499801635742187500" "WordPress/5.3.2; https://www.naijadial.com/new"
78.159.99.208 - - [27/Jan/2020:09:30:10 -0500] "GET /new/wp-admin/post.php?post=100&action=edit&message=5&revision=1797 HTTP/1.1" 200 376185 "https://www.naijadial.com/new/wp-admin/revision.php?revision=1806" "Mozilla/5.0 (Windows NT 6.3; Win64; x64) AppleWebKit/537.36 (KHTML, like Gecko) Chrome/79.0.3945.130 Safari/537.36"
78.159.99.208 - - [27/Jan/2020:09:30:13 -0500] "POST /new/wp-admin/admin-ajax.php HTTP/1.1" 200 47 "https://www.naijadial.com/new/wp-admin/themes.php?page=fw-settings" "Mozilla/5.0 (Windows NT 6.3; Win64; x64) AppleWebKit/537.36 (KHTML, like Gecko) Chrome/79.0.3945.130 Safari/537.36"
78.159.99.208 - - [27/Jan/2020:09:30:31 -0500] "POST /new/wp-admin/admin-ajax.php HTTP/1.1" 200 124634 "https://www.naijadial.com/new/wp-admin/post.php?post=100&action=edit&revision=1797" "Mozilla/5.0 (Windows NT 6.3; Win64; x64) AppleWebKit/537.36 (KHTML, like Gecko) Chrome/79.0.3945.130 Safari/537.36"
78.159.99.208 - - [27/Jan/2020:09:30:31 -0500] "POST /new/wp-admin/admin-ajax.php HTTP/1.1" 200 50566 "https://www.naijadial.com/new/wp-admin/post.php?post=100&action=edit&revision=1797" "Mozilla/5.0 (Windows NT 6.3; Win64; x64) AppleWebKit/537.36 (KHTML, like Gecko) Chrome/79.0.3945.130 Safari/537.36"
78.159.99.208 - - [27/Jan/2020:09:30:31 -0500] "POST /new/wp-admin/admin-ajax.php HTTP/1.1" 200 67 "https://www.naijadial.com/new/wp-admin/post.php?post=100&action=edit&revision=1797" "Mozilla/5.0 (Windows NT 6.3; Win64; x64) AppleWebKit/537.36 (KHTML, like Gecko) Chrome/79.0.3945.130 Safari/537.36"
78.159.99.208 - - [27/Jan/2020:09:30:31 -0500] "GET /new/wp-admin/admin-ajax.php?action=oembed-cache&post=100 HTTP/1.1" 200 21 "https://www.naijadial.com/new/wp-admin/post.php?post=100&action=edit&revision=1797" "Mozilla/5.0 (Windows NT 6.3; Win64; x64) AppleWebKit/537.36 (KHTML, like Gecko) Chrome/79.0.3945.130 Safari/537.36"
78.159.99.208 - - [27/Jan/2020:09:30:35 -0500] "POST /new/wp-admin/post.php HTTP/1.1" 302 - "https://www.naijadial.com/new/wp-admin/post.php?post=100&action=edit&revision=1797" "Mozilla/5.0 (Windows NT 6.3; Win64; x64) AppleWebKit/537.36 (KHTML, like Gecko) Chrome/79.0.3945.130 Safari/537.36"
78.159.99.208 - - [27/Jan/2020:09:30:37 -0500] "POST /new/wp-admin/admin-ajax.php HTTP/1.1" 200 11495 "https://www.naijadial.com/new/wp-admin/post.php?post=100&action=edit&revision=1797" "Mozilla/5.0 (Windows NT 6.3; Win64; x64) AppleWebKit/537.36 (KHTML, like Gecko) Chrome/79.0.3945.130 Safari/537.36"
78.159.99.208 - - [27/Jan/2020:09:30:37 -0500] "GET /new/wp-admin/post.php?post=100&action=edit&message=1 HTTP/1.1" 200 376144 "https://www.naijadial.com/new/wp-admin/post.php?post=100&action=edit&revision=1797" "Mozilla/5.0 (Windows NT 6.3; Win64; x64) AppleWebKit/537.36 (KHTML, like Gecko) Chrome/79.0.3945.130 Safari/537.36"
78.159.99.208 - - [27/Jan/2020:09:30:49 -0500] "POST /new/wp-admin/admin-ajax.php HTTP/1.1" 200 124634 "https://www.naijadial.com/new/wp-admin/post.php?post=100&action=edit" "Mozilla/5.0 (Windows NT 6.3; Win64; x64) AppleWebKit/537.36 (KHTML, like Gecko) Chrome/79.0.3945.130 Safari/537.36"
78.159.99.208 - - [27/Jan/2020:09:30:49 -0500] "GET /new/wp-admin/admin-ajax.php?action=oembed-cache&post=100 HTTP/1.1" 200 21 "https://www.naijadial.com/new/wp-admin/post.php?post=100&action=edit" "Mozilla/5.0 (Windows NT 6.3; Win64; x64) AppleWebKit/537.36 (KHTML, like Gecko) Chrome/79.0.3945.130 Safari/537.36"
78.159.99.208 - - [27/Jan/2020:09:30:49 -0500] "POST /new/wp-admin/admin-ajax.php HTTP/1.1" 200 50566 "https://www.naijadial.com/new/wp-admin/post.php?post=100&action=edit" "Mozilla/5.0 (Windows NT 6.3; Win64; x64) AppleWebKit/537.36 (KHTML, like Gecko) Chrome/79.0.3945.130 Safari/537.36"
78.159.99.208 - - [27/Jan/2020:09:30:49 -0500] "POST /new/wp-admin/admin-ajax.php HTTP/1.1" 200 67 "https://www.naijadial.com/new/wp-admin/post.php?post=100&action=edit" "Mozilla/5.0 (Windows NT 6.3; Win64; x64) AppleWebKit/537.36 (KHTML, like Gecko) Chrome/79.0.3945.130 Safari/537.36"
78.159.99.208 - - [27/Jan/2020:09:30:54 -0500] "POST /new/wp-admin/admin-ajax.php HTTP/1.1" 200 11495 "https://www.naijadial.com/new/wp-admin/post.php?post=100&action=edit" "Mozilla/5.0 (Windows NT 6.3; Win64; x64) AppleWebKit/537.36 (KHTML, like Gecko) Chrome/79.0.3945.130 Safari/537.36"
78.159.99.208 - - [27/Jan/2020:09:30:56 -0500] "GET /favicon.ico HTTP/1.1" 200 - "https://www.naijadial.com/new/wp-admin/post.php?post=100&action=edit" "Mozilla/5.0 (Windows NT 6.3; Win64; x64) AppleWebKit/537.36 (KHTML, like Gecko) Chrome/79.0.3945.130 Safari/537.36"
198.54.125.95 - - [27/Jan/2020:09:31:05 -0500] "POST /new/wp-cron.php?doing_wp_cron=1580135465.8639459609985351562500 HTTP/1.1" 200 - "https://www.naijadial.com/new/wp-cron.php?doing_wp_cron=1580135465.8639459609985351562500" "WordPress/5.3.2; https://www.naijadial.com/new"
78.159.99.208 - - [27/Jan/2020:09:31:05 -0500] "GET /new/wp-admin/post-new.php?post_type=page HTTP/1.1" 200 371459 "https://www.naijadial.com/new/wp-admin/post.php?post=100&action=edit" "Mozilla/5.0 (Windows NT 6.3; Win64; x64) AppleWebKit/537.36 (KHTML, like Gecko) Chrome/79.0.3945.130 Safari/537.36"
198.54.125.95 - - [27/Jan/2020:09:31:07 -0500] "POST /new/wp-cron.php?doing_wp_cron=1580135467.9448249340057373046875 HTTP/1.1" 200 - "https://www.naijadial.com/new/wp-cron.php?doing_wp_cron=1580135467.9448249340057373046875" "WordPress/5.3.2; https://www.naijadial.com/new"
78.159.99.208 - - [27/Jan/2020:09:31:05 -0500] "POST /new/wp-admin/admin-ajax.php HTTP/1.1" 200 98 "https://www.naijadial.com/new/wp-admin/post.php?post=100&action=edit" "Mozilla/5.0 (Windows NT 6.3; Win64; x64) AppleWebKit/537.36 (KHTML, like Gecko) Chrome/79.0.3945.130 Safari/537.36"
