78.159.99.208 - - [27/Jan/2020:09:07:50 -0500] "POST /new/wp-admin/admin-ajax.php HTTP/1.1" 200 47 "https://www.naijadial.com/new/wp-admin/edit.php?post_type=sp_jobs" "Mozilla/5.0 (Windows NT 6.3; Win64; x64) AppleWebKit/537.36 (KHTML, like Gecko) Chrome/79.0.3945.130 Safari/537.36"
78.159.99.208 - - [27/Jan/2020:09:07:52 -0500] "GET /new/wp-admin/edit.php?post_type=sp_jobs&paged=1&trashed=9&ids=388%2C385%2C386%2C390%2C384%2C382%2C383%2C387%2C389&locked=0 HTTP/1.1" 200 36890 "https://www.naijadial.com/new/wp-admin/edit.php?post_type=sp_jobs" "Mozilla/5.0 (Windows NT 6.3; Win64; x64) AppleWebKit/537.36 (KHTML, like Gecko) Chrome/79.0.3945.130 Safari/537.36"
198.54.125.95 - - [27/Jan/2020:09:07:55 -0500] "POST /wp-cron.php?doing_wp_cron=1580134075.2069499492645263671875 HTTP/1.1" 200 - "https://www.naijadial.com/wp-cron.php?doing_wp_cron=1580134075.2069499492645263671875" "WordPress/5.3.2; https://www.naijadial.com"
66.249.79.187 - - [27/Jan/2020:09:07:53 -0500] "GET /robots.txt HTTP/1.1" 200 69 "-" "Mozilla/5.0 (compatible; Googlebot/2.1; +http://www.google.com/bot.html)"
78.159.99.208 - - [27/Jan/2020:09:07:56 -0500] "GET /favicon.ico HTTP/1.1" 200 - "https://www.naijadial.com/new/wp-admin/edit.php?post_type=sp_jobs&paged=1&ids=388%2C385%2C386%2C390%2C384%2C382%2C383%2C387%2C389" "Mozilla/5.0 (Windows NT 6.3; Win64; x64) AppleWebKit/537.36 (KHTML, like Gecko) Chrome/79.0.3945.130 Safari/537.36"
78.159.99.208 - - [27/Jan/2020:09:07:56 -0500] "POST /new/wp-admin/admin-ajax.php HTTP/1.1" 200 47 "https://www.naijadial.com/new/wp-admin/edit.php?post_type=sp_jobs&paged=1&ids=388%2C385%2C386%2C390%2C384%2C382%2C383%2C387%2C389" "Mozilla/5.0 (Windows NT 6.3; Win64; x64) AppleWebKit/537.36 (KHTML, like Gecko) Chrome/79.0.3945.130 Safari/537.36"
66.249.79.189 - - [27/Jan/2020:09:07:56 -0500] "GET /new/sitemap-index.xml HTTP/1.1" 200 275 "-" "Mozilla/5.0 (compatible; Googlebot/2.1; +http://www.google.com/bot.html)"
78.159.99.208 - - [27/Jan/2020:09:07:57 -0500] "GET /new/wp-admin/edit.php?post_status=trash&post_type=sp_jobs HTTP/1.1" 200 39757 "https://www.naijadial.com/new/wp-admin/edit.php?post_type=sp_jobs&paged=1&ids=388%2C385%2C386%2C390%2C384%2C382%2C383%2C387%2C389" "Mozilla/5.0 (Windows NT 6.3; Win64; x64) AppleWebKit/537.36 (KHTML, like Gecko) Chrome/79.0.3945.130 Safari/537.36"
78.159.99.208 - - [27/Jan/2020:09:08:01 -0500] "GET /favicon.ico HTTP/1.1" 200 - "https://www.naijadial.com/new/wp-admin/edit.php?post_status=trash&post_type=sp_jobs" "Mozilla/5.0 (Windows NT 6.3; Win64; x64) AppleWebKit/537.36 (KHTML, like Gecko) Chrome/79.0.3945.130 Safari/537.36"
78.159.99.208 - - [27/Jan/2020:09:08:01 -0500] "POST /new/wp-admin/admin-ajax.php HTTP/1.1" 200 47 "https://www.naijadial.com/new/wp-admin/edit.php?post_status=trash&post_type=sp_jobs" "Mozilla/5.0 (Windows NT 6.3; Win64; x64) AppleWebKit/537.36 (KHTML, like Gecko) Chrome/79.0.3945.130 Safari/537.36"
78.159.99.208 - - [27/Jan/2020:09:08:04 -0500] "POST /new/wp-admin/admin-ajax.php HTTP/1.1" 200 47 "https://www.naijadial.com/new/wp-admin/edit-tags.php?taxonomy=ad_category&post_type=sp_ads" "Mozilla/5.0 (Windows NT 6.3; Win64; x64) AppleWebKit/537.36 (KHTML, like Gecko) Chrome/79.0.3945.130 Safari/537.36"
198.54.125.95 - - [27/Jan/2020:09:08:05 -0500] "POST /new/wp-cron.php?doing_wp_cron=1580134085.8601160049438476562500 HTTP/1.1" 200 - "https://www.naijadial.com/new/wp-cron.php?doing_wp_cron=1580134085.8601160049438476562500" "WordPress/5.3.2; https://www.naijadial.com/new"
78.159.99.208 - - [27/Jan/2020:09:08:05 -0500] "GET /new/wp-admin/edit.php?s=&post_status=trash&post_type=sp_jobs&_wpnonce=a3069e9f18&_wp_http_referer=%2Fnew%2Fwp-admin%2Fedit.php%3Fpost_status%3Dtrash%26post_type%3Dsp_jobs&action=delete&m=0&paged=1&post%5B%5D=388&post%5B%5D=385&post%5B%5D=386&post%5B%5D=390&post%5B%5D=384&post%5B%5D=382&post%5B%5D=383&post%5B%5D=387&post%5B%5D=389&action2=-1 HTTP/1.1" 302 - "https://www.naijadial.com/new/wp-admin/edit.php?post_status=trash&post_type=sp_jobs" "Mozilla/5.0 (Windows NT 6.3; Win64; x64) AppleWebKit/537.36 (KHTML, like Gecko) Chrome/79.0.3945.130 Safari/537.36"
78.159.99.208 - - [27/Jan/2020:09:08:07 -0500] "GET /new/wp-admin/edit.php?post_status=trash&post_type=sp_jobs&paged=1&deleted=9 HTTP/1.1" 200 36740 "https://www.naijadial.com/new/wp-admin/edit.php?post_status=trash&post_type=sp_jobs" "Mozilla/5.0 (Windows NT 6.3; Win64; x64) AppleWebKit/537.36 (KHTML, like Gecko) Chrome/79.0.3945.130 Safari/537.36"
78.159.99.208 - - [27/Jan/2020:09:08:10 -0500] "POST /new/wp-admin/admin-ajax.php HTTP/1.1" 200 47 "https://www.naijadial.com/new/wp-admin/themes.php?page=fw-settings" "Mozilla/5.0 (Windows NT 6.3; Win64; x64) AppleWebKit/537.36 (KHTML, like Gecko) Chrome/79.0.3945.130 Safari/537.36"
78.159.99.208 - - [27/Jan/2020:09:08:15 -0500] "GET /favicon.ico HTTP/1.1" 200 - "https://www.naijadial.com/new/wp-admin/edit.php?post_status=trash&post_type=sp_jobs&paged=1" "Mozilla/5.0 (Windows NT 6.3; Win64; x64) AppleWebKit/537.36 (KHTML, like Gecko) Chrome/79.0.3945.130 Safari/537.36"
78.159.99.208 - - [27/Jan/2020:09:08:15 -0500] "POST /new/wp-admin/admin-ajax.php HTTP/1.1" 200 47 "https://www.naijadial.com/new/wp-admin/edit.php?post_status=trash&post_type=sp_jobs&paged=1" "Mozilla/5.0 (Windows NT 6.3; Win64; x64) AppleWebKit/537.36 (KHTML, like Gecko) Chrome/79.0.3945.130 Safari/537.36"
78.159.99.208 - - [27/Jan/2020:09:08:21 -0500] "GET /new/wp-admin/edit.php?post_type=sp_categories&page=listingo_settings HTTP/1.1" 200 36271 "https://www.naijadial.com/new/wp-admin/edit.php?post_status=trash&post_type=sp_jobs&paged=1" "Mozilla/5.0 (Windows NT 6.3; Win64; x64) AppleWebKit/537.36 (KHTML, like Gecko) Chrome/79.0.3945.130 Safari/537.36"
78.159.99.208 - - [27/Jan/2020:09:08:34 -0500] "GET /new/wp-admin/edit.php?post_type=sp_categories&page=listingo_settings&?page=settings&tab=settings HTTP/1.1" 200 36410 "https://www.naijadial.com/new/wp-admin/edit.php?post_type=sp_categories&page=listingo_settings" "Mozilla/5.0 (Windows NT 6.3; Win64; x64) AppleWebKit/537.36 (KHTML, like Gecko) Chrome/79.0.3945.130 Safari/537.36"
78.159.99.208 - - [27/Jan/2020:09:08:38 -0500] "GET /favicon.ico HTTP/1.1" 200 - "https://www.naijadial.com/new/wp-admin/edit.php?post_type=sp_categories&page=listingo_settings&?page=settings&tab=settings" "Mozilla/5.0 (Windows NT 6.3; Win64; x64) AppleWebKit/537.36 (KHTML, like Gecko) Chrome/79.0.3945.130 Safari/537.36"
198.54.125.95 - - [27/Jan/2020:09:09:20 -0500] "POST /new/wp-cron.php?doing_wp_cron=1580134160.4959700107574462890625 HTTP/1.1" 200 - "https://www.naijadial.com/new/wp-cron.php?doing_wp_cron=1580134160.4959700107574462890625" "WordPress/5.3.2; https://www.naijadial.com/new"
78.159.99.208 - - [27/Jan/2020:09:09:20 -0500] "GET /new/job-listing/ HTTP/1.1" 200 19487 "https://www.naijadial.com/new/" "Mozilla/5.0 (Windows NT 6.3; Win64; x64) AppleWebKit/537.36 (KHTML, like Gecko) Chrome/79.0.3945.130 Safari/537.36"
78.159.99.208 - - [27/Jan/2020:09:09:22 -0500] "GET /new/wp-content/plugins/revslider/public/assets/js/revolution.tools.min.js?ver=6.0 HTTP/1.1" 304 - "https://www.naijadial.com/new/job-listing/" "Mozilla/5.0 (Windows NT 6.3; Win64; x64) AppleWebKit/537.36 (KHTML, like Gecko) Chrome/79.0.3945.130 Safari/537.36"
78.159.99.208 - - [27/Jan/2020:09:09:22 -0500] "GET /new/wp-content/plugins/revslider/public/assets/js/rs6.min.js?ver=6.0.7 HTTP/1.1" 304 - "https://www.naijadial.com/new/job-listing/" "Mozilla/5.0 (Windows NT 6.3; Win64; x64) AppleWebKit/537.36 (KHTML, like Gecko) Chrome/79.0.3945.130 Safari/537.36"
78.159.99.208 - - [27/Jan/2020:09:09:22 -0500] "GET /new/wp-content/uploads/so-css/so-css-listingo.css?ver=1580125388 HTTP/1.1" 304 - "https://www.naijadial.com/new/job-listing/" "Mozilla/5.0 (Windows NT 6.3; Win64; x64) AppleWebKit/537.36 (KHTML, like Gecko) Chrome/79.0.3945.130 Safari/537.36"
78.159.99.208 - - [27/Jan/2020:09:09:24 -0500] "GET /favicon.ico HTTP/1.1" 200 - "https://www.naijadial.com/new/job-listing/" "Mozilla/5.0 (Windows NT 6.3; Win64; x64) AppleWebKit/537.36 (KHTML, like Gecko) Chrome/79.0.3945.130 Safari/537.36"
78.159.99.208 - - [27/Jan/2020:09:09:30 -0500] "POST /new/wp-admin/admin-ajax.php HTTP/1.1" 200 47 "https://www.naijadial.com/new/wp-admin/edit-tags.php?taxonomy=ad_tags&post_type=sp_ads" "Mozilla/5.0 (Windows NT 6.3; Win64; x64) AppleWebKit/537.36 (KHTML, like Gecko) Chrome/79.0.3945.130 Safari/537.36"
78.159.99.208 - - [27/Jan/2020:09:09:32 -0500] "POST /new/wp-admin/admin-ajax.php HTTP/1.1" 200 47 "https://www.naijadial.com/new/wp-admin/edit-tags.php?taxonomy=ad_category&post_type=sp_ads" "Mozilla/5.0 (Windows NT 6.3; Win64; x64) AppleWebKit/537.36 (KHTML, like Gecko) Chrome/79.0.3945.130 Safari/537.36"
78.159.99.208 - - [27/Jan/2020:09:09:35 -0500] "GET /new/wp-admin/edit.php?post_type=page HTTP/1.1" 200 44140 "https://www.naijadial.com/new/wp-admin/edit-tags.php?taxonomy=ad_category&post_type=sp_ads" "Mozilla/5.0 (Windows NT 6.3; Win64; x64) AppleWebKit/537.36 (KHTML, like Gecko) Chrome/79.0.3945.130 Safari/537.36"
78.159.99.208 - - [27/Jan/2020:09:09:38 -0500] "POST /new/wp-admin/admin-ajax.php HTTP/1.1" 200 47 "https://www.naijadial.com/new/wp-admin/edit.php?post_type=sp_categories&page=listingo_settings&?page=settings&tab=settings" "Mozilla/5.0 (Windows NT 6.3; Win64; x64) AppleWebKit/537.36 (KHTML, like Gecko) Chrome/79.0.3945.130 Safari/537.36"
78.159.99.208 - - [27/Jan/2020:09:09:40 -0500] "GET /favicon.ico HTTP/1.1" 200 - "https://www.naijadial.com/new/wp-admin/edit.php?post_type=page" "Mozilla/5.0 (Windows NT 6.3; Win64; x64) AppleWebKit/537.36 (KHTML, like Gecko) Chrome/79.0.3945.130 Safari/537.36"
78.159.99.208 - - [27/Jan/2020:09:09:39 -0500] "POST /new/wp-admin/admin-ajax.php HTTP/1.1" 200 47 "https://www.naijadial.com/new/wp-admin/edit.php?post_type=page" "Mozilla/5.0 (Windows NT 6.3; Win64; x64) AppleWebKit/537.36 (KHTML, like Gecko) Chrome/79.0.3945.130 Safari/537.36"
78.159.99.208 - - [27/Jan/2020:09:09:56 -0500] "GET /new/wp-admin/edit.php?s=job&post_status=all&post_type=page&_wpnonce=a3069e9f18&_wp_http_referer=%2Fnew%2Fwp-admin%2Fedit.php%3Fpost_type%3Dpage&action=-1&m=0&paged=1&action2=-1 HTTP/1.1" 302 - "https://www.naijadial.com/new/wp-admin/edit.php?post_type=page" "Mozilla/5.0 (Windows NT 6.3; Win64; x64) AppleWebKit/537.36 (KHTML, like Gecko) Chrome/79.0.3945.130 Safari/537.36"
78.159.99.208 - - [27/Jan/2020:09:09:57 -0500] "POST /new/wp-admin/admin-ajax.php HTTP/1.1" 200 47 "https://www.naijadial.com/new/wp-admin/edit.php?post_type=page" "Mozilla/5.0 (Windows NT 6.3; Win64; x64) AppleWebKit/537.36 (KHTML, like Gecko) Chrome/79.0.3945.130 Safari/537.36"
78.159.99.208 - - [27/Jan/2020:09:09:57 -0500] "GET /new/wp-admin/edit.php?s=job&post_status=all&post_type=page&action=-1&m=0&paged=1&action2=-1 HTTP/1.1" 200 40990 "https://www.naijadial.com/new/wp-admin/edit.php?post_type=page" "Mozilla/5.0 (Windows NT 6.3; Win64; x64) AppleWebKit/537.36 (KHTML, like Gecko) Chrome/79.0.3945.130 Safari/537.36"
78.159.99.208 - - [27/Jan/2020:09:10:01 -0500] "GET /favicon.ico HTTP/1.1" 200 - "https://www.naijadial.com/new/wp-admin/edit.php?s=job&post_status=all&post_type=page&action=-1&m=0&paged=1&action2=-1" "Mozilla/5.0 (Windows NT 6.3; Win64; x64) AppleWebKit/537.36 (KHTML, like Gecko) Chrome/79.0.3945.130 Safari/537.36"
78.159.99.208 - - [27/Jan/2020:09:10:01 -0500] "POST /new/wp-admin/admin-ajax.php HTTP/1.1" 200 47 "https://www.naijadial.com/new/wp-admin/edit.php?s=job&post_status=all&post_type=page&action=-1&m=0&paged=1&action2=-1" "Mozilla/5.0 (Windows NT 6.3; Win64; x64) AppleWebKit/537.36 (KHTML, like Gecko) Chrome/79.0.3945.130 Safari/537.36"
198.54.125.95 - - [27/Jan/2020:09:10:11 -0500] "POST /new/wp-cron.php?doing_wp_cron=1580134210.9797379970550537109375 HTTP/1.1" 200 - "https://www.naijadial.com/new/wp-cron.php?doing_wp_cron=1580134210.9797379970550537109375" "WordPress/5.3.2; https://www.naijadial.com/new"
78.159.99.208 - - [27/Jan/2020:09:10:10 -0500] "POST /new/wp-admin/admin-ajax.php HTTP/1.1" 200 47 "https://www.naijadial.com/new/wp-admin/themes.php?page=fw-settings" "Mozilla/5.0 (Windows NT 6.3; Win64; x64) AppleWebKit/537.36 (KHTML, like Gecko) Chrome/79.0.3945.130 Safari/537.36"
198.54.125.95 - - [27/Jan/2020:09:10:11 -0500] "POST /new/wp-cron.php?doing_wp_cron=1580134211.8597528934478759765625 HTTP/1.1" 200 - "https://www.naijadial.com/new/wp-cron.php?doing_wp_cron=1580134211.8597528934478759765625" "WordPress/5.3.2; https://www.naijadial.com/new"
78.159.99.208 - - [27/Jan/2020:09:10:10 -0500] "GET /new/wp-admin/post.php?post=349&action=edit HTTP/1.1" 200 372507 "https://www.naijadial.com/new/wp-admin/edit.php?s=job&post_status=all&post_type=page&action=-1&m=0&paged=1&action2=-1" "Mozilla/5.0 (Windows NT 6.3; Win64; x64) AppleWebKit/537.36 (KHTML, like Gecko) Chrome/79.0.3945.130 Safari/537.36"
78.159.99.208 - - [27/Jan/2020:09:10:14 -0500] "GET /new/wp-content/plugins/revslider/admin/assets/icons/material-icons.css?ver=6.0.7 HTTP/1.1" 304 - "https://www.naijadial.com/new/wp-admin/post.php?post=349&action=edit" "Mozilla/5.0 (Windows NT 6.3; Win64; x64) AppleWebKit/537.36 (KHTML, like Gecko) Chrome/79.0.3945.130 Safari/537.36"
78.159.99.208 - - [27/Jan/2020:09:10:14 -0500] "GET /new/wp-content/plugins/revslider/admin/assets/css/basics.css?ver=6.0.7 HTTP/1.1" 304 - "https://www.naijadial.com/new/wp-admin/post.php?post=349&action=edit" "Mozilla/5.0 (Windows NT 6.3; Win64; x64) AppleWebKit/537.36 (KHTML, like Gecko) Chrome/79.0.3945.130 Safari/537.36"
78.159.99.208 - - [27/Jan/2020:09:10:14 -0500] "GET /new/wp-content/plugins/revslider/admin/assets/css/select2RS.css?ver=6.0.7 HTTP/1.1" 304 - "https://www.naijadial.com/new/wp-admin/post.php?post=349&action=edit" "Mozilla/5.0 (Windows NT 6.3; Win64; x64) AppleWebKit/537.36 (KHTML, like Gecko) Chrome/79.0.3945.130 Safari/537.36"
78.159.99.208 - - [27/Jan/2020:09:10:15 -0500] "GET /new/wp-content/plugins/revslider/admin/assets/js/plugins/utils.min.js?ver=6.0.7 HTTP/1.1" 304 - "https://www.naijadial.com/new/wp-admin/post.php?post=349&action=edit" "Mozilla/5.0 (Windows NT 6.3; Win64; x64) AppleWebKit/537.36 (KHTML, like Gecko) Chrome/79.0.3945.130 Safari/537.36"
78.159.99.208 - - [27/Jan/2020:09:10:26 -0500] "GET /new/wp-content/plugins/brizy/admin/static/img/brizy.png HTTP/1.1" 304 - "https://www.naijadial.com/new/wp-admin/post.php?post=349&action=edit" "Mozilla/5.0 (Windows NT 6.3; Win64; x64) AppleWebKit/537.36 (KHTML, like Gecko) Chrome/79.0.3945.130 Safari/537.36"
78.159.99.208 - - [27/Jan/2020:09:10:26 -0500] "GET /new/wp-content/uploads/2020/01/JOBS-150x150.png HTTP/1.1" 200 12508 "https://www.naijadial.com/new/wp-admin/post.php?post=349&action=edit" "Mozilla/5.0 (Windows NT 6.3; Win64; x64) AppleWebKit/537.36 (KHTML, like Gecko) Chrome/79.0.3945.130 Safari/537.36"
78.159.99.208 - - [27/Jan/2020:09:10:27 -0500] "GET /new/wp-content/plugins/revslider/public/assets/js/revolution.tools.min.js?ver=6.0.7 HTTP/1.1" 304 - "https://www.naijadial.com/new/wp-admin/post.php?post=349&action=edit" "Mozilla/5.0 (Windows NT 6.3; Win64; x64) AppleWebKit/537.36 (KHTML, like Gecko) Chrome/79.0.3945.130 Safari/537.36"
78.159.99.208 - - [27/Jan/2020:09:10:27 -0500] "GET /new/wp-content/plugins/revslider/admin/assets/js/shortcode_generator/shortcode_generator.js?ver=6.0.7 HTTP/1.1" 304 - "https://www.naijadial.com/new/wp-admin/post.php?post=349&action=edit" "Mozilla/5.0 (Windows NT 6.3; Win64; x64) AppleWebKit/537.36 (KHTML, like Gecko) Chrome/79.0.3945.130 Safari/537.36"
78.159.99.208 - - [27/Jan/2020:09:10:28 -0500] "GET /new/wp-content/plugins/revslider/admin/assets/js/shortcode_generator/vc.js?ver=6.0.5 HTTP/1.1" 304 - "https://www.naijadial.com/new/wp-admin/post.php?post=349&action=edit" "Mozilla/5.0 (Windows NT 6.3; Win64; x64) AppleWebKit/537.36 (KHTML, like Gecko) Chrome/79.0.3945.130 Safari/537.36"
78.159.99.208 - - [27/Jan/2020:09:10:29 -0500] "POST /new/wp-admin/admin-ajax.php HTTP/1.1" 200 124634 "https://www.naijadial.com/new/wp-admin/post.php?post=349&action=edit" "Mozilla/5.0 (Windows NT 6.3; Win64; x64) AppleWebKit/537.36 (KHTML, like Gecko) Chrome/79.0.3945.130 Safari/537.36"
78.159.99.208 - - [27/Jan/2020:09:10:32 -0500] "GET /new/wp-content/plugins/revslider/admin/assets/images/rs6_number_2x.png HTTP/1.1" 304 - "https://www.naijadial.com/new/wp-content/plugins/revslider/admin/assets/css/basics.css?ver=6.0.7" "Mozilla/5.0 (Windows NT 6.3; Win64; x64) AppleWebKit/537.36 (KHTML, like Gecko) Chrome/79.0.3945.130 Safari/537.36"
78.159.99.208 - - [27/Jan/2020:09:10:32 -0500] "POST /new/wp-admin/admin-ajax.php HTTP/1.1" 200 50566 "https://www.naijadial.com/new/wp-admin/post.php?post=349&action=edit" "Mozilla/5.0 (Windows NT 6.3; Win64; x64) AppleWebKit/537.36 (KHTML, like Gecko) Chrome/79.0.3945.130 Safari/537.36"
78.159.99.208 - - [27/Jan/2020:09:10:32 -0500] "POST /new/wp-admin/admin-ajax.php HTTP/1.1" 200 67 "https://www.naijadial.com/new/wp-admin/post.php?post=349&action=edit" "Mozilla/5.0 (Windows NT 6.3; Win64; x64) AppleWebKit/537.36 (KHTML, like Gecko) Chrome/79.0.3945.130 Safari/537.36"
78.159.99.208 - - [27/Jan/2020:09:10:36 -0500] "POST /new/wp-admin/admin-ajax.php HTTP/1.1" 200 11495 "https://www.naijadial.com/new/wp-admin/post.php?post=349&action=edit" "Mozilla/5.0 (Windows NT 6.3; Win64; x64) AppleWebKit/537.36 (KHTML, like Gecko) Chrome/79.0.3945.130 Safari/537.36"
78.159.99.208 - - [27/Jan/2020:09:10:39 -0500] "GET /new/wp-content/plugins/revslider/admin/assets/js/shortcode_generator/tinymce.js?wp-mce-4960-20190918-tadv-5210 HTTP/1.1" 304 - "https://www.naijadial.com/new/wp-admin/post.php?post=349&action=edit" "Mozilla/5.0 (Windows NT 6.3; Win64; x64) AppleWebKit/537.36 (KHTML, like Gecko) Chrome/79.0.3945.130 Safari/537.36"
78.159.99.208 - - [27/Jan/2020:09:10:41 -0500] "GET /favicon.ico HTTP/1.1" 200 - "https://www.naijadial.com/new/wp-admin/post.php?post=349&action=edit" "Mozilla/5.0 (Windows NT 6.3; Win64; x64) AppleWebKit/537.36 (KHTML, like Gecko) Chrome/79.0.3945.130 Safari/537.36"
78.159.99.208 - - [27/Jan/2020:09:10:45 -0500] "POST /new/wp-admin/admin-ajax.php HTTP/1.1" 200 98 "https://www.naijadial.com/new/wp-admin/post.php?post=349&action=edit" "Mozilla/5.0 (Windows NT 6.3; Win64; x64) AppleWebKit/537.36 (KHTML, like Gecko) Chrome/79.0.3945.130 Safari/537.36"
78.159.99.208 - - [27/Jan/2020:09:11:02 -0500] "POST /new/wp-admin/admin-ajax.php HTTP/1.1" 200 98 "https://www.naijadial.com/new/wp-admin/post.php?post=349&action=edit" "Mozilla/5.0 (Windows NT 6.3; Win64; x64) AppleWebKit/537.36 (KHTML, like Gecko) Chrome/79.0.3945.130 Safari/537.36"
78.159.99.208 - - [27/Jan/2020:09:11:03 -0500] "POST /new/wp-admin/admin-ajax.php HTTP/1.1" 200 47 "https://www.naijadial.com/new/wp-admin/edit.php?post_type=sp_categories&page=listingo_settings&?page=settings&tab=settings" "Mozilla/5.0 (Windows NT 6.3; Win64; x64) AppleWebKit/537.36 (KHTML, like Gecko) Chrome/79.0.3945.130 Safari/537.36"
78.159.99.208 - - [27/Jan/2020:09:11:06 -0500] "GET /new/wp-admin/edit.php?post_type=page HTTP/1.1" 200 44142 "https://www.naijadial.com/new/wp-admin/edit.php?post_type=sp_categories&page=listingo_settings&?page=settings&tab=settings" "Mozilla/5.0 (Windows NT 6.3; Win64; x64) AppleWebKit/537.36 (KHTML, like Gecko) Chrome/79.0.3945.130 Safari/537.36"
78.159.99.208 - - [27/Jan/2020:09:11:11 -0500] "GET /favicon.ico HTTP/1.1" 200 - "https://www.naijadial.com/new/wp-admin/edit.php?post_type=page" "Mozilla/5.0 (Windows NT 6.3; Win64; x64) AppleWebKit/537.36 (KHTML, like Gecko) Chrome/79.0.3945.130 Safari/537.36"
78.159.99.208 - - [27/Jan/2020:09:11:11 -0500] "POST /new/wp-admin/admin-ajax.php HTTP/1.1" 200 47 "https://www.naijadial.com/new/wp-admin/edit.php?post_type=page" "Mozilla/5.0 (Windows NT 6.3; Win64; x64) AppleWebKit/537.36 (KHTML, like Gecko) Chrome/79.0.3945.130 Safari/537.36"
198.54.125.95 - - [27/Jan/2020:09:11:29 -0500] "POST /new/wp-cron.php?doing_wp_cron=1580134289.5180389881134033203125 HTTP/1.1" 200 - "https://www.naijadial.com/new/wp-cron.php?doing_wp_cron=1580134289.5180389881134033203125" "WordPress/5.3.2; https://www.naijadial.com/new"
78.159.99.208 - - [27/Jan/2020:09:11:29 -0500] "POST /new/wp-admin/admin-ajax.php HTTP/1.1" 200 47 "https://www.naijadial.com/new/wp-admin/edit.php?post_type=page" "Mozilla/5.0 (Windows NT 6.3; Win64; x64) AppleWebKit/537.36 (KHTML, like Gecko) Chrome/79.0.3945.130 Safari/537.36"
78.159.99.208 - - [27/Jan/2020:09:11:30 -0500] "POST /new/wp-admin/admin-ajax.php HTTP/1.1" 200 47 "https://www.naijadial.com/new/wp-admin/edit-tags.php?taxonomy=ad_tags&post_type=sp_ads" "Mozilla/5.0 (Windows NT 6.3; Win64; x64) AppleWebKit/537.36 (KHTML, like Gecko) Chrome/79.0.3945.130 Safari/537.36"
78.159.99.208 - - [27/Jan/2020:09:11:43 -0500] "POST /new/wp-admin/admin-ajax.php HTTP/1.1" 200 47 "https://www.naijadial.com/new/wp-admin/edit.php?post_type=page" "Mozilla/5.0 (Windows NT 6.3; Win64; x64) AppleWebKit/537.36 (KHTML, like Gecko) Chrome/79.0.3945.130 Safari/537.36"
78.159.99.208 - - [27/Jan/2020:09:11:57 -0500] "POST /new/wp-admin/admin-ajax.php HTTP/1.1" 200 47 "https://www.naijadial.com/new/wp-admin/edit.php?post_type=page" "Mozilla/5.0 (Windows NT 6.3; Win64; x64) AppleWebKit/537.36 (KHTML, like Gecko) Chrome/79.0.3945.130 Safari/537.36"
198.54.125.95 - - [27/Jan/2020:09:12:13 -0500] "POST /new/wp-cron.php?doing_wp_cron=1580134333.8324279785156250000000 HTTP/1.1" 200 - "https://www.naijadial.com/new/wp-cron.php?doing_wp_cron=1580134333.8324279785156250000000" "WordPress/5.3.2; https://www.naijadial.com/new"
78.159.99.208 - - [27/Jan/2020:09:12:13 -0500] "POST /new/wp-admin/admin-ajax.php HTTP/1.1" 200 47 "https://www.naijadial.com/new/wp-admin/edit.php?post_type=page" "Mozilla/5.0 (Windows NT 6.3; Win64; x64) AppleWebKit/537.36 (KHTML, like Gecko) Chrome/79.0.3945.130 Safari/537.36"
198.54.125.95 - - [27/Jan/2020:09:12:14 -0500] "POST /new/wp-cron.php?doing_wp_cron=1580134334.5569100379943847656250 HTTP/1.1" 200 - "https://www.naijadial.com/new/wp-cron.php?doing_wp_cron=1580134334.5569100379943847656250" "WordPress/5.3.2; https://www.naijadial.com/new"
78.159.99.208 - - [27/Jan/2020:09:12:13 -0500] "POST /new/wp-admin/admin-ajax.php HTTP/1.1" 200 47 "https://www.naijadial.com/new/wp-admin/themes.php?page=fw-settings" "Mozilla/5.0 (Windows NT 6.3; Win64; x64) AppleWebKit/537.36 (KHTML, like Gecko) Chrome/79.0.3945.130 Safari/537.36"
78.159.99.208 - - [27/Jan/2020:09:12:27 -0500] "GET /new/wp-admin/post.php?post=100&action=edit HTTP/1.1" 200 376730 "https://www.naijadial.com/new/wp-admin/edit.php?post_type=page" "Mozilla/5.0 (Windows NT 6.3; Win64; x64) AppleWebKit/537.36 (KHTML, like Gecko) Chrome/79.0.3945.130 Safari/537.36"
78.159.99.208 - - [27/Jan/2020:09:12:27 -0500] "POST /new/wp-admin/admin-ajax.php HTTP/1.1" 200 47 "https://www.naijadial.com/new/wp-admin/edit.php?post_type=page" "Mozilla/5.0 (Windows NT 6.3; Win64; x64) AppleWebKit/537.36 (KHTML, like Gecko) Chrome/79.0.3945.130 Safari/537.36"
78.159.99.208 - - [27/Jan/2020:09:12:34 -0500] "GET /new/wp-content/uploads/2020/01/About-Header-150x150.jpg HTTP/1.1" 304 - "https://www.naijadial.com/new/wp-admin/post.php?post=100&action=edit" "Mozilla/5.0 (Windows NT 6.3; Win64; x64) AppleWebKit/537.36 (KHTML, like Gecko) Chrome/79.0.3945.130 Safari/537.36"
78.159.99.208 - - [27/Jan/2020:09:12:47 -0500] "POST /new/wp-admin/admin-ajax.php HTTP/1.1" 200 124634 "https://www.naijadial.com/new/wp-admin/post.php?post=100&action=edit" "Mozilla/5.0 (Windows NT 6.3; Win64; x64) AppleWebKit/537.36 (KHTML, like Gecko) Chrome/79.0.3945.130 Safari/537.36"
78.159.99.208 - - [27/Jan/2020:09:12:49 -0500] "POST /new/wp-admin/admin-ajax.php HTTP/1.1" 200 50566 "https://www.naijadial.com/new/wp-admin/post.php?post=100&action=edit" "Mozilla/5.0 (Windows NT 6.3; Win64; x64) AppleWebKit/537.36 (KHTML, like Gecko) Chrome/79.0.3945.130 Safari/537.36"
78.159.99.208 - - [27/Jan/2020:09:12:49 -0500] "POST /new/wp-admin/admin-ajax.php HTTP/1.1" 200 67 "https://www.naijadial.com/new/wp-admin/post.php?post=100&action=edit" "Mozilla/5.0 (Windows NT 6.3; Win64; x64) AppleWebKit/537.36 (KHTML, like Gecko) Chrome/79.0.3945.130 Safari/537.36"
78.159.99.208 - - [27/Jan/2020:09:12:49 -0500] "POST /new/wp-admin/admin-ajax.php HTTP/1.1" 200 21 "https://www.naijadial.com/new/wp-admin/post.php?post=100&action=edit" "Mozilla/5.0 (Windows NT 6.3; Win64; x64) AppleWebKit/537.36 (KHTML, like Gecko) Chrome/79.0.3945.130 Safari/537.36"
78.159.99.208 - - [27/Jan/2020:09:12:54 -0500] "POST /new/wp-admin/admin-ajax.php HTTP/1.1" 200 11495 "https://www.naijadial.com/new/wp-admin/post.php?post=100&action=edit" "Mozilla/5.0 (Windows NT 6.3; Win64; x64) AppleWebKit/537.36 (KHTML, like Gecko) Chrome/79.0.3945.130 Safari/537.36"
78.159.99.208 - - [27/Jan/2020:09:13:02 -0500] "GET /favicon.ico HTTP/1.1" 200 - "https://www.naijadial.com/new/wp-admin/post.php?post=100&action=edit" "Mozilla/5.0 (Windows NT 6.3; Win64; x64) AppleWebKit/537.36 (KHTML, like Gecko) Chrome/79.0.3945.130 Safari/537.36"
78.159.99.208 - - [27/Jan/2020:09:13:02 -0500] "POST /new/wp-admin/admin-ajax.php HTTP/1.1" 200 98 "https://www.naijadial.com/new/wp-admin/post.php?post=349&action=edit" "Mozilla/5.0 (Windows NT 6.3; Win64; x64) AppleWebKit/537.36 (KHTML, like Gecko) Chrome/79.0.3945.130 Safari/537.36"
78.159.99.208 - - [27/Jan/2020:09:13:03 -0500] "POST /new/wp-admin/admin-ajax.php HTTP/1.1" 200 98 "https://www.naijadial.com/new/wp-admin/post.php?post=100&action=edit" "Mozilla/5.0 (Windows NT 6.3; Win64; x64) AppleWebKit/537.36 (KHTML, like Gecko) Chrome/79.0.3945.130 Safari/537.36"
78.159.99.208 - - [27/Jan/2020:09:13:05 -0500] "POST /new/wp-admin/post.php HTTP/1.1" 302 - "https://www.naijadial.com/new/wp-admin/post.php?post=100&action=edit" "Mozilla/5.0 (Windows NT 6.3; Win64; x64) AppleWebKit/537.36 (KHTML, like Gecko) Chrome/79.0.3945.130 Safari/537.36"
78.159.99.208 - - [27/Jan/2020:09:13:07 -0500] "GET /new/wp-admin/post.php?post=100&action=edit&message=1 HTTP/1.1" 200 376879 "https://www.naijadial.com/new/wp-admin/post.php?post=100&action=edit" "Mozilla/5.0 (Windows NT 6.3; Win64; x64) AppleWebKit/537.36 (KHTML, like Gecko) Chrome/79.0.3945.130 Safari/537.36"
198.54.125.95 - - [27/Jan/2020:09:13:16 -0500] "POST /new/wp-cron.php?doing_wp_cron=1580134396.2677600383758544921875 HTTP/1.1" 200 - "https://www.naijadial.com/new/wp-cron.php?doing_wp_cron=1580134396.2677600383758544921875" "WordPress/5.3.2; https://www.naijadial.com/new"
78.159.99.208 - - [27/Jan/2020:09:13:16 -0500] "POST /new/wp-admin/admin-ajax.php HTTP/1.1" 200 124634 "https://www.naijadial.com/new/wp-admin/post.php?post=100&action=edit" "Mozilla/5.0 (Windows NT 6.3; Win64; x64) AppleWebKit/537.36 (KHTML, like Gecko) Chrome/79.0.3945.130 Safari/537.36"
78.159.99.208 - - [27/Jan/2020:09:13:16 -0500] "GET /new/wp-admin/admin-ajax.php?action=oembed-cache&post=100 HTTP/1.1" 200 21 "https://www.naijadial.com/new/wp-admin/post.php?post=100&action=edit" "Mozilla/5.0 (Windows NT 6.3; Win64; x64) AppleWebKit/537.36 (KHTML, like Gecko) Chrome/79.0.3945.130 Safari/537.36"
78.159.99.208 - - [27/Jan/2020:09:13:16 -0500] "POST /new/wp-admin/admin-ajax.php HTTP/1.1" 200 67 "https://www.naijadial.com/new/wp-admin/post.php?post=100&action=edit" "Mozilla/5.0 (Windows NT 6.3; Win64; x64) AppleWebKit/537.36 (KHTML, like Gecko) Chrome/79.0.3945.130 Safari/537.36"
78.159.99.208 - - [27/Jan/2020:09:13:16 -0500] "POST /new/wp-admin/admin-ajax.php HTTP/1.1" 200 50566 "https://www.naijadial.com/new/wp-admin/post.php?post=100&action=edit" "Mozilla/5.0 (Windows NT 6.3; Win64; x64) AppleWebKit/537.36 (KHTML, like Gecko) Chrome/79.0.3945.130 Safari/537.36"
78.159.99.208 - - [27/Jan/2020:09:13:29 -0500] "POST /new/wp-admin/admin-ajax.php HTTP/1.1" 200 11495 "https://www.naijadial.com/new/wp-admin/post.php?post=100&action=edit" "Mozilla/5.0 (Windows NT 6.3; Win64; x64) AppleWebKit/537.36 (KHTML, like Gecko) Chrome/79.0.3945.130 Safari/537.36"
78.159.99.208 - - [27/Jan/2020:09:13:31 -0500] "POST /new/wp-admin/admin-ajax.php HTTP/1.1" 200 98 "https://www.naijadial.com/new/wp-admin/post.php?post=100&action=edit" "Mozilla/5.0 (Windows NT 6.3; Win64; x64) AppleWebKit/537.36 (KHTML, like Gecko) Chrome/79.0.3945.130 Safari/537.36"
78.159.99.208 - - [27/Jan/2020:09:13:31 -0500] "POST /new/wp-admin/admin-ajax.php HTTP/1.1" 200 47 "https://www.naijadial.com/new/wp-admin/edit-tags.php?taxonomy=ad_tags&post_type=sp_ads" "Mozilla/5.0 (Windows NT 6.3; Win64; x64) AppleWebKit/537.36 (KHTML, like Gecko) Chrome/79.0.3945.130 Safari/537.36"
78.159.99.208 - - [27/Jan/2020:09:13:34 -0500] "GET /favicon.ico HTTP/1.1" 200 - "https://www.naijadial.com/new/wp-admin/post.php?post=100&action=edit" "Mozilla/5.0 (Windows NT 6.3; Win64; x64) AppleWebKit/537.36 (KHTML, like Gecko) Chrome/79.0.3945.130 Safari/537.36"
78.159.99.208 - - [27/Jan/2020:09:13:43 -0500] "GET /new/wp-admin/admin-post.php?action=_brizy_admin_editor_enable&post=100 HTTP/1.1" 302 - "https://www.naijadial.com/new/wp-admin/post.php?post=100&action=edit" "Mozilla/5.0 (Windows NT 6.3; Win64; x64) AppleWebKit/537.36 (KHTML, like Gecko) Chrome/79.0.3945.130 Safari/537.36"
78.159.99.208 - - [27/Jan/2020:09:13:43 -0500] "POST /new/wp-admin/admin-ajax.php HTTP/1.1" 200 98 "https://www.naijadial.com/new/wp-admin/post.php?post=100&action=edit" "Mozilla/5.0 (Windows NT 6.3; Win64; x64) AppleWebKit/537.36 (KHTML, like Gecko) Chrome/79.0.3945.130 Safari/537.36"
78.159.99.208 - - [27/Jan/2020:09:13:44 -0500] "GET /new/about/?brizy-edit HTTP/1.1" 200 1173 "https://www.naijadial.com/new/wp-admin/post.php?post=100&action=edit" "Mozilla/5.0 (Windows NT 6.3; Win64; x64) AppleWebKit/537.36 (KHTML, like Gecko) Chrome/79.0.3945.130 Safari/537.36"
78.159.99.208 - - [27/Jan/2020:09:13:47 -0500] "GET /new/wp-content/plugins/brizy/public/editor-build/128-wp/editor/js/polyfill.js HTTP/1.1" 200 2376 "https://www.naijadial.com/new/about/?brizy-edit" "Mozilla/5.0 (Windows NT 6.3; Win64; x64) AppleWebKit/537.36 (KHTML, like Gecko) Chrome/79.0.3945.130 Safari/537.36"
78.159.99.208 - - [27/Jan/2020:09:13:47 -0500] "GET /new/wp-content/plugins/brizy/public/editor-build/128-wp/editor/css/editor.css HTTP/1.1" 200 222748 "https://www.naijadial.com/new/about/?brizy-edit" "Mozilla/5.0 (Windows NT 6.3; Win64; x64) AppleWebKit/537.36 (KHTML, like Gecko) Chrome/79.0.3945.130 Safari/537.36"
78.159.99.208 - - [27/Jan/2020:09:13:46 -0500] "POST /new/wp-admin/admin-ajax.php HTTP/1.1" 200 21 "https://www.naijadial.com/new/wp-admin/post.php?post=100&action=edit" "Mozilla/5.0 (Windows NT 6.3; Win64; x64) AppleWebKit/537.36 (KHTML, like Gecko) Chrome/79.0.3945.130 Safari/537.36"
198.54.125.95 - - [27/Jan/2020:09:14:08 -0500] "POST /new/wp-cron.php?doing_wp_cron=1580134448.7346570491790771484375 HTTP/1.1" 200 - "https://www.naijadial.com/new/wp-cron.php?doing_wp_cron=1580134448.7346570491790771484375" "WordPress/5.3.2; https://www.naijadial.com/new"
78.159.99.208 - - [27/Jan/2020:09:14:08 -0500] "GET /new/about/?brizy-edit-iframe HTTP/1.1" 200 31657 "https://www.naijadial.com/new/about/?brizy-edit" "Mozilla/5.0 (Windows NT 6.3; Win64; x64) AppleWebKit/537.36 (KHTML, like Gecko) Chrome/79.0.3945.130 Safari/537.36"
78.159.99.208 - - [27/Jan/2020:09:14:10 -0500] "GET /new/wp-includes/css/media-views.min.css?ver=5.3.2 HTTP/1.1" 200 8179 "https://www.naijadial.com/new/about/?brizy-edit-iframe" "Mozilla/5.0 (Windows NT 6.3; Win64; x64) AppleWebKit/537.36 (KHTML, like Gecko) Chrome/79.0.3945.130 Safari/537.36"
78.159.99.208 - - [27/Jan/2020:09:14:10 -0500] "GET /new/wp-content/plugins/brizy/public/editor-build/128-wp/editor/js/editor.vendor.js HTTP/1.1" 200 365463 "https://www.naijadial.com/new/about/?brizy-edit-iframe" "Mozilla/5.0 (Windows NT 6.3; Win64; x64) AppleWebKit/537.36 (KHTML, like Gecko) Chrome/79.0.3945.130 Safari/537.36"
78.159.99.208 - - [27/Jan/2020:09:14:10 -0500] "GET /new/wp-content/plugins/brizy/public/editor-build/128-wp/editor/js/editor.js HTTP/1.1" 200 465891 "https://www.naijadial.com/new/about/?brizy-edit-iframe" "Mozilla/5.0 (Windows NT 6.3; Win64; x64) AppleWebKit/537.36 (KHTML, like Gecko) Chrome/79.0.3945.130 Safari/537.36"
78.159.99.208 - - [27/Jan/2020:09:14:11 -0500] "POST /new/wp-admin/admin-ajax.php HTTP/1.1" 200 47 "https://www.naijadial.com/new/wp-admin/themes.php?page=fw-settings" "Mozilla/5.0 (Windows NT 6.3; Win64; x64) AppleWebKit/537.36 (KHTML, like Gecko) Chrome/79.0.3945.130 Safari/537.36"
78.159.99.208 - - [27/Jan/2020:09:14:26 -0500] "POST /new/wp-admin/admin-ajax.php HTTP/1.1" 200 47 "https://www.naijadial.com/new/wp-admin/edit.php?post_type=page" "Mozilla/5.0 (Windows NT 6.3; Win64; x64) AppleWebKit/537.36 (KHTML, like Gecko) Chrome/79.0.3945.130 Safari/537.36"
78.159.99.208 - - [27/Jan/2020:09:14:49 -0500] "GET /new/wp-content/plugins/brizy/public/editor-build/128-wp/editor/js/0.worker.js HTTP/1.1" 200 474767 "https://www.naijadial.com/new/about/?brizy-edit-iframe" "Mozilla/5.0 (Windows NT 6.3; Win64; x64) AppleWebKit/537.36 (KHTML, like Gecko) Chrome/79.0.3945.130 Safari/537.36"
78.159.99.208 - - [27/Jan/2020:09:14:49 -0500] "GET /new/wp-content/plugins/brizy/public/editor-build/128-wp/thumbs/blocksThumbnailSizes.json HTTP/1.1" 200 19044 "https://www.naijadial.com/new/about/?brizy-edit-iframe" "Mozilla/5.0 (Windows NT 6.3; Win64; x64) AppleWebKit/537.36 (KHTML, like Gecko) Chrome/79.0.3945.130 Safari/537.36"
78.159.99.208 - - [27/Jan/2020:09:14:49 -0500] "GET /favicon.ico HTTP/1.1" 200 - "https://www.naijadial.com/new/about/?brizy-edit" "Mozilla/5.0 (Windows NT 6.3; Win64; x64) AppleWebKit/537.36 (KHTML, like Gecko) Chrome/79.0.3945.130 Safari/537.36"
78.159.99.208 - - [27/Jan/2020:09:14:49 -0500] "POST /new/wp-admin/admin-ajax.php HTTP/1.1" 200 95514 "https://www.naijadial.com/new/about/?brizy-edit-iframe" "Mozilla/5.0 (Windows NT 6.3; Win64; x64) AppleWebKit/537.36 (KHTML, like Gecko) Chrome/79.0.3945.130 Safari/537.36"
78.159.99.208 - - [27/Jan/2020:09:14:49 -0500] "POST /new/wp-admin/admin-ajax.php HTTP/1.1" 200 220 "https://www.naijadial.com/new/about/?brizy-edit-iframe" "Mozilla/5.0 (Windows NT 6.3; Win64; x64) AppleWebKit/537.36 (KHTML, like Gecko) Chrome/79.0.3945.130 Safari/537.36"
78.159.99.208 - - [27/Jan/2020:09:14:49 -0500] "POST /new/wp-admin/admin-ajax.php HTTP/1.1" 200 26 "https://www.naijadial.com/new/about/?brizy-edit-iframe" "Mozilla/5.0 (Windows NT 6.3; Win64; x64) AppleWebKit/537.36 (KHTML, like Gecko) Chrome/79.0.3945.130 Safari/537.36"
78.159.99.208 - - [27/Jan/2020:09:14:49 -0500] "POST /new/wp-admin/admin-ajax.php HTTP/1.1" 200 26 "https://www.naijadial.com/new/about/?brizy-edit-iframe" "Mozilla/5.0 (Windows NT 6.3; Win64; x64) AppleWebKit/537.36 (KHTML, like Gecko) Chrome/79.0.3945.130 Safari/537.36"
78.159.99.208 - - [27/Jan/2020:09:14:49 -0500] "POST /new/?wc-ajax=get_refreshed_fragments HTTP/1.1" 200 2611 "https://www.naijadial.com/new/about/?brizy-edit-iframe" "Mozilla/5.0 (Windows NT 6.3; Win64; x64) AppleWebKit/537.36 (KHTML, like Gecko) Chrome/79.0.3945.130 Safari/537.36"
78.159.99.208 - - [27/Jan/2020:09:15:00 -0500] "POST /new/wp-admin/admin-ajax.php HTTP/1.1" 200 98 "https://www.naijadial.com/new/wp-admin/post.php?post=349&action=edit" "Mozilla/5.0 (Windows NT 6.3; Win64; x64) AppleWebKit/537.36 (KHTML, like Gecko) Chrome/79.0.3945.130 Safari/537.36"
198.54.125.95 - - [27/Jan/2020:09:15:33 -0500] "POST /new/wp-cron.php?doing_wp_cron=1580134533.8585929870605468750000 HTTP/1.1" 200 - "https://www.naijadial.com/new/wp-cron.php?doing_wp_cron=1580134533.8585929870605468750000" "WordPress/5.3.2; https://www.naijadial.com/new"
78.159.99.208 - - [27/Jan/2020:09:15:33 -0500] "POST /new/wp-admin/admin-ajax.php HTTP/1.1" 200 26 "https://www.naijadial.com/new/about/?brizy-edit-iframe" "Mozilla/5.0 (Windows NT 6.3; Win64; x64) AppleWebKit/537.36 (KHTML, like Gecko) Chrome/79.0.3945.130 Safari/537.36"
198.54.125.95 - - [27/Jan/2020:09:15:34 -0500] "POST /new/wp-cron.php?doing_wp_cron=1580134534.7177770137786865234375 HTTP/1.1" 200 - "https://www.naijadial.com/new/wp-cron.php?doing_wp_cron=1580134534.7177770137786865234375" "WordPress/5.3.2; https://www.naijadial.com/new"
78.159.99.208 - - [27/Jan/2020:09:15:33 -0500] "POST /new/wp-admin/admin-ajax.php HTTP/1.1" 200 26 "https://www.naijadial.com/new/about/?brizy-edit-iframe" "Mozilla/5.0 (Windows NT 6.3; Win64; x64) AppleWebKit/537.36 (KHTML, like Gecko) Chrome/79.0.3945.130 Safari/537.36"
78.159.99.208 - - [27/Jan/2020:09:15:33 -0500] "POST /new/wp-admin/admin-ajax.php HTTP/1.1" 200 220 "https://www.naijadial.com/new/about/?brizy-edit-iframe" "Mozilla/5.0 (Windows NT 6.3; Win64; x64) AppleWebKit/537.36 (KHTML, like Gecko) Chrome/79.0.3945.130 Safari/537.36"
78.159.99.208 - - [27/Jan/2020:09:17:22 -0500] "POST /new/wp-admin/admin-ajax.php HTTP/1.1" 200 98 "https://www.naijadial.com/new/wp-admin/post.php?post=349&action=edit" "Mozilla/5.0 (Windows NT 6.3; Win64; x64) AppleWebKit/537.36 (KHTML, like Gecko) Chrome/79.0.3945.130 Safari/537.36"
78.159.99.208 - - [27/Jan/2020:09:18:15 -0500] "POST /new/wp-admin/admin-ajax.php HTTP/1.1" 200 47 "https://www.naijadial.com/new/wp-admin/themes.php?page=fw-settings" "Mozilla/5.0 (Windows NT 6.3; Win64; x64) AppleWebKit/537.36 (KHTML, like Gecko) Chrome/79.0.3945.130 Safari/537.36"
78.159.99.208 - - [27/Jan/2020:09:18:28 -0500] "POST /new/wp-admin/admin-ajax.php HTTP/1.1" 200 47 "https://www.naijadial.com/new/wp-admin/edit.php?post_type=page" "Mozilla/5.0 (Windows NT 6.3; Win64; x64) AppleWebKit/537.36 (KHTML, like Gecko) Chrome/79.0.3945.130 Safari/537.36"
198.54.125.95 - - [27/Jan/2020:09:19:04 -0500] "POST /new/wp-cron.php?doing_wp_cron=1580134744.4136369228363037109375 HTTP/1.1" 200 - "https://www.naijadial.com/new/wp-cron.php?doing_wp_cron=1580134744.4136369228363037109375" "WordPress/5.3.2; https://www.naijadial.com/new"
78.159.99.208 - - [27/Jan/2020:09:19:04 -0500] "POST /new/wp-admin/admin-ajax.php HTTP/1.1" 200 98 "https://www.naijadial.com/new/wp-admin/post.php?post=349&action=edit" "Mozilla/5.0 (Windows NT 6.3; Win64; x64) AppleWebKit/537.36 (KHTML, like Gecko) Chrome/79.0.3945.130 Safari/537.36"
198.54.125.95 - - [27/Jan/2020:09:20:13 -0500] "POST /new/wp-cron.php?doing_wp_cron=1580134813.8890769481658935546875 HTTP/1.1" 200 - "https://www.naijadial.com/new/wp-cron.php?doing_wp_cron=1580134813.8890769481658935546875" "WordPress/5.3.2; https://www.naijadial.com/new"
78.159.99.208 - - [27/Jan/2020:09:20:13 -0500] "POST /new/wp-admin/admin-ajax.php HTTP/1.1" 200 47 "https://www.naijadial.com/new/wp-admin/themes.php?page=fw-settings" "Mozilla/5.0 (Windows NT 6.3; Win64; x64) AppleWebKit/537.36 (KHTML, like Gecko) Chrome/79.0.3945.130 Safari/537.36"
78.159.99.208 - - [27/Jan/2020:09:20:29 -0500] "POST /new/wp-admin/admin-ajax.php HTTP/1.1" 200 47 "https://www.naijadial.com/new/wp-admin/edit.php?post_type=page" "Mozilla/5.0 (Windows NT 6.3; Win64; x64) AppleWebKit/537.36 (KHTML, like Gecko) Chrome/79.0.3945.130 Safari/537.36"
198.54.125.95 - - [27/Jan/2020:09:22:14 -0500] "POST /new/wp-cron.php?doing_wp_cron=1580134934.1603078842163085937500 HTTP/1.1" 200 - "https://www.naijadial.com/new/wp-cron.php?doing_wp_cron=1580134934.1603078842163085937500" "WordPress/5.3.2; https://www.naijadial.com/new"
78.159.99.208 - - [27/Jan/2020:09:22:13 -0500] "POST /new/wp-admin/admin-ajax.php HTTP/1.1" 200 47 "https://www.naijadial.com/new/wp-admin/themes.php?page=fw-settings" "Mozilla/5.0 (Windows NT 6.3; Win64; x64) AppleWebKit/537.36 (KHTML, like Gecko) Chrome/79.0.3945.130 Safari/537.36"
78.159.99.208 - - [27/Jan/2020:09:23:04 -0500] "GET /new/wp-content/plugins/brizy/public/editor-build/128-wp/kits/resolves/block1333.json HTTP/1.1" 200 9081 "https://www.naijadial.com/new/about/?brizy-edit-iframe" "Mozilla/5.0 (Windows NT 6.3; Win64; x64) AppleWebKit/537.36 (KHTML, like Gecko) Chrome/79.0.3945.130 Safari/537.36"
198.54.125.95 - - [27/Jan/2020:09:23:06 -0500] "POST /new/wp-cron.php?doing_wp_cron=1580134986.1758809089660644531250 HTTP/1.1" 200 - "https://www.naijadial.com/new/wp-cron.php?doing_wp_cron=1580134986.1758809089660644531250" "WordPress/5.3.2; https://www.naijadial.com/new"
78.159.99.208 - - [27/Jan/2020:09:23:06 -0500] "GET /new/?brizy_post=100&brizy=editor/icons/outline/chat-33.txt HTTP/1.1" 200 782 "https://www.naijadial.com/new/about/?brizy-edit-iframe" "Mozilla/5.0 (Windows NT 6.3; Win64; x64) AppleWebKit/537.36 (KHTML, like Gecko) Chrome/79.0.3945.130 Safari/537.36"
78.159.99.208 - - [27/Jan/2020:09:23:07 -0500] "POST /new/wp-admin/admin-ajax.php HTTP/1.1" 200 221 "https://www.naijadial.com/new/about/?brizy-edit-iframe" "Mozilla/5.0 (Windows NT 6.3; Win64; x64) AppleWebKit/537.36 (KHTML, like Gecko) Chrome/79.0.3945.130 Safari/537.36"
78.159.99.208 - - [27/Jan/2020:09:23:13 -0500] "POST /new/wp-admin/admin-ajax.php HTTP/1.1" 200 117 "https://www.naijadial.com/new/about/?brizy-edit-iframe" "Mozilla/5.0 (Windows NT 6.3; Win64; x64) AppleWebKit/537.36 (KHTML, like Gecko) Chrome/79.0.3945.130 Safari/537.36"
41.217.30.236 - - [27/Jan/2020:09:23:49 -0500] "GET /new/about/ HTTP/1.1" 200 11551 "https://www.naijadial.com/new/" "Mozilla/5.0 (Windows NT 6.3; WOW64) AppleWebKit/537.36 (KHTML, like Gecko) Chrome/55.0.2883.87 UBrowser/7.0.185.1002 Safari/537.36"
41.217.30.236 - - [27/Jan/2020:09:23:54 -0500] "GET /new/wp-content/plugins/brizy/public/editor-build/128-wp/editor/css/preview.css HTTP/1.1" 200 57676 "https://www.naijadial.com/new/about/" "Mozilla/5.0 (Windows NT 6.3; WOW64) AppleWebKit/537.36 (KHTML, like Gecko) Chrome/55.0.2883.87 UBrowser/7.0.185.1002 Safari/537.36"
41.217.30.236 - - [27/Jan/2020:09:23:54 -0500] "GET /new/wp-content/uploads/so-css/so-css-listingo.css?ver=1580125388 HTTP/1.1" 304 - "https://www.naijadial.com/new/about/" "Mozilla/5.0 (Windows NT 6.3; WOW64) AppleWebKit/537.36 (KHTML, like Gecko) Chrome/55.0.2883.87 UBrowser/7.0.185.1002 Safari/537.36"
41.217.30.236 - - [27/Jan/2020:09:23:54 -0500] "GET /new/wp-content/plugins/brizy/public/editor-build/128-wp/editor/js/polyfill.js HTTP/1.1" 200 2376 "https://www.naijadial.com/new/about/" "Mozilla/5.0 (Windows NT 6.3; WOW64) AppleWebKit/537.36 (KHTML, like Gecko) Chrome/55.0.2883.87 UBrowser/7.0.185.1002 Safari/537.36"
41.217.30.236 - - [27/Jan/2020:09:23:54 -0500] "GET /new/wp-content/plugins/brizy/public/editor-build/128-wp/editor/js/preview.js HTTP/1.1" 200 151502 "https://www.naijadial.com/new/about/" "Mozilla/5.0 (Windows NT 6.3; WOW64) AppleWebKit/537.36 (KHTML, like Gecko) Chrome/55.0.2883.87 UBrowser/7.0.185.1002 Safari/537.36"
41.217.30.236 - - [27/Jan/2020:09:24:11 -0500] "GET /favicon.ico HTTP/1.1" 200 - "https://www.naijadial.com/new/about/" "Mozilla/5.0 (Windows NT 6.3; WOW64) AppleWebKit/537.36 (KHTML, like Gecko) Chrome/55.0.2883.87 UBrowser/7.0.185.1002 Safari/537.36"
198.54.125.95 - - [27/Jan/2020:09:24:14 -0500] "POST /new/wp-cron.php?doing_wp_cron=1580135054.8683300018310546875000 HTTP/1.1" 200 - "https://www.naijadial.com/new/wp-cron.php?doing_wp_cron=1580135054.8683300018310546875000" "WordPress/5.3.2; https://www.naijadial.com/new"
78.159.99.208 - - [27/Jan/2020:09:24:14 -0500] "POST /new/wp-admin/admin-ajax.php HTTP/1.1" 200 47 "https://www.naijadial.com/new/wp-admin/themes.php?page=fw-settings" "Mozilla/5.0 (Windows NT 6.3; Win64; x64) AppleWebKit/537.36 (KHTML, like Gecko) Chrome/79.0.3945.130 Safari/537.36"
41.217.30.236 - - [27/Jan/2020:09:24:22 -0500] "GET /new/about/ HTTP/1.1" 200 11525 "https://www.naijadial.com/new/" "Mozilla/5.0 (Windows NT 6.3; WOW64) AppleWebKit/537.36 (KHTML, like Gecko) Chrome/55.0.2883.87 UBrowser/7.0.185.1002 Safari/537.36"
41.217.30.236 - - [27/Jan/2020:09:24:25 -0500] "GET /favicon.ico HTTP/1.1" 200 - "https://www.naijadial.com/new/about/" "Mozilla/5.0 (Windows NT 6.3; WOW64) AppleWebKit/537.36 (KHTML, like Gecko) Chrome/55.0.2883.87 UBrowser/7.0.185.1002 Safari/537.36"
198.54.125.95 - - [27/Jan/2020:09:24:42 -0500] "POST /new/wp-cron.php?doing_wp_cron=1580135082.8609120845794677734375 HTTP/1.1" 200 - "https://www.naijadial.com/new/wp-cron.php?doing_wp_cron=1580135082.8609120845794677734375" "WordPress/5.3.2; https://www.naijadial.com/new"
41.217.30.236 - - [27/Jan/2020:09:24:42 -0500] "GET /new/ HTTP/1.1" 200 24365 "https://www.naijadial.com/new/dashboard/?ref=settings&identity=34" "Mozilla/5.0 (Windows NT 6.3; WOW64) AppleWebKit/537.36 (KHTML, like Gecko) Chrome/55.0.2883.87 UBrowser/7.0.185.1002 Safari/537.36"
41.217.30.236 - - [27/Jan/2020:09:24:42 -0500] "GET /new/about/ HTTP/1.1" 200 11525 "https://www.naijadial.com/new/" "Mozilla/5.0 (Windows NT 6.3; WOW64) AppleWebKit/537.36 (KHTML, like Gecko) Chrome/55.0.2883.87 UBrowser/7.0.185.1002 Safari/537.36"
198.54.125.95 - - [27/Jan/2020:09:25:44 -0500] "POST /wp-cron.php?doing_wp_cron=1580135144.0910789966583251953125 HTTP/1.1" 200 - "https://www.naijadial.com/wp-cron.php?doing_wp_cron=1580135144.0910789966583251953125" "WordPress/5.3.2; https://www.naijadial.com"
41.217.30.236 - - [27/Jan/2020:09:25:26 -0500] "GET / HTTP/1.1" 301 - "-" "Mozilla/5.0 (Windows NT 6.3; WOW64) AppleWebKit/537.36 (KHTML, like Gecko) Chrome/55.0.2883.87 UBrowser/7.0.185.1002 Safari/537.36"
178.162.205.226 - - [27/Jan/2020:09:25:56 -0500] "GET / HTTP/1.1" 301 - "-" "Mozilla/5.0 (Windows NT 6.3; WOW64) AppleWebKit/537.36 (KHTML, like Gecko) Chrome/55.0.2883.87 UBrowser/7.0.185.1002 Safari/537.36"
178.162.205.226 - - [27/Jan/2020:09:26:12 -0500] "GET / HTTP/1.1" 200 38943 "-" "Mozilla/5.0 (Windows NT 6.3; WOW64) AppleWebKit/537.36 (KHTML, like Gecko) Chrome/55.0.2883.87 UBrowser/7.0.185.1002 Safari/537.36"
178.162.205.226 - - [27/Jan/2020:09:26:16 -0500] "GET /addons/sf-booking//css/bootstrap-select.min.css HTTP/1.1" 304 - "https://www.naijadial.com/" "Mozilla/5.0 (Windows NT 6.3; WOW64) AppleWebKit/537.36 (KHTML, like Gecko) Chrome/55.0.2883.87 UBrowser/7.0.185.1002 Safari/537.36"
178.162.205.226 - - [27/Jan/2020:09:26:16 -0500] "GET /addons/woocommerce/packages/woocommerce-blocks/build/style.css?ver=2.4.5 HTTP/1.1" 304 - "https://www.naijadial.com/" "Mozilla/5.0 (Windows NT 6.3; WOW64) AppleWebKit/537.36 (KHTML, like Gecko) Chrome/55.0.2883.87 UBrowser/7.0.185.1002 Safari/537.36"
178.162.205.226 - - [27/Jan/2020:09:26:16 -0500] "GET /addons/revslider/public/assets/css/settings.css?ver=5.4.7.4 HTTP/1.1" 304 - "https://www.naijadial.com/" "Mozilla/5.0 (Windows NT 6.3; WOW64) AppleWebKit/537.36 (KHTML, like Gecko) Chrome/55.0.2883.87 UBrowser/7.0.185.1002 Safari/537.36"
178.162.205.226 - - [27/Jan/2020:09:26:16 -0500] "GET /addons/sf-booking//frontend/modules/invoice/resources/datepicker.min.css HTTP/1.1" 304 - "https://www.naijadial.com/" "Mozilla/5.0 (Windows NT 6.3; WOW64) AppleWebKit/537.36 (KHTML, like Gecko) Chrome/55.0.2883.87 UBrowser/7.0.185.1002 Safari/537.36"
178.162.205.226 - - [27/Jan/2020:09:26:17 -0500] "GET /addons/sf-booking//css/city-autocomplete.css HTTP/1.1" 304 - "https://www.naijadial.com/" "Mozilla/5.0 (Windows NT 6.3; WOW64) AppleWebKit/537.36 (KHTML, like Gecko) Chrome/55.0.2883.87 UBrowser/7.0.185.1002 Safari/537.36"
178.162.205.226 - - [27/Jan/2020:09:26:17 -0500] "GET /addons/sf-booking//assets/validator/bootstrapValidator.css HTTP/1.1" 304 - "https://www.naijadial.com/" "Mozilla/5.0 (Windows NT 6.3; WOW64) AppleWebKit/537.36 (KHTML, like Gecko) Chrome/55.0.2883.87 UBrowser/7.0.185.1002 Safari/537.36"
178.162.205.226 - - [27/Jan/2020:09:26:17 -0500] "GET /addons/wordpress-social-login/assets/css/style.css?ver=5.3.2 HTTP/1.1" 304 - "https://www.naijadial.com/" "Mozilla/5.0 (Windows NT 6.3; WOW64) AppleWebKit/537.36 (KHTML, like Gecko) Chrome/55.0.2883.87 UBrowser/7.0.185.1002 Safari/537.36"
178.162.205.226 - - [27/Jan/2020:09:26:17 -0500] "GET /addons/sf-booking//css/custom-inline.css HTTP/1.1" 304 - "https://www.naijadial.com/" "Mozilla/5.0 (Windows NT 6.3; WOW64) AppleWebKit/537.36 (KHTML, like Gecko) Chrome/55.0.2883.87 UBrowser/7.0.185.1002 Safari/537.36"
178.162.205.226 - - [27/Jan/2020:09:26:17 -0500] "GET /addons/sf-booking//assets/map/map.css HTTP/1.1" 304 - "https://www.naijadial.com/" "Mozilla/5.0 (Windows NT 6.3; WOW64) AppleWebKit/537.36 (KHTML, like Gecko) Chrome/55.0.2883.87 UBrowser/7.0.185.1002 Safari/537.36"
178.162.205.226 - - [27/Jan/2020:09:26:17 -0500] "GET /addons/woocommerce/assets/css/woocommerce.css?ver=3.8.1 HTTP/1.1" 304 - "https://www.naijadial.com/" "Mozilla/5.0 (Windows NT 6.3; WOW64) AppleWebKit/537.36 (KHTML, like Gecko) Chrome/55.0.2883.87 UBrowser/7.0.185.1002 Safari/537.36"
178.162.205.226 - - [27/Jan/2020:09:26:17 -0500] "GET /addons/sf-booking//assets/ratings/star-rating.css HTTP/1.1" 304 - "https://www.naijadial.com/" "Mozilla/5.0 (Windows NT 6.3; WOW64) AppleWebKit/537.36 (KHTML, like Gecko) Chrome/55.0.2883.87 UBrowser/7.0.185.1002 Safari/537.36"
178.162.205.226 - - [27/Jan/2020:09:26:17 -0500] "GET /addons/woocommerce/assets/css/woocommerce-layout.css?ver=3.8.1 HTTP/1.1" 304 - "https://www.naijadial.com/" "Mozilla/5.0 (Windows NT 6.3; WOW64) AppleWebKit/537.36 (KHTML, like Gecko) Chrome/55.0.2883.87 UBrowser/7.0.185.1002 Safari/537.36"
178.162.205.226 - - [27/Jan/2020:09:26:17 -0500] "GET /naijadial/inc/css/rounded.css HTTP/1.1" 304 - "https://www.naijadial.com/" "Mozilla/5.0 (Windows NT 6.3; WOW64) AppleWebKit/537.36 (KHTML, like Gecko) Chrome/55.0.2883.87 UBrowser/7.0.185.1002 Safari/537.36"
178.162.205.226 - - [27/Jan/2020:09:26:17 -0500] "GET /naijadial/inc/css/animate.css HTTP/1.1" 304 - "https://www.naijadial.com/" "Mozilla/5.0 (Windows NT 6.3; WOW64) AppleWebKit/537.36 (KHTML, like Gecko) Chrome/55.0.2883.87 UBrowser/7.0.185.1002 Safari/537.36"
178.162.205.226 - - [27/Jan/2020:09:26:17 -0500] "GET /naijadial/inc/css/fileinput.min.css HTTP/1.1" 304 - "https://www.naijadial.com/" "Mozilla/5.0 (Windows NT 6.3; WOW64) AppleWebKit/537.36 (KHTML, like Gecko) Chrome/55.0.2883.87 UBrowser/7.0.185.1002 Safari/537.36"
178.162.205.226 - - [27/Jan/2020:09:26:17 -0500] "GET /naijadial/style.css HTTP/1.1" 304 - "https://www.naijadial.com/" "Mozilla/5.0 (Windows NT 6.3; WOW64) AppleWebKit/537.36 (KHTML, like Gecko) Chrome/55.0.2883.87 UBrowser/7.0.185.1002 Safari/537.36"
