78.159.99.208 - - [27/Jan/2020:11:55:23 -0500] "GET /new/wp-content/plugins/revslider/public/assets/js/revolution.tools.min.js?ver=6.0.7 HTTP/1.1" 304 - "https://www.naijadial.com/new/wp-admin/post.php?post=100&action=edit" "Mozilla/5.0 (Windows NT 6.3; Win64; x64) AppleWebKit/537.36 (KHTML, like Gecko) Chrome/79.0.3945.130 Safari/537.36"
78.159.99.208 - - [27/Jan/2020:11:55:23 -0500] "GET /new/wp-content/plugins/revslider/admin/assets/js/shortcode_generator/shortcode_generator.js?ver=6.0.7 HTTP/1.1" 304 - "https://www.naijadial.com/new/wp-admin/post.php?post=100&action=edit" "Mozilla/5.0 (Windows NT 6.3; Win64; x64) AppleWebKit/537.36 (KHTML, like Gecko) Chrome/79.0.3945.130 Safari/537.36"
78.159.99.208 - - [27/Jan/2020:11:55:23 -0500] "GET /new/wp-content/plugins/brizy/admin/static/js/script.js?ver=1.0.112 HTTP/1.1" 304 - "https://www.naijadial.com/new/wp-admin/post.php?post=100&action=edit" "Mozilla/5.0 (Windows NT 6.3; Win64; x64) AppleWebKit/537.36 (KHTML, like Gecko) Chrome/79.0.3945.130 Safari/537.36"
78.159.99.208 - - [27/Jan/2020:11:55:23 -0500] "GET /new/wp-content/plugins/brizy/admin/static/js/featured-image.js?ver=1.0.112 HTTP/1.1" 304 - "https://www.naijadial.com/new/wp-admin/post.php?post=100&action=edit" "Mozilla/5.0 (Windows NT 6.3; Win64; x64) AppleWebKit/537.36 (KHTML, like Gecko) Chrome/79.0.3945.130 Safari/537.36"
78.159.99.208 - - [27/Jan/2020:11:55:24 -0500] "GET /new/wp-content/plugins/revslider/admin/assets/js/shortcode_generator/vc.js?ver=6.0.5 HTTP/1.1" 304 - "https://www.naijadial.com/new/wp-admin/post.php?post=100&action=edit" "Mozilla/5.0 (Windows NT 6.3; Win64; x64) AppleWebKit/537.36 (KHTML, like Gecko) Chrome/79.0.3945.130 Safari/537.36"
78.159.99.208 - - [27/Jan/2020:11:55:24 -0500] "GET /new/wp-content/plugins/revslider/admin/assets/images/rs6_number_2x.png HTTP/1.1" 304 - "https://www.naijadial.com/new/wp-content/plugins/revslider/admin/assets/css/basics.css?ver=6.0.7" "Mozilla/5.0 (Windows NT 6.3; Win64; x64) AppleWebKit/537.36 (KHTML, like Gecko) Chrome/79.0.3945.130 Safari/537.36"
78.159.99.208 - - [27/Jan/2020:11:55:25 -0500] "POST /new/wp-admin/admin-ajax.php HTTP/1.1" 200 124634 "https://www.naijadial.com/new/wp-admin/post.php?post=100&action=edit" "Mozilla/5.0 (Windows NT 6.3; Win64; x64) AppleWebKit/537.36 (KHTML, like Gecko) Chrome/79.0.3945.130 Safari/537.36"
78.159.99.208 - - [27/Jan/2020:11:55:26 -0500] "GET /new/wp-admin/admin-ajax.php?action=oembed-cache&post=100 HTTP/1.1" 200 21 "https://www.naijadial.com/new/wp-admin/post.php?post=100&action=edit" "Mozilla/5.0 (Windows NT 6.3; Win64; x64) AppleWebKit/537.36 (KHTML, like Gecko) Chrome/79.0.3945.130 Safari/537.36"
78.159.99.208 - - [27/Jan/2020:11:55:26 -0500] "POST /new/wp-admin/admin-ajax.php HTTP/1.1" 200 67 "https://www.naijadial.com/new/wp-admin/post.php?post=100&action=edit" "Mozilla/5.0 (Windows NT 6.3; Win64; x64) AppleWebKit/537.36 (KHTML, like Gecko) Chrome/79.0.3945.130 Safari/537.36"
78.159.99.208 - - [27/Jan/2020:11:55:26 -0500] "POST /new/wp-admin/admin-ajax.php HTTP/1.1" 200 50566 "https://www.naijadial.com/new/wp-admin/post.php?post=100&action=edit" "Mozilla/5.0 (Windows NT 6.3; Win64; x64) AppleWebKit/537.36 (KHTML, like Gecko) Chrome/79.0.3945.130 Safari/537.36"
78.159.99.208 - - [27/Jan/2020:11:55:28 -0500] "GET /new/wp-content/plugins/revslider/admin/assets/js/shortcode_generator/tinymce.js?wp-mce-4960-20190918-tadv-5210 HTTP/1.1" 304 - "https://www.naijadial.com/new/wp-admin/post.php?post=100&action=edit" "Mozilla/5.0 (Windows NT 6.3; Win64; x64) AppleWebKit/537.36 (KHTML, like Gecko) Chrome/79.0.3945.130 Safari/537.36"
78.159.99.208 - - [27/Jan/2020:11:55:28 -0500] "POST /new/wp-admin/admin-ajax.php HTTP/1.1" 200 11495 "https://www.naijadial.com/new/wp-admin/post.php?post=100&action=edit" "Mozilla/5.0 (Windows NT 6.3; Win64; x64) AppleWebKit/537.36 (KHTML, like Gecko) Chrome/79.0.3945.130 Safari/537.36"
78.159.99.208 - - [27/Jan/2020:11:55:31 -0500] "GET /favicon.ico HTTP/1.1" 200 - "https://www.naijadial.com/new/wp-admin/post.php?post=100&action=edit" "Mozilla/5.0 (Windows NT 6.3; Win64; x64) AppleWebKit/537.36 (KHTML, like Gecko) Chrome/79.0.3945.130 Safari/537.36"
78.159.99.208 - - [27/Jan/2020:11:55:46 -0500] "POST /new/wp-admin/admin-ajax.php HTTP/1.1" 200 98 "https://www.naijadial.com/new/wp-admin/post.php?post=100&action=edit" "Mozilla/5.0 (Windows NT 6.3; Win64; x64) AppleWebKit/537.36 (KHTML, like Gecko) Chrome/79.0.3945.130 Safari/537.36"
78.159.99.208 - - [27/Jan/2020:11:55:57 -0500] "POST /new/wp-admin/admin-ajax.php HTTP/1.1" 200 98 "https://www.naijadial.com/new/wp-admin/post.php?post=100&action=edit" "Mozilla/5.0 (Windows NT 6.3; Win64; x64) AppleWebKit/537.36 (KHTML, like Gecko) Chrome/79.0.3945.130 Safari/537.36"
198.54.125.95 - - [27/Jan/2020:11:56:12 -0500] "POST /new/wp-cron.php?doing_wp_cron=1580144172.4458398818969726562500 HTTP/1.1" 200 - "https://www.naijadial.com/new/wp-cron.php?doing_wp_cron=1580144172.4458398818969726562500" "WordPress/5.3.2; https://www.naijadial.com/new"
78.159.99.208 - - [27/Jan/2020:11:56:12 -0500] "POST /new/wp-admin/admin-ajax.php HTTP/1.1" 200 98 "https://www.naijadial.com/new/wp-admin/post.php?post=100&action=edit" "Mozilla/5.0 (Windows NT 6.3; Win64; x64) AppleWebKit/537.36 (KHTML, like Gecko) Chrome/79.0.3945.130 Safari/537.36"
78.159.99.208 - - [27/Jan/2020:11:56:27 -0500] "POST /new/wp-admin/admin-ajax.php HTTP/1.1" 200 98 "https://www.naijadial.com/new/wp-admin/post.php?post=100&action=edit" "Mozilla/5.0 (Windows NT 6.3; Win64; x64) AppleWebKit/537.36 (KHTML, like Gecko) Chrome/79.0.3945.130 Safari/537.36"
78.159.99.208 - - [27/Jan/2020:11:56:33 -0500] "POST /new/wp-admin/admin-ajax.php HTTP/1.1" 200 47 "https://www.naijadial.com/new/wp-admin/themes.php?page=fw-settings" "Mozilla/5.0 (Windows NT 6.3; Win64; x64) AppleWebKit/537.36 (KHTML, like Gecko) Chrome/79.0.3945.130 Safari/537.36"
78.159.99.208 - - [27/Jan/2020:11:56:41 -0500] "POST /new/wp-admin/admin-ajax.php HTTP/1.1" 200 98 "https://www.naijadial.com/new/wp-admin/post.php?post=100&action=edit" "Mozilla/5.0 (Windows NT 6.3; Win64; x64) AppleWebKit/537.36 (KHTML, like Gecko) Chrome/79.0.3945.130 Safari/537.36"
78.159.99.208 - - [27/Jan/2020:11:56:45 -0500] "GET /new/about/ HTTP/1.1" 200 15066 "https://www.naijadial.com/new/" "Mozilla/5.0 (Windows NT 6.3; Win64; x64) AppleWebKit/537.36 (KHTML, like Gecko) Chrome/79.0.3945.130 Safari/537.36"
78.159.99.208 - - [27/Jan/2020:11:56:47 -0500] "GET /new/wp-content/plugins/revslider/public/assets/css/rs6.css?ver=6.0.7 HTTP/1.1" 304 - "https://www.naijadial.com/new/about/" "Mozilla/5.0 (Windows NT 6.3; Win64; x64) AppleWebKit/537.36 (KHTML, like Gecko) Chrome/79.0.3945.130 Safari/537.36"
78.159.99.208 - - [27/Jan/2020:11:56:50 -0500] "GET /new/wp-content/plugins/revslider/public/assets/js/rs6.min.js?ver=6.0.7 HTTP/1.1" 304 - "https://www.naijadial.com/new/about/" "Mozilla/5.0 (Windows NT 6.3; Win64; x64) AppleWebKit/537.36 (KHTML, like Gecko) Chrome/79.0.3945.130 Safari/537.36"
78.159.99.208 - - [27/Jan/2020:11:56:50 -0500] "GET /new/wp-content/plugins/revslider/public/assets/js/revolution.tools.min.js?ver=6.0 HTTP/1.1" 304 - "https://www.naijadial.com/new/about/" "Mozilla/5.0 (Windows NT 6.3; Win64; x64) AppleWebKit/537.36 (KHTML, like Gecko) Chrome/79.0.3945.130 Safari/537.36"
78.159.99.208 - - [27/Jan/2020:11:56:50 -0500] "GET /new/wp-content/uploads/so-css/so-css-listingo.css?ver=1580125388 HTTP/1.1" 304 - "https://www.naijadial.com/new/about/" "Mozilla/5.0 (Windows NT 6.3; Win64; x64) AppleWebKit/537.36 (KHTML, like Gecko) Chrome/79.0.3945.130 Safari/537.36"
78.159.99.208 - - [27/Jan/2020:11:56:51 -0500] "GET /new/wp-content/uploads/2020/01/About-Header.jpg HTTP/1.1" 304 - "https://www.naijadial.com/new/about/" "Mozilla/5.0 (Windows NT 6.3; Win64; x64) AppleWebKit/537.36 (KHTML, like Gecko) Chrome/79.0.3945.130 Safari/537.36"
78.159.99.208 - - [27/Jan/2020:11:56:52 -0500] "GET /favicon.ico HTTP/1.1" 200 - "https://www.naijadial.com/new/about/" "Mozilla/5.0 (Windows NT 6.3; Win64; x64) AppleWebKit/537.36 (KHTML, like Gecko) Chrome/79.0.3945.130 Safari/537.36"
198.54.125.95 - - [27/Jan/2020:11:59:00 -0500] "POST /new/wp-cron.php?doing_wp_cron=1580144340.2252008914947509765625 HTTP/1.1" 200 - "https://www.naijadial.com/new/wp-cron.php?doing_wp_cron=1580144340.2252008914947509765625" "WordPress/5.3.2; https://www.naijadial.com/new"
78.159.99.208 - - [27/Jan/2020:11:58:35 -0500] "POST /new/wp-admin/admin-ajax.php HTTP/1.1" 200 47 "https://www.naijadial.com/new/wp-admin/themes.php?page=fw-settings" "Mozilla/5.0 (Windows NT 6.3; Win64; x64) AppleWebKit/537.36 (KHTML, like Gecko) Chrome/79.0.3945.130 Safari/537.36"
78.159.99.208 - - [27/Jan/2020:11:58:41 -0500] "POST /new/wp-admin/admin-ajax.php HTTP/1.1" 200 98 "https://www.naijadial.com/new/wp-admin/post.php?post=100&action=edit" "Mozilla/5.0 (Windows NT 6.3; Win64; x64) AppleWebKit/537.36 (KHTML, like Gecko) Chrome/79.0.3945.130 Safari/537.36"
198.54.125.95 - - [27/Jan/2020:11:59:15 -0500] "POST /new/wp-cron.php?doing_wp_cron=1580144355.6618840694427490234375 HTTP/1.1" 200 - "https://www.naijadial.com/new/wp-cron.php?doing_wp_cron=1580144355.6618840694427490234375" "WordPress/5.3.2; https://www.naijadial.com/new"
78.159.99.208 - - [27/Jan/2020:11:59:13 -0500] "GET /new/wp-content/themes/listingo/css/bootstrap.min.css.map HTTP/1.1" 404 57520 "-" "Mozilla/5.0 (iPhone; CPU iPhone OS 11_0 like Mac OS X) AppleWebKit/604.1.38 (KHTML, like Gecko) Version/11.0 Mobile/15A372 Safari/604.1"
198.54.125.95 - - [27/Jan/2020:12:00:35 -0500] "POST /new/wp-cron.php?doing_wp_cron=1580144435.9191830158233642578125 HTTP/1.1" 200 - "https://www.naijadial.com/new/wp-cron.php?doing_wp_cron=1580144435.9191830158233642578125" "WordPress/5.3.2; https://www.naijadial.com/new"
78.159.99.208 - - [27/Jan/2020:12:00:35 -0500] "POST /new/wp-admin/admin-ajax.php HTTP/1.1" 200 47 "https://www.naijadial.com/new/wp-admin/themes.php?page=fw-settings" "Mozilla/5.0 (Windows NT 6.3; Win64; x64) AppleWebKit/537.36 (KHTML, like Gecko) Chrome/79.0.3945.130 Safari/537.36"
78.159.99.208 - - [27/Jan/2020:12:00:41 -0500] "POST /new/wp-admin/admin-ajax.php HTTP/1.1" 200 98 "https://www.naijadial.com/new/wp-admin/post.php?post=100&action=edit" "Mozilla/5.0 (Windows NT 6.3; Win64; x64) AppleWebKit/537.36 (KHTML, like Gecko) Chrome/79.0.3945.130 Safari/537.36"
198.54.125.95 - - [27/Jan/2020:12:02:02 -0500] "POST /wp-cron.php?doing_wp_cron=1580144522.4842720031738281250000 HTTP/1.1" 200 - "https://www.naijadial.com/wp-cron.php?doing_wp_cron=1580144522.4842720031738281250000" "WordPress/5.3.2; https://www.naijadial.com"
54.36.150.51 - - [27/Jan/2020:12:02:00 -0500] "GET /providers-category/building-and-construction-equipment-rental-leasing/feed/ HTTP/1.1" 200 573 "-" "Mozilla/5.0 (compatible; AhrefsBot/6.1; +http://ahrefs.com/robot/)"
198.54.125.95 - - [27/Jan/2020:12:02:07 -0500] "POST /new/wp-cron.php?doing_wp_cron=1580144527.3718950748443603515625 HTTP/1.1" 200 - "https://www.naijadial.com/new/wp-cron.php?doing_wp_cron=1580144527.3718950748443603515625" "WordPress/5.3.2; https://www.naijadial.com/new"
78.159.99.208 - - [27/Jan/2020:12:02:07 -0500] "POST /new/wp-admin/admin-ajax.php HTTP/1.1" 200 98 "https://www.naijadial.com/new/wp-admin/post.php?post=100&action=edit" "Mozilla/5.0 (Windows NT 6.3; Win64; x64) AppleWebKit/537.36 (KHTML, like Gecko) Chrome/79.0.3945.130 Safari/537.36"
78.159.99.208 - - [27/Jan/2020:12:02:08 -0500] "GET /new/wp-admin/edit.php?post_type=page HTTP/1.1" 200 44216 "https://www.naijadial.com/new/wp-admin/edit.php?post_type=sp_categories&page=listingo_settings&?page=settings&tab=settings" "Mozilla/5.0 (Windows NT 6.3; Win64; x64) AppleWebKit/537.36 (KHTML, like Gecko) Chrome/79.0.3945.130 Safari/537.36"
78.159.99.208 - - [27/Jan/2020:12:02:09 -0500] "GET /new/wp-admin/post.php?post=349&action=edit HTTP/1.1" 200 338060 "https://www.naijadial.com/new/wp-admin/edit.php?s=job&post_status=all&post_type=page&action=-1&m=0&paged=1&action2=-1" "Mozilla/5.0 (Windows NT 6.3; Win64; x64) AppleWebKit/537.36 (KHTML, like Gecko) Chrome/79.0.3945.130 Safari/537.36"
78.159.99.208 - - [27/Jan/2020:12:02:11 -0500] "POST /new/wp-admin/admin-ajax.php HTTP/1.1" 200 47 "https://www.naijadial.com/new/wp-admin/edit-tags.php?taxonomy=ad_tags&post_type=sp_ads" "Mozilla/5.0 (Windows NT 6.3; Win64; x64) AppleWebKit/537.36 (KHTML, like Gecko) Chrome/79.0.3945.130 Safari/537.36"
78.159.99.208 - - [27/Jan/2020:12:02:20 -0500] "GET /new/wp-admin/themes.php?page=fw-settings HTTP/1.1" 200 207753 "https://www.naijadial.com/new/wp-admin/post.php?post=100&action=edit" "Mozilla/5.0 (Windows NT 6.3; Win64; x64) AppleWebKit/537.36 (KHTML, like Gecko) Chrome/79.0.3945.130 Safari/537.36"
78.159.99.208 - - [27/Jan/2020:12:02:21 -0500] "POST /new/wp-admin/admin-ajax.php HTTP/1.1" 200 98 "https://www.naijadial.com/new/wp-admin/post.php?post=100&action=edit" "Mozilla/5.0 (Windows NT 6.3; Win64; x64) AppleWebKit/537.36 (KHTML, like Gecko) Chrome/79.0.3945.130 Safari/537.36"
78.159.99.208 - - [27/Jan/2020:12:02:26 -0500] "GET /favicon.ico HTTP/1.1" 200 - "https://www.naijadial.com/new/wp-admin/themes.php?page=fw-settings" "Mozilla/5.0 (Windows NT 6.3; Win64; x64) AppleWebKit/537.36 (KHTML, like Gecko) Chrome/79.0.3945.130 Safari/537.36"
78.159.99.208 - - [27/Jan/2020:12:02:26 -0500] "POST /new/wp-admin/admin-ajax.php HTTP/1.1" 200 67 "https://www.naijadial.com/new/wp-admin/themes.php?page=fw-settings" "Mozilla/5.0 (Windows NT 6.3; Win64; x64) AppleWebKit/537.36 (KHTML, like Gecko) Chrome/79.0.3945.130 Safari/537.36"
78.159.99.208 - - [27/Jan/2020:12:02:26 -0500] "POST /new/wp-admin/admin-ajax.php HTTP/1.1" 200 50566 "https://www.naijadial.com/new/wp-admin/themes.php?page=fw-settings" "Mozilla/5.0 (Windows NT 6.3; Win64; x64) AppleWebKit/537.36 (KHTML, like Gecko) Chrome/79.0.3945.130 Safari/537.36"
78.159.99.208 - - [27/Jan/2020:12:02:27 -0500] "POST /new/wp-admin/admin-ajax.php HTTP/1.1" 200 11495 "https://www.naijadial.com/new/wp-admin/themes.php?page=fw-settings" "Mozilla/5.0 (Windows NT 6.3; Win64; x64) AppleWebKit/537.36 (KHTML, like Gecko) Chrome/79.0.3945.130 Safari/537.36"
78.159.99.208 - - [27/Jan/2020:12:02:36 -0500] "POST /new/wp-admin/admin-ajax.php HTTP/1.1" 200 47 "https://www.naijadial.com/new/wp-admin/themes.php?page=fw-settings" "Mozilla/5.0 (Windows NT 6.3; Win64; x64) AppleWebKit/537.36 (KHTML, like Gecko) Chrome/79.0.3945.130 Safari/537.36"
78.159.99.208 - - [27/Jan/2020:12:02:41 -0500] "POST /new/wp-admin/admin-ajax.php HTTP/1.1" 200 6315 "https://www.naijadial.com/new/wp-admin/themes.php?page=fw-settings" "Mozilla/5.0 (Windows NT 6.3; Win64; x64) AppleWebKit/537.36 (KHTML, like Gecko) Chrome/79.0.3945.130 Safari/537.36"
78.159.99.208 - - [27/Jan/2020:12:02:54 -0500] "GET /new/wp-content/uploads/2020/01/Email-Header-150x150.png HTTP/1.1" 304 - "https://www.naijadial.com/new/wp-admin/themes.php?page=fw-settings" "Mozilla/5.0 (Windows NT 6.3; Win64; x64) AppleWebKit/537.36 (KHTML, like Gecko) Chrome/79.0.3945.130 Safari/537.36"
78.159.99.208 - - [27/Jan/2020:12:02:54 -0500] "POST /new/wp-admin/admin-ajax.php HTTP/1.1" 200 253 "https://www.naijadial.com/new/wp-admin/themes.php?page=fw-settings" "Mozilla/5.0 (Windows NT 6.3; Win64; x64) AppleWebKit/537.36 (KHTML, like Gecko) Chrome/79.0.3945.130 Safari/537.36"
78.159.99.208 - - [27/Jan/2020:12:02:58 -0500] "GET /new/about/ HTTP/1.1" 200 15686 "https://www.naijadial.com/new/" "Mozilla/5.0 (Windows NT 6.3; Win64; x64) AppleWebKit/537.36 (KHTML, like Gecko) Chrome/79.0.3945.130 Safari/537.36"
78.159.99.208 - - [27/Jan/2020:12:03:01 -0500] "GET /favicon.ico HTTP/1.1" 200 - "https://www.naijadial.com/new/about/" "Mozilla/5.0 (Windows NT 6.3; Win64; x64) AppleWebKit/537.36 (KHTML, like Gecko) Chrome/79.0.3945.130 Safari/537.36"
198.54.125.95 - - [27/Jan/2020:12:03:13 -0500] "POST /new/wp-cron.php?doing_wp_cron=1580144593.7202920913696289062500 HTTP/1.1" 200 - "https://www.naijadial.com/new/wp-cron.php?doing_wp_cron=1580144593.7202920913696289062500" "WordPress/5.3.2; https://www.naijadial.com/new"
78.159.99.208 - - [27/Jan/2020:12:03:13 -0500] "POST /new/wp-admin/admin-ajax.php HTTP/1.1" 200 47 "https://www.naijadial.com/new/wp-admin/edit-tags.php?taxonomy=ad_tags&post_type=sp_ads" "Mozilla/5.0 (Windows NT 6.3; Win64; x64) AppleWebKit/537.36 (KHTML, like Gecko) Chrome/79.0.3945.130 Safari/537.36"
78.159.99.208 - - [27/Jan/2020:12:03:14 -0500] "GET /new/wp-content/themes/listingo/css/bootstrap.min.css.map HTTP/1.1" 404 61000 "-" "Mozilla/5.0 (iPhone; CPU iPhone OS 11_0 like Mac OS X) AppleWebKit/604.1.38 (KHTML, like Gecko) Version/11.0 Mobile/15A372 Safari/604.1"
78.159.99.208 - - [27/Jan/2020:12:03:27 -0500] "POST /new/wp-admin/admin-ajax.php HTTP/1.1" 200 47 "https://www.naijadial.com/new/wp-admin/themes.php?page=fw-settings" "Mozilla/5.0 (Windows NT 6.3; Win64; x64) AppleWebKit/537.36 (KHTML, like Gecko) Chrome/79.0.3945.130 Safari/537.36"
78.159.99.208 - - [27/Jan/2020:12:04:03 -0500] "POST /new/wp-admin/admin-ajax.php HTTP/1.1" 200 253 "https://www.naijadial.com/new/wp-admin/themes.php?page=fw-settings" "Mozilla/5.0 (Windows NT 6.3; Win64; x64) AppleWebKit/537.36 (KHTML, like Gecko) Chrome/79.0.3945.130 Safari/537.36"
198.54.125.95 - - [27/Jan/2020:12:04:22 -0500] "POST /new/wp-cron.php?doing_wp_cron=1580144662.4699070453643798828125 HTTP/1.1" 200 - "https://www.naijadial.com/new/wp-cron.php?doing_wp_cron=1580144662.4699070453643798828125" "WordPress/5.3.2; https://www.naijadial.com/new"
78.159.99.208 - - [27/Jan/2020:12:04:22 -0500] "GET /new/wp-admin/themes.php?page=so_custom_css HTTP/1.1" 200 101380 "https://www.naijadial.com/new/wp-admin/themes.php?page=fw-settings" "Mozilla/5.0 (Windows NT 6.3; Win64; x64) AppleWebKit/537.36 (KHTML, like Gecko) Chrome/79.0.3945.130 Safari/537.36"
198.54.125.95 - - [27/Jan/2020:12:04:23 -0500] "POST /new/wp-cron.php?doing_wp_cron=1580144663.3571450710296630859375 HTTP/1.1" 200 - "https://www.naijadial.com/new/wp-cron.php?doing_wp_cron=1580144663.3571450710296630859375" "WordPress/5.3.2; https://www.naijadial.com/new"
78.159.99.208 - - [27/Jan/2020:12:04:22 -0500] "POST /new/wp-admin/admin-ajax.php HTTP/1.1" 200 98 "https://www.naijadial.com/new/wp-admin/post.php?post=100&action=edit" "Mozilla/5.0 (Windows NT 6.3; Win64; x64) AppleWebKit/537.36 (KHTML, like Gecko) Chrome/79.0.3945.130 Safari/537.36"
78.159.99.208 - - [27/Jan/2020:12:04:26 -0500] "POST /new/wp-admin/admin-ajax.php HTTP/1.1" 200 47 "https://www.naijadial.com/new/wp-admin/themes.php?page=fw-settings" "Mozilla/5.0 (Windows NT 6.3; Win64; x64) AppleWebKit/537.36 (KHTML, like Gecko) Chrome/79.0.3945.130 Safari/537.36"
198.54.125.95 - - [27/Jan/2020:12:04:27 -0500] "GET /new/wp-content/plugins/vc-extensions-bundle/css/admin_icon.css HTTP/1.1" 200 1139 "https://www.naijadial.com/new/wp-content/plugins/vc-extensions-bundle/css/admin_icon.css" "WordPress/5.3.2; https://www.naijadial.com/new"
198.54.125.95 - - [27/Jan/2020:12:04:27 -0500] "GET /new/wp-content/plugins/gd-bbpress-toolbox/templates/default/css/widgets.min.css HTTP/1.1" 200 517 "https://www.naijadial.com/new/wp-content/plugins/gd-bbpress-toolbox/templates/default/css/widgets.min.css" "WordPress/5.3.2; https://www.naijadial.com/new"
198.54.125.95 - - [27/Jan/2020:12:04:27 -0500] "GET /new/wp-content/plugins/woocommerce/packages/woocommerce-blocks/build/style.css HTTP/1.1" 200 8221 "https://www.naijadial.com/new/wp-content/plugins/woocommerce/packages/woocommerce-blocks/build/style.css" "WordPress/5.3.2; https://www.naijadial.com/new"
198.54.125.95 - - [27/Jan/2020:12:04:27 -0500] "GET /new/wp-content/plugins/bbpress/templates/default/css/bbpress.min.css HTTP/1.1" 200 5241 "https://www.naijadial.com/new/wp-content/plugins/bbpress/templates/default/css/bbpress.min.css" "WordPress/5.3.2; https://www.naijadial.com/new"
198.54.125.95 - - [27/Jan/2020:12:04:27 -0500] "GET /new/wp-content/plugins/contact-form-7/includes/css/styles.css HTTP/1.1" 200 649 "https://www.naijadial.com/new/wp-content/plugins/contact-form-7/includes/css/styles.css" "WordPress/5.3.2; https://www.naijadial.com/new"
198.54.125.95 - - [27/Jan/2020:12:04:27 -0500] "GET /new/wp-content/plugins/mega-addons-for-visual-composer/css/ihover.css HTTP/1.1" 200 77665 "https://www.naijadial.com/new/wp-content/plugins/mega-addons-for-visual-composer/css/ihover.css" "WordPress/5.3.2; https://www.naijadial.com/new"
198.54.125.95 - - [27/Jan/2020:12:04:27 -0500] "GET /new/wp-content/plugins/mega-addons-for-visual-composer/css/style.css HTTP/1.1" 200 601 "https://www.naijadial.com/new/wp-content/plugins/mega-addons-for-visual-composer/css/style.css" "WordPress/5.3.2; https://www.naijadial.com/new"
198.54.125.95 - - [27/Jan/2020:12:04:27 -0500] "GET /new/wp-content/plugins/mega-addons-for-visual-composer/css/font-awesome/css/font-awesome.css HTTP/1.1" 200 7439 "https://www.naijadial.com/new/wp-content/plugins/mega-addons-for-visual-composer/css/font-awesome/css/font-awesome.css" "WordPress/5.3.2; https://www.naijadial.com/new"
198.54.125.95 - - [27/Jan/2020:12:04:27 -0500] "GET /new/wp-content/plugins/revslider/public/assets/css/rs6.css HTTP/1.1" 200 11700 "https://www.naijadial.com/new/wp-content/plugins/revslider/public/assets/css/rs6.css" "WordPress/5.3.2; https://www.naijadial.com/new"
198.54.125.95 - - [27/Jan/2020:12:04:27 -0500] "GET /new/wp-content/plugins/woocommerce/assets/css/woocommerce-layout.css HTTP/1.1" 200 2482 "https://www.naijadial.com/new/wp-content/plugins/woocommerce/assets/css/woocommerce-layout.css" "WordPress/5.3.2; https://www.naijadial.com/new"
198.54.125.95 - - [27/Jan/2020:12:04:27 -0500] "GET /new/wp-content/plugins/woocommerce/assets/css/woocommerce-smallscreen.css HTTP/1.1" 200 1055 "https://www.naijadial.com/new/wp-content/plugins/woocommerce/assets/css/woocommerce-smallscreen.css" "WordPress/5.3.2; https://www.naijadial.com/new"
198.54.125.95 - - [27/Jan/2020:12:04:27 -0500] "GET /new/wp-content/plugins/woocommerce/assets/css/woocommerce.css HTTP/1.1" 200 8820 "https://www.naijadial.com/new/wp-content/plugins/woocommerce/assets/css/woocommerce.css" "WordPress/5.3.2; https://www.naijadial.com/new"
198.54.125.95 - - [27/Jan/2020:12:04:27 -0500] "GET /new/wp-content/plugins/wpforo/wpf-themes/classic/widgets.css HTTP/1.1" 200 1092 "https://www.naijadial.com/new/wp-content/plugins/wpforo/wpf-themes/classic/widgets.css" "WordPress/5.3.2; https://www.naijadial.com/new"
198.54.125.95 - - [27/Jan/2020:12:04:27 -0500] "GET /new/wp-content/plugins/bbp-style-pack/css/bspstyle.css HTTP/1.1" 200 2657 "https://www.naijadial.com/new/wp-content/plugins/bbp-style-pack/css/bspstyle.css" "WordPress/5.3.2; https://www.naijadial.com/new"
198.54.125.95 - - [27/Jan/2020:12:04:28 -0500] "GET /new/wp-content/plugins/unyson/framework/extensions/breadcrumbs/static/css/style.css HTTP/1.1" 200 133 "https://www.naijadial.com/new/wp-content/plugins/unyson/framework/extensions/breadcrumbs/static/css/style.css" "WordPress/5.3.2; https://www.naijadial.com/new"
198.54.125.95 - - [27/Jan/2020:12:04:28 -0500] "GET /new/wp-content/plugins/unyson/framework/extensions/builder/static/css/frontend-grid.css HTTP/1.1" 200 1961 "https://www.naijadial.com/new/wp-content/plugins/unyson/framework/extensions/builder/static/css/frontend-grid.css" "WordPress/5.3.2; https://www.naijadial.com/new"
198.54.125.95 - - [27/Jan/2020:12:04:28 -0500] "GET /new/wp-content/plugins/unyson/framework/extensions/forms/static/css/frontend.css HTTP/1.1" 200 1645 "https://www.naijadial.com/new/wp-content/plugins/unyson/framework/extensions/forms/static/css/frontend.css" "WordPress/5.3.2; https://www.naijadial.com/new"
198.54.125.95 - - [27/Jan/2020:12:04:28 -0500] "GET /new/wp-content/plugins/js_composer/assets/lib/bower/font-awesome/css/font-awesome.min.css HTTP/1.1" 200 6970 "https://www.naijadial.com/new/wp-content/plugins/js_composer/assets/lib/bower/font-awesome/css/font-awesome.min.css" "WordPress/5.3.2; https://www.naijadial.com/new"
198.54.125.95 - - [27/Jan/2020:12:04:28 -0500] "GET /new/wp-content/plugins/js_composer/assets/css/vc_lte_ie9.min.css HTTP/1.1" 200 544 "https://www.naijadial.com/new/wp-content/plugins/js_composer/assets/css/vc_lte_ie9.min.css" "WordPress/5.3.2; https://www.naijadial.com/new"
198.54.125.95 - - [27/Jan/2020:12:04:28 -0500] "GET /new/wp-content/plugins/js_composer/assets/css/js_composer.min.css HTTP/1.1" 200 45758 "https://www.naijadial.com/new/wp-content/plugins/js_composer/assets/css/js_composer.min.css" "WordPress/5.3.2; https://www.naijadial.com/new"
198.54.125.95 - - [27/Jan/2020:12:04:28 -0500] "GET /new/wp-content/themes/listingo/css/bootstrap.min.css HTTP/1.1" 200 19749 "https://www.naijadial.com/new/wp-content/themes/listingo/css/bootstrap.min.css" "WordPress/5.3.2; https://www.naijadial.com/new"
198.54.125.95 - - [27/Jan/2020:12:04:28 -0500] "GET /new/wp-content/themes/listingo/css/normalize.css HTTP/1.1" 200 867 "https://www.naijadial.com/new/wp-content/themes/listingo/css/normalize.css" "WordPress/5.3.2; https://www.naijadial.com/new"
198.54.125.95 - - [27/Jan/2020:12:04:28 -0500] "GET /new/wp-content/themes/listingo/css/jquery-ui.css HTTP/1.1" 200 7036 "https://www.naijadial.com/new/wp-content/themes/listingo/css/jquery-ui.css" "WordPress/5.3.2; https://www.naijadial.com/new"
198.54.125.95 - - [27/Jan/2020:12:04:28 -0500] "GET /new/wp-content/themes/listingo/css/linearicons.css HTTP/1.1" 200 1610 "https://www.naijadial.com/new/wp-content/themes/listingo/css/linearicons.css" "WordPress/5.3.2; https://www.naijadial.com/new"
198.54.125.95 - - [27/Jan/2020:12:04:28 -0500] "GET /new/wp-content/themes/listingo/css/scrollbar.css HTTP/1.1" 200 4060 "https://www.naijadial.com/new/wp-content/themes/listingo/css/scrollbar.css" "WordPress/5.3.2; https://www.naijadial.com/new"
198.54.125.95 - - [27/Jan/2020:12:04:28 -0500] "GET /new/wp-content/themes/listingo/css/prettyPhoto.css HTTP/1.1" 200 2777 "https://www.naijadial.com/new/wp-content/themes/listingo/css/prettyPhoto.css" "WordPress/5.3.2; https://www.naijadial.com/new"
198.54.125.95 - - [27/Jan/2020:12:04:28 -0500] "GET /new/wp-content/themes/listingo/css/owl.carousel.min.css HTTP/1.1" 200 834 "https://www.naijadial.com/new/wp-content/themes/listingo/css/owl.carousel.min.css" "WordPress/5.3.2; https://www.naijadial.com/new"
198.54.125.95 - - [27/Jan/2020:12:04:28 -0500] "GET /new/wp-content/themes/listingo/css/owl.theme.default.min.css HTTP/1.1" 200 366 "https://www.naijadial.com/new/wp-content/themes/listingo/css/owl.theme.default.min.css" "WordPress/5.3.2; https://www.naijadial.com/new"
198.54.125.95 - - [27/Jan/2020:12:04:28 -0500] "GET /new/wp-content/themes/listingo/css/jquery.countdown.css HTTP/1.1" 200 472 "https://www.naijadial.com/new/wp-content/themes/listingo/css/jquery.countdown.css" "WordPress/5.3.2; https://www.naijadial.com/new"
198.54.125.95 - - [27/Jan/2020:12:04:28 -0500] "GET /new/wp-content/themes/listingo/css/datetimepicker.css HTTP/1.1" 200 4503 "https://www.naijadial.com/new/wp-content/themes/listingo/css/datetimepicker.css" "WordPress/5.3.2; https://www.naijadial.com/new"
198.54.125.95 - - [27/Jan/2020:12:04:28 -0500] "GET /new/wp-content/themes/listingo/css/chosen.css HTTP/1.1" 200 2142 "https://www.naijadial.com/new/wp-content/themes/listingo/css/chosen.css" "WordPress/5.3.2; https://www.naijadial.com/new"
198.54.125.95 - - [27/Jan/2020:12:04:28 -0500] "GET /new/wp-content/themes/listingo/css/transitions.css HTTP/1.1" 200 1476 "https://www.naijadial.com/new/wp-content/themes/listingo/css/transitions.css" "WordPress/5.3.2; https://www.naijadial.com/new"
198.54.125.95 - - [27/Jan/2020:12:04:28 -0500] "GET /new/wp-content/themes/listingo/style.css HTTP/1.1" 200 61862 "https://www.naijadial.com/new/wp-content/themes/listingo/style.css" "WordPress/5.3.2; https://www.naijadial.com/new"
198.54.125.95 - - [27/Jan/2020:12:04:28 -0500] "GET /new/wp-content/themes/listingo/css/color.css HTTP/1.1" 200 2884 "https://www.naijadial.com/new/wp-content/themes/listingo/css/color.css" "WordPress/5.3.2; https://www.naijadial.com/new"
198.54.125.95 - - [27/Jan/2020:12:06:30 -0500] "POST /new/wp-cron.php?doing_wp_cron=1580144790.2900168895721435546875 HTTP/1.1" 200 - "https://www.naijadial.com/new/wp-cron.php?doing_wp_cron=1580144790.2900168895721435546875" "WordPress/5.3.2; https://www.naijadial.com/new"
78.159.99.208 - - [27/Jan/2020:12:06:06 -0500] "POST /new/wp-admin/themes.php?page=so_custom_css HTTP/1.1" 200 101470 "https://www.naijadial.com/new/wp-admin/themes.php?page=so_custom_css" "Mozilla/5.0 (Windows NT 6.3; Win64; x64) AppleWebKit/537.36 (KHTML, like Gecko) Chrome/79.0.3945.130 Safari/537.36"
78.159.99.208 - - [27/Jan/2020:12:06:34 -0500] "POST /new/wp-admin/admin-ajax.php HTTP/1.1" 200 47 "https://www.naijadial.com/new/wp-admin/themes.php?page=fw-settings" "Mozilla/5.0 (Windows NT 6.3; Win64; x64) AppleWebKit/537.36 (KHTML, like Gecko) Chrome/79.0.3945.130 Safari/537.36"
78.159.99.208 - - [27/Jan/2020:12:06:10 -0500] "GET /new/about/ HTTP/1.1" 200 15683 "https://www.naijadial.com/new/" "Mozilla/5.0 (Windows NT 6.3; Win64; x64) AppleWebKit/537.36 (KHTML, like Gecko) Chrome/79.0.3945.130 Safari/537.36"
78.159.99.208 - - [27/Jan/2020:12:06:37 -0500] "GET /new/wp-content/uploads/so-css/so-css-listingo.css?ver=1580144791 HTTP/1.1" 200 1074 "https://www.naijadial.com/new/about/" "Mozilla/5.0 (Windows NT 6.3; Win64; x64) AppleWebKit/537.36 (KHTML, like Gecko) Chrome/79.0.3945.130 Safari/537.36"
198.54.125.95 - - [27/Jan/2020:12:06:37 -0500] "GET /new/wp-content/plugins/vc-extensions-bundle/css/admin_icon.css HTTP/1.1" 200 1139 "https://www.naijadial.com/new/wp-content/plugins/vc-extensions-bundle/css/admin_icon.css" "WordPress/5.3.2; https://www.naijadial.com/new"
198.54.125.95 - - [27/Jan/2020:12:06:37 -0500] "GET /new/wp-content/plugins/gd-bbpress-toolbox/templates/default/css/widgets.min.css HTTP/1.1" 200 517 "https://www.naijadial.com/new/wp-content/plugins/gd-bbpress-toolbox/templates/default/css/widgets.min.css" "WordPress/5.3.2; https://www.naijadial.com/new"
198.54.125.95 - - [27/Jan/2020:12:06:37 -0500] "GET /new/wp-content/plugins/woocommerce/packages/woocommerce-blocks/build/style.css HTTP/1.1" 200 8221 "https://www.naijadial.com/new/wp-content/plugins/woocommerce/packages/woocommerce-blocks/build/style.css" "WordPress/5.3.2; https://www.naijadial.com/new"
198.54.125.95 - - [27/Jan/2020:12:06:37 -0500] "GET /new/wp-content/plugins/bbpress/templates/default/css/bbpress.min.css HTTP/1.1" 200 5241 "https://www.naijadial.com/new/wp-content/plugins/bbpress/templates/default/css/bbpress.min.css" "WordPress/5.3.2; https://www.naijadial.com/new"
198.54.125.95 - - [27/Jan/2020:12:06:37 -0500] "GET /new/wp-content/plugins/contact-form-7/includes/css/styles.css HTTP/1.1" 200 649 "https://www.naijadial.com/new/wp-content/plugins/contact-form-7/includes/css/styles.css" "WordPress/5.3.2; https://www.naijadial.com/new"
198.54.125.95 - - [27/Jan/2020:12:06:38 -0500] "GET /new/wp-content/plugins/mega-addons-for-visual-composer/css/ihover.css HTTP/1.1" 200 77665 "https://www.naijadial.com/new/wp-content/plugins/mega-addons-for-visual-composer/css/ihover.css" "WordPress/5.3.2; https://www.naijadial.com/new"
198.54.125.95 - - [27/Jan/2020:12:06:38 -0500] "GET /new/wp-content/plugins/mega-addons-for-visual-composer/css/style.css HTTP/1.1" 200 601 "https://www.naijadial.com/new/wp-content/plugins/mega-addons-for-visual-composer/css/style.css" "WordPress/5.3.2; https://www.naijadial.com/new"
198.54.125.95 - - [27/Jan/2020:12:06:38 -0500] "GET /new/wp-content/plugins/mega-addons-for-visual-composer/css/font-awesome/css/font-awesome.css HTTP/1.1" 200 7439 "https://www.naijadial.com/new/wp-content/plugins/mega-addons-for-visual-composer/css/font-awesome/css/font-awesome.css" "WordPress/5.3.2; https://www.naijadial.com/new"
198.54.125.95 - - [27/Jan/2020:12:06:38 -0500] "GET /new/wp-content/plugins/revslider/public/assets/css/rs6.css HTTP/1.1" 200 11700 "https://www.naijadial.com/new/wp-content/plugins/revslider/public/assets/css/rs6.css" "WordPress/5.3.2; https://www.naijadial.com/new"
198.54.125.95 - - [27/Jan/2020:12:06:38 -0500] "GET /new/wp-content/plugins/woocommerce/assets/css/woocommerce-layout.css HTTP/1.1" 200 2482 "https://www.naijadial.com/new/wp-content/plugins/woocommerce/assets/css/woocommerce-layout.css" "WordPress/5.3.2; https://www.naijadial.com/new"
198.54.125.95 - - [27/Jan/2020:12:06:38 -0500] "GET /new/wp-content/plugins/woocommerce/assets/css/woocommerce-smallscreen.css HTTP/1.1" 200 1055 "https://www.naijadial.com/new/wp-content/plugins/woocommerce/assets/css/woocommerce-smallscreen.css" "WordPress/5.3.2; https://www.naijadial.com/new"
198.54.125.95 - - [27/Jan/2020:12:06:38 -0500] "GET /new/wp-content/plugins/woocommerce/assets/css/woocommerce.css HTTP/1.1" 200 8820 "https://www.naijadial.com/new/wp-content/plugins/woocommerce/assets/css/woocommerce.css" "WordPress/5.3.2; https://www.naijadial.com/new"
78.159.99.208 - - [27/Jan/2020:12:06:38 -0500] "GET /favicon.ico HTTP/1.1" 200 - "https://www.naijadial.com/new/about/" "Mozilla/5.0 (Windows NT 6.3; Win64; x64) AppleWebKit/537.36 (KHTML, like Gecko) Chrome/79.0.3945.130 Safari/537.36"
198.54.125.95 - - [27/Jan/2020:12:06:38 -0500] "GET /new/wp-content/plugins/wpforo/wpf-themes/classic/widgets.css HTTP/1.1" 200 1092 "https://www.naijadial.com/new/wp-content/plugins/wpforo/wpf-themes/classic/widgets.css" "WordPress/5.3.2; https://www.naijadial.com/new"
198.54.125.95 - - [27/Jan/2020:12:06:38 -0500] "GET /new/wp-content/plugins/bbp-style-pack/css/bspstyle.css HTTP/1.1" 200 2657 "https://www.naijadial.com/new/wp-content/plugins/bbp-style-pack/css/bspstyle.css" "WordPress/5.3.2; https://www.naijadial.com/new"
198.54.125.95 - - [27/Jan/2020:12:06:38 -0500] "GET /new/wp-content/plugins/unyson/framework/extensions/breadcrumbs/static/css/style.css HTTP/1.1" 200 133 "https://www.naijadial.com/new/wp-content/plugins/unyson/framework/extensions/breadcrumbs/static/css/style.css" "WordPress/5.3.2; https://www.naijadial.com/new"
198.54.125.95 - - [27/Jan/2020:12:06:38 -0500] "GET /new/wp-content/plugins/unyson/framework/extensions/builder/static/css/frontend-grid.css HTTP/1.1" 200 1961 "https://www.naijadial.com/new/wp-content/plugins/unyson/framework/extensions/builder/static/css/frontend-grid.css" "WordPress/5.3.2; https://www.naijadial.com/new"
198.54.125.95 - - [27/Jan/2020:12:06:38 -0500] "GET /new/wp-content/plugins/unyson/framework/extensions/forms/static/css/frontend.css HTTP/1.1" 200 1645 "https://www.naijadial.com/new/wp-content/plugins/unyson/framework/extensions/forms/static/css/frontend.css" "WordPress/5.3.2; https://www.naijadial.com/new"
198.54.125.95 - - [27/Jan/2020:12:06:38 -0500] "GET /new/wp-content/plugins/js_composer/assets/lib/bower/font-awesome/css/font-awesome.min.css HTTP/1.1" 200 6970 "https://www.naijadial.com/new/wp-content/plugins/js_composer/assets/lib/bower/font-awesome/css/font-awesome.min.css" "WordPress/5.3.2; https://www.naijadial.com/new"
198.54.125.95 - - [27/Jan/2020:12:06:38 -0500] "GET /new/wp-content/plugins/js_composer/assets/css/vc_lte_ie9.min.css HTTP/1.1" 200 544 "https://www.naijadial.com/new/wp-content/plugins/js_composer/assets/css/vc_lte_ie9.min.css" "WordPress/5.3.2; https://www.naijadial.com/new"
198.54.125.95 - - [27/Jan/2020:12:06:38 -0500] "GET /new/wp-content/plugins/js_composer/assets/css/js_composer.min.css HTTP/1.1" 200 45758 "https://www.naijadial.com/new/wp-content/plugins/js_composer/assets/css/js_composer.min.css" "WordPress/5.3.2; https://www.naijadial.com/new"
198.54.125.95 - - [27/Jan/2020:12:06:38 -0500] "GET /new/wp-content/themes/listingo/css/bootstrap.min.css HTTP/1.1" 200 19749 "https://www.naijadial.com/new/wp-content/themes/listingo/css/bootstrap.min.css" "WordPress/5.3.2; https://www.naijadial.com/new"
198.54.125.95 - - [27/Jan/2020:12:06:39 -0500] "GET /new/wp-content/themes/listingo/css/normalize.css HTTP/1.1" 200 867 "https://www.naijadial.com/new/wp-content/themes/listingo/css/normalize.css" "WordPress/5.3.2; https://www.naijadial.com/new"
198.54.125.95 - - [27/Jan/2020:12:06:39 -0500] "GET /new/wp-content/themes/listingo/css/jquery-ui.css HTTP/1.1" 200 7036 "https://www.naijadial.com/new/wp-content/themes/listingo/css/jquery-ui.css" "WordPress/5.3.2; https://www.naijadial.com/new"
198.54.125.95 - - [27/Jan/2020:12:06:39 -0500] "GET /new/wp-content/themes/listingo/css/linearicons.css HTTP/1.1" 200 1610 "https://www.naijadial.com/new/wp-content/themes/listingo/css/linearicons.css" "WordPress/5.3.2; https://www.naijadial.com/new"
198.54.125.95 - - [27/Jan/2020:12:06:39 -0500] "GET /new/wp-content/themes/listingo/css/scrollbar.css HTTP/1.1" 200 4060 "https://www.naijadial.com/new/wp-content/themes/listingo/css/scrollbar.css" "WordPress/5.3.2; https://www.naijadial.com/new"
198.54.125.95 - - [27/Jan/2020:12:06:39 -0500] "GET /new/wp-content/themes/listingo/css/prettyPhoto.css HTTP/1.1" 200 2777 "https://www.naijadial.com/new/wp-content/themes/listingo/css/prettyPhoto.css" "WordPress/5.3.2; https://www.naijadial.com/new"
198.54.125.95 - - [27/Jan/2020:12:06:39 -0500] "GET /new/wp-content/themes/listingo/css/owl.carousel.min.css HTTP/1.1" 200 834 "https://www.naijadial.com/new/wp-content/themes/listingo/css/owl.carousel.min.css" "WordPress/5.3.2; https://www.naijadial.com/new"
198.54.125.95 - - [27/Jan/2020:12:06:39 -0500] "GET /new/wp-content/themes/listingo/css/owl.theme.default.min.css HTTP/1.1" 200 366 "https://www.naijadial.com/new/wp-content/themes/listingo/css/owl.theme.default.min.css" "WordPress/5.3.2; https://www.naijadial.com/new"
198.54.125.95 - - [27/Jan/2020:12:06:39 -0500] "GET /new/wp-content/themes/listingo/css/jquery.countdown.css HTTP/1.1" 200 472 "https://www.naijadial.com/new/wp-content/themes/listingo/css/jquery.countdown.css" "WordPress/5.3.2; https://www.naijadial.com/new"
198.54.125.95 - - [27/Jan/2020:12:06:39 -0500] "GET /new/wp-content/themes/listingo/css/datetimepicker.css HTTP/1.1" 200 4503 "https://www.naijadial.com/new/wp-content/themes/listingo/css/datetimepicker.css" "WordPress/5.3.2; https://www.naijadial.com/new"
198.54.125.95 - - [27/Jan/2020:12:06:39 -0500] "GET /new/wp-content/themes/listingo/css/chosen.css HTTP/1.1" 200 2142 "https://www.naijadial.com/new/wp-content/themes/listingo/css/chosen.css" "WordPress/5.3.2; https://www.naijadial.com/new"
198.54.125.95 - - [27/Jan/2020:12:06:39 -0500] "GET /new/wp-content/themes/listingo/css/transitions.css HTTP/1.1" 200 1476 "https://www.naijadial.com/new/wp-content/themes/listingo/css/transitions.css" "WordPress/5.3.2; https://www.naijadial.com/new"
198.54.125.95 - - [27/Jan/2020:12:06:39 -0500] "GET /new/wp-content/themes/listingo/style.css HTTP/1.1" 200 61862 "https://www.naijadial.com/new/wp-content/themes/listingo/style.css" "WordPress/5.3.2; https://www.naijadial.com/new"
198.54.125.95 - - [27/Jan/2020:12:06:39 -0500] "GET /new/wp-content/themes/listingo/css/color.css HTTP/1.1" 200 2884 "https://www.naijadial.com/new/wp-content/themes/listingo/css/color.css" "WordPress/5.3.2; https://www.naijadial.com/new"
198.54.125.95 - - [27/Jan/2020:12:06:39 -0500] "GET /new/wp-content/themes/listingo/css/typo.css HTTP/1.1" 200 3322 "https://www.naijadial.com/new/wp-content/themes/listingo/css/typo.css" "WordPress/5.3.2; https://www.naijadial.com/new"
198.54.125.95 - - [27/Jan/2020:12:06:39 -0500] "GET /new/wp-content/themes/listingo/css/responsive.css HTTP/1.1" 200 12539 "https://www.naijadial.com/new/wp-content/themes/listingo/css/responsive.css" "WordPress/5.3.2; https://www.naijadial.com/new"
78.159.99.208 - - [27/Jan/2020:12:06:35 -0500] "GET /new/?so_css_preview=1 HTTP/1.1" 200 323649 "https://www.naijadial.com/new/wp-admin/themes.php?page=so_custom_css" "Mozilla/5.0 (Windows NT 6.3; Win64; x64) AppleWebKit/537.36 (KHTML, like Gecko) Chrome/79.0.3945.130 Safari/537.36"
78.159.99.208 - - [27/Jan/2020:12:06:22 -0500] "POST /new/wp-admin/admin-ajax.php HTTP/1.1" 200 98 "https://www.naijadial.com/new/wp-admin/post.php?post=100&action=edit" "Mozilla/5.0 (Windows NT 6.3; Win64; x64) AppleWebKit/537.36 (KHTML, like Gecko) Chrome/79.0.3945.130 Safari/537.36"
78.159.99.208 - - [27/Jan/2020:12:06:52 -0500] "GET /favicon.ico HTTP/1.1" 200 - "https://www.naijadial.com/new/wp-admin/themes.php?page=so_custom_css" "Mozilla/5.0 (Windows NT 6.3; Win64; x64) AppleWebKit/537.36 (KHTML, like Gecko) Chrome/79.0.3945.130 Safari/537.36"
78.159.99.208 - - [27/Jan/2020:12:06:26 -0500] "POST /new/wp-admin/admin-ajax.php HTTP/1.1" 200 47 "https://www.naijadial.com/new/wp-admin/themes.php?page=fw-settings" "Mozilla/5.0 (Windows NT 6.3; Win64; x64) AppleWebKit/537.36 (KHTML, like Gecko) Chrome/79.0.3945.130 Safari/537.36"
78.159.99.208 - - [27/Jan/2020:12:06:26 -0500] "POST /new/wp-admin/admin-ajax.php HTTP/1.1" 200 47 "https://www.naijadial.com/new/wp-admin/themes.php?page=so_custom_css" "Mozilla/5.0 (Windows NT 6.3; Win64; x64) AppleWebKit/537.36 (KHTML, like Gecko) Chrome/79.0.3945.130 Safari/537.36"
198.54.125.95 - - [27/Jan/2020:12:07:16 -0500] "POST /new/wp-cron.php?doing_wp_cron=1580144836.5980219841003417968750 HTTP/1.1" 200 - "https://www.naijadial.com/new/wp-cron.php?doing_wp_cron=1580144836.5980219841003417968750" "WordPress/5.3.2; https://www.naijadial.com/new"
78.159.99.208 - - [27/Jan/2020:12:07:14 -0500] "GET /new/wp-admin/widgets.php HTTP/1.1" 200 72451 "https://www.naijadial.com/new/wp-admin/themes.php?page=so_custom_css" "Mozilla/5.0 (Windows NT 6.3; Win64; x64) AppleWebKit/537.36 (KHTML, like Gecko) Chrome/79.0.3945.130 Safari/537.36"
198.54.125.95 - - [27/Jan/2020:12:07:18 -0500] "POST /new/wp-cron.php?doing_wp_cron=1580144838.5665180683135986328125 HTTP/1.1" 200 - "https://www.naijadial.com/new/wp-cron.php?doing_wp_cron=1580144838.5665180683135986328125" "WordPress/5.3.2; https://www.naijadial.com/new"
78.159.99.208 - - [27/Jan/2020:12:07:14 -0500] "POST /new/wp-admin/admin-ajax.php HTTP/1.1" 200 47 "https://www.naijadial.com/new/wp-admin/edit-tags.php?taxonomy=ad_tags&post_type=sp_ads" "Mozilla/5.0 (Windows NT 6.3; Win64; x64) AppleWebKit/537.36 (KHTML, like Gecko) Chrome/79.0.3945.130 Safari/537.36"
78.159.99.208 - - [27/Jan/2020:12:07:19 -0500] "GET /new/wp-content/plugins/gd-bbpress-toolbox/d4plib/resources/css/widgets.min.css?ver=2.3.2.2410 HTTP/1.1" 304 - "https://www.naijadial.com/new/wp-admin/widgets.php" "Mozilla/5.0 (Windows NT 6.3; Win64; x64) AppleWebKit/537.36 (KHTML, like Gecko) Chrome/79.0.3945.130 Safari/537.36"
78.159.99.208 - - [27/Jan/2020:12:07:21 -0500] "GET /new/wp-content/plugins/gd-bbpress-toolbox/js/admin-widgets.min.js?ver=5.2.1.712 HTTP/1.1" 304 - "https://www.naijadial.com/new/wp-admin/widgets.php" "Mozilla/5.0 (Windows NT 6.3; Win64; x64) AppleWebKit/537.36 (KHTML, like Gecko) Chrome/79.0.3945.130 Safari/537.36"
78.159.99.208 - - [27/Jan/2020:12:07:21 -0500] "GET /new/wp-content/plugins/gd-bbpress-toolbox/d4plib/resources/js/widgets.min.js?ver=2.3.2.2410 HTTP/1.1" 304 - "https://www.naijadial.com/new/wp-admin/widgets.php" "Mozilla/5.0 (Windows NT 6.3; Win64; x64) AppleWebKit/537.36 (KHTML, like Gecko) Chrome/79.0.3945.130 Safari/537.36"
78.159.99.208 - - [27/Jan/2020:12:07:23 -0500] "GET /favicon.ico HTTP/1.1" 200 - "https://www.naijadial.com/new/wp-admin/widgets.php" "Mozilla/5.0 (Windows NT 6.3; Win64; x64) AppleWebKit/537.36 (KHTML, like Gecko) Chrome/79.0.3945.130 Safari/537.36"
78.159.99.208 - - [27/Jan/2020:12:07:36 -0500] "POST /new/wp-admin/admin-ajax.php HTTP/1.1" 200 47 "https://www.naijadial.com/new/wp-admin/themes.php?page=so_custom_css" "Mozilla/5.0 (Windows NT 6.3; Win64; x64) AppleWebKit/537.36 (KHTML, like Gecko) Chrome/79.0.3945.130 Safari/537.36"
78.159.99.208 - - [27/Jan/2020:12:07:38 -0500] "POST /new/wp-admin/admin-ajax.php HTTP/1.1" 200 47 "https://www.naijadial.com/new/wp-admin/widgets.php" "Mozilla/5.0 (Windows NT 6.3; Win64; x64) AppleWebKit/537.36 (KHTML, like Gecko) Chrome/79.0.3945.130 Safari/537.36"
78.159.99.208 - - [27/Jan/2020:12:07:40 -0500] "POST /new/wp-admin/admin-ajax.php HTTP/1.1" 200 21 "https://www.naijadial.com/new/wp-admin/widgets.php" "Mozilla/5.0 (Windows NT 6.3; Win64; x64) AppleWebKit/537.36 (KHTML, like Gecko) Chrome/79.0.3945.130 Safari/537.36"
198.54.125.95 - - [27/Jan/2020:12:08:24 -0500] "POST /new/wp-cron.php?doing_wp_cron=1580144904.7688930034637451171875 HTTP/1.1" 200 - "https://www.naijadial.com/new/wp-cron.php?doing_wp_cron=1580144904.7688930034637451171875" "WordPress/5.3.2; https://www.naijadial.com/new"
78.159.99.208 - - [27/Jan/2020:12:08:24 -0500] "POST /new/wp-admin/admin-ajax.php HTTP/1.1" 200 98 "https://www.naijadial.com/new/wp-admin/post.php?post=100&action=edit" "Mozilla/5.0 (Windows NT 6.3; Win64; x64) AppleWebKit/537.36 (KHTML, like Gecko) Chrome/79.0.3945.130 Safari/537.36"
198.54.125.95 - - [27/Jan/2020:12:08:25 -0500] "POST /new/wp-cron.php?doing_wp_cron=1580144905.8078980445861816406250 HTTP/1.1" 200 - "https://www.naijadial.com/new/wp-cron.php?doing_wp_cron=1580144905.8078980445861816406250" "WordPress/5.3.2; https://www.naijadial.com/new"
78.159.99.208 - - [27/Jan/2020:12:08:24 -0500] "POST /new/wp-admin/admin-ajax.php HTTP/1.1" 200 47 "https://www.naijadial.com/new/wp-admin/widgets.php" "Mozilla/5.0 (Windows NT 6.3; Win64; x64) AppleWebKit/537.36 (KHTML, like Gecko) Chrome/79.0.3945.130 Safari/537.36"
78.159.99.208 - - [27/Jan/2020:12:08:27 -0500] "POST /new/wp-admin/admin-ajax.php HTTP/1.1" 200 47 "https://www.naijadial.com/new/wp-admin/themes.php?page=fw-settings" "Mozilla/5.0 (Windows NT 6.3; Win64; x64) AppleWebKit/537.36 (KHTML, like Gecko) Chrome/79.0.3945.130 Safari/537.36"
78.159.99.208 - - [27/Jan/2020:12:08:36 -0500] "POST /new/wp-admin/admin-ajax.php HTTP/1.1" 200 47 "https://www.naijadial.com/new/wp-admin/themes.php?page=fw-settings" "Mozilla/5.0 (Windows NT 6.3; Win64; x64) AppleWebKit/537.36 (KHTML, like Gecko) Chrome/79.0.3945.130 Safari/537.36"
78.159.99.208 - - [27/Jan/2020:12:08:46 -0500] "GET /new/about/ HTTP/1.1" 200 15350 "https://www.naijadial.com/new/" "Mozilla/5.0 (Windows NT 6.3; Win64; x64) AppleWebKit/537.36 (KHTML, like Gecko) Chrome/79.0.3945.130 Safari/537.36"
78.159.99.208 - - [27/Jan/2020:12:08:48 -0500] "GET /new/wp-content/uploads/so-css/so-css-listingo.css?ver=1580144791 HTTP/1.1" 304 - "https://www.naijadial.com/new/about/" "Mozilla/5.0 (Windows NT 6.3; Win64; x64) AppleWebKit/537.36 (KHTML, like Gecko) Chrome/79.0.3945.130 Safari/537.36"
78.159.99.208 - - [27/Jan/2020:12:08:51 -0500] "GET /favicon.ico HTTP/1.1" 200 - "https://www.naijadial.com/new/about/" "Mozilla/5.0 (Windows NT 6.3; Win64; x64) AppleWebKit/537.36 (KHTML, like Gecko) Chrome/79.0.3945.130 Safari/537.36"
78.159.99.208 - - [27/Jan/2020:12:08:51 -0500] "POST /new/wp-admin/admin-ajax.php HTTP/1.1" 200 47 "https://www.naijadial.com/new/wp-admin/themes.php?page=so_custom_css" "Mozilla/5.0 (Windows NT 6.3; Win64; x64) AppleWebKit/537.36 (KHTML, like Gecko) Chrome/79.0.3945.130 Safari/537.36"
78.159.99.208 - - [27/Jan/2020:12:08:52 -0500] "POST /new/wp-admin/admin-ajax.php HTTP/1.1" 200 98 "https://www.naijadial.com/new/wp-admin/post.php?post=100&action=edit" "Mozilla/5.0 (Windows NT 6.3; Win64; x64) AppleWebKit/537.36 (KHTML, like Gecko) Chrome/79.0.3945.130 Safari/537.36"
198.54.125.95 - - [27/Jan/2020:12:09:14 -0500] "POST /new/wp-cron.php?doing_wp_cron=1580144954.6916809082031250000000 HTTP/1.1" 200 - "https://www.naijadial.com/new/wp-cron.php?doing_wp_cron=1580144954.6916809082031250000000" "WordPress/5.3.2; https://www.naijadial.com/new"
78.159.99.208 - - [27/Jan/2020:12:09:14 -0500] "POST /new/wp-admin/admin-ajax.php HTTP/1.1" 200 47 "https://www.naijadial.com/new/wp-admin/edit-tags.php?taxonomy=ad_tags&post_type=sp_ads" "Mozilla/5.0 (Windows NT 6.3; Win64; x64) AppleWebKit/537.36 (KHTML, like Gecko) Chrome/79.0.3945.130 Safari/537.36"
78.159.99.208 - - [27/Jan/2020:12:09:24 -0500] "POST /new/wp-admin/admin-ajax.php HTTP/1.1" 200 47 "https://www.naijadial.com/new/wp-admin/widgets.php" "Mozilla/5.0 (Windows NT 6.3; Win64; x64) AppleWebKit/537.36 (KHTML, like Gecko) Chrome/79.0.3945.130 Safari/537.36"
78.159.99.208 - - [27/Jan/2020:12:09:28 -0500] "POST /new/wp-admin/admin-ajax.php HTTP/1.1" 200 47 "https://www.naijadial.com/new/wp-admin/themes.php?page=fw-settings" "Mozilla/5.0 (Windows NT 6.3; Win64; x64) AppleWebKit/537.36 (KHTML, like Gecko) Chrome/79.0.3945.130 Safari/537.36"
78.159.99.208 - - [27/Jan/2020:12:09:54 -0500] "POST /new/wp-admin/admin-ajax.php HTTP/1.1" 200 - "https://www.naijadial.com/new/wp-admin/widgets.php" "Mozilla/5.0 (Windows NT 6.3; Win64; x64) AppleWebKit/537.36 (KHTML, like Gecko) Chrome/79.0.3945.130 Safari/537.36"
78.159.99.208 - - [27/Jan/2020:12:09:55 -0500] "POST /new/wp-admin/admin-ajax.php HTTP/1.1" 200 21 "https://www.naijadial.com/new/wp-admin/widgets.php" "Mozilla/5.0 (Windows NT 6.3; Win64; x64) AppleWebKit/537.36 (KHTML, like Gecko) Chrome/79.0.3945.130 Safari/537.36"
198.54.125.95 - - [27/Jan/2020:12:10:08 -0500] "POST /new/wp-cron.php?doing_wp_cron=1580145008.6899530887603759765625 HTTP/1.1" 200 - "https://www.naijadial.com/new/wp-cron.php?doing_wp_cron=1580145008.6899530887603759765625" "WordPress/5.3.2; https://www.naijadial.com/new"
78.159.99.208 - - [27/Jan/2020:12:10:08 -0500] "POST /new/wp-admin/admin-ajax.php HTTP/1.1" 200 171 "https://www.naijadial.com/new/wp-admin/widgets.php" "Mozilla/5.0 (Windows NT 6.3; Win64; x64) AppleWebKit/537.36 (KHTML, like Gecko) Chrome/79.0.3945.130 Safari/537.36"
78.159.99.208 - - [27/Jan/2020:12:10:24 -0500] "GET /new/about/ HTTP/1.1" 200 15610 "https://www.naijadial.com/new/" "Mozilla/5.0 (Windows NT 6.3; Win64; x64) AppleWebKit/537.36 (KHTML, like Gecko) Chrome/79.0.3945.130 Safari/537.36"
78.159.99.208 - - [27/Jan/2020:12:10:24 -0500] "POST /new/wp-admin/admin-ajax.php HTTP/1.1" 200 47 "https://www.naijadial.com/new/wp-admin/widgets.php" "Mozilla/5.0 (Windows NT 6.3; Win64; x64) AppleWebKit/537.36 (KHTML, like Gecko) Chrome/79.0.3945.130 Safari/537.36"
