193.109.85.14 - - [27/Jan/2020:07:14:59 -0500] "POST /new/wp-admin/admin-ajax.php HTTP/1.1" 200 47 "https://www.naijadial.com/new/wp-admin/themes.php?page=so_custom_css" "Mozilla/5.0 (Windows NT 6.3; Win64; x64) AppleWebKit/537.36 (KHTML, like Gecko) Chrome/79.0.3945.130 Safari/537.36"
193.109.85.14 - - [27/Jan/2020:07:14:59 -0500] "POST /new/wp-admin/admin-ajax.php HTTP/1.1" 200 98 "https://www.naijadial.com/new/wp-admin/post.php?post=1242&action=edit" "Mozilla/5.0 (Windows NT 6.3; Win64; x64) AppleWebKit/537.36 (KHTML, like Gecko) Chrome/79.0.3945.130 Safari/537.36"
198.54.125.95 - - [27/Jan/2020:07:16:13 -0500] "POST /new/wp-cron.php?doing_wp_cron=1580127373.9605979919433593750000 HTTP/1.1" 200 - "https://www.naijadial.com/new/wp-cron.php?doing_wp_cron=1580127373.9605979919433593750000" "WordPress/5.3.2; https://www.naijadial.com/new"
193.109.85.14 - - [27/Jan/2020:07:16:13 -0500] "POST /new/wp-admin/admin-ajax.php HTTP/1.1" 200 98 "https://www.naijadial.com/new/wp-admin/post.php?post=1242&action=edit" "Mozilla/5.0 (Windows NT 6.3; Win64; x64) AppleWebKit/537.36 (KHTML, like Gecko) Chrome/79.0.3945.130 Safari/537.36"
193.109.85.14 - - [27/Jan/2020:07:16:28 -0500] "POST /new/wp-admin/admin-ajax.php HTTP/1.1" 200 47 "https://www.naijadial.com/new/wp-admin/themes.php?page=so_custom_css" "Mozilla/5.0 (Windows NT 6.3; Win64; x64) AppleWebKit/537.36 (KHTML, like Gecko) Chrome/79.0.3945.130 Safari/537.36"
78.159.101.116 - - [27/Jan/2020:07:19:04 -0500] "GET /new/wp-content/uploads/2020/01/responsive-web-design.png HTTP/1.1" 200 435923 "https://www.naijadial.com/new/ad/need-a-website/" "Mozilla/5.0 (Windows NT 6.3; WOW64) AppleWebKit/537.36 (KHTML, like Gecko) Chrome/55.0.2883.87 UBrowser/7.0.185.1002 Safari/537.36"
198.54.125.95 - - [27/Jan/2020:07:37:19 -0500] "POST /wp-cron.php?doing_wp_cron=1580128639.7000389099121093750000 HTTP/1.1" 200 - "https://www.naijadial.com/wp-cron.php?doing_wp_cron=1580128639.7000389099121093750000" "WordPress/5.3.2; https://www.naijadial.com"
66.249.88.173 - - [27/Jan/2020:07:37:01 -0500] "GET / HTTP/1.1" 200 38885 "-" "Mozilla/5.0 (Linux; Android 4.2.1; en-us; Nexus 5 Build/JOP40D) AppleWebKit/535.19 (KHTML, like Gecko; googleweblight) Chrome/38.0.1025.166 Mobile Safari/535.19"
198.54.125.95 - - [27/Jan/2020:07:45:23 -0500] "POST /wp-cron.php?doing_wp_cron=1580129123.5979259014129638671875 HTTP/1.1" 200 - "https://www.naijadial.com/wp-cron.php?doing_wp_cron=1580129123.5979259014129638671875" "WordPress/5.3.2; https://www.naijadial.com"
66.249.79.187 - - [27/Jan/2020:07:45:21 -0500] "GET /robots.txt HTTP/1.1" 200 69 "-" "Mozilla/5.0 (compatible; Googlebot/2.1; +http://www.google.com/bot.html)"
66.249.79.187 - - [27/Jan/2020:07:45:31 -0500] "POST /?wc-ajax=get_refreshed_fragments HTTP/1.1" 200 212 "https://www.naijadial.com/provider/promise-monday/" "Mozilla/5.0 (Linux; Android 6.0.1; Nexus 5X Build/MMB29P) AppleWebKit/537.36 (KHTML, like Gecko) Chrome/79.0.3945.120 Mobile Safari/537.36 (compatible; Googlebot/2.1; +http://www.google.com/bot.html)"
198.54.125.95 - - [27/Jan/2020:08:26:53 -0500] "POST /new/wp-cron.php?doing_wp_cron=1580131613.0841820240020751953125 HTTP/1.1" 200 - "https://www.naijadial.com/new/wp-cron.php?doing_wp_cron=1580131613.0841820240020751953125" "WordPress/5.3.2; https://www.naijadial.com/new"
41.217.30.236 - - [27/Jan/2020:08:26:51 -0500] "GET /new/ HTTP/1.1" 200 24117 "-" "Mozilla/5.0 (Windows NT 6.3; Win64; x64) AppleWebKit/537.36 (KHTML, like Gecko) Chrome/79.0.3945.130 Safari/537.36"
198.54.125.95 - - [27/Jan/2020:08:26:54 -0500] "POST /new/wp-cron.php?doing_wp_cron=1580131614.6345291137695312500000 HTTP/1.1" 200 - "https://www.naijadial.com/new/wp-cron.php?doing_wp_cron=1580131614.6345291137695312500000" "WordPress/5.3.2; https://www.naijadial.com/new"
41.217.30.236 - - [27/Jan/2020:08:26:51 -0500] "POST /new/wp-admin/admin-ajax.php HTTP/1.1" 200 47 "https://www.naijadial.com/new/wp-admin/themes.php?page=so_custom_css" "Mozilla/5.0 (Windows NT 6.3; Win64; x64) AppleWebKit/537.36 (KHTML, like Gecko) Chrome/79.0.3945.130 Safari/537.36"
41.217.30.236 - - [27/Jan/2020:08:27:32 -0500] "GET /new/wp-content/uploads/2020/01/responsive-web-design-360x240.png HTTP/1.1" 304 - "https://www.naijadial.com/new/" "Mozilla/5.0 (Windows NT 6.3; Win64; x64) AppleWebKit/537.36 (KHTML, like Gecko) Chrome/79.0.3945.130 Safari/537.36"
41.217.30.236 - - [27/Jan/2020:08:27:32 -0500] "GET /new/wp-content/plugins/gd-bbpress-toolbox/templates/default/css/widgets.min.css?ver=5.2.1.712 HTTP/1.1" 304 - "https://www.naijadial.com/new/" "Mozilla/5.0 (Windows NT 6.3; Win64; x64) AppleWebKit/537.36 (KHTML, like Gecko) Chrome/79.0.3945.130 Safari/537.36"
41.217.30.236 - - [27/Jan/2020:08:27:32 -0500] "GET /new/wp-content/uploads/2020/01/IMG_20200112_211013-92x92.jpg HTTP/1.1" 304 - "https://www.naijadial.com/new/" "Mozilla/5.0 (Windows NT 6.3; Win64; x64) AppleWebKit/537.36 (KHTML, like Gecko) Chrome/79.0.3945.130 Safari/537.36"
41.217.30.236 - - [27/Jan/2020:08:27:32 -0500] "GET /new/wp-content/plugins/revslider/public/assets/css/rs6.css?ver=6.0.7 HTTP/1.1" 304 - "https://www.naijadial.com/new/" "Mozilla/5.0 (Windows NT 6.3; Win64; x64) AppleWebKit/537.36 (KHTML, like Gecko) Chrome/79.0.3945.130 Safari/537.36"
41.217.30.236 - - [27/Jan/2020:08:27:33 -0500] "GET /new/wp-content/uploads/so-css/so-css-listingo.css?ver=1580125388 HTTP/1.1" 304 - "https://www.naijadial.com/new/" "Mozilla/5.0 (Windows NT 6.3; Win64; x64) AppleWebKit/537.36 (KHTML, like Gecko) Chrome/79.0.3945.130 Safari/537.36"
41.217.30.236 - - [27/Jan/2020:08:27:36 -0500] "GET /favicon.ico HTTP/1.1" 200 - "https://www.naijadial.com/new/" "Mozilla/5.0 (Windows NT 6.3; Win64; x64) AppleWebKit/537.36 (KHTML, like Gecko) Chrome/79.0.3945.130 Safari/537.36"
41.217.30.236 - - [27/Jan/2020:08:27:34 -0500] "POST /new/?wc-ajax=get_refreshed_fragments HTTP/1.1" 200 2611 "https://www.naijadial.com/new/" "Mozilla/5.0 (Windows NT 6.3; Win64; x64) AppleWebKit/537.36 (KHTML, like Gecko) Chrome/79.0.3945.130 Safari/537.36"
198.54.125.95 - - [27/Jan/2020:08:28:28 -0500] "POST /new/wp-cron.php?doing_wp_cron=1580131708.0743908882141113281250 HTTP/1.1" 200 - "https://www.naijadial.com/new/wp-cron.php?doing_wp_cron=1580131708.0743908882141113281250" "WordPress/5.3.2; https://www.naijadial.com/new"
41.217.30.236 - - [27/Jan/2020:08:28:27 -0500] "POST /new/wp-admin/admin-ajax.php HTTP/1.1" 200 98 "https://www.naijadial.com/new/wp-admin/post.php?post=1242&action=edit" "Mozilla/5.0 (Windows NT 6.3; Win64; x64) AppleWebKit/537.36 (KHTML, like Gecko) Chrome/79.0.3945.130 Safari/537.36"
41.217.30.236 - - [27/Jan/2020:08:28:38 -0500] "POST /new/wp-admin/admin-ajax.php HTTP/1.1" 200 47 "https://www.naijadial.com/new/wp-admin/themes.php?page=so_custom_css" "Mozilla/5.0 (Windows NT 6.3; Win64; x64) AppleWebKit/537.36 (KHTML, like Gecko) Chrome/79.0.3945.130 Safari/537.36"
41.217.30.236 - - [27/Jan/2020:08:28:56 -0500] "POST /new/wp-admin/admin-ajax.php HTTP/1.1" 200 98 "https://www.naijadial.com/new/wp-admin/post.php?post=1242&action=edit" "Mozilla/5.0 (Windows NT 6.3; Win64; x64) AppleWebKit/537.36 (KHTML, like Gecko) Chrome/79.0.3945.130 Safari/537.36"
41.217.30.236 - - [27/Jan/2020:08:28:56 -0500] "POST /new/wp-admin/admin-ajax.php HTTP/1.1" 200 47 "https://www.naijadial.com/new/wp-admin/themes.php?page=so_custom_css" "Mozilla/5.0 (Windows NT 6.3; Win64; x64) AppleWebKit/537.36 (KHTML, like Gecko) Chrome/79.0.3945.130 Safari/537.36"
198.54.125.95 - - [27/Jan/2020:08:29:39 -0500] "POST /new/wp-cron.php?doing_wp_cron=1580131779.1283130645751953125000 HTTP/1.1" 200 - "https://www.naijadial.com/new/wp-cron.php?doing_wp_cron=1580131779.1283130645751953125000" "WordPress/5.3.2; https://www.naijadial.com/new"
41.217.30.236 - - [27/Jan/2020:08:29:38 -0500] "GET /new/ HTTP/1.1" 200 24118 "-" "Mozilla/5.0 (Windows NT 6.3; Win64; x64) AppleWebKit/537.36 (KHTML, like Gecko) Chrome/79.0.3945.130 Safari/537.36"
41.217.30.236 - - [27/Jan/2020:08:29:44 -0500] "GET /favicon.ico HTTP/1.1" 200 - "https://www.naijadial.com/new/" "Mozilla/5.0 (Windows NT 6.3; Win64; x64) AppleWebKit/537.36 (KHTML, like Gecko) Chrome/79.0.3945.130 Safari/537.36"
41.217.30.236 - - [27/Jan/2020:08:29:44 -0500] "GET /new/dashboard/?ref=settings&identity=34 HTTP/1.1" 200 32410 "-" "Mozilla/5.0 (Windows NT 6.3; WOW64) AppleWebKit/537.36 (KHTML, like Gecko) Chrome/55.0.2883.87 UBrowser/7.0.185.1002 Safari/537.36"
41.217.30.236 - - [27/Jan/2020:08:29:46 -0500] "GET /new/wp-content/plugins/revslider/public/assets/css/rs6.css?ver=6.0.7 HTTP/1.1" 304 - "https://www.naijadial.com/new/dashboard/?ref=settings&identity=34" "Mozilla/5.0 (Windows NT 6.3; WOW64) AppleWebKit/537.36 (KHTML, like Gecko) Chrome/55.0.2883.87 UBrowser/7.0.185.1002 Safari/537.36"
41.217.30.236 - - [27/Jan/2020:08:29:46 -0500] "GET /new/wp-content/plugins/revslider/public/assets/js/rs6.min.js?ver=6.0.7 HTTP/1.1" 304 - "https://www.naijadial.com/new/dashboard/?ref=settings&identity=34" "Mozilla/5.0 (Windows NT 6.3; WOW64) AppleWebKit/537.36 (KHTML, like Gecko) Chrome/55.0.2883.87 UBrowser/7.0.185.1002 Safari/537.36"
41.217.30.236 - - [27/Jan/2020:08:29:46 -0500] "GET /new/wp-content/plugins/revslider/public/assets/js/revolution.tools.min.js?ver=6.0 HTTP/1.1" 304 - "https://www.naijadial.com/new/dashboard/?ref=settings&identity=34" "Mozilla/5.0 (Windows NT 6.3; WOW64) AppleWebKit/537.36 (KHTML, like Gecko) Chrome/55.0.2883.87 UBrowser/7.0.185.1002 Safari/537.36"
41.217.30.236 - - [27/Jan/2020:08:29:46 -0500] "GET /new/wp-content/uploads/so-css/so-css-listingo.css?ver=1580125388 HTTP/1.1" 304 - "https://www.naijadial.com/new/dashboard/?ref=settings&identity=34" "Mozilla/5.0 (Windows NT 6.3; WOW64) AppleWebKit/537.36 (KHTML, like Gecko) Chrome/55.0.2883.87 UBrowser/7.0.185.1002 Safari/537.36"
41.217.30.236 - - [27/Jan/2020:08:30:01 -0500] "GET /favicon.ico HTTP/1.1" 200 - "https://www.naijadial.com/new/dashboard/?ref=settings&identity=34" "Mozilla/5.0 (Windows NT 6.3; WOW64) AppleWebKit/537.36 (KHTML, like Gecko) Chrome/55.0.2883.87 UBrowser/7.0.185.1002 Safari/537.36"
41.217.30.236 - - [27/Jan/2020:08:30:01 -0500] "POST /new/wp-admin/admin-ajax.php HTTP/1.1" 200 142 "https://www.naijadial.com/new/dashboard/?ref=settings&identity=34" "Mozilla/5.0 (Windows NT 6.3; WOW64) AppleWebKit/537.36 (KHTML, like Gecko) Chrome/55.0.2883.87 UBrowser/7.0.185.1002 Safari/537.36"
198.54.125.95 - - [27/Jan/2020:08:30:35 -0500] "POST /new/wp-cron.php?doing_wp_cron=1580131835.4530301094055175781250 HTTP/1.1" 200 - "https://www.naijadial.com/new/wp-cron.php?doing_wp_cron=1580131835.4530301094055175781250" "WordPress/5.3.2; https://www.naijadial.com/new"
41.217.30.236 - - [27/Jan/2020:08:30:35 -0500] "POST /new/wp-admin/admin-ajax.php HTTP/1.1" 200 98 "https://www.naijadial.com/new/wp-admin/post.php?post=1242&action=edit" "Mozilla/5.0 (Windows NT 6.3; Win64; x64) AppleWebKit/537.36 (KHTML, like Gecko) Chrome/79.0.3945.130 Safari/537.36"
198.54.125.95 - - [27/Jan/2020:08:38:15 -0500] "POST /new/wp-cron.php?doing_wp_cron=1580132295.6979069709777832031250 HTTP/1.1" 200 - "https://www.naijadial.com/new/wp-cron.php?doing_wp_cron=1580132295.6979069709777832031250" "WordPress/5.3.2; https://www.naijadial.com/new"
78.159.99.208 - - [27/Jan/2020:08:38:09 -0500] "POST /new/wp-admin/admin-ajax.php HTTP/1.1" 200 98 "https://www.naijadial.com/new/wp-admin/post.php?post=1242&action=edit" "Mozilla/5.0 (Windows NT 6.3; Win64; x64) AppleWebKit/537.36 (KHTML, like Gecko) Chrome/79.0.3945.130 Safari/537.36"
78.159.99.208 - - [27/Jan/2020:08:38:42 -0500] "POST /new/wp-admin/admin-ajax.php HTTP/1.1" 200 47 "https://www.naijadial.com/new/wp-admin/themes.php?page=so_custom_css" "Mozilla/5.0 (Windows NT 6.3; Win64; x64) AppleWebKit/537.36 (KHTML, like Gecko) Chrome/79.0.3945.130 Safari/537.36"
198.54.125.95 - - [27/Jan/2020:08:40:10 -0500] "POST /new/wp-cron.php?doing_wp_cron=1580132410.4544548988342285156250 HTTP/1.1" 200 - "https://www.naijadial.com/new/wp-cron.php?doing_wp_cron=1580132410.4544548988342285156250" "WordPress/5.3.2; https://www.naijadial.com/new"
78.159.99.208 - - [27/Jan/2020:08:40:10 -0500] "POST /new/wp-admin/admin-ajax.php HTTP/1.1" 200 98 "https://www.naijadial.com/new/wp-admin/post.php?post=1242&action=edit" "Mozilla/5.0 (Windows NT 6.3; Win64; x64) AppleWebKit/537.36 (KHTML, like Gecko) Chrome/79.0.3945.130 Safari/537.36"
198.54.125.95 - - [27/Jan/2020:08:42:16 -0500] "POST /new/wp-cron.php?doing_wp_cron=1580132536.6976161003112792968750 HTTP/1.1" 200 - "https://www.naijadial.com/new/wp-cron.php?doing_wp_cron=1580132536.6976161003112792968750" "WordPress/5.3.2; https://www.naijadial.com/new"
78.159.99.208 - - [27/Jan/2020:08:42:14 -0500] "POST /new/wp-admin/admin-ajax.php HTTP/1.1" 200 98 "https://www.naijadial.com/new/wp-admin/post.php?post=1242&action=edit" "Mozilla/5.0 (Windows NT 6.3; Win64; x64) AppleWebKit/537.36 (KHTML, like Gecko) Chrome/79.0.3945.130 Safari/537.36"
198.54.125.95 - - [27/Jan/2020:08:43:01 -0500] "POST /wp-cron.php?doing_wp_cron=1580132581.1906969547271728515625 HTTP/1.1" 200 - "https://www.naijadial.com/wp-cron.php?doing_wp_cron=1580132581.1906969547271728515625" "WordPress/5.3.2; https://www.naijadial.com"
31.13.103.4 - - [27/Jan/2020:08:42:59 -0500] "GET / HTTP/1.1" 206 38947 "-" "facebookexternalhit/1.1 (+http://www.facebook.com/externalhit_uatext.php)"
198.54.125.95 - - [27/Jan/2020:08:44:46 -0500] "POST /new/wp-cron.php?doing_wp_cron=1580132685.8446850776672363281250 HTTP/1.1" 200 - "https://www.naijadial.com/new/wp-cron.php?doing_wp_cron=1580132685.8446850776672363281250" "WordPress/5.3.2; https://www.naijadial.com/new"
78.159.99.208 - - [27/Jan/2020:08:44:36 -0500] "POST /new/wp-admin/admin-ajax.php HTTP/1.1" 200 98 "https://www.naijadial.com/new/wp-admin/post.php?post=1242&action=edit" "Mozilla/5.0 (Windows NT 6.3; Win64; x64) AppleWebKit/537.36 (KHTML, like Gecko) Chrome/79.0.3945.130 Safari/537.36"
198.54.125.95 - - [27/Jan/2020:08:46:12 -0500] "POST /new/wp-cron.php?doing_wp_cron=1580132772.5412778854370117187500 HTTP/1.1" 200 - "https://www.naijadial.com/new/wp-cron.php?doing_wp_cron=1580132772.5412778854370117187500" "WordPress/5.3.2; https://www.naijadial.com/new"
78.159.99.208 - - [27/Jan/2020:08:46:12 -0500] "POST /new/wp-admin/admin-ajax.php HTTP/1.1" 200 98 "https://www.naijadial.com/new/wp-admin/post.php?post=1242&action=edit" "Mozilla/5.0 (Windows NT 6.3; Win64; x64) AppleWebKit/537.36 (KHTML, like Gecko) Chrome/79.0.3945.130 Safari/537.36"
198.54.125.95 - - [27/Jan/2020:08:48:13 -0500] "POST /new/wp-cron.php?doing_wp_cron=1580132893.4861071109771728515625 HTTP/1.1" 200 - "https://www.naijadial.com/new/wp-cron.php?doing_wp_cron=1580132893.4861071109771728515625" "WordPress/5.3.2; https://www.naijadial.com/new"
78.159.99.208 - - [27/Jan/2020:08:48:13 -0500] "POST /new/wp-admin/admin-ajax.php HTTP/1.1" 200 98 "https://www.naijadial.com/new/wp-admin/post.php?post=1242&action=edit" "Mozilla/5.0 (Windows NT 6.3; Win64; x64) AppleWebKit/537.36 (KHTML, like Gecko) Chrome/79.0.3945.130 Safari/537.36"
198.54.125.95 - - [27/Jan/2020:08:49:59 -0500] "POST /new/wp-cron.php?doing_wp_cron=1580132999.4045290946960449218750 HTTP/1.1" 200 - "https://www.naijadial.com/new/wp-cron.php?doing_wp_cron=1580132999.4045290946960449218750" "WordPress/5.3.2; https://www.naijadial.com/new"
78.159.99.208 - - [27/Jan/2020:08:49:59 -0500] "GET /new/ HTTP/1.1" 200 24119 "-" "Mozilla/5.0 (Windows NT 6.3; Win64; x64) AppleWebKit/537.36 (KHTML, like Gecko) Chrome/79.0.3945.130 Safari/537.36"
198.54.125.95 - - [27/Jan/2020:08:50:00 -0500] "POST /new/wp-cron.php?doing_wp_cron=1580133000.2945499420166015625000 HTTP/1.1" 200 - "https://www.naijadial.com/new/wp-cron.php?doing_wp_cron=1580133000.2945499420166015625000" "WordPress/5.3.2; https://www.naijadial.com/new"
78.159.99.208 - - [27/Jan/2020:08:49:59 -0500] "GET /new/job-listing/ HTTP/1.1" 200 20316 "https://www.naijadial.com/new/" "Mozilla/5.0 (Windows NT 6.3; Win64; x64) AppleWebKit/537.36 (KHTML, like Gecko) Chrome/79.0.3945.130 Safari/537.36"
41.217.30.236 - - [27/Jan/2020:08:50:10 -0500] "POST /new/wp-admin/admin-ajax.php HTTP/1.1" 200 1156 "https://www.naijadial.com/new/dashboard/?ref=settings&identity=34" "Mozilla/5.0 (Windows NT 6.3; WOW64) AppleWebKit/537.36 (KHTML, like Gecko) Chrome/55.0.2883.87 UBrowser/7.0.185.1002 Safari/537.36"
78.159.99.208 - - [27/Jan/2020:08:50:16 -0500] "GET /favicon.ico HTTP/1.1" 200 - "https://www.naijadial.com/new/" "Mozilla/5.0 (Windows NT 6.3; Win64; x64) AppleWebKit/537.36 (KHTML, like Gecko) Chrome/79.0.3945.130 Safari/537.36"
78.159.99.208 - - [27/Jan/2020:08:50:22 -0500] "GET /favicon.ico HTTP/1.1" 200 - "https://www.naijadial.com/new/job-listing/" "Mozilla/5.0 (Windows NT 6.3; Win64; x64) AppleWebKit/537.36 (KHTML, like Gecko) Chrome/79.0.3945.130 Safari/537.36"
41.217.30.236 - - [27/Jan/2020:08:50:25 -0500] "GET /new/business/mayodele-adeleke/ HTTP/1.1" 200 21602 "https://www.naijadial.com/new/dashboard/?ref=settings&identity=34" "Mozilla/5.0 (Windows NT 6.3; WOW64) AppleWebKit/537.36 (KHTML, like Gecko) Chrome/55.0.2883.87 UBrowser/7.0.185.1002 Safari/537.36"
41.217.30.236 - - [27/Jan/2020:08:50:37 -0500] "GET /new/wp-content/plugins/revslider/public/assets/assets/transparent.png HTTP/1.1" 304 - "https://www.naijadial.com/new/business/mayodele-adeleke/" "Mozilla/5.0 (Windows NT 6.3; WOW64) AppleWebKit/537.36 (KHTML, like Gecko) Chrome/55.0.2883.87 UBrowser/7.0.185.1002 Safari/537.36"
41.217.30.236 - - [27/Jan/2020:08:50:37 -0500] "GET /new/wp-content/uploads/2020/01/responsive-web-design.png HTTP/1.1" 206 1 "https://www.naijadial.com/new/business/mayodele-adeleke/" "Mozilla/5.0 (Windows NT 6.3; WOW64) AppleWebKit/537.36 (KHTML, like Gecko) Chrome/55.0.2883.87 UBrowser/7.0.185.1002 Safari/537.36"
41.217.30.236 - - [27/Jan/2020:08:50:37 -0500] "GET /new/wp-content/uploads/2020/01/My-Clinic.png HTTP/1.1" 200 33435 "https://www.naijadial.com/new/business/mayodele-adeleke/" "Mozilla/5.0 (Windows NT 6.3; WOW64) AppleWebKit/537.36 (KHTML, like Gecko) Chrome/55.0.2883.87 UBrowser/7.0.185.1002 Safari/537.36"
41.217.30.236 - - [27/Jan/2020:08:50:37 -0500] "GET /new/wp-content/uploads/2020/01/bg-1.png HTTP/1.1" 206 1 "https://www.naijadial.com/new/business/mayodele-adeleke/" "Mozilla/5.0 (Windows NT 6.3; WOW64) AppleWebKit/537.36 (KHTML, like Gecko) Chrome/55.0.2883.87 UBrowser/7.0.185.1002 Safari/537.36"
41.217.30.236 - - [27/Jan/2020:08:50:37 -0500] "GET /new/wp-content/uploads/2020/01/responsive-web-design-200x255.png HTTP/1.1" 200 46376 "https://www.naijadial.com/new/business/mayodele-adeleke/" "Mozilla/5.0 (Windows NT 6.3; WOW64) AppleWebKit/537.36 (KHTML, like Gecko) Chrome/55.0.2883.87 UBrowser/7.0.185.1002 Safari/537.36"
41.217.30.236 - - [27/Jan/2020:08:50:37 -0500] "GET /new/wp-content/themes/listingo/framework-customizations/extensions/questionsanswers/static/img/thumbnails/start.png HTTP/1.1" 200 22282 "https://www.naijadial.com/new/business/mayodele-adeleke/" "Mozilla/5.0 (Windows NT 6.3; WOW64) AppleWebKit/537.36 (KHTML, like Gecko) Chrome/55.0.2883.87 UBrowser/7.0.185.1002 Safari/537.36"
41.217.30.236 - - [27/Jan/2020:08:50:37 -0500] "GET /new/wp-content/uploads/2020/01/matican.png HTTP/1.1" 206 1 "https://www.naijadial.com/new/business/mayodele-adeleke/" "Mozilla/5.0 (Windows NT 6.3; WOW64) AppleWebKit/537.36 (KHTML, like Gecko) Chrome/55.0.2883.87 UBrowser/7.0.185.1002 Safari/537.36"
41.217.30.236 - - [27/Jan/2020:08:50:45 -0500] "GET /new/wp-content/uploads/so-css/so-css-listingo.css?ver=1580125388 HTTP/1.1" 304 - "https://www.naijadial.com/new/business/mayodele-adeleke/" "Mozilla/5.0 (Windows NT 6.3; WOW64) AppleWebKit/537.36 (KHTML, like Gecko) Chrome/55.0.2883.87 UBrowser/7.0.185.1002 Safari/537.36"
41.217.30.236 - - [27/Jan/2020:08:51:03 -0500] "GET /new/wp-content/uploads/2020/01/responsive-web-design.png HTTP/1.1" 206 386969 "https://www.naijadial.com/new/business/mayodele-adeleke/" "Mozilla/5.0 (Windows NT 6.3; WOW64) AppleWebKit/537.36 (KHTML, like Gecko) Chrome/55.0.2883.87 UBrowser/7.0.185.1002 Safari/537.36"
41.217.30.236 - - [27/Jan/2020:08:51:10 -0500] "GET /new/wp-content/uploads/2020/01/bg-1.png HTTP/1.1" 206 90212 "https://www.naijadial.com/new/business/mayodele-adeleke/" "Mozilla/5.0 (Windows NT 6.3; WOW64) AppleWebKit/537.36 (KHTML, like Gecko) Chrome/55.0.2883.87 UBrowser/7.0.185.1002 Safari/537.36"
41.217.30.236 - - [27/Jan/2020:08:51:18 -0500] "GET /new/wp-content/plugins/revslider/public/assets/assets/loader.gif HTTP/1.1" 304 - "https://www.naijadial.com/new/wp-content/plugins/revslider/public/assets/css/rs6.css?ver=6.0.7" "Mozilla/5.0 (Windows NT 6.3; WOW64) AppleWebKit/537.36 (KHTML, like Gecko) Chrome/55.0.2883.87 UBrowser/7.0.185.1002 Safari/537.36"
198.54.125.95 - - [27/Jan/2020:08:51:18 -0500] "POST /new/wp-cron.php?doing_wp_cron=1580133078.7677528858184814453125 HTTP/1.1" 200 - "https://www.naijadial.com/new/wp-cron.php?doing_wp_cron=1580133078.7677528858184814453125" "WordPress/5.3.2; https://www.naijadial.com/new"
41.217.30.236 - - [27/Jan/2020:08:51:18 -0500] "POST /new/?wc-ajax=get_refreshed_fragments HTTP/1.1" 200 210 "https://www.naijadial.com/new/business/mayodele-adeleke/" "Mozilla/5.0 (Windows NT 6.3; WOW64) AppleWebKit/537.36 (KHTML, like Gecko) Chrome/55.0.2883.87 UBrowser/7.0.185.1002 Safari/537.36"
41.217.30.236 - - [27/Jan/2020:08:32:53 -0500] "POST /new/wp-admin/admin-ajax.php HTTP/1.1" 200 47 "https://www.naijadial.com/new/wp-admin/themes.php?page=so_custom_css" "Mozilla/5.0 (Windows NT 6.3; Win64; x64) AppleWebKit/537.36 (KHTML, like Gecko) Chrome/79.0.3945.130 Safari/537.36"
198.54.125.95 - - [27/Jan/2020:08:34:30 -0500] "POST /new/wp-cron.php?doing_wp_cron=1580132070.4387760162353515625000 HTTP/1.1" 200 - "https://www.naijadial.com/new/wp-cron.php?doing_wp_cron=1580132070.4387760162353515625000" "WordPress/5.3.2; https://www.naijadial.com/new"
41.217.30.236 - - [27/Jan/2020:08:34:30 -0500] "POST /new/wp-admin/admin-ajax.php HTTP/1.1" 200 98 "https://www.naijadial.com/new/wp-admin/post.php?post=1242&action=edit" "Mozilla/5.0 (Windows NT 6.3; Win64; x64) AppleWebKit/537.36 (KHTML, like Gecko) Chrome/79.0.3945.130 Safari/537.36"
41.217.30.236 - - [27/Jan/2020:08:34:42 -0500] "POST /new/wp-admin/admin-ajax.php HTTP/1.1" 200 47 "https://www.naijadial.com/new/wp-admin/themes.php?page=so_custom_css" "Mozilla/5.0 (Windows NT 6.3; Win64; x64) AppleWebKit/537.36 (KHTML, like Gecko) Chrome/79.0.3945.130 Safari/537.36"
198.54.125.95 - - [27/Jan/2020:08:36:11 -0500] "POST /new/wp-cron.php?doing_wp_cron=1580132171.2193810939788818359375 HTTP/1.1" 200 - "https://www.naijadial.com/new/wp-cron.php?doing_wp_cron=1580132171.2193810939788818359375" "WordPress/5.3.2; https://www.naijadial.com/new"
41.217.30.236 - - [27/Jan/2020:08:36:10 -0500] "GET /new/ HTTP/1.1" 200 24364 "https://www.naijadial.com/new/ad/need-a-website/" "Mozilla/5.0 (Windows NT 6.3; WOW64) AppleWebKit/537.36 (KHTML, like Gecko) Chrome/55.0.2883.87 UBrowser/7.0.185.1002 Safari/537.36"
41.217.30.236 - - [27/Jan/2020:08:36:15 -0500] "GET /new/wp-content/uploads/2020/01/responsive-web-design-360x240.png HTTP/1.1" 304 - "https://www.naijadial.com/new/" "Mozilla/5.0 (Windows NT 6.3; WOW64) AppleWebKit/537.36 (KHTML, like Gecko) Chrome/55.0.2883.87 UBrowser/7.0.185.1002 Safari/537.36"
41.217.30.236 - - [27/Jan/2020:08:36:18 -0500] "POST /new/?wc-ajax=get_refreshed_fragments HTTP/1.1" 200 210 "https://www.naijadial.com/new/" "Mozilla/5.0 (Windows NT 6.3; WOW64) AppleWebKit/537.36 (KHTML, like Gecko) Chrome/55.0.2883.87 UBrowser/7.0.185.1002 Safari/537.36"
41.217.30.236 - - [27/Jan/2020:08:36:19 -0500] "GET /favicon.ico HTTP/1.1" 200 - "https://www.naijadial.com/new/" "Mozilla/5.0 (Windows NT 6.3; WOW64) AppleWebKit/537.36 (KHTML, like Gecko) Chrome/55.0.2883.87 UBrowser/7.0.185.1002 Safari/537.36"
41.217.30.236 - - [27/Jan/2020:08:36:29 -0500] "POST /new/wp-admin/admin-ajax.php HTTP/1.1" 200 98 "https://www.naijadial.com/new/wp-admin/post.php?post=1242&action=edit" "Mozilla/5.0 (Windows NT 6.3; Win64; x64) AppleWebKit/537.36 (KHTML, like Gecko) Chrome/79.0.3945.130 Safari/537.36"
41.217.30.236 - - [27/Jan/2020:08:36:43 -0500] "POST /new/wp-admin/admin-ajax.php HTTP/1.1" 200 47 "https://www.naijadial.com/new/wp-admin/themes.php?page=so_custom_css" "Mozilla/5.0 (Windows NT 6.3; Win64; x64) AppleWebKit/537.36 (KHTML, like Gecko) Chrome/79.0.3945.130 Safari/537.36"
77.75.78.168 - - [27/Jan/2020:08:24:26 -0500] "GET /robots.txt HTTP/1.1" 200 69 "-" "Mozilla/5.0 (compatible; SeznamBot/3.2; +http://napoveda.seznam.cz/en/seznambot-intro/)"
198.54.125.95 - - [27/Jan/2020:08:24:29 -0500] "POST /wp-admin/admin-ajax.php?action=wp_1_wc_privacy_cleanup&nonce=1604051794 HTTP/1.1" 200 - "https://www.naijadial.com/wp-admin/admin-ajax.php?action=wp_1_wc_privacy_cleanup&nonce=1604051794" "WordPress/5.3.2; https://www.naijadial.com"
198.54.125.95 - - [27/Jan/2020:08:24:34 -0500] "POST /wp-admin/admin-ajax.php?action=wordfence_testAjax HTTP/1.1" 200 32 "https://www.naijadial.com/wp-admin/admin-ajax.php?action=wordfence_testAjax" "WordPress/5.3.2; https://www.naijadial.com"
198.54.125.95 - - [27/Jan/2020:08:24:34 -0500] "GET /wp-admin/admin-ajax.php?action=wordfence_doScan&isFork=0&scanMode=quick&cronKey=737ff0f9b67e0c2643d13dd3800c5bc8&signature=41dddb441e4f1a868c790e90a29991a48514020c46fdaea89f67b8b744c7a68c HTTP/1.1" 200 - "-" "WordPress/5.3.2; https://www.naijadial.com"
198.54.125.95 - - [27/Jan/2020:08:24:28 -0500] "POST /wp-cron.php?doing_wp_cron=1580131468.5746819972991943359375 HTTP/1.1" 200 - "https://www.naijadial.com/wp-cron.php?doing_wp_cron=1580131468.5746819972991943359375" "WordPress/5.3.2; https://www.naijadial.com"
198.54.125.95 - - [27/Jan/2020:08:24:36 -0500] "POST /new/wp-cron.php?doing_wp_cron=1580131476.1651799678802490234375 HTTP/1.1" 200 - "https://www.naijadial.com/new/wp-cron.php?doing_wp_cron=1580131476.1651799678802490234375" "WordPress/5.3.2; https://www.naijadial.com/new"
154.118.96.28 - - [27/Jan/2020:08:24:33 -0500] "POST /new/wp-admin/admin-ajax.php HTTP/1.1" 200 98 "https://www.naijadial.com/new/wp-admin/post.php?post=1242&action=edit" "Mozilla/5.0 (Windows NT 6.3; Win64; x64) AppleWebKit/537.36 (KHTML, like Gecko) Chrome/79.0.3945.130 Safari/537.36"
198.54.125.95 - - [27/Jan/2020:08:24:38 -0500] "POST /wp-cron.php?doing_wp_cron=1580131478.5683069229125976562500 HTTP/1.1" 200 - "https://www.naijadial.com/wp-cron.php?doing_wp_cron=1580131478.5683069229125976562500" "WordPress/5.3.2; https://www.naijadial.com"
77.75.78.168 - - [27/Jan/2020:08:24:38 -0500] "GET /providers-category/hospital/ HTTP/1.1" 200 30015 "-" "Mozilla/5.0 (compatible; SeznamBot/3.2; +http://napoveda.seznam.cz/en/seznambot-intro/)"
154.118.96.28 - - [27/Jan/2020:08:24:44 -0500] "POST /new/wp-admin/admin-ajax.php HTTP/1.1" 200 47 "https://www.naijadial.com/new/wp-admin/themes.php?page=so_custom_css" "Mozilla/5.0 (Windows NT 6.3; Win64; x64) AppleWebKit/537.36 (KHTML, like Gecko) Chrome/79.0.3945.130 Safari/537.36"
41.217.30.236 - - [27/Jan/2020:08:30:38 -0500] "POST /new/wp-admin/admin-ajax.php HTTP/1.1" 200 47 "https://www.naijadial.com/new/wp-admin/themes.php?page=so_custom_css" "Mozilla/5.0 (Windows NT 6.3; Win64; x64) AppleWebKit/537.36 (KHTML, like Gecko) Chrome/79.0.3945.130 Safari/537.36"
198.54.125.95 - - [27/Jan/2020:08:32:31 -0500] "POST /new/wp-cron.php?doing_wp_cron=1580131951.9312269687652587890625 HTTP/1.1" 200 - "https://www.naijadial.com/new/wp-cron.php?doing_wp_cron=1580131951.9312269687652587890625" "WordPress/5.3.2; https://www.naijadial.com/new"
41.217.30.236 - - [27/Jan/2020:08:32:31 -0500] "POST /new/wp-admin/admin-ajax.php HTTP/1.1" 200 98 "https://www.naijadial.com/new/wp-admin/post.php?post=1242&action=edit" "Mozilla/5.0 (Windows NT 6.3; Win64; x64) AppleWebKit/537.36 (KHTML, like Gecko) Chrome/79.0.3945.130 Safari/537.36"
41.217.30.236 - - [27/Jan/2020:08:51:48 -0500] "GET /favicon.ico HTTP/1.1" 200 - "https://www.naijadial.com/new/business/mayodele-adeleke/" "Mozilla/5.0 (Windows NT 6.3; WOW64) AppleWebKit/537.36 (KHTML, like Gecko) Chrome/55.0.2883.87 UBrowser/7.0.185.1002 Safari/537.36"
198.54.125.95 - - [27/Jan/2020:08:52:16 -0500] "POST /wp-cron.php?doing_wp_cron=1580133136.5751039981842041015625 HTTP/1.1" 200 - "https://www.naijadial.com/wp-cron.php?doing_wp_cron=1580133136.5751039981842041015625" "WordPress/5.3.2; https://www.naijadial.com"
54.36.148.44 - - [27/Jan/2020:08:52:15 -0500] "GET /robots.txt HTTP/1.1" 200 69 "-" "Mozilla/5.0 (compatible; AhrefsBot/6.1; +http://ahrefs.com/robot/)"
198.54.125.95 - - [27/Jan/2020:08:52:29 -0500] "POST /new/wp-cron.php?doing_wp_cron=1580133149.1989929676055908203125 HTTP/1.1" 200 - "https://www.naijadial.com/new/wp-cron.php?doing_wp_cron=1580133149.1989929676055908203125" "WordPress/5.3.2; https://www.naijadial.com/new"
41.217.30.236 - - [27/Jan/2020:08:52:29 -0500] "GET /new/business/mayodele-adeleke/ HTTP/1.1" 200 21604 "https://www.naijadial.com/new/dashboard/?ref=settings&identity=34" "Mozilla/5.0 (Windows NT 6.3; WOW64) AppleWebKit/537.36 (KHTML, like Gecko) Chrome/55.0.2883.87 UBrowser/7.0.185.1002 Safari/537.36"
41.217.30.236 - - [27/Jan/2020:08:52:34 -0500] "GET /new/wp-content/uploads/2020/01/responsive-web-design.png HTTP/1.1" 206 1 "https://www.naijadial.com/new/business/mayodele-adeleke/" "Mozilla/5.0 (Windows NT 6.3; WOW64) AppleWebKit/537.36 (KHTML, like Gecko) Chrome/55.0.2883.87 UBrowser/7.0.185.1002 Safari/537.36"
41.217.30.236 - - [27/Jan/2020:08:52:34 -0500] "GET /new/wp-content/uploads/2020/01/matican.png HTTP/1.1" 206 1 "https://www.naijadial.com/new/business/mayodele-adeleke/" "Mozilla/5.0 (Windows NT 6.3; WOW64) AppleWebKit/537.36 (KHTML, like Gecko) Chrome/55.0.2883.87 UBrowser/7.0.185.1002 Safari/537.36"
41.217.30.236 - - [27/Jan/2020:08:52:34 -0500] "GET /new/wp-content/themes/listingo/framework-customizations/extensions/questionsanswers/static/img/thumbnails/start.png HTTP/1.1" 200 22282 "https://www.naijadial.com/new/business/mayodele-adeleke/" "Mozilla/5.0 (Windows NT 6.3; WOW64) AppleWebKit/537.36 (KHTML, like Gecko) Chrome/55.0.2883.87 UBrowser/7.0.185.1002 Safari/537.36"
41.217.30.236 - - [27/Jan/2020:08:52:34 -0500] "GET /new/wp-content/uploads/2020/01/responsive-web-design.png HTTP/1.1" 206 352766 "https://www.naijadial.com/new/business/mayodele-adeleke/" "Mozilla/5.0 (Windows NT 6.3; WOW64) AppleWebKit/537.36 (KHTML, like Gecko) Chrome/55.0.2883.87 UBrowser/7.0.185.1002 Safari/537.36"
41.217.30.236 - - [27/Jan/2020:08:52:34 -0500] "GET /new/wp-content/uploads/2020/01/matican.png HTTP/1.1" 206 146265 "https://www.naijadial.com/new/business/mayodele-adeleke/" "Mozilla/5.0 (Windows NT 6.3; WOW64) AppleWebKit/537.36 (KHTML, like Gecko) Chrome/55.0.2883.87 UBrowser/7.0.185.1002 Safari/537.36"
41.217.30.236 - - [27/Jan/2020:08:52:35 -0500] "POST /new/?wc-ajax=get_refreshed_fragments HTTP/1.1" 200 210 "https://www.naijadial.com/new/business/mayodele-adeleke/" "Mozilla/5.0 (Windows NT 6.3; WOW64) AppleWebKit/537.36 (KHTML, like Gecko) Chrome/55.0.2883.87 UBrowser/7.0.185.1002 Safari/537.36"
41.217.30.236 - - [27/Jan/2020:08:53:54 -0500] "GET /new/wp-content/uploads/2020/01/matican.png HTTP/1.1" 206 146265 "https://www.naijadial.com/new/business/mayodele-adeleke/" "Mozilla/5.0 (Windows NT 6.3; WOW64) AppleWebKit/537.36 (KHTML, like Gecko) Chrome/55.0.2883.87 UBrowser/7.0.185.1002 Safari/537.36"
41.217.30.236 - - [27/Jan/2020:08:54:25 -0500] "GET /favicon.ico HTTP/1.1" 200 - "https://www.naijadial.com/new/business/mayodele-adeleke/" "Mozilla/5.0 (Windows NT 6.3; WOW64) AppleWebKit/537.36 (KHTML, like Gecko) Chrome/55.0.2883.87 UBrowser/7.0.185.1002 Safari/537.36"
198.54.125.95 - - [27/Jan/2020:08:56:27 -0500] "POST /new/wp-cron.php?doing_wp_cron=1580133387.9631800651550292968750 HTTP/1.1" 200 - "https://www.naijadial.com/new/wp-cron.php?doing_wp_cron=1580133387.9631800651550292968750" "WordPress/5.3.2; https://www.naijadial.com/new"
41.217.30.236 - - [27/Jan/2020:08:56:26 -0500] "GET /new/ HTTP/1.1" 200 24365 "https://www.naijadial.com/new/business/mayodele-adeleke/" "Mozilla/5.0 (Windows NT 6.3; WOW64) AppleWebKit/537.36 (KHTML, like Gecko) Chrome/55.0.2883.87 UBrowser/7.0.185.1002 Safari/537.36"
41.217.30.236 - - [27/Jan/2020:08:56:30 -0500] "GET /new/wp-content/uploads/2020/01/responsive-web-design-360x240.png HTTP/1.1" 304 - "https://www.naijadial.com/new/" "Mozilla/5.0 (Windows NT 6.3; WOW64) AppleWebKit/537.36 (KHTML, like Gecko) Chrome/55.0.2883.87 UBrowser/7.0.185.1002 Safari/537.36"
41.217.30.236 - - [27/Jan/2020:08:56:35 -0500] "POST /new/?wc-ajax=get_refreshed_fragments HTTP/1.1" 200 210 "https://www.naijadial.com/new/" "Mozilla/5.0 (Windows NT 6.3; WOW64) AppleWebKit/537.36 (KHTML, like Gecko) Chrome/55.0.2883.87 UBrowser/7.0.185.1002 Safari/537.36"
41.217.30.236 - - [27/Jan/2020:08:56:36 -0500] "GET /favicon.ico HTTP/1.1" 200 - "https://www.naijadial.com/new/" "Mozilla/5.0 (Windows NT 6.3; WOW64) AppleWebKit/537.36 (KHTML, like Gecko) Chrome/55.0.2883.87 UBrowser/7.0.185.1002 Safari/537.36"
198.54.125.95 - - [27/Jan/2020:09:00:47 -0500] "POST /new/wp-cron.php?doing_wp_cron=1580133647.3340220451354980468750 HTTP/1.1" 200 - "https://www.naijadial.com/new/wp-cron.php?doing_wp_cron=1580133647.3340220451354980468750" "WordPress/5.3.2; https://www.naijadial.com/new"
78.159.99.208 - - [27/Jan/2020:09:00:45 -0500] "GET /new/wp-admin/post.php?post=1242&action=edit HTTP/1.1" 200 311550 "https://www.naijadial.com/new/wp-admin/post.php?post=1242&action=edit" "Mozilla/5.0 (Windows NT 6.3; Win64; x64) AppleWebKit/537.36 (KHTML, like Gecko) Chrome/79.0.3945.130 Safari/537.36"
198.54.125.95 - - [27/Jan/2020:09:00:50 -0500] "POST /new/wp-cron.php?doing_wp_cron=1580133650.5020699501037597656250 HTTP/1.1" 200 - "https://www.naijadial.com/new/wp-cron.php?doing_wp_cron=1580133650.5020699501037597656250" "WordPress/5.3.2; https://www.naijadial.com/new"
78.159.99.208 - - [27/Jan/2020:09:00:45 -0500] "GET /new/wp-admin/edit.php?post_type=sp_ads HTTP/1.1" 200 40920 "https://www.naijadial.com/new/wp-admin/plugin-install.php?s=brizy&tab=search&type=term" "Mozilla/5.0 (Windows NT 6.3; Win64; x64) AppleWebKit/537.36 (KHTML, like Gecko) Chrome/79.0.3945.130 Safari/537.36"
78.159.99.208 - - [27/Jan/2020:09:00:51 -0500] "GET /new/wp-admin/themes.php?page=so_custom_css HTTP/1.1" 200 86776 "https://www.naijadial.com/new/wp-admin/themes.php?page=so_custom_css" "Mozilla/5.0 (Windows NT 6.3; Win64; x64) AppleWebKit/537.36 (KHTML, like Gecko) Chrome/79.0.3945.130 Safari/537.36"
78.159.99.208 - - [27/Jan/2020:09:00:52 -0500] "GET /new/wp-admin/post.php?post=1799&action=edit HTTP/1.1" 200 75589 "https://www.naijadial.com/new/wp-admin/post.php?post=1799&action=edit" "Mozilla/5.0 (Windows NT 6.3; Win64; x64) AppleWebKit/537.36 (KHTML, like Gecko) Chrome/79.0.3945.130 Safari/537.36"
78.159.99.208 - - [27/Jan/2020:09:00:54 -0500] "GET /new/wp-admin/themes.php?page=fw-settings HTTP/1.1" 200 207728 "https://www.naijadial.com/new/wp-admin/nav-menus.php?edit-menu-item=1695" "Mozilla/5.0 (Windows NT 6.3; Win64; x64) AppleWebKit/537.36 (KHTML, like Gecko) Chrome/79.0.3945.130 Safari/537.36"
78.159.99.208 - - [27/Jan/2020:09:01:09 -0500] "GET /favicon.ico HTTP/1.1" 200 - "https://www.naijadial.com/new/wp-admin/themes.php?page=fw-settings" "Mozilla/5.0 (Windows NT 6.3; Win64; x64) AppleWebKit/537.36 (KHTML, like Gecko) Chrome/79.0.3945.130 Safari/537.36"
78.159.99.208 - - [27/Jan/2020:09:01:09 -0500] "POST /new/wp-admin/admin-ajax.php HTTP/1.1" 200 50566 "https://www.naijadial.com/new/wp-admin/themes.php?page=fw-settings" "Mozilla/5.0 (Windows NT 6.3; Win64; x64) AppleWebKit/537.36 (KHTML, like Gecko) Chrome/79.0.3945.130 Safari/537.36"
78.159.99.208 - - [27/Jan/2020:09:01:09 -0500] "POST /new/wp-admin/admin-ajax.php HTTP/1.1" 200 67 "https://www.naijadial.com/new/wp-admin/themes.php?page=fw-settings" "Mozilla/5.0 (Windows NT 6.3; Win64; x64) AppleWebKit/537.36 (KHTML, like Gecko) Chrome/79.0.3945.130 Safari/537.36"
78.159.99.208 - - [27/Jan/2020:09:01:13 -0500] "GET /new/wp-admin/edit-tags.php?taxonomy=amenities&post_type=sp_categories HTTP/1.1" 200 44492 "https://www.naijadial.com/new/wp-admin/themes.php?page=fw-settings" "Mozilla/5.0 (Windows NT 6.3; Win64; x64) AppleWebKit/537.36 (KHTML, like Gecko) Chrome/79.0.3945.130 Safari/537.36"
78.159.99.208 - - [27/Jan/2020:09:01:17 -0500] "GET /new/wp-content/plugins/revslider/admin/assets/css/tp-color-picker.css?ver=6.0.7 HTTP/1.1" 304 - "https://www.naijadial.com/new/wp-admin/edit-tags.php?taxonomy=amenities&post_type=sp_categories" "Mozilla/5.0 (Windows NT 6.3; Win64; x64) AppleWebKit/537.36 (KHTML, like Gecko) Chrome/79.0.3945.130 Safari/537.36"
78.159.99.208 - - [27/Jan/2020:09:01:18 -0500] "GET /new/wp-content/plugins/brizy/admin/static/css/style.css?ver=1.0.112 HTTP/1.1" 304 - "https://www.naijadial.com/new/wp-admin/edit-tags.php?taxonomy=amenities&post_type=sp_categories" "Mozilla/5.0 (Windows NT 6.3; Win64; x64) AppleWebKit/537.36 (KHTML, like Gecko) Chrome/79.0.3945.130 Safari/537.36"
78.159.99.208 - - [27/Jan/2020:09:01:17 -0500] "POST /new/wp-admin/admin-ajax.php HTTP/1.1" 200 11495 "https://www.naijadial.com/new/wp-admin/themes.php?page=fw-settings" "Mozilla/5.0 (Windows NT 6.3; Win64; x64) AppleWebKit/537.36 (KHTML, like Gecko) Chrome/79.0.3945.130 Safari/537.36"
78.159.99.208 - - [27/Jan/2020:09:01:18 -0500] "GET /new/wp-admin/load-scripts.php?c=0&load%5Bchunk_0%5D=hoverIntent,common,hoverintent-js,admin-bar,wp-ajax-response,admin-tags,inline-edit-tax,svg-painter,wp-hooks,heartbeat,wp-auth-c&load%5Bchunk_1%5D=heck,shortcode,wp-util,wp-backbone,media-models,wp-plupload,jquery-ui-mouse,jquery-ui-sortable&ver=5.3.2 HTTP/1.1" 200 30327 "https://www.naijadial.com/new/wp-admin/edit-tags.php?taxonomy=amenities&post_type=sp_categories" "Mozilla/5.0 (Windows NT 6.3; Win64; x64) AppleWebKit/537.36 (KHTML, like Gecko) Chrome/79.0.3945.130 Safari/537.36"
78.159.99.208 - - [27/Jan/2020:09:01:19 -0500] "GET /new/wp-content/plugins/brizy/admin/static/img/logo.svg HTTP/1.1" 304 - "https://www.naijadial.com/new/wp-admin/edit-tags.php?taxonomy=amenities&post_type=sp_categories" "Mozilla/5.0 (Windows NT 6.3; Win64; x64) AppleWebKit/537.36 (KHTML, like Gecko) Chrome/79.0.3945.130 Safari/537.36"
78.159.99.208 - - [27/Jan/2020:09:01:19 -0500] "GET /new/wp-content/plugins/brizy/admin/static/js/script.js?ver=1.0.112 HTTP/1.1" 304 - "https://www.naijadial.com/new/wp-admin/edit-tags.php?taxonomy=amenities&post_type=sp_categories" "Mozilla/5.0 (Windows NT 6.3; Win64; x64) AppleWebKit/537.36 (KHTML, like Gecko) Chrome/79.0.3945.130 Safari/537.36"
78.159.99.208 - - [27/Jan/2020:09:01:20 -0500] "GET /new/wp-content/plugins/brizy/admin/static/js/featured-image.js?ver=1.0.112 HTTP/1.1" 304 - "https://www.naijadial.com/new/wp-admin/edit-tags.php?taxonomy=amenities&post_type=sp_categories" "Mozilla/5.0 (Windows NT 6.3; Win64; x64) AppleWebKit/537.36 (KHTML, like Gecko) Chrome/79.0.3945.130 Safari/537.36"
78.159.99.208 - - [27/Jan/2020:09:01:20 -0500] "GET /new/wp-content/plugins/brizy/admin/static/img/brizy-logo.svg HTTP/1.1" 304 - "https://www.naijadial.com/new/wp-admin/edit-tags.php?taxonomy=amenities&post_type=sp_categories" "Mozilla/5.0 (Windows NT 6.3; Win64; x64) AppleWebKit/537.36 (KHTML, like Gecko) Chrome/79.0.3945.130 Safari/537.36"
78.159.99.208 - - [27/Jan/2020:09:01:22 -0500] "GET /new/wp-admin/edit-tags.php?taxonomy=ad_tags&post_type=sp_ads HTTP/1.1" 200 38785 "https://www.naijadial.com/new/wp-admin/themes.php?page=fw-settings" "Mozilla/5.0 (Windows NT 6.3; Win64; x64) AppleWebKit/537.36 (KHTML, like Gecko) Chrome/79.0.3945.130 Safari/537.36"
78.159.99.208 - - [27/Jan/2020:09:01:24 -0500] "GET /new/wp-admin/edit-tags.php?taxonomy=ad_category&post_type=sp_ads HTTP/1.1" 200 42489 "https://www.naijadial.com/new/wp-admin/themes.php?page=fw-settings" "Mozilla/5.0 (Windows NT 6.3; Win64; x64) AppleWebKit/537.36 (KHTML, like Gecko) Chrome/79.0.3945.130 Safari/537.36"
78.159.99.208 - - [27/Jan/2020:09:01:25 -0500] "POST /new/wp-admin/admin-ajax.php HTTP/1.1" 200 47 "https://www.naijadial.com/new/wp-admin/edit-tags.php?taxonomy=amenities&post_type=sp_categories" "Mozilla/5.0 (Windows NT 6.3; Win64; x64) AppleWebKit/537.36 (KHTML, like Gecko) Chrome/79.0.3945.130 Safari/537.36"
78.159.99.208 - - [27/Jan/2020:09:01:26 -0500] "GET /new/wp-content/plugins/unyson/framework/includes/option-types/icon-v2/static/img/no-image.png HTTP/1.1" 200 3700 "https://www.naijadial.com/new/wp-content/plugins/unyson/framework/includes/option-types/icon-v2/static/css/picker.css?ver=2.7.22" "Mozilla/5.0 (Windows NT 6.3; Win64; x64) AppleWebKit/537.36 (KHTML, like Gecko) Chrome/79.0.3945.130 Safari/537.36"
78.159.99.208 - - [27/Jan/2020:09:01:26 -0500] "POST /new/wp-admin/admin-ajax.php HTTP/1.1" 200 67 "https://www.naijadial.com/new/wp-admin/edit-tags.php?taxonomy=amenities&post_type=sp_categories" "Mozilla/5.0 (Windows NT 6.3; Win64; x64) AppleWebKit/537.36 (KHTML, like Gecko) Chrome/79.0.3945.130 Safari/537.36"
78.159.99.208 - - [27/Jan/2020:09:01:27 -0500] "GET /favicon.ico HTTP/1.1" 200 - "https://www.naijadial.com/new/wp-admin/edit-tags.php?taxonomy=amenities&post_type=sp_categories" "Mozilla/5.0 (Windows NT 6.3; Win64; x64) AppleWebKit/537.36 (KHTML, like Gecko) Chrome/79.0.3945.130 Safari/537.36"
78.159.99.208 - - [27/Jan/2020:09:01:26 -0500] "POST /new/wp-admin/admin-ajax.php HTTP/1.1" 200 50566 "https://www.naijadial.com/new/wp-admin/edit-tags.php?taxonomy=amenities&post_type=sp_categories" "Mozilla/5.0 (Windows NT 6.3; Win64; x64) AppleWebKit/537.36 (KHTML, like Gecko) Chrome/79.0.3945.130 Safari/537.36"
78.159.99.208 - - [27/Jan/2020:09:01:27 -0500] "POST /new/wp-admin/admin-ajax.php HTTP/1.1" 200 11495 "https://www.naijadial.com/new/wp-admin/edit-tags.php?taxonomy=amenities&post_type=sp_categories" "Mozilla/5.0 (Windows NT 6.3; Win64; x64) AppleWebKit/537.36 (KHTML, like Gecko) Chrome/79.0.3945.130 Safari/537.36"
78.159.99.208 - - [27/Jan/2020:09:01:28 -0500] "GET /favicon.ico HTTP/1.1" 200 - "https://www.naijadial.com/new/wp-admin/edit-tags.php?taxonomy=ad_tags&post_type=sp_ads" "Mozilla/5.0 (Windows NT 6.3; Win64; x64) AppleWebKit/537.36 (KHTML, like Gecko) Chrome/79.0.3945.130 Safari/537.36"
78.159.99.208 - - [27/Jan/2020:09:01:31 -0500] "GET /favicon.ico HTTP/1.1" 200 - "https://www.naijadial.com/new/wp-admin/edit-tags.php?taxonomy=ad_category&post_type=sp_ads" "Mozilla/5.0 (Windows NT 6.3; Win64; x64) AppleWebKit/537.36 (KHTML, like Gecko) Chrome/79.0.3945.130 Safari/537.36"
198.54.125.95 - - [27/Jan/2020:09:02:13 -0500] "POST /new/wp-cron.php?doing_wp_cron=1580133733.3345038890838623046875 HTTP/1.1" 200 - "https://www.naijadial.com/new/wp-cron.php?doing_wp_cron=1580133733.3345038890838623046875" "WordPress/5.3.2; https://www.naijadial.com/new"
78.159.99.208 - - [27/Jan/2020:09:02:13 -0500] "POST /new/wp-admin/admin-ajax.php HTTP/1.1" 200 47 "https://www.naijadial.com/new/wp-admin/themes.php?page=fw-settings" "Mozilla/5.0 (Windows NT 6.3; Win64; x64) AppleWebKit/537.36 (KHTML, like Gecko) Chrome/79.0.3945.130 Safari/537.36"
78.159.99.208 - - [27/Jan/2020:09:02:17 -0500] "GET /new/wp-admin/edit-tags.php?taxonomy=ad_category&post_type=sp_ads HTTP/1.1" 200 42499 "https://www.naijadial.com/new/wp-admin/edit-tags.php?taxonomy=ad_tags&post_type=sp_ads" "Mozilla/5.0 (Windows NT 6.3; Win64; x64) AppleWebKit/537.36 (KHTML, like Gecko) Chrome/79.0.3945.130 Safari/537.36"
78.159.99.208 - - [27/Jan/2020:09:02:21 -0500] "GET /favicon.ico HTTP/1.1" 200 - "https://www.naijadial.com/new/wp-admin/edit-tags.php?taxonomy=ad_category&post_type=sp_ads" "Mozilla/5.0 (Windows NT 6.3; Win64; x64) AppleWebKit/537.36 (KHTML, like Gecko) Chrome/79.0.3945.130 Safari/537.36"
78.159.99.208 - - [27/Jan/2020:09:02:29 -0500] "POST /new/wp-admin/admin-ajax.php HTTP/1.1" 200 47 "https://www.naijadial.com/new/wp-admin/edit-tags.php?taxonomy=ad_tags&post_type=sp_ads" "Mozilla/5.0 (Windows NT 6.3; Win64; x64) AppleWebKit/537.36 (KHTML, like Gecko) Chrome/79.0.3945.130 Safari/537.36"
78.159.99.208 - - [27/Jan/2020:09:02:47 -0500] "POST /new/wp-admin/admin-ajax.php HTTP/1.1" 200 1058 "https://www.naijadial.com/new/wp-admin/edit-tags.php?taxonomy=ad_tags&post_type=sp_ads" "Mozilla/5.0 (Windows NT 6.3; Win64; x64) AppleWebKit/537.36 (KHTML, like Gecko) Chrome/79.0.3945.130 Safari/537.36"
78.159.99.208 - - [27/Jan/2020:09:02:55 -0500] "POST /new/wp-admin/admin-ajax.php HTTP/1.1" 200 1057 "https://www.naijadial.com/new/wp-admin/edit-tags.php?taxonomy=ad_tags&post_type=sp_ads" "Mozilla/5.0 (Windows NT 6.3; Win64; x64) AppleWebKit/537.36 (KHTML, like Gecko) Chrome/79.0.3945.130 Safari/537.36"
198.54.125.95 - - [27/Jan/2020:09:03:07 -0500] "POST /new/wp-cron.php?doing_wp_cron=1580133787.5130810737609863281250 HTTP/1.1" 200 - "https://www.naijadial.com/new/wp-cron.php?doing_wp_cron=1580133787.5130810737609863281250" "WordPress/5.3.2; https://www.naijadial.com/new"
78.159.99.208 - - [27/Jan/2020:09:03:07 -0500] "POST /new/wp-admin/admin-ajax.php HTTP/1.1" 200 1063 "https://www.naijadial.com/new/wp-admin/edit-tags.php?taxonomy=ad_tags&post_type=sp_ads" "Mozilla/5.0 (Windows NT 6.3; Win64; x64) AppleWebKit/537.36 (KHTML, like Gecko) Chrome/79.0.3945.130 Safari/537.36"
78.159.99.208 - - [27/Jan/2020:09:03:21 -0500] "POST /new/wp-admin/admin-ajax.php HTTP/1.1" 200 1068 "https://www.naijadial.com/new/wp-admin/edit-tags.php?taxonomy=ad_tags&post_type=sp_ads" "Mozilla/5.0 (Windows NT 6.3; Win64; x64) AppleWebKit/537.36 (KHTML, like Gecko) Chrome/79.0.3945.130 Safari/537.36"
78.159.99.208 - - [27/Jan/2020:09:03:30 -0500] "POST /new/wp-admin/admin-ajax.php HTTP/1.1" 200 47 "https://www.naijadial.com/new/wp-admin/edit-tags.php?taxonomy=ad_tags&post_type=sp_ads" "Mozilla/5.0 (Windows NT 6.3; Win64; x64) AppleWebKit/537.36 (KHTML, like Gecko) Chrome/79.0.3945.130 Safari/537.36"
78.159.99.208 - - [27/Jan/2020:09:03:30 -0500] "POST /new/wp-admin/admin-ajax.php HTTP/1.1" 200 47 "https://www.naijadial.com/new/wp-admin/edit-tags.php?taxonomy=ad_category&post_type=sp_ads" "Mozilla/5.0 (Windows NT 6.3; Win64; x64) AppleWebKit/537.36 (KHTML, like Gecko) Chrome/79.0.3945.130 Safari/537.36"
78.159.99.208 - - [27/Jan/2020:09:04:00 -0500] "POST /new/wp-admin/admin-ajax.php HTTP/1.1" 200 1058 "https://www.naijadial.com/new/wp-admin/edit-tags.php?taxonomy=ad_tags&post_type=sp_ads" "Mozilla/5.0 (Windows NT 6.3; Win64; x64) AppleWebKit/537.36 (KHTML, like Gecko) Chrome/79.0.3945.130 Safari/537.36"
198.54.125.95 - - [27/Jan/2020:09:04:05 -0500] "POST /new/wp-cron.php?doing_wp_cron=1580133845.4635488986968994140625 HTTP/1.1" 200 - "https://www.naijadial.com/new/wp-cron.php?doing_wp_cron=1580133845.4635488986968994140625" "WordPress/5.3.2; https://www.naijadial.com/new"
78.159.99.208 - - [27/Jan/2020:09:04:05 -0500] "POST /new/wp-admin/admin-ajax.php HTTP/1.1" 200 1050 "https://www.naijadial.com/new/wp-admin/edit-tags.php?taxonomy=ad_tags&post_type=sp_ads" "Mozilla/5.0 (Windows NT 6.3; Win64; x64) AppleWebKit/537.36 (KHTML, like Gecko) Chrome/79.0.3945.130 Safari/537.36"
78.159.99.208 - - [27/Jan/2020:09:04:12 -0500] "POST /new/wp-admin/admin-ajax.php HTTP/1.1" 200 47 "https://www.naijadial.com/new/wp-admin/themes.php?page=fw-settings" "Mozilla/5.0 (Windows NT 6.3; Win64; x64) AppleWebKit/537.36 (KHTML, like Gecko) Chrome/79.0.3945.130 Safari/537.36"
78.159.99.208 - - [27/Jan/2020:09:04:29 -0500] "POST /new/wp-admin/admin-ajax.php HTTP/1.1" 200 47 "https://www.naijadial.com/new/wp-admin/edit-tags.php?taxonomy=ad_tags&post_type=sp_ads" "Mozilla/5.0 (Windows NT 6.3; Win64; x64) AppleWebKit/537.36 (KHTML, like Gecko) Chrome/79.0.3945.130 Safari/537.36"
198.54.125.95 - - [27/Jan/2020:09:07:28 -0500] "POST /new/wp-cron.php?doing_wp_cron=1580134048.2188150882720947265625 HTTP/1.1" 200 - "https://www.naijadial.com/new/wp-cron.php?doing_wp_cron=1580134048.2188150882720947265625" "WordPress/5.3.2; https://www.naijadial.com/new"
78.159.99.208 - - [27/Jan/2020:09:07:16 -0500] "POST /new/wp-admin/admin-ajax.php HTTP/1.1" 200 47 "https://www.naijadial.com/new/wp-admin/edit-tags.php?taxonomy=ad_category&post_type=sp_ads" "Mozilla/5.0 (Windows NT 6.3; Win64; x64) AppleWebKit/537.36 (KHTML, like Gecko) Chrome/79.0.3945.130 Safari/537.36"
78.159.99.208 - - [27/Jan/2020:09:07:29 -0500] "POST /new/wp-admin/admin-ajax.php HTTP/1.1" 200 47 "https://www.naijadial.com/new/wp-admin/edit-tags.php?taxonomy=ad_tags&post_type=sp_ads" "Mozilla/5.0 (Windows NT 6.3; Win64; x64) AppleWebKit/537.36 (KHTML, like Gecko) Chrome/79.0.3945.130 Safari/537.36"
78.159.99.208 - - [27/Jan/2020:09:07:30 -0500] "GET /new/wp-admin/edit.php?post_type=sp_jobs HTTP/1.1" 200 39969 "https://www.naijadial.com/new/wp-admin/edit-tags.php?taxonomy=ad_category&post_type=sp_ads" "Mozilla/5.0 (Windows NT 6.3; Win64; x64) AppleWebKit/537.36 (KHTML, like Gecko) Chrome/79.0.3945.130 Safari/537.36"
78.159.99.208 - - [27/Jan/2020:09:07:34 -0500] "POST /new/wp-admin/admin-ajax.php HTTP/1.1" 200 47 "https://www.naijadial.com/new/wp-admin/edit.php?post_type=sp_jobs" "Mozilla/5.0 (Windows NT 6.3; Win64; x64) AppleWebKit/537.36 (KHTML, like Gecko) Chrome/79.0.3945.130 Safari/537.36"
78.159.99.208 - - [27/Jan/2020:09:07:36 -0500] "GET /favicon.ico HTTP/1.1" 200 - "https://www.naijadial.com/new/wp-admin/edit.php?post_type=sp_jobs" "Mozilla/5.0 (Windows NT 6.3; Win64; x64) AppleWebKit/537.36 (KHTML, like Gecko) Chrome/79.0.3945.130 Safari/537.36"
78.159.99.208 - - [27/Jan/2020:09:07:50 -0500] "GET /new/wp-admin/edit.php?s=&post_status=all&post_type=sp_jobs&_wpnonce=a3069e9f18&_wp_http_referer=%2Fnew%2Fwp-admin%2Fedit.php%3Fpost_type%3Dsp_jobs&action=trash&m=0&paged=1&post%5B%5D=388&post%5B%5D=385&post%5B%5D=386&post%5B%5D=390&post%5B%5D=384&post%5B%5D=382&post%5B%5D=383&post%5B%5D=387&post%5B%5D=389&action2=-1 HTTP/1.1" 302 - "https://www.naijadial.com/new/wp-admin/edit.php?post_type=sp_jobs" "Mozilla/5.0 (Windows NT 6.3; Win64; x64) AppleWebKit/537.36 (KHTML, like Gecko) Chrome/79.0.3945.130 Safari/537.36"
