78.159.99.208 - - [27/Jan/2020:09:31:17 -0500] "GET /new/wp-admin/load-scripts.php?c=0&load%5Bchunk_0%5D=hoverIntent,common,hoverintent-js,admin-bar,wp-hooks,heartbeat,autosave,suggest,wp-ajax-response,jquery-color,wp-lists,jquery-ui&load%5Bchunk_1%5D=-sortable,postbox,tags-suggest,tags-box,word-count,wp-sanitize,post,editor-expand,thickbox,shortcode,wp-util,wp-backbone,media-m&load%5Bchunk_2%5D=odels,wp-plupload&ver=5.3.2 HTTP/1.1" 200 51951 "https://www.naijadial.com/new/wp-admin/post-new.php?post_type=page" "Mozilla/5.0 (Windows NT 6.3; Win64; x64) AppleWebKit/537.36 (KHTML, like Gecko) Chrome/79.0.3945.130 Safari/537.36"
198.54.125.95 - - [27/Jan/2020:09:31:19 -0500] "POST /wp-cron.php?doing_wp_cron=1580135479.9674389362335205078125 HTTP/1.1" 200 - "https://www.naijadial.com/wp-cron.php?doing_wp_cron=1580135479.9674389362335205078125" "WordPress/5.3.2; https://www.naijadial.com"
54.36.150.170 - - [27/Jan/2020:09:31:19 -0500] "GET /service-provider/idris-abubakre/ HTTP/1.1" 301 - "-" "Mozilla/5.0 (compatible; AhrefsBot/6.1; +http://ahrefs.com/robot/)"
78.159.99.208 - - [27/Jan/2020:09:31:19 -0500] "POST /new/wp-admin/admin-ajax.php HTTP/1.1" 200 124634 "https://www.naijadial.com/new/wp-admin/post-new.php?post_type=page" "Mozilla/5.0 (Windows NT 6.3; Win64; x64) AppleWebKit/537.36 (KHTML, like Gecko) Chrome/79.0.3945.130 Safari/537.36"
78.159.99.208 - - [27/Jan/2020:09:31:20 -0500] "POST /new/wp-admin/admin-ajax.php HTTP/1.1" 200 50566 "https://www.naijadial.com/new/wp-admin/post-new.php?post_type=page" "Mozilla/5.0 (Windows NT 6.3; Win64; x64) AppleWebKit/537.36 (KHTML, like Gecko) Chrome/79.0.3945.130 Safari/537.36"
78.159.99.208 - - [27/Jan/2020:09:31:20 -0500] "POST /new/wp-admin/admin-ajax.php HTTP/1.1" 200 67 "https://www.naijadial.com/new/wp-admin/post-new.php?post_type=page" "Mozilla/5.0 (Windows NT 6.3; Win64; x64) AppleWebKit/537.36 (KHTML, like Gecko) Chrome/79.0.3945.130 Safari/537.36"
178.162.205.226 - - [27/Jan/2020:09:31:25 -0500] "GET /new/about/ HTTP/1.1" 200 15442 "https://www.naijadial.com/new/" "Mozilla/5.0 (Windows NT 6.3; WOW64) AppleWebKit/537.36 (KHTML, like Gecko) Chrome/55.0.2883.87 UBrowser/7.0.185.1002 Safari/537.36"
78.159.99.208 - - [27/Jan/2020:09:31:26 -0500] "POST /new/wp-admin/admin-ajax.php HTTP/1.1" 200 11495 "https://www.naijadial.com/new/wp-admin/post-new.php?post_type=page" "Mozilla/5.0 (Windows NT 6.3; Win64; x64) AppleWebKit/537.36 (KHTML, like Gecko) Chrome/79.0.3945.130 Safari/537.36"
178.162.205.226 - - [27/Jan/2020:09:31:29 -0500] "GET /new/wp-content/uploads/2020/01/Service-Providers.png HTTP/1.1" 200 225173 "https://www.naijadial.com/new/about/" "Mozilla/5.0 (Windows NT 6.3; WOW64) AppleWebKit/537.36 (KHTML, like Gecko) Chrome/55.0.2883.87 UBrowser/7.0.185.1002 Safari/537.36"
178.162.205.226 - - [27/Jan/2020:09:31:29 -0500] "GET /new/wp-content/uploads/2020/01/NaijaDial-Users.png HTTP/1.1" 200 316454 "https://www.naijadial.com/new/about/" "Mozilla/5.0 (Windows NT 6.3; WOW64) AppleWebKit/537.36 (KHTML, like Gecko) Chrome/55.0.2883.87 UBrowser/7.0.185.1002 Safari/537.36"
178.162.205.226 - - [27/Jan/2020:09:31:29 -0500] "GET /new/wp-content/uploads/2020/01/About-Header.jpg HTTP/1.1" 200 457893 "https://www.naijadial.com/new/about/" "Mozilla/5.0 (Windows NT 6.3; WOW64) AppleWebKit/537.36 (KHTML, like Gecko) Chrome/55.0.2883.87 UBrowser/7.0.185.1002 Safari/537.36"
78.159.99.208 - - [27/Jan/2020:09:31:29 -0500] "GET /favicon.ico HTTP/1.1" 200 - "https://www.naijadial.com/new/wp-admin/post-new.php?post_type=page" "Mozilla/5.0 (Windows NT 6.3; Win64; x64) AppleWebKit/537.36 (KHTML, like Gecko) Chrome/79.0.3945.130 Safari/537.36"
78.159.99.208 - - [27/Jan/2020:09:31:34 -0500] "GET /new/wp-admin/admin-post.php?action=_brizy_admin_editor_enable&post=1808 HTTP/1.1" 302 - "https://www.naijadial.com/new/wp-admin/post-new.php?post_type=page" "Mozilla/5.0 (Windows NT 6.3; Win64; x64) AppleWebKit/537.36 (KHTML, like Gecko) Chrome/79.0.3945.130 Safari/537.36"
78.159.99.208 - - [27/Jan/2020:09:31:34 -0500] "POST /new/wp-admin/admin-ajax.php HTTP/1.1" 200 98 "https://www.naijadial.com/new/wp-admin/post-new.php?post_type=page" "Mozilla/5.0 (Windows NT 6.3; Win64; x64) AppleWebKit/537.36 (KHTML, like Gecko) Chrome/79.0.3945.130 Safari/537.36"
78.159.99.208 - - [27/Jan/2020:09:31:35 -0500] "GET /new/?page_id=1808&brizy-edit HTTP/1.1" 200 1177 "https://www.naijadial.com/new/wp-admin/post-new.php?post_type=page" "Mozilla/5.0 (Windows NT 6.3; Win64; x64) AppleWebKit/537.36 (KHTML, like Gecko) Chrome/79.0.3945.130 Safari/537.36"
78.159.99.208 - - [27/Jan/2020:09:31:37 -0500] "GET /new/?page_id=1808&brizy-edit-iframe HTTP/1.1" 200 31665 "https://www.naijadial.com/new/?page_id=1808&brizy-edit" "Mozilla/5.0 (Windows NT 6.3; Win64; x64) AppleWebKit/537.36 (KHTML, like Gecko) Chrome/79.0.3945.130 Safari/537.36"
78.159.99.208 - - [27/Jan/2020:09:31:40 -0500] "GET /new/wp-content/uploads/so-css/so-css-listingo.css?ver=1580125388 HTTP/1.1" 304 - "https://www.naijadial.com/new/?page_id=1808&brizy-edit-iframe" "Mozilla/5.0 (Windows NT 6.3; Win64; x64) AppleWebKit/537.36 (KHTML, like Gecko) Chrome/79.0.3945.130 Safari/537.36"
78.159.99.208 - - [27/Jan/2020:09:31:46 -0500] "GET /favicon.ico HTTP/1.1" 200 - "https://www.naijadial.com/new/?page_id=1808&brizy-edit" "Mozilla/5.0 (Windows NT 6.3; Win64; x64) AppleWebKit/537.36 (KHTML, like Gecko) Chrome/79.0.3945.130 Safari/537.36"
78.159.99.208 - - [27/Jan/2020:09:31:46 -0500] "POST /new/?wc-ajax=get_refreshed_fragments HTTP/1.1" 200 2611 "https://www.naijadial.com/new/?page_id=1808&brizy-edit-iframe" "Mozilla/5.0 (Windows NT 6.3; Win64; x64) AppleWebKit/537.36 (KHTML, like Gecko) Chrome/79.0.3945.130 Safari/537.36"
78.159.99.208 - - [27/Jan/2020:09:31:46 -0500] "POST /new/wp-admin/admin-ajax.php HTTP/1.1" 200 26 "https://www.naijadial.com/new/?page_id=1808&brizy-edit-iframe" "Mozilla/5.0 (Windows NT 6.3; Win64; x64) AppleWebKit/537.36 (KHTML, like Gecko) Chrome/79.0.3945.130 Safari/537.36"
78.159.99.208 - - [27/Jan/2020:09:31:46 -0500] "POST /new/wp-admin/admin-ajax.php HTTP/1.1" 200 216 "https://www.naijadial.com/new/?page_id=1808&brizy-edit-iframe" "Mozilla/5.0 (Windows NT 6.3; Win64; x64) AppleWebKit/537.36 (KHTML, like Gecko) Chrome/79.0.3945.130 Safari/537.36"
78.159.99.208 - - [27/Jan/2020:09:31:46 -0500] "POST /new/wp-admin/admin-ajax.php HTTP/1.1" 200 26 "https://www.naijadial.com/new/?page_id=1808&brizy-edit-iframe" "Mozilla/5.0 (Windows NT 6.3; Win64; x64) AppleWebKit/537.36 (KHTML, like Gecko) Chrome/79.0.3945.130 Safari/537.36"
78.159.99.208 - - [27/Jan/2020:09:31:46 -0500] "POST /new/wp-admin/admin-ajax.php HTTP/1.1" 200 95514 "https://www.naijadial.com/new/?page_id=1808&brizy-edit-iframe" "Mozilla/5.0 (Windows NT 6.3; Win64; x64) AppleWebKit/537.36 (KHTML, like Gecko) Chrome/79.0.3945.130 Safari/537.36"
78.159.99.208 - - [27/Jan/2020:09:31:52 -0500] "POST /new/wp-admin/admin-ajax.php HTTP/1.1" 200 26 "https://www.naijadial.com/new/?page_id=1808&brizy-edit-iframe" "Mozilla/5.0 (Windows NT 6.3; Win64; x64) AppleWebKit/537.36 (KHTML, like Gecko) Chrome/79.0.3945.130 Safari/537.36"
198.54.125.95 - - [27/Jan/2020:09:32:16 -0500] "POST /new/wp-cron.php?doing_wp_cron=1580135536.6759080886840820312500 HTTP/1.1" 200 - "https://www.naijadial.com/new/wp-cron.php?doing_wp_cron=1580135536.6759080886840820312500" "WordPress/5.3.2; https://www.naijadial.com/new"
78.159.99.208 - - [27/Jan/2020:09:32:16 -0500] "POST /new/wp-admin/admin-ajax.php HTTP/1.1" 200 47 "https://www.naijadial.com/new/wp-admin/themes.php?page=fw-settings" "Mozilla/5.0 (Windows NT 6.3; Win64; x64) AppleWebKit/537.36 (KHTML, like Gecko) Chrome/79.0.3945.130 Safari/537.36"
78.159.99.208 - - [27/Jan/2020:09:32:27 -0500] "GET /new/wp-content/plugins/brizy/public/editor-build/128-wp/kits/resolves/block1342.json HTTP/1.1" 200 9352 "https://www.naijadial.com/new/?page_id=1808&brizy-edit-iframe" "Mozilla/5.0 (Windows NT 6.3; Win64; x64) AppleWebKit/537.36 (KHTML, like Gecko) Chrome/79.0.3945.130 Safari/537.36"
78.159.99.208 - - [27/Jan/2020:09:32:34 -0500] "GET /new?brizy_file=https%3A%2F%2Fwww.brizy.cloud%2Fmedia%2FiW%3D400%26iH%3Dany%2Fd09-Browser1.jpg HTTP/1.1" 301 328 "https://www.naijadial.com/new/wp-content/plugins/brizy/public/editor-build/128-wp/editor/js/0.worker.js" "Mozilla/5.0 (Windows NT 6.3; Win64; x64) AppleWebKit/537.36 (KHTML, like Gecko) Chrome/79.0.3945.130 Safari/537.36"
78.159.99.208 - - [27/Jan/2020:09:32:34 -0500] "GET /new?brizy_file=https%3A%2F%2Fwww.brizy.cloud%2Fmedia%2FiW%3D5000%26iH%3Dany%2Fd03-BG-trees.jpg HTTP/1.1" 301 329 "https://www.naijadial.com/new/wp-content/plugins/brizy/public/editor-build/128-wp/editor/js/0.worker.js" "Mozilla/5.0 (Windows NT 6.3; Win64; x64) AppleWebKit/537.36 (KHTML, like Gecko) Chrome/79.0.3945.130 Safari/537.36"
78.159.99.208 - - [27/Jan/2020:09:32:27 -0500] "POST /new/wp-admin/admin-ajax.php HTTP/1.1" 200 26 "https://www.naijadial.com/new/?page_id=1808&brizy-edit-iframe" "Mozilla/5.0 (Windows NT 6.3; Win64; x64) AppleWebKit/537.36 (KHTML, like Gecko) Chrome/79.0.3945.130 Safari/537.36"
78.159.99.208 - - [27/Jan/2020:09:32:35 -0500] "GET /new/?brizy_file=https%3A%2F%2Fwww.brizy.cloud%2Fmedia%2FiW%3D400%26iH%3Dany%2Fd09-Browser1.jpg HTTP/1.1" 200 22183 "https://www.naijadial.com/new/wp-content/plugins/brizy/public/editor-build/128-wp/editor/js/0.worker.js" "Mozilla/5.0 (Windows NT 6.3; Win64; x64) AppleWebKit/537.36 (KHTML, like Gecko) Chrome/79.0.3945.130 Safari/537.36"
78.159.99.208 - - [27/Jan/2020:09:32:35 -0500] "GET /new/?brizy_file=https%3A%2F%2Fwww.brizy.cloud%2Fmedia%2FiW%3D5000%26iH%3Dany%2Fd03-BG-trees.jpg HTTP/1.1" 200 382648 "https://www.naijadial.com/new/wp-content/plugins/brizy/public/editor-build/128-wp/editor/js/0.worker.js" "Mozilla/5.0 (Windows NT 6.3; Win64; x64) AppleWebKit/537.36 (KHTML, like Gecko) Chrome/79.0.3945.130 Safari/537.36"
78.159.99.208 - - [27/Jan/2020:09:32:28 -0500] "POST /new/wp-admin/admin-ajax.php HTTP/1.1" 200 26 "https://www.naijadial.com/new/?page_id=1808&brizy-edit-iframe" "Mozilla/5.0 (Windows NT 6.3; Win64; x64) AppleWebKit/537.36 (KHTML, like Gecko) Chrome/79.0.3945.130 Safari/537.36"
78.159.99.208 - - [27/Jan/2020:09:32:29 -0500] "POST /new/wp-admin/admin-ajax.php HTTP/1.1" 200 217 "https://www.naijadial.com/new/?page_id=1808&brizy-edit-iframe" "Mozilla/5.0 (Windows NT 6.3; Win64; x64) AppleWebKit/537.36 (KHTML, like Gecko) Chrome/79.0.3945.130 Safari/537.36"
78.159.99.208 - - [27/Jan/2020:09:32:39 -0500] "POST /new/wp-admin/admin-ajax.php HTTP/1.1" 200 11556 "https://www.naijadial.com/new/?page_id=1808&brizy-edit-iframe" "Mozilla/5.0 (Windows NT 6.3; Win64; x64) AppleWebKit/537.36 (KHTML, like Gecko) Chrome/79.0.3945.130 Safari/537.36"
78.159.99.208 - - [27/Jan/2020:09:32:42 -0500] "GET /new/?brizy_media=d03-BG-trees.jpg&brizy_crop=iW%3D5000%26iH%3Dany&brizy_post=1808 HTTP/1.1" 200 115835 "https://www.naijadial.com/new/?page_id=1808&brizy-edit-iframe" "Mozilla/5.0 (Windows NT 6.3; Win64; x64) AppleWebKit/537.36 (KHTML, like Gecko) Chrome/79.0.3945.130 Safari/537.36"
78.159.99.208 - - [27/Jan/2020:09:33:02 -0500] "POST /new/wp-admin/admin-ajax.php HTTP/1.1" 200 117 "https://www.naijadial.com/new/?page_id=1808&brizy-edit-iframe" "Mozilla/5.0 (Windows NT 6.3; Win64; x64) AppleWebKit/537.36 (KHTML, like Gecko) Chrome/79.0.3945.130 Safari/537.36"
198.54.125.95 - - [27/Jan/2020:09:33:07 -0500] "POST /new/wp-cron.php?doing_wp_cron=1580135587.1371350288391113281250 HTTP/1.1" 200 - "https://www.naijadial.com/new/wp-cron.php?doing_wp_cron=1580135587.1371350288391113281250" "WordPress/5.3.2; https://www.naijadial.com/new"
78.159.99.208 - - [27/Jan/2020:09:33:07 -0500] "GET /new/?brizy_media=d03-BG-trees.jpg&brizy_crop=iW%3D5000%26iH%3Dany&brizy_post=1808 HTTP/1.1" 200 115835 "https://www.naijadial.com/new/wp-content/plugins/brizy/public/editor-build/128-wp/editor/js/0.worker.js" "Mozilla/5.0 (Windows NT 6.3; Win64; x64) AppleWebKit/537.36 (KHTML, like Gecko) Chrome/79.0.3945.130 Safari/537.36"
78.159.99.208 - - [27/Jan/2020:09:33:07 -0500] "GET /new/?brizy_file=https%3A%2F%2Fwww.brizy.cloud%2Fmedia%2FiW%3D400%26iH%3Dany%2Fd09-Browser1.jpg HTTP/1.1" 200 20515 "https://www.naijadial.com/new/wp-content/plugins/brizy/public/editor-build/128-wp/editor/js/0.worker.js" "Mozilla/5.0 (Windows NT 6.3; Win64; x64) AppleWebKit/537.36 (KHTML, like Gecko) Chrome/79.0.3945.130 Safari/537.36"
78.159.99.208 - - [27/Jan/2020:09:33:07 -0500] "POST /new/wp-admin/admin-ajax.php HTTP/1.1" 200 98 "https://www.naijadial.com/new/wp-admin/post.php?post=100&action=edit" "Mozilla/5.0 (Windows NT 6.3; Win64; x64) AppleWebKit/537.36 (KHTML, like Gecko) Chrome/79.0.3945.130 Safari/537.36"
78.159.99.208 - - [27/Jan/2020:09:33:23 -0500] "POST /new/wp-admin/admin-ajax.php HTTP/1.1" 200 117 "https://www.naijadial.com/new/?page_id=1808&brizy-edit-iframe" "Mozilla/5.0 (Windows NT 6.3; Win64; x64) AppleWebKit/537.36 (KHTML, like Gecko) Chrome/79.0.3945.130 Safari/537.36"
178.162.205.226 - - [27/Jan/2020:09:33:24 -0500] "GET /favicon.ico HTTP/1.1" 200 - "https://www.naijadial.com/new/about/" "Mozilla/5.0 (Windows NT 6.3; WOW64) AppleWebKit/537.36 (KHTML, like Gecko) Chrome/55.0.2883.87 UBrowser/7.0.185.1002 Safari/537.36"
78.159.99.208 - - [27/Jan/2020:09:33:52 -0500] "POST /new/wp-admin/admin-ajax.php HTTP/1.1" 200 11582 "https://www.naijadial.com/new/?page_id=1808&brizy-edit-iframe" "Mozilla/5.0 (Windows NT 6.3; Win64; x64) AppleWebKit/537.36 (KHTML, like Gecko) Chrome/79.0.3945.130 Safari/537.36"
78.159.99.208 - - [27/Jan/2020:09:33:52 -0500] "GET /new/?brizy_media=d09-Browser1.jpg&brizy_crop=iW%3D1170%26iH%3Dany&brizy_post=1808 HTTP/1.1" 200 34974 "https://www.naijadial.com/new/?page_id=1808&brizy-edit-iframe" "Mozilla/5.0 (Windows NT 6.3; Win64; x64) AppleWebKit/537.36 (KHTML, like Gecko) Chrome/79.0.3945.130 Safari/537.36"
78.159.99.208 - - [27/Jan/2020:09:34:01 -0500] "POST /new/wp-admin/admin-ajax.php HTTP/1.1" 200 11540 "https://www.naijadial.com/new/?page_id=1808&brizy-edit-iframe" "Mozilla/5.0 (Windows NT 6.3; Win64; x64) AppleWebKit/537.36 (KHTML, like Gecko) Chrome/79.0.3945.130 Safari/537.36"
78.159.99.208 - - [27/Jan/2020:09:34:04 -0500] "GET /new/?brizy_media=d03-BG-trees.jpg&brizy_crop=iW%3D5000%26iH%3Dany&brizy_post=1808 HTTP/1.1" 200 115835 "https://www.naijadial.com/new/wp-content/plugins/brizy/public/editor-build/128-wp/editor/js/0.worker.js" "Mozilla/5.0 (Windows NT 6.3; Win64; x64) AppleWebKit/537.36 (KHTML, like Gecko) Chrome/79.0.3945.130 Safari/537.36"
78.159.99.208 - - [27/Jan/2020:09:34:04 -0500] "GET /new/?brizy_media=d09-Browser1.jpg&brizy_crop=iW%3D400%26iH%3Dany&brizy_post=1808 HTTP/1.1" 200 7617 "https://www.naijadial.com/new/wp-content/plugins/brizy/public/editor-build/128-wp/editor/js/0.worker.js" "Mozilla/5.0 (Windows NT 6.3; Win64; x64) AppleWebKit/537.36 (KHTML, like Gecko) Chrome/79.0.3945.130 Safari/537.36"
198.54.125.95 - - [27/Jan/2020:09:34:11 -0500] "POST /new/wp-cron.php?doing_wp_cron=1580135651.8381989002227783203125 HTTP/1.1" 200 - "https://www.naijadial.com/new/wp-cron.php?doing_wp_cron=1580135651.8381989002227783203125" "WordPress/5.3.2; https://www.naijadial.com/new"
78.159.99.208 - - [27/Jan/2020:09:35:07 -0500] "GET /new/?brizy_media=d03-BG-trees.jpg&brizy_crop=iW%3D5000%26iH%3Dany&brizy_post=1808 HTTP/1.1" 200 115835 "https://www.naijadial.com/new/wp-content/plugins/brizy/public/editor-build/128-wp/editor/js/0.worker.js" "Mozilla/5.0 (Windows NT 6.3; Win64; x64) AppleWebKit/537.36 (KHTML, like Gecko) Chrome/79.0.3945.130 Safari/537.36"
78.159.99.208 - - [27/Jan/2020:09:35:12 -0500] "POST /new/wp-admin/admin-ajax.php HTTP/1.1" 200 12567 "https://www.naijadial.com/new/?page_id=1808&brizy-edit-iframe" "Mozilla/5.0 (Windows NT 6.3; Win64; x64) AppleWebKit/537.36 (KHTML, like Gecko) Chrome/79.0.3945.130 Safari/537.36"
78.159.99.208 - - [27/Jan/2020:09:35:07 -0500] "GET /new/?brizy_media=d09-Browser1.jpg&brizy_crop=iW%3D400%26iH%3Dany&brizy_post=1808 HTTP/1.1" 200 7617 "https://www.naijadial.com/new/wp-content/plugins/brizy/public/editor-build/128-wp/editor/js/0.worker.js" "Mozilla/5.0 (Windows NT 6.3; Win64; x64) AppleWebKit/537.36 (KHTML, like Gecko) Chrome/79.0.3945.130 Safari/537.36"
78.159.99.208 - - [27/Jan/2020:09:35:08 -0500] "POST /new/wp-admin/admin-ajax.php HTTP/1.1" 200 12567 "https://www.naijadial.com/new/?page_id=1808&brizy-edit-iframe" "Mozilla/5.0 (Windows NT 6.3; Win64; x64) AppleWebKit/537.36 (KHTML, like Gecko) Chrome/79.0.3945.130 Safari/537.36"
78.159.99.208 - - [27/Jan/2020:09:35:14 -0500] "POST /new/wp-admin/admin-ajax.php HTTP/1.1" 200 12551 "https://www.naijadial.com/new/?page_id=1808&brizy-edit-iframe" "Mozilla/5.0 (Windows NT 6.3; Win64; x64) AppleWebKit/537.36 (KHTML, like Gecko) Chrome/79.0.3945.130 Safari/537.36"
78.159.99.208 - - [27/Jan/2020:09:35:16 -0500] "POST /new/wp-admin/admin-ajax.php HTTP/1.1" 200 98 "https://www.naijadial.com/new/wp-admin/post.php?post=100&action=edit" "Mozilla/5.0 (Windows NT 6.3; Win64; x64) AppleWebKit/537.36 (KHTML, like Gecko) Chrome/79.0.3945.130 Safari/537.36"
78.159.99.208 - - [27/Jan/2020:09:35:22 -0500] "POST /new/wp-admin/admin-ajax.php HTTP/1.1" 200 12552 "https://www.naijadial.com/new/?page_id=1808&brizy-edit-iframe" "Mozilla/5.0 (Windows NT 6.3; Win64; x64) AppleWebKit/537.36 (KHTML, like Gecko) Chrome/79.0.3945.130 Safari/537.36"
78.159.99.208 - - [27/Jan/2020:09:35:27 -0500] "POST /new/wp-admin/admin-ajax.php HTTP/1.1" 200 117 "https://www.naijadial.com/new/?page_id=1808&brizy-edit-iframe" "Mozilla/5.0 (Windows NT 6.3; Win64; x64) AppleWebKit/537.36 (KHTML, like Gecko) Chrome/79.0.3945.130 Safari/537.36"
78.159.99.208 - - [27/Jan/2020:09:35:31 -0500] "POST /new/wp-admin/admin-ajax.php HTTP/1.1" 200 12536 "https://www.naijadial.com/new/?page_id=1808&brizy-edit-iframe" "Mozilla/5.0 (Windows NT 6.3; Win64; x64) AppleWebKit/537.36 (KHTML, like Gecko) Chrome/79.0.3945.130 Safari/537.36"
78.159.99.208 - - [27/Jan/2020:09:35:31 -0500] "GET /new/?brizy_media=d09-Browser1.jpg&brizy_crop=iW%3D400%26iH%3Dany&brizy_post=1808 HTTP/1.1" 200 7617 "https://www.naijadial.com/new/wp-content/plugins/brizy/public/editor-build/128-wp/editor/js/0.worker.js" "Mozilla/5.0 (Windows NT 6.3; Win64; x64) AppleWebKit/537.36 (KHTML, like Gecko) Chrome/79.0.3945.130 Safari/537.36"
78.159.99.208 - - [27/Jan/2020:09:35:31 -0500] "GET /new/?brizy_media=d03-BG-trees.jpg&brizy_crop=iW%3D5000%26iH%3Dany&brizy_post=1808 HTTP/1.1" 200 115835 "https://www.naijadial.com/new/wp-content/plugins/brizy/public/editor-build/128-wp/editor/js/0.worker.js" "Mozilla/5.0 (Windows NT 6.3; Win64; x64) AppleWebKit/537.36 (KHTML, like Gecko) Chrome/79.0.3945.130 Safari/537.36"
78.159.99.208 - - [27/Jan/2020:09:35:33 -0500] "POST /new/wp-admin/admin-ajax.php HTTP/1.1" 200 11379 "https://www.naijadial.com/new/?page_id=1808&brizy-edit-iframe" "Mozilla/5.0 (Windows NT 6.3; Win64; x64) AppleWebKit/537.36 (KHTML, like Gecko) Chrome/79.0.3945.130 Safari/537.36"
78.159.99.208 - - [27/Jan/2020:09:35:41 -0500] "POST /new/wp-admin/admin-ajax.php HTTP/1.1" 200 117 "https://www.naijadial.com/new/?page_id=1808&brizy-edit-iframe" "Mozilla/5.0 (Windows NT 6.3; Win64; x64) AppleWebKit/537.36 (KHTML, like Gecko) Chrome/79.0.3945.130 Safari/537.36"
78.159.99.208 - - [27/Jan/2020:09:35:50 -0500] "GET /new/?brizy_media=d03-BG-trees.jpg&brizy_crop=iW%3D140%26iH%3Dany&brizy_post=1808 HTTP/1.1" 200 1366 "https://www.naijadial.com/new/?page_id=1808&brizy-edit-iframe" "Mozilla/5.0 (Windows NT 6.3; Win64; x64) AppleWebKit/537.36 (KHTML, like Gecko) Chrome/79.0.3945.130 Safari/537.36"
78.159.99.208 - - [27/Jan/2020:09:35:51 -0500] "POST /new/wp-admin/admin-ajax.php HTTP/1.1" 200 11379 "https://www.naijadial.com/new/?page_id=1808&brizy-edit-iframe" "Mozilla/5.0 (Windows NT 6.3; Win64; x64) AppleWebKit/537.36 (KHTML, like Gecko) Chrome/79.0.3945.130 Safari/537.36"
78.159.99.208 - - [27/Jan/2020:09:35:51 -0500] "POST /new/wp-admin/admin-ajax.php HTTP/1.1" 200 11397 "https://www.naijadial.com/new/?page_id=1808&brizy-edit-iframe" "Mozilla/5.0 (Windows NT 6.3; Win64; x64) AppleWebKit/537.36 (KHTML, like Gecko) Chrome/79.0.3945.130 Safari/537.36"
78.159.99.208 - - [27/Jan/2020:09:35:57 -0500] "POST /new/wp-admin/admin-ajax.php HTTP/1.1" 200 117 "https://www.naijadial.com/new/?page_id=1808&brizy-edit-iframe" "Mozilla/5.0 (Windows NT 6.3; Win64; x64) AppleWebKit/537.36 (KHTML, like Gecko) Chrome/79.0.3945.130 Safari/537.36"
78.159.99.208 - - [27/Jan/2020:09:36:07 -0500] "POST /new/wp-admin/admin-ajax.php HTTP/1.1" 200 11435 "https://www.naijadial.com/new/?page_id=1808&brizy-edit-iframe" "Mozilla/5.0 (Windows NT 6.3; Win64; x64) AppleWebKit/537.36 (KHTML, like Gecko) Chrome/79.0.3945.130 Safari/537.36"
78.159.99.208 - - [27/Jan/2020:09:36:08 -0500] "POST /new/wp-admin/admin-ajax.php HTTP/1.1" 200 11418 "https://www.naijadial.com/new/?page_id=1808&brizy-edit-iframe" "Mozilla/5.0 (Windows NT 6.3; Win64; x64) AppleWebKit/537.36 (KHTML, like Gecko) Chrome/79.0.3945.130 Safari/537.36"
78.159.99.208 - - [27/Jan/2020:09:36:11 -0500] "POST /new/wp-admin/admin-ajax.php HTTP/1.1" 200 117 "https://www.naijadial.com/new/?page_id=1808&brizy-edit-iframe" "Mozilla/5.0 (Windows NT 6.3; Win64; x64) AppleWebKit/537.36 (KHTML, like Gecko) Chrome/79.0.3945.130 Safari/537.36"
198.54.125.95 - - [27/Jan/2020:09:36:17 -0500] "POST /new/wp-cron.php?doing_wp_cron=1580135777.5943250656127929687500 HTTP/1.1" 200 - "https://www.naijadial.com/new/wp-cron.php?doing_wp_cron=1580135777.5943250656127929687500" "WordPress/5.3.2; https://www.naijadial.com/new"
78.159.99.208 - - [27/Jan/2020:09:36:17 -0500] "POST /new/wp-admin/admin-ajax.php HTTP/1.1" 200 47 "https://www.naijadial.com/new/wp-admin/themes.php?page=fw-settings" "Mozilla/5.0 (Windows NT 6.3; Win64; x64) AppleWebKit/537.36 (KHTML, like Gecko) Chrome/79.0.3945.130 Safari/537.36"
78.159.99.208 - - [27/Jan/2020:09:36:17 -0500] "POST /new/wp-admin/admin-ajax.php HTTP/1.1" 200 11418 "https://www.naijadial.com/new/?page_id=1808&brizy-edit-iframe" "Mozilla/5.0 (Windows NT 6.3; Win64; x64) AppleWebKit/537.36 (KHTML, like Gecko) Chrome/79.0.3945.130 Safari/537.36"
78.159.99.208 - - [27/Jan/2020:09:36:18 -0500] "GET /new/?brizy_media=d03-BG-trees.jpg&brizy_crop=iW%3D5000%26iH%3Dany&brizy_post=1808 HTTP/1.1" 200 115835 "https://www.naijadial.com/new/?page_id=1808&brizy-edit-iframe" "Mozilla/5.0 (Windows NT 6.3; Win64; x64) AppleWebKit/537.36 (KHTML, like Gecko) Chrome/79.0.3945.130 Safari/537.36"
78.159.99.208 - - [27/Jan/2020:09:36:22 -0500] "POST /new/wp-admin/admin-ajax.php HTTP/1.1" 200 11489 "https://www.naijadial.com/new/?page_id=1808&brizy-edit-iframe" "Mozilla/5.0 (Windows NT 6.3; Win64; x64) AppleWebKit/537.36 (KHTML, like Gecko) Chrome/79.0.3945.130 Safari/537.36"
78.159.99.208 - - [27/Jan/2020:09:36:25 -0500] "GET /new/?brizy_media=d03-BG-trees.jpg&brizy_crop=iW%3D5000%26iH%3Dany&brizy_post=1808 HTTP/1.1" 200 115835 "https://www.naijadial.com/new/wp-content/plugins/brizy/public/editor-build/128-wp/editor/js/0.worker.js" "Mozilla/5.0 (Windows NT 6.3; Win64; x64) AppleWebKit/537.36 (KHTML, like Gecko) Chrome/79.0.3945.130 Safari/537.36"
78.159.99.208 - - [27/Jan/2020:09:36:31 -0500] "POST /new/wp-admin/admin-ajax.php HTTP/1.1" 200 117 "https://www.naijadial.com/new/?page_id=1808&brizy-edit-iframe" "Mozilla/5.0 (Windows NT 6.3; Win64; x64) AppleWebKit/537.36 (KHTML, like Gecko) Chrome/79.0.3945.130 Safari/537.36"
78.159.99.208 - - [27/Jan/2020:09:36:38 -0500] "POST /new/wp-admin/admin-ajax.php HTTP/1.1" 200 4644 "https://www.naijadial.com/new/?page_id=1808&brizy-edit-iframe" "Mozilla/5.0 (Windows NT 6.3; Win64; x64) AppleWebKit/537.36 (KHTML, like Gecko) Chrome/79.0.3945.130 Safari/537.36"
78.159.99.208 - - [27/Jan/2020:09:36:42 -0500] "POST /new/wp-admin/admin-ajax.php HTTP/1.1" 200 4644 "https://www.naijadial.com/new/?page_id=1808&brizy-edit-iframe" "Mozilla/5.0 (Windows NT 6.3; Win64; x64) AppleWebKit/537.36 (KHTML, like Gecko) Chrome/79.0.3945.130 Safari/537.36"
78.159.99.208 - - [27/Jan/2020:09:36:43 -0500] "GET /new/?brizy_media=d03-BG-trees.jpg&brizy_crop=iW%3D5000%26iH%3Dany&brizy_post=1808 HTTP/1.1" 200 115835 "https://www.naijadial.com/new/wp-content/plugins/brizy/public/editor-build/128-wp/editor/js/0.worker.js" "Mozilla/5.0 (Windows NT 6.3; Win64; x64) AppleWebKit/537.36 (KHTML, like Gecko) Chrome/79.0.3945.130 Safari/537.36"
78.159.99.208 - - [27/Jan/2020:09:36:50 -0500] "POST /new/wp-admin/admin-ajax.php HTTP/1.1" 200 10308 "https://www.naijadial.com/new/?page_id=1808&brizy-edit-iframe" "Mozilla/5.0 (Windows NT 6.3; Win64; x64) AppleWebKit/537.36 (KHTML, like Gecko) Chrome/79.0.3945.130 Safari/537.36"
78.159.99.208 - - [27/Jan/2020:09:36:51 -0500] "POST /new/wp-admin/admin-ajax.php HTTP/1.1" 200 117 "https://www.naijadial.com/new/?page_id=1808&brizy-edit-iframe" "Mozilla/5.0 (Windows NT 6.3; Win64; x64) AppleWebKit/537.36 (KHTML, like Gecko) Chrome/79.0.3945.130 Safari/537.36"
78.159.99.208 - - [27/Jan/2020:09:36:57 -0500] "POST /new/wp-admin/admin-ajax.php HTTP/1.1" 200 10308 "https://www.naijadial.com/new/?page_id=1808&brizy-edit-iframe" "Mozilla/5.0 (Windows NT 6.3; Win64; x64) AppleWebKit/537.36 (KHTML, like Gecko) Chrome/79.0.3945.130 Safari/537.36"
78.159.99.208 - - [27/Jan/2020:09:37:02 -0500] "POST /new/wp-admin/admin-ajax.php HTTP/1.1" 200 117 "https://www.naijadial.com/new/?page_id=1808&brizy-edit-iframe" "Mozilla/5.0 (Windows NT 6.3; Win64; x64) AppleWebKit/537.36 (KHTML, like Gecko) Chrome/79.0.3945.130 Safari/537.36"
198.54.125.95 - - [27/Jan/2020:09:37:09 -0500] "POST /new/wp-cron.php?doing_wp_cron=1580135829.4801349639892578125000 HTTP/1.1" 200 - "https://www.naijadial.com/new/wp-cron.php?doing_wp_cron=1580135829.4801349639892578125000" "WordPress/5.3.2; https://www.naijadial.com/new"
78.159.99.208 - - [27/Jan/2020:09:37:09 -0500] "POST /new/wp-admin/admin-ajax.php HTTP/1.1" 200 98 "https://www.naijadial.com/new/wp-admin/post.php?post=100&action=edit" "Mozilla/5.0 (Windows NT 6.3; Win64; x64) AppleWebKit/537.36 (KHTML, like Gecko) Chrome/79.0.3945.130 Safari/537.36"
78.159.99.208 - - [27/Jan/2020:09:37:24 -0500] "GET /new/?brizy_post=1808&brizy=editor/icons/outline/chat-33.txt HTTP/1.1" 200 782 "https://www.naijadial.com/new/?page_id=1808&brizy-edit-iframe" "Mozilla/5.0 (Windows NT 6.3; Win64; x64) AppleWebKit/537.36 (KHTML, like Gecko) Chrome/79.0.3945.130 Safari/537.36"
78.159.99.208 - - [27/Jan/2020:09:37:24 -0500] "POST /new/wp-admin/admin-ajax.php HTTP/1.1" 200 217 "https://www.naijadial.com/new/?page_id=1808&brizy-edit-iframe" "Mozilla/5.0 (Windows NT 6.3; Win64; x64) AppleWebKit/537.36 (KHTML, like Gecko) Chrome/79.0.3945.130 Safari/537.36"
78.159.99.208 - - [27/Jan/2020:09:37:32 -0500] "POST /new/wp-admin/admin-ajax.php HTTP/1.1" 200 117 "https://www.naijadial.com/new/?page_id=1808&brizy-edit-iframe" "Mozilla/5.0 (Windows NT 6.3; Win64; x64) AppleWebKit/537.36 (KHTML, like Gecko) Chrome/79.0.3945.130 Safari/537.36"
78.159.99.208 - - [27/Jan/2020:09:37:33 -0500] "POST /new/wp-admin/admin-ajax.php HTTP/1.1" 200 22472 "https://www.naijadial.com/new/?page_id=1808&brizy-edit-iframe" "Mozilla/5.0 (Windows NT 6.3; Win64; x64) AppleWebKit/537.36 (KHTML, like Gecko) Chrome/79.0.3945.130 Safari/537.36"
78.159.99.208 - - [27/Jan/2020:09:37:36 -0500] "POST /new/wp-admin/admin-ajax.php HTTP/1.1" 200 117 "https://www.naijadial.com/new/?page_id=1808&brizy-edit-iframe" "Mozilla/5.0 (Windows NT 6.3; Win64; x64) AppleWebKit/537.36 (KHTML, like Gecko) Chrome/79.0.3945.130 Safari/537.36"
78.159.99.208 - - [27/Jan/2020:09:37:42 -0500] "POST /new/wp-admin/admin-ajax.php HTTP/1.1" 200 22650 "https://www.naijadial.com/new/?page_id=1808&brizy-edit-iframe" "Mozilla/5.0 (Windows NT 6.3; Win64; x64) AppleWebKit/537.36 (KHTML, like Gecko) Chrome/79.0.3945.130 Safari/537.36"
78.159.99.208 - - [27/Jan/2020:09:37:50 -0500] "POST /new/wp-admin/admin-ajax.php HTTP/1.1" 200 22855 "https://www.naijadial.com/new/?page_id=1808&brizy-edit-iframe" "Mozilla/5.0 (Windows NT 6.3; Win64; x64) AppleWebKit/537.36 (KHTML, like Gecko) Chrome/79.0.3945.130 Safari/537.36"
78.159.99.208 - - [27/Jan/2020:09:37:52 -0500] "POST /new/wp-admin/admin-ajax.php HTTP/1.1" 200 22855 "https://www.naijadial.com/new/?page_id=1808&brizy-edit-iframe" "Mozilla/5.0 (Windows NT 6.3; Win64; x64) AppleWebKit/537.36 (KHTML, like Gecko) Chrome/79.0.3945.130 Safari/537.36"
78.159.99.208 - - [27/Jan/2020:09:37:57 -0500] "POST /new/wp-admin/admin-ajax.php HTTP/1.1" 200 22855 "https://www.naijadial.com/new/?page_id=1808&brizy-edit-iframe" "Mozilla/5.0 (Windows NT 6.3; Win64; x64) AppleWebKit/537.36 (KHTML, like Gecko) Chrome/79.0.3945.130 Safari/537.36"
78.159.99.208 - - [27/Jan/2020:09:38:00 -0500] "POST /new/wp-admin/admin-ajax.php HTTP/1.1" 200 22845 "https://www.naijadial.com/new/?page_id=1808&brizy-edit-iframe" "Mozilla/5.0 (Windows NT 6.3; Win64; x64) AppleWebKit/537.36 (KHTML, like Gecko) Chrome/79.0.3945.130 Safari/537.36"
78.159.99.208 - - [27/Jan/2020:09:38:01 -0500] "POST /new/wp-admin/admin-ajax.php HTTP/1.1" 200 117 "https://www.naijadial.com/new/?page_id=1808&brizy-edit-iframe" "Mozilla/5.0 (Windows NT 6.3; Win64; x64) AppleWebKit/537.36 (KHTML, like Gecko) Chrome/79.0.3945.130 Safari/537.36"
198.54.125.95 - - [27/Jan/2020:09:38:07 -0500] "POST /new/wp-cron.php?doing_wp_cron=1580135887.3177199363708496093750 HTTP/1.1" 200 - "https://www.naijadial.com/new/wp-cron.php?doing_wp_cron=1580135887.3177199363708496093750" "WordPress/5.3.2; https://www.naijadial.com/new"
78.159.99.208 - - [27/Jan/2020:09:38:07 -0500] "POST /new/wp-admin/admin-ajax.php HTTP/1.1" 200 117 "https://www.naijadial.com/new/?page_id=1808&brizy-edit-iframe" "Mozilla/5.0 (Windows NT 6.3; Win64; x64) AppleWebKit/537.36 (KHTML, like Gecko) Chrome/79.0.3945.130 Safari/537.36"
78.159.99.208 - - [27/Jan/2020:09:38:09 -0500] "POST /new/wp-admin/admin-ajax.php HTTP/1.1" 200 22909 "https://www.naijadial.com/new/?page_id=1808&brizy-edit-iframe" "Mozilla/5.0 (Windows NT 6.3; Win64; x64) AppleWebKit/537.36 (KHTML, like Gecko) Chrome/79.0.3945.130 Safari/537.36"
78.159.99.208 - - [27/Jan/2020:09:38:12 -0500] "POST /new/wp-admin/admin-ajax.php HTTP/1.1" 200 117 "https://www.naijadial.com/new/?page_id=1808&brizy-edit-iframe" "Mozilla/5.0 (Windows NT 6.3; Win64; x64) AppleWebKit/537.36 (KHTML, like Gecko) Chrome/79.0.3945.130 Safari/537.36"
78.159.99.208 - - [27/Jan/2020:09:38:18 -0500] "POST /new/wp-admin/admin-ajax.php HTTP/1.1" 200 47 "https://www.naijadial.com/new/wp-admin/themes.php?page=fw-settings" "Mozilla/5.0 (Windows NT 6.3; Win64; x64) AppleWebKit/537.36 (KHTML, like Gecko) Chrome/79.0.3945.130 Safari/537.36"
78.159.99.208 - - [27/Jan/2020:09:38:19 -0500] "POST /new/wp-admin/admin-ajax.php HTTP/1.1" 200 22401 "https://www.naijadial.com/new/?page_id=1808&brizy-edit-iframe" "Mozilla/5.0 (Windows NT 6.3; Win64; x64) AppleWebKit/537.36 (KHTML, like Gecko) Chrome/79.0.3945.130 Safari/537.36"
78.159.99.208 - - [27/Jan/2020:09:38:19 -0500] "POST /new/wp-admin/admin-ajax.php HTTP/1.1" 200 117 "https://www.naijadial.com/new/?page_id=1808&brizy-edit-iframe" "Mozilla/5.0 (Windows NT 6.3; Win64; x64) AppleWebKit/537.36 (KHTML, like Gecko) Chrome/79.0.3945.130 Safari/537.36"
78.159.99.208 - - [27/Jan/2020:09:38:22 -0500] "POST /new/wp-admin/admin-ajax.php HTTP/1.1" 200 21968 "https://www.naijadial.com/new/?page_id=1808&brizy-edit-iframe" "Mozilla/5.0 (Windows NT 6.3; Win64; x64) AppleWebKit/537.36 (KHTML, like Gecko) Chrome/79.0.3945.130 Safari/537.36"
78.159.99.208 - - [27/Jan/2020:09:38:26 -0500] "POST /new/wp-admin/admin-ajax.php HTTP/1.1" 200 23518 "https://www.naijadial.com/new/?page_id=1808&brizy-edit-iframe" "Mozilla/5.0 (Windows NT 6.3; Win64; x64) AppleWebKit/537.36 (KHTML, like Gecko) Chrome/79.0.3945.130 Safari/537.36"
78.159.99.208 - - [27/Jan/2020:09:38:32 -0500] "POST /new/wp-admin/admin-ajax.php HTTP/1.1" 200 23522 "https://www.naijadial.com/new/?page_id=1808&brizy-edit-iframe" "Mozilla/5.0 (Windows NT 6.3; Win64; x64) AppleWebKit/537.36 (KHTML, like Gecko) Chrome/79.0.3945.130 Safari/537.36"
78.159.99.208 - - [27/Jan/2020:09:38:37 -0500] "POST /new/wp-admin/admin-ajax.php HTTP/1.1" 200 117 "https://www.naijadial.com/new/?page_id=1808&brizy-edit-iframe" "Mozilla/5.0 (Windows NT 6.3; Win64; x64) AppleWebKit/537.36 (KHTML, like Gecko) Chrome/79.0.3945.130 Safari/537.36"
78.159.99.208 - - [27/Jan/2020:09:38:40 -0500] "POST /new/wp-admin/admin-ajax.php HTTP/1.1" 200 23344 "https://www.naijadial.com/new/?page_id=1808&brizy-edit-iframe" "Mozilla/5.0 (Windows NT 6.3; Win64; x64) AppleWebKit/537.36 (KHTML, like Gecko) Chrome/79.0.3945.130 Safari/537.36"
78.159.99.208 - - [27/Jan/2020:09:38:42 -0500] "POST /new/wp-admin/admin-ajax.php HTTP/1.1" 200 22927 "https://www.naijadial.com/new/?page_id=1808&brizy-edit-iframe" "Mozilla/5.0 (Windows NT 6.3; Win64; x64) AppleWebKit/537.36 (KHTML, like Gecko) Chrome/79.0.3945.130 Safari/537.36"
78.159.99.208 - - [27/Jan/2020:09:38:48 -0500] "POST /new/wp-admin/admin-ajax.php HTTP/1.1" 200 117 "https://www.naijadial.com/new/?page_id=1808&brizy-edit-iframe" "Mozilla/5.0 (Windows NT 6.3; Win64; x64) AppleWebKit/537.36 (KHTML, like Gecko) Chrome/79.0.3945.130 Safari/537.36"
198.54.125.95 - - [27/Jan/2020:09:39:08 -0500] "POST /new/wp-cron.php?doing_wp_cron=1580135948.9697539806365966796875 HTTP/1.1" 200 - "https://www.naijadial.com/new/wp-cron.php?doing_wp_cron=1580135948.9697539806365966796875" "WordPress/5.3.2; https://www.naijadial.com/new"
78.159.99.208 - - [27/Jan/2020:09:39:08 -0500] "POST /new/wp-admin/admin-ajax.php HTTP/1.1" 200 98 "https://www.naijadial.com/new/wp-admin/post.php?post=100&action=edit" "Mozilla/5.0 (Windows NT 6.3; Win64; x64) AppleWebKit/537.36 (KHTML, like Gecko) Chrome/79.0.3945.130 Safari/537.36"
198.54.125.95 - - [27/Jan/2020:09:39:09 -0500] "POST /new/wp-cron.php?doing_wp_cron=1580135949.7683351039886474609375 HTTP/1.1" 200 - "https://www.naijadial.com/new/wp-cron.php?doing_wp_cron=1580135949.7683351039886474609375" "WordPress/5.3.2; https://www.naijadial.com/new"
78.159.99.208 - - [27/Jan/2020:09:39:08 -0500] "POST /new/wp-admin/admin-ajax.php HTTP/1.1" 200 22927 "https://www.naijadial.com/new/?page_id=1808&brizy-edit-iframe" "Mozilla/5.0 (Windows NT 6.3; Win64; x64) AppleWebKit/537.36 (KHTML, like Gecko) Chrome/79.0.3945.130 Safari/537.36"
78.159.99.208 - - [27/Jan/2020:09:39:10 -0500] "POST /new/wp-admin/admin-ajax.php HTTP/1.1" 200 117 "https://www.naijadial.com/new/?page_id=1808&brizy-edit-iframe" "Mozilla/5.0 (Windows NT 6.3; Win64; x64) AppleWebKit/537.36 (KHTML, like Gecko) Chrome/79.0.3945.130 Safari/537.36"
78.159.99.208 - - [27/Jan/2020:09:39:21 -0500] "POST /new/wp-admin/admin-ajax.php HTTP/1.1" 200 117 "https://www.naijadial.com/new/?page_id=1808&brizy-edit-iframe" "Mozilla/5.0 (Windows NT 6.3; Win64; x64) AppleWebKit/537.36 (KHTML, like Gecko) Chrome/79.0.3945.130 Safari/537.36"
78.159.99.208 - - [27/Jan/2020:09:39:28 -0500] "POST /new/wp-admin/admin-ajax.php HTTP/1.1" 200 23105 "https://www.naijadial.com/new/?page_id=1808&brizy-edit-iframe" "Mozilla/5.0 (Windows NT 6.3; Win64; x64) AppleWebKit/537.36 (KHTML, like Gecko) Chrome/79.0.3945.130 Safari/537.36"
78.159.99.208 - - [27/Jan/2020:09:15:33 -0500] "POST /new/wp-admin/admin-ajax.php HTTP/1.1" 200 47 "https://www.naijadial.com/new/wp-admin/edit-tags.php?taxonomy=ad_tags&post_type=sp_ads" "Mozilla/5.0 (Windows NT 6.3; Win64; x64) AppleWebKit/537.36 (KHTML, like Gecko) Chrome/79.0.3945.130 Safari/537.36"
78.159.99.208 - - [27/Jan/2020:09:15:37 -0500] "POST /new/wp-admin/admin-ajax.php HTTP/1.1" 200 95514 "https://www.naijadial.com/new/about/?brizy-edit-iframe" "Mozilla/5.0 (Windows NT 6.3; Win64; x64) AppleWebKit/537.36 (KHTML, like Gecko) Chrome/79.0.3945.130 Safari/537.36"
78.159.99.208 - - [27/Jan/2020:09:15:44 -0500] "GET /new/wp-content/plugins/brizy/public/editor-build/128-wp/googleFonts.json HTTP/1.1" 200 431846 "https://www.naijadial.com/new/about/?brizy-edit-iframe" "Mozilla/5.0 (Windows NT 6.3; Win64; x64) AppleWebKit/537.36 (KHTML, like Gecko) Chrome/79.0.3945.130 Safari/537.36"
78.159.99.208 - - [27/Jan/2020:09:15:44 -0500] "POST /new/wp-admin/admin-ajax.php HTTP/1.1" 200 26 "https://www.naijadial.com/new/about/?brizy-edit-iframe" "Mozilla/5.0 (Windows NT 6.3; Win64; x64) AppleWebKit/537.36 (KHTML, like Gecko) Chrome/79.0.3945.130 Safari/537.36"
78.159.99.208 - - [27/Jan/2020:09:15:58 -0500] "GET /new/wp-content/plugins/brizy/public/editor-build/128-wp/editor/icons/icons.svg HTTP/1.1" 200 26565 "https://www.naijadial.com/new/about/?brizy-edit" "Mozilla/5.0 (Windows NT 6.3; Win64; x64) AppleWebKit/537.36 (KHTML, like Gecko) Chrome/79.0.3945.130 Safari/537.36"
78.159.99.208 - - [27/Jan/2020:09:15:58 -0500] "GET /new/wp-content/plugins/brizy/public/editor-build/128-wp/editor/fonts/pn-regular-webfont.woff2 HTTP/1.1" 200 13808 "https://www.naijadial.com/new/wp-content/plugins/brizy/public/editor-build/128-wp/editor/css/editor.css" "Mozilla/5.0 (Windows NT 6.3; Win64; x64) AppleWebKit/537.36 (KHTML, like Gecko) Chrome/79.0.3945.130 Safari/537.36"
78.159.99.208 - - [27/Jan/2020:09:15:58 -0500] "GET /new/wp-content/plugins/brizy/public/editor-build/128-wp/editor/fonts/pn-bold-webfont.woff2 HTTP/1.1" 200 13736 "https://www.naijadial.com/new/wp-content/plugins/brizy/public/editor-build/128-wp/editor/css/editor.css" "Mozilla/5.0 (Windows NT 6.3; Win64; x64) AppleWebKit/537.36 (KHTML, like Gecko) Chrome/79.0.3945.130 Safari/537.36"
78.159.99.208 - - [27/Jan/2020:09:16:15 -0500] "GET /new/wp-content/plugins/brizy/public/editor-build/128-wp/kits/meta.json HTTP/1.1" 200 156891 "https://www.naijadial.com/new/about/?brizy-edit-iframe" "Mozilla/5.0 (Windows NT 6.3; Win64; x64) AppleWebKit/537.36 (KHTML, like Gecko) Chrome/79.0.3945.130 Safari/537.36"
78.159.99.208 - - [27/Jan/2020:09:16:15 -0500] "GET /new/wp-content/plugins/brizy/public/editor-build/128-wp/editor/fonts/pn-medium-webfont.woff2 HTTP/1.1" 200 13756 "https://www.naijadial.com/new/wp-content/plugins/brizy/public/editor-build/128-wp/editor/css/editor.css" "Mozilla/5.0 (Windows NT 6.3; Win64; x64) AppleWebKit/537.36 (KHTML, like Gecko) Chrome/79.0.3945.130 Safari/537.36"
78.159.99.208 - - [27/Jan/2020:09:16:15 -0500] "POST /new/wp-admin/admin-ajax.php HTTP/1.1" 200 47 "https://www.naijadial.com/new/wp-admin/themes.php?page=fw-settings" "Mozilla/5.0 (Windows NT 6.3; Win64; x64) AppleWebKit/537.36 (KHTML, like Gecko) Chrome/79.0.3945.130 Safari/537.36"
78.159.99.208 - - [27/Jan/2020:09:16:26 -0500] "POST /new/wp-admin/admin-ajax.php HTTP/1.1" 200 47 "https://www.naijadial.com/new/wp-admin/edit.php?post_type=page" "Mozilla/5.0 (Windows NT 6.3; Win64; x64) AppleWebKit/537.36 (KHTML, like Gecko) Chrome/79.0.3945.130 Safari/537.36"
78.159.99.208 - - [27/Jan/2020:09:39:32 -0500] "POST /new/wp-admin/admin-ajax.php HTTP/1.1" 200 117 "https://www.naijadial.com/new/?page_id=1808&brizy-edit-iframe" "Mozilla/5.0 (Windows NT 6.3; Win64; x64) AppleWebKit/537.36 (KHTML, like Gecko) Chrome/79.0.3945.130 Safari/537.36"
78.159.99.208 - - [27/Jan/2020:09:39:51 -0500] "POST /new/wp-admin/admin-ajax.php HTTP/1.1" 200 23105 "https://www.naijadial.com/new/?page_id=1808&brizy-edit-iframe" "Mozilla/5.0 (Windows NT 6.3; Win64; x64) AppleWebKit/537.36 (KHTML, like Gecko) Chrome/79.0.3945.130 Safari/537.36"
78.159.99.208 - - [27/Jan/2020:09:39:54 -0500] "POST /new/wp-admin/admin-ajax.php HTTP/1.1" 200 117 "https://www.naijadial.com/new/?page_id=1808&brizy-edit-iframe" "Mozilla/5.0 (Windows NT 6.3; Win64; x64) AppleWebKit/537.36 (KHTML, like Gecko) Chrome/79.0.3945.130 Safari/537.36"
78.159.99.208 - - [27/Jan/2020:09:40:06 -0500] "POST /new/wp-admin/admin-ajax.php HTTP/1.1" 200 22927 "https://www.naijadial.com/new/?page_id=1808&brizy-edit-iframe" "Mozilla/5.0 (Windows NT 6.3; Win64; x64) AppleWebKit/537.36 (KHTML, like Gecko) Chrome/79.0.3945.130 Safari/537.36"
198.54.125.95 - - [27/Jan/2020:09:40:10 -0500] "POST /new/wp-cron.php?doing_wp_cron=1580136010.5148959159851074218750 HTTP/1.1" 200 - "https://www.naijadial.com/new/wp-cron.php?doing_wp_cron=1580136010.5148959159851074218750" "WordPress/5.3.2; https://www.naijadial.com/new"
78.159.99.208 - - [27/Jan/2020:09:40:10 -0500] "POST /new/wp-admin/admin-ajax.php HTTP/1.1" 200 117 "https://www.naijadial.com/new/?page_id=1808&brizy-edit-iframe" "Mozilla/5.0 (Windows NT 6.3; Win64; x64) AppleWebKit/537.36 (KHTML, like Gecko) Chrome/79.0.3945.130 Safari/537.36"
78.159.99.208 - - [27/Jan/2020:09:40:20 -0500] "POST /new/wp-admin/admin-ajax.php HTTP/1.1" 200 47 "https://www.naijadial.com/new/wp-admin/themes.php?page=fw-settings" "Mozilla/5.0 (Windows NT 6.3; Win64; x64) AppleWebKit/537.36 (KHTML, like Gecko) Chrome/79.0.3945.130 Safari/537.36"
78.159.99.208 - - [27/Jan/2020:09:40:21 -0500] "POST /new/wp-admin/admin-ajax.php HTTP/1.1" 200 22927 "https://www.naijadial.com/new/?page_id=1808&brizy-edit-iframe" "Mozilla/5.0 (Windows NT 6.3; Win64; x64) AppleWebKit/537.36 (KHTML, like Gecko) Chrome/79.0.3945.130 Safari/537.36"
78.159.99.208 - - [27/Jan/2020:09:40:23 -0500] "POST /new/wp-admin/admin-ajax.php HTTP/1.1" 200 117 "https://www.naijadial.com/new/?page_id=1808&brizy-edit-iframe" "Mozilla/5.0 (Windows NT 6.3; Win64; x64) AppleWebKit/537.36 (KHTML, like Gecko) Chrome/79.0.3945.130 Safari/537.36"
78.159.99.208 - - [27/Jan/2020:09:41:01 -0500] "POST /new/wp-admin/admin-ajax.php HTTP/1.1" 200 16842 "https://www.naijadial.com/new/?page_id=1808&brizy-edit-iframe" "Mozilla/5.0 (Windows NT 6.3; Win64; x64) AppleWebKit/537.36 (KHTML, like Gecko) Chrome/79.0.3945.130 Safari/537.36"
78.159.99.208 - - [27/Jan/2020:09:41:01 -0500] "POST /new/wp-admin/admin-ajax.php HTTP/1.1" 200 19883 "https://www.naijadial.com/new/?page_id=1808&brizy-edit-iframe" "Mozilla/5.0 (Windows NT 6.3; Win64; x64) AppleWebKit/537.36 (KHTML, like Gecko) Chrome/79.0.3945.130 Safari/537.36"
78.159.99.208 - - [27/Jan/2020:09:41:02 -0500] "POST /new/wp-admin/admin-ajax.php HTTP/1.1" 200 117 "https://www.naijadial.com/new/?page_id=1808&brizy-edit-iframe" "Mozilla/5.0 (Windows NT 6.3; Win64; x64) AppleWebKit/537.36 (KHTML, like Gecko) Chrome/79.0.3945.130 Safari/537.36"
78.159.99.208 - - [27/Jan/2020:09:41:03 -0500] "POST /new/wp-admin/admin-ajax.php HTTP/1.1" 200 16405 "https://www.naijadial.com/new/?page_id=1808&brizy-edit-iframe" "Mozilla/5.0 (Windows NT 6.3; Win64; x64) AppleWebKit/537.36 (KHTML, like Gecko) Chrome/79.0.3945.130 Safari/537.36"
198.54.125.95 - - [27/Jan/2020:09:41:06 -0500] "POST /new/wp-cron.php?doing_wp_cron=1580136066.2964720726013183593750 HTTP/1.1" 200 - "https://www.naijadial.com/new/wp-cron.php?doing_wp_cron=1580136066.2964720726013183593750" "WordPress/5.3.2; https://www.naijadial.com/new"
78.159.99.208 - - [27/Jan/2020:09:41:06 -0500] "POST /new/wp-admin/admin-ajax.php HTTP/1.1" 200 16540 "https://www.naijadial.com/new/?page_id=1808&brizy-edit-iframe" "Mozilla/5.0 (Windows NT 6.3; Win64; x64) AppleWebKit/537.36 (KHTML, like Gecko) Chrome/79.0.3945.130 Safari/537.36"
78.159.99.208 - - [27/Jan/2020:09:41:08 -0500] "POST /new/wp-admin/admin-ajax.php HTTP/1.1" 200 98 "https://www.naijadial.com/new/wp-admin/post.php?post=100&action=edit" "Mozilla/5.0 (Windows NT 6.3; Win64; x64) AppleWebKit/537.36 (KHTML, like Gecko) Chrome/79.0.3945.130 Safari/537.36"
78.159.99.208 - - [27/Jan/2020:09:41:09 -0500] "POST /new/wp-admin/admin-ajax.php HTTP/1.1" 200 16537 "https://www.naijadial.com/new/?page_id=1808&brizy-edit-iframe" "Mozilla/5.0 (Windows NT 6.3; Win64; x64) AppleWebKit/537.36 (KHTML, like Gecko) Chrome/79.0.3945.130 Safari/537.36"
78.159.99.208 - - [27/Jan/2020:09:41:16 -0500] "POST /new/wp-admin/admin-ajax.php HTTP/1.1" 200 15578 "https://www.naijadial.com/new/?page_id=1808&brizy-edit-iframe" "Mozilla/5.0 (Windows NT 6.3; Win64; x64) AppleWebKit/537.36 (KHTML, like Gecko) Chrome/79.0.3945.130 Safari/537.36"
78.159.99.208 - - [27/Jan/2020:09:41:18 -0500] "POST /new/wp-admin/admin-ajax.php HTTP/1.1" 200 117 "https://www.naijadial.com/new/?page_id=1808&brizy-edit-iframe" "Mozilla/5.0 (Windows NT 6.3; Win64; x64) AppleWebKit/537.36 (KHTML, like Gecko) Chrome/79.0.3945.130 Safari/537.36"
78.159.99.208 - - [27/Jan/2020:09:41:23 -0500] "POST /new/wp-admin/admin-ajax.php HTTP/1.1" 200 15582 "https://www.naijadial.com/new/?page_id=1808&brizy-edit-iframe" "Mozilla/5.0 (Windows NT 6.3; Win64; x64) AppleWebKit/537.36 (KHTML, like Gecko) Chrome/79.0.3945.130 Safari/537.36"
78.159.99.208 - - [27/Jan/2020:09:41:28 -0500] "POST /new/wp-admin/admin-ajax.php HTTP/1.1" 200 117 "https://www.naijadial.com/new/?page_id=1808&brizy-edit-iframe" "Mozilla/5.0 (Windows NT 6.3; Win64; x64) AppleWebKit/537.36 (KHTML, like Gecko) Chrome/79.0.3945.130 Safari/537.36"
78.159.99.208 - - [27/Jan/2020:09:41:32 -0500] "POST /new/wp-admin/admin-ajax.php HTTP/1.1" 200 117 "https://www.naijadial.com/new/?page_id=1808&brizy-edit-iframe" "Mozilla/5.0 (Windows NT 6.3; Win64; x64) AppleWebKit/537.36 (KHTML, like Gecko) Chrome/79.0.3945.130 Safari/537.36"
78.159.99.208 - - [27/Jan/2020:09:41:39 -0500] "POST /new/wp-admin/admin-ajax.php HTTP/1.1" 200 15582 "https://www.naijadial.com/new/?page_id=1808&brizy-edit-iframe" "Mozilla/5.0 (Windows NT 6.3; Win64; x64) AppleWebKit/537.36 (KHTML, like Gecko) Chrome/79.0.3945.130 Safari/537.36"
78.159.99.208 - - [27/Jan/2020:09:41:39 -0500] "POST /new/wp-admin/admin-ajax.php HTTP/1.1" 200 117 "https://www.naijadial.com/new/?page_id=1808&brizy-edit-iframe" "Mozilla/5.0 (Windows NT 6.3; Win64; x64) AppleWebKit/537.36 (KHTML, like Gecko) Chrome/79.0.3945.130 Safari/537.36"
78.159.99.208 - - [27/Jan/2020:09:41:48 -0500] "POST /new/wp-admin/admin-ajax.php HTTP/1.1" 200 15489 "https://www.naijadial.com/new/?page_id=1808&brizy-edit-iframe" "Mozilla/5.0 (Windows NT 6.3; Win64; x64) AppleWebKit/537.36 (KHTML, like Gecko) Chrome/79.0.3945.130 Safari/537.36"
78.159.99.208 - - [27/Jan/2020:09:41:49 -0500] "POST /new/wp-admin/admin-ajax.php HTTP/1.1" 200 117 "https://www.naijadial.com/new/?page_id=1808&brizy-edit-iframe" "Mozilla/5.0 (Windows NT 6.3; Win64; x64) AppleWebKit/537.36 (KHTML, like Gecko) Chrome/79.0.3945.130 Safari/537.36"
198.54.125.95 - - [27/Jan/2020:09:42:05 -0500] "POST /new/wp-cron.php?doing_wp_cron=1580136125.8143088817596435546875 HTTP/1.1" 200 - "https://www.naijadial.com/new/wp-cron.php?doing_wp_cron=1580136125.8143088817596435546875" "WordPress/5.3.2; https://www.naijadial.com/new"
78.159.99.208 - - [27/Jan/2020:09:42:05 -0500] "POST /new/wp-admin/admin-ajax.php HTTP/1.1" 200 17110 "https://www.naijadial.com/new/?page_id=1808&brizy-edit-iframe" "Mozilla/5.0 (Windows NT 6.3; Win64; x64) AppleWebKit/537.36 (KHTML, like Gecko) Chrome/79.0.3945.130 Safari/537.36"
78.159.99.208 - - [27/Jan/2020:09:42:08 -0500] "POST /new/wp-admin/admin-ajax.php HTTP/1.1" 200 17110 "https://www.naijadial.com/new/?page_id=1808&brizy-edit-iframe" "Mozilla/5.0 (Windows NT 6.3; Win64; x64) AppleWebKit/537.36 (KHTML, like Gecko) Chrome/79.0.3945.130 Safari/537.36"
78.159.99.208 - - [27/Jan/2020:09:42:11 -0500] "POST /new/wp-admin/admin-ajax.php HTTP/1.1" 200 117 "https://www.naijadial.com/new/?page_id=1808&brizy-edit-iframe" "Mozilla/5.0 (Windows NT 6.3; Win64; x64) AppleWebKit/537.36 (KHTML, like Gecko) Chrome/79.0.3945.130 Safari/537.36"
78.159.99.208 - - [27/Jan/2020:09:42:12 -0500] "POST /new/wp-admin/admin-ajax.php HTTP/1.1" 200 17110 "https://www.naijadial.com/new/?page_id=1808&brizy-edit-iframe" "Mozilla/5.0 (Windows NT 6.3; Win64; x64) AppleWebKit/537.36 (KHTML, like Gecko) Chrome/79.0.3945.130 Safari/537.36"
78.159.99.208 - - [27/Jan/2020:09:42:16 -0500] "POST /new/wp-admin/admin-ajax.php HTTP/1.1" 200 47 "https://www.naijadial.com/new/wp-admin/themes.php?page=fw-settings" "Mozilla/5.0 (Windows NT 6.3; Win64; x64) AppleWebKit/537.36 (KHTML, like Gecko) Chrome/79.0.3945.130 Safari/537.36"
78.159.99.208 - - [27/Jan/2020:09:42:20 -0500] "POST /new/wp-admin/admin-ajax.php HTTP/1.1" 200 117 "https://www.naijadial.com/new/?page_id=1808&brizy-edit-iframe" "Mozilla/5.0 (Windows NT 6.3; Win64; x64) AppleWebKit/537.36 (KHTML, like Gecko) Chrome/79.0.3945.130 Safari/537.36"
78.159.99.208 - - [27/Jan/2020:09:42:29 -0500] "POST /new/wp-admin/admin-ajax.php HTTP/1.1" 200 15796 "https://www.naijadial.com/new/?page_id=1808&brizy-edit-iframe" "Mozilla/5.0 (Windows NT 6.3; Win64; x64) AppleWebKit/537.36 (KHTML, like Gecko) Chrome/79.0.3945.130 Safari/537.36"
78.159.99.208 - - [27/Jan/2020:09:42:30 -0500] "POST /new/wp-admin/admin-ajax.php HTTP/1.1" 200 16142 "https://www.naijadial.com/new/?page_id=1808&brizy-edit-iframe" "Mozilla/5.0 (Windows NT 6.3; Win64; x64) AppleWebKit/537.36 (KHTML, like Gecko) Chrome/79.0.3945.130 Safari/537.36"
78.159.99.208 - - [27/Jan/2020:09:42:34 -0500] "POST /new/wp-admin/admin-ajax.php HTTP/1.1" 200 117 "https://www.naijadial.com/new/?page_id=1808&brizy-edit-iframe" "Mozilla/5.0 (Windows NT 6.3; Win64; x64) AppleWebKit/537.36 (KHTML, like Gecko) Chrome/79.0.3945.130 Safari/537.36"
78.159.99.208 - - [27/Jan/2020:09:42:40 -0500] "POST /new/wp-admin/admin-ajax.php HTTP/1.1" 200 15796 "https://www.naijadial.com/new/?page_id=1808&brizy-edit-iframe" "Mozilla/5.0 (Windows NT 6.3; Win64; x64) AppleWebKit/537.36 (KHTML, like Gecko) Chrome/79.0.3945.130 Safari/537.36"
78.159.99.208 - - [27/Jan/2020:09:42:40 -0500] "POST /new/wp-admin/admin-ajax.php HTTP/1.1" 200 117 "https://www.naijadial.com/new/?page_id=1808&brizy-edit-iframe" "Mozilla/5.0 (Windows NT 6.3; Win64; x64) AppleWebKit/537.36 (KHTML, like Gecko) Chrome/79.0.3945.130 Safari/537.36"
78.159.99.208 - - [27/Jan/2020:09:42:43 -0500] "POST /new/wp-admin/admin-ajax.php HTTP/1.1" 200 17372 "https://www.naijadial.com/new/?page_id=1808&brizy-edit-iframe" "Mozilla/5.0 (Windows NT 6.3; Win64; x64) AppleWebKit/537.36 (KHTML, like Gecko) Chrome/79.0.3945.130 Safari/537.36"
78.159.99.208 - - [27/Jan/2020:09:42:46 -0500] "POST /new/wp-admin/admin-ajax.php HTTP/1.1" 200 17350 "https://www.naijadial.com/new/?page_id=1808&brizy-edit-iframe" "Mozilla/5.0 (Windows NT 6.3; Win64; x64) AppleWebKit/537.36 (KHTML, like Gecko) Chrome/79.0.3945.130 Safari/537.36"
