5.181.233.162 - - [27/Jan/2020:15:36:23 -0500] "POST /new/wp-admin/admin-ajax.php HTTP/1.1" 200 47 "https://www.naijadial.com/new/wp-admin/" "Mozilla/5.0 (Windows NT 6.3; Win64; x64) AppleWebKit/537.36 (KHTML, like Gecko) Chrome/79.0.3945.130 Safari/537.36"
198.54.125.95 - - [27/Jan/2020:15:36:48 -0500] "POST /wp-cron.php?doing_wp_cron=1580157408.7306089401245117187500 HTTP/1.1" 200 - "https://www.naijadial.com/wp-cron.php?doing_wp_cron=1580157408.7306089401245117187500" "WordPress/5.3.2; https://www.naijadial.com"
5.181.233.162 - - [27/Jan/2020:15:36:46 -0500] "GET / HTTP/1.1" 200 39798 "-" "Mozilla/5.0 (Windows NT 6.3; Win64; x64) AppleWebKit/537.36 (KHTML, like Gecko) Chrome/79.0.3945.130 Safari/537.36"
5.181.233.162 - - [27/Jan/2020:15:36:53 -0500] "GET / HTTP/1.1" 200 39796 "https://www.naijadial.com/" "Mozilla/5.0 (Windows NT 6.3; Win64; x64) AppleWebKit/537.36 (KHTML, like Gecko) Chrome/79.0.3945.130 Safari/537.36"
5.181.233.162 - - [27/Jan/2020:15:36:56 -0500] "GET /wp-admin/admin-ajax.php?action=quform_support_page_caching&token=LmcKB1R58Bj55iGtIIe3odI8RYNFYkvp1juIRn0V&forms%5B%5D=4cd88d HTTP/1.1" 200 97 "https://www.naijadial.com/" "Mozilla/5.0 (Windows NT 6.3; Win64; x64) AppleWebKit/537.36 (KHTML, like Gecko) Chrome/79.0.3945.130 Safari/537.36"
198.54.125.95 - - [27/Jan/2020:15:38:24 -0500] "POST /new/wp-cron.php?doing_wp_cron=1580157504.6935420036315917968750 HTTP/1.1" 200 - "https://www.naijadial.com/new/wp-cron.php?doing_wp_cron=1580157504.6935420036315917968750" "WordPress/5.3.2; https://www.naijadial.com/new"
5.181.233.162 - - [27/Jan/2020:15:38:24 -0500] "POST /new/wp-admin/admin-ajax.php HTTP/1.1" 200 47 "https://www.naijadial.com/new/wp-admin/" "Mozilla/5.0 (Windows NT 6.3; Win64; x64) AppleWebKit/537.36 (KHTML, like Gecko) Chrome/79.0.3945.130 Safari/537.36"
5.181.233.162 - - [27/Jan/2020:15:38:26 -0500] "GET /new/ HTTP/1.1" 200 23799 "-" "Mozilla/5.0 (Windows NT 6.3; Win64; x64) AppleWebKit/537.36 (KHTML, like Gecko) Chrome/79.0.3945.130 Safari/537.36"
5.181.233.162 - - [27/Jan/2020:15:38:28 -0500] "GET /new/wp-content/uploads/so-css/so-css-listingo.css?ver=1580144791 HTTP/1.1" 304 - "https://www.naijadial.com/new/" "Mozilla/5.0 (Windows NT 6.3; Win64; x64) AppleWebKit/537.36 (KHTML, like Gecko) Chrome/79.0.3945.130 Safari/537.36"
5.181.233.162 - - [27/Jan/2020:15:38:32 -0500] "GET /favicon.ico HTTP/1.1" 200 - "https://www.naijadial.com/new/" "Mozilla/5.0 (Windows NT 6.3; Win64; x64) AppleWebKit/537.36 (KHTML, like Gecko) Chrome/79.0.3945.130 Safari/537.36"
198.54.125.95 - - [27/Jan/2020:15:40:24 -0500] "POST /new/wp-cron.php?doing_wp_cron=1580157624.6506259441375732421875 HTTP/1.1" 200 - "https://www.naijadial.com/new/wp-cron.php?doing_wp_cron=1580157624.6506259441375732421875" "WordPress/5.3.2; https://www.naijadial.com/new"
5.181.233.162 - - [27/Jan/2020:15:40:24 -0500] "POST /new/wp-admin/admin-ajax.php HTTP/1.1" 200 47 "https://www.naijadial.com/new/wp-admin/" "Mozilla/5.0 (Windows NT 6.3; Win64; x64) AppleWebKit/537.36 (KHTML, like Gecko) Chrome/79.0.3945.130 Safari/537.36"
198.54.125.95 - - [27/Jan/2020:15:42:24 -0500] "POST /new/wp-cron.php?doing_wp_cron=1580157744.6479070186614990234375 HTTP/1.1" 200 - "https://www.naijadial.com/new/wp-cron.php?doing_wp_cron=1580157744.6479070186614990234375" "WordPress/5.3.2; https://www.naijadial.com/new"
5.181.233.162 - - [27/Jan/2020:15:42:24 -0500] "POST /new/wp-admin/admin-ajax.php HTTP/1.1" 200 47 "https://www.naijadial.com/new/wp-admin/" "Mozilla/5.0 (Windows NT 6.3; Win64; x64) AppleWebKit/537.36 (KHTML, like Gecko) Chrome/79.0.3945.130 Safari/537.36"
198.54.125.95 - - [27/Jan/2020:15:46:27 -0500] "POST /new/wp-cron.php?doing_wp_cron=1580157987.8030180931091308593750 HTTP/1.1" 200 - "https://www.naijadial.com/new/wp-cron.php?doing_wp_cron=1580157987.8030180931091308593750" "WordPress/5.3.2; https://www.naijadial.com/new"
5.181.233.162 - - [27/Jan/2020:15:46:25 -0500] "POST /new/wp-admin/admin-ajax.php HTTP/1.1" 200 47 "https://www.naijadial.com/new/wp-admin/" "Mozilla/5.0 (Windows NT 6.3; Win64; x64) AppleWebKit/537.36 (KHTML, like Gecko) Chrome/79.0.3945.130 Safari/537.36"
198.54.125.95 - - [27/Jan/2020:15:47:09 -0500] "POST /wp-cron.php?doing_wp_cron=1580158029.5658669471740722656250 HTTP/1.1" 200 - "https://www.naijadial.com/wp-cron.php?doing_wp_cron=1580158029.5658669471740722656250" "WordPress/5.3.2; http://www.naijadial.com"
114.119.129.119 - - [27/Jan/2020:15:47:08 -0500] "GET /wp-login.php?action=wordpress_social_authenticate&mode=login&provider=Twitter&redirect_to=https%3A%2F%2Fwww.naijadial.com%2Fproviders-category%2Fdelivery-service%2F HTTP/1.1" 200 690 "-" "Mozilla/5.0(Linux;Android 5.1.1;OPPO A33 Build/LMY47V;wv) AppleWebKit/537.36(KHTML,link Gecko) Version/4.0 Chrome/42.0.2311.138 Mobile Safari/537.36 Mb2345Browser/9.0"
198.54.125.95 - - [27/Jan/2020:15:47:55 -0500] "POST /new/wp-cron.php?doing_wp_cron=1580158075.8410630226135253906250 HTTP/1.1" 200 - "https://www.naijadial.com/new/wp-cron.php?doing_wp_cron=1580158075.8410630226135253906250" "WordPress/5.3.2; https://www.naijadial.com/new"
66.102.8.139 - - [27/Jan/2020:15:47:55 -0500] "GET /new/ad/need-a-website/ HTTP/1.1" 200 16864 "-" "Mozilla/5.0 (Windows NT 6.1; Win64; x64) AppleWebKit/537.36 (KHTML, like Gecko) Chrome/79.0.3945.88 Safari/537.36"
66.102.8.139 - - [27/Jan/2020:15:47:56 -0500] "GET /new/wp-content/plugins/vc-extensions-bundle/css/admin_icon.css?ver=5.3.2 HTTP/1.1" 200 1139 "https://www.naijadial.com/new/ad/need-a-website/" "Mozilla/5.0 (Windows NT 6.1; Win64; x64) AppleWebKit/537.36 (KHTML, like Gecko) Chrome/79.0.3945.88 Safari/537.36"
66.102.8.139 - - [27/Jan/2020:15:47:57 -0500] "GET /new/wp-content/themes/listingo/style.css?ver=3.2.2 HTTP/1.1" 200 61862 "https://www.naijadial.com/new/ad/need-a-website/" "Mozilla/5.0 (Windows NT 6.1; Win64; x64) AppleWebKit/537.36 (KHTML, like Gecko) Chrome/79.0.3945.88 Safari/537.36"
66.102.8.139 - - [27/Jan/2020:15:47:57 -0500] "GET /new/wp-content/plugins/unyson/framework/extensions/breadcrumbs/static/css/style.css?ver=5.3.2 HTTP/1.1" 200 133 "https://www.naijadial.com/new/ad/need-a-website/" "Mozilla/5.0 (Windows NT 6.1; Win64; x64) AppleWebKit/537.36 (KHTML, like Gecko) Chrome/79.0.3945.88 Safari/537.36"
66.102.8.139 - - [27/Jan/2020:15:47:57 -0500] "GET /new/wp-content/plugins/woocommerce/assets/css/woocommerce-layout.css?ver=3.9.0 HTTP/1.1" 200 2482 "https://www.naijadial.com/new/ad/need-a-website/" "Mozilla/5.0 (Windows NT 6.1; Win64; x64) AppleWebKit/537.36 (KHTML, like Gecko) Chrome/79.0.3945.88 Safari/537.36"
66.102.8.139 - - [27/Jan/2020:15:47:57 -0500] "GET /new/wp-content/plugins/bbp-style-pack/css/bspstyle.css?ver=4.3.8 HTTP/1.1" 200 2657 "https://www.naijadial.com/new/ad/need-a-website/" "Mozilla/5.0 (Windows NT 6.1; Win64; x64) AppleWebKit/537.36 (KHTML, like Gecko) Chrome/79.0.3945.88 Safari/537.36"
66.102.8.143 - - [27/Jan/2020:15:47:57 -0500] "GET /new/wp-content/plugins/js_composer/assets/lib/bower/font-awesome/css/font-awesome.min.css?ver=6.0.5 HTTP/1.1" 200 6970 "https://www.naijadial.com/new/ad/need-a-website/" "Mozilla/5.0 (Windows NT 6.1; Win64; x64) AppleWebKit/537.36 (KHTML, like Gecko) Chrome/79.0.3945.88 Safari/537.36"
66.102.8.141 - - [27/Jan/2020:15:47:57 -0500] "GET /new/wp-content/plugins/unyson/framework/extensions/builder/static/css/frontend-grid.css?ver=1.2.11 HTTP/1.1" 200 1961 "https://www.naijadial.com/new/ad/need-a-website/" "Mozilla/5.0 (Windows NT 6.1; Win64; x64) AppleWebKit/537.36 (KHTML, like Gecko) Chrome/79.0.3945.88 Safari/537.36"
66.102.8.141 - - [27/Jan/2020:15:47:57 -0500] "GET /new/wp-content/plugins/gd-bbpress-toolbox/templates/default/css/widgets.min.css?ver=5.2.1.712 HTTP/1.1" 200 517 "https://www.naijadial.com/new/ad/need-a-website/" "Mozilla/5.0 (Windows NT 6.1; Win64; x64) AppleWebKit/537.36 (KHTML, like Gecko) Chrome/79.0.3945.88 Safari/537.36"
66.102.8.139 - - [27/Jan/2020:15:47:57 -0500] "GET /new/wp-content/themes/listingo/css/normalize.css?ver=3.2.2 HTTP/1.1" 200 867 "https://www.naijadial.com/new/ad/need-a-website/" "Mozilla/5.0 (Windows NT 6.1; Win64; x64) AppleWebKit/537.36 (KHTML, like Gecko) Chrome/79.0.3945.88 Safari/537.36"
66.102.8.143 - - [27/Jan/2020:15:47:57 -0500] "GET /new/wp-content/themes/listingo/css/datetimepicker.css?ver=3.2.2 HTTP/1.1" 200 4503 "https://www.naijadial.com/new/ad/need-a-website/" "Mozilla/5.0 (Windows NT 6.1; Win64; x64) AppleWebKit/537.36 (KHTML, like Gecko) Chrome/79.0.3945.88 Safari/537.36"
66.102.8.141 - - [27/Jan/2020:15:47:57 -0500] "GET /new/wp-content/themes/listingo/css/owl.theme.default.min.css?ver=3.2.2 HTTP/1.1" 200 366 "https://www.naijadial.com/new/ad/need-a-website/" "Mozilla/5.0 (Windows NT 6.1; Win64; x64) AppleWebKit/537.36 (KHTML, like Gecko) Chrome/79.0.3945.88 Safari/537.36"
66.102.8.141 - - [27/Jan/2020:15:47:57 -0500] "GET /new/wp-content/themes/listingo/css/jquery-ui.css?ver=3.2.2 HTTP/1.1" 200 7036 "https://www.naijadial.com/new/ad/need-a-website/" "Mozilla/5.0 (Windows NT 6.1; Win64; x64) AppleWebKit/537.36 (KHTML, like Gecko) Chrome/79.0.3945.88 Safari/537.36"
66.102.8.139 - - [27/Jan/2020:15:47:57 -0500] "GET /new/wp-content/plugins/revslider/public/assets/css/rs6.css?ver=6.0.7 HTTP/1.1" 200 11700 "https://www.naijadial.com/new/ad/need-a-website/" "Mozilla/5.0 (Windows NT 6.1; Win64; x64) AppleWebKit/537.36 (KHTML, like Gecko) Chrome/79.0.3945.88 Safari/537.36"
66.102.8.143 - - [27/Jan/2020:15:47:57 -0500] "GET /new/wp-content/plugins/mega-addons-for-visual-composer/css/ihover.css?ver=5.3.2 HTTP/1.1" 200 77665 "https://www.naijadial.com/new/ad/need-a-website/" "Mozilla/5.0 (Windows NT 6.1; Win64; x64) AppleWebKit/537.36 (KHTML, like Gecko) Chrome/79.0.3945.88 Safari/537.36"
66.102.8.141 - - [27/Jan/2020:15:47:57 -0500] "GET /new/wp-content/themes/listingo/css/linearicons.css?ver=3.2.2 HTTP/1.1" 200 1610 "https://www.naijadial.com/new/ad/need-a-website/" "Mozilla/5.0 (Windows NT 6.1; Win64; x64) AppleWebKit/537.36 (KHTML, like Gecko) Chrome/79.0.3945.88 Safari/537.36"
66.102.8.143 - - [27/Jan/2020:15:47:57 -0500] "GET /new/wp-content/themes/listingo/css/scrollbar.css?ver=3.2.2 HTTP/1.1" 200 4060 "https://www.naijadial.com/new/ad/need-a-website/" "Mozilla/5.0 (Windows NT 6.1; Win64; x64) AppleWebKit/537.36 (KHTML, like Gecko) Chrome/79.0.3945.88 Safari/537.36"
66.102.8.143 - - [27/Jan/2020:15:47:57 -0500] "GET /new/wp-content/plugins/woocommerce/assets/css/woocommerce.css?ver=3.9.0 HTTP/1.1" 200 8820 "https://www.naijadial.com/new/ad/need-a-website/" "Mozilla/5.0 (Windows NT 6.1; Win64; x64) AppleWebKit/537.36 (KHTML, like Gecko) Chrome/79.0.3945.88 Safari/537.36"
66.102.8.141 - - [27/Jan/2020:15:47:57 -0500] "GET /new/wp-content/plugins/contact-form-7/includes/css/styles.css?ver=5.1.6 HTTP/1.1" 200 649 "https://www.naijadial.com/new/ad/need-a-website/" "Mozilla/5.0 (Windows NT 6.1; Win64; x64) AppleWebKit/537.36 (KHTML, like Gecko) Chrome/79.0.3945.88 Safari/537.36"
66.102.8.139 - - [27/Jan/2020:15:47:57 -0500] "GET /new/wp-content/themes/listingo/css/bootstrap.min.css?ver=3.2.2 HTTP/1.1" 200 19749 "https://www.naijadial.com/new/ad/need-a-website/" "Mozilla/5.0 (Windows NT 6.1; Win64; x64) AppleWebKit/537.36 (KHTML, like Gecko) Chrome/79.0.3945.88 Safari/537.36"
66.102.8.139 - - [27/Jan/2020:15:47:57 -0500] "GET /new/wp-includes/css/dashicons.min.css?ver=5.3.2 HTTP/1.1" 200 28481 "https://www.naijadial.com/new/ad/need-a-website/" "Mozilla/5.0 (Windows NT 6.1; Win64; x64) AppleWebKit/537.36 (KHTML, like Gecko) Chrome/79.0.3945.88 Safari/537.36"
66.102.8.139 - - [27/Jan/2020:15:47:57 -0500] "GET /new/wp-content/themes/listingo/css/jquery.countdown.css?ver=3.2.2 HTTP/1.1" 200 472 "https://www.naijadial.com/new/ad/need-a-website/" "Mozilla/5.0 (Windows NT 6.1; Win64; x64) AppleWebKit/537.36 (KHTML, like Gecko) Chrome/79.0.3945.88 Safari/537.36"
66.102.8.139 - - [27/Jan/2020:15:47:57 -0500] "GET /new/wp-content/plugins/woocommerce/packages/woocommerce-blocks/build/style.css?ver=2.5.11 HTTP/1.1" 200 8221 "https://www.naijadial.com/new/ad/need-a-website/" "Mozilla/5.0 (Windows NT 6.1; Win64; x64) AppleWebKit/537.36 (KHTML, like Gecko) Chrome/79.0.3945.88 Safari/537.36"
66.102.8.139 - - [27/Jan/2020:15:47:57 -0500] "GET /new/wp-content/plugins/bbpress/templates/default/css/bbpress.min.css?ver=2.6.3 HTTP/1.1" 200 5241 "https://www.naijadial.com/new/ad/need-a-website/" "Mozilla/5.0 (Windows NT 6.1; Win64; x64) AppleWebKit/537.36 (KHTML, like Gecko) Chrome/79.0.3945.88 Safari/537.36"
66.102.8.141 - - [27/Jan/2020:15:47:57 -0500] "GET /new/wp-content/themes/listingo/css/owl.carousel.min.css?ver=3.2.2 HTTP/1.1" 200 834 "https://www.naijadial.com/new/ad/need-a-website/" "Mozilla/5.0 (Windows NT 6.1; Win64; x64) AppleWebKit/537.36 (KHTML, like Gecko) Chrome/79.0.3945.88 Safari/537.36"
66.102.8.143 - - [27/Jan/2020:15:47:57 -0500] "GET /new/wp-includes/css/dist/block-library/style.min.css?ver=5.3.2 HTTP/1.1" 200 6163 "https://www.naijadial.com/new/ad/need-a-website/" "Mozilla/5.0 (Windows NT 6.1; Win64; x64) AppleWebKit/537.36 (KHTML, like Gecko) Chrome/79.0.3945.88 Safari/537.36"
66.102.8.139 - - [27/Jan/2020:15:47:57 -0500] "GET /new/wp-content/plugins/mega-addons-for-visual-composer/css/style.css?ver=5.3.2 HTTP/1.1" 200 601 "https://www.naijadial.com/new/ad/need-a-website/" "Mozilla/5.0 (Windows NT 6.1; Win64; x64) AppleWebKit/537.36 (KHTML, like Gecko) Chrome/79.0.3945.88 Safari/537.36"
66.102.8.143 - - [27/Jan/2020:15:47:57 -0500] "GET /new/wp-content/themes/listingo/css/chosen.css?ver=3.2.2 HTTP/1.1" 200 2142 "https://www.naijadial.com/new/ad/need-a-website/" "Mozilla/5.0 (Windows NT 6.1; Win64; x64) AppleWebKit/537.36 (KHTML, like Gecko) Chrome/79.0.3945.88 Safari/537.36"
66.102.8.143 - - [27/Jan/2020:15:47:57 -0500] "GET /new/wp-content/themes/listingo/css/transitions.css?ver=3.2.2 HTTP/1.1" 200 1476 "https://www.naijadial.com/new/ad/need-a-website/" "Mozilla/5.0 (Windows NT 6.1; Win64; x64) AppleWebKit/537.36 (KHTML, like Gecko) Chrome/79.0.3945.88 Safari/537.36"
66.102.8.143 - - [27/Jan/2020:15:47:57 -0500] "GET /new/wp-content/plugins/mega-addons-for-visual-composer/css/font-awesome/css/font-awesome.css?ver=5.3.2 HTTP/1.1" 200 7439 "https://www.naijadial.com/new/ad/need-a-website/" "Mozilla/5.0 (Windows NT 6.1; Win64; x64) AppleWebKit/537.36 (KHTML, like Gecko) Chrome/79.0.3945.88 Safari/537.36"
66.102.8.143 - - [27/Jan/2020:15:47:57 -0500] "GET /new/wp-content/plugins/unyson/framework/extensions/forms/static/css/frontend.css?ver=2.7.22 HTTP/1.1" 200 1645 "https://www.naijadial.com/new/ad/need-a-website/" "Mozilla/5.0 (Windows NT 6.1; Win64; x64) AppleWebKit/537.36 (KHTML, like Gecko) Chrome/79.0.3945.88 Safari/537.36"
66.102.8.141 - - [27/Jan/2020:15:47:57 -0500] "GET /new/wp-content/themes/listingo/css/prettyPhoto.css?ver=3.2.2 HTTP/1.1" 200 2777 "https://www.naijadial.com/new/ad/need-a-website/" "Mozilla/5.0 (Windows NT 6.1; Win64; x64) AppleWebKit/537.36 (KHTML, like Gecko) Chrome/79.0.3945.88 Safari/537.36"
66.102.8.143 - - [27/Jan/2020:15:47:57 -0500] "GET /new/wp-content/themes/listingo/css/chat_module.css?ver=3.2.2 HTTP/1.1" 200 3839 "https://www.naijadial.com/new/ad/need-a-website/" "Mozilla/5.0 (Windows NT 6.1; Win64; x64) AppleWebKit/537.36 (KHTML, like Gecko) Chrome/79.0.3945.88 Safari/537.36"
66.102.8.143 - - [27/Jan/2020:15:47:57 -0500] "GET /new/wp-content/themes/listingo/css/color.css?ver=3.2.2 HTTP/1.1" 200 2884 "https://www.naijadial.com/new/ad/need-a-website/" "Mozilla/5.0 (Windows NT 6.1; Win64; x64) AppleWebKit/537.36 (KHTML, like Gecko) Chrome/79.0.3945.88 Safari/537.36"
66.102.8.139 - - [27/Jan/2020:15:47:57 -0500] "GET /new/wp-content/plugins/unyson/framework/static/libs/entypo/css/entypo.css?ver=2.7.22 HTTP/1.1" 200 3542 "https://www.naijadial.com/new/ad/need-a-website/" "Mozilla/5.0 (Windows NT 6.1; Win64; x64) AppleWebKit/537.36 (KHTML, like Gecko) Chrome/79.0.3945.88 Safari/537.36"
66.102.8.139 - - [27/Jan/2020:15:47:57 -0500] "GET /new/wp-content/themes/listingo/css/responsive.css?ver=3.2.2 HTTP/1.1" 200 12539 "https://www.naijadial.com/new/ad/need-a-website/" "Mozilla/5.0 (Windows NT 6.1; Win64; x64) AppleWebKit/537.36 (KHTML, like Gecko) Chrome/79.0.3945.88 Safari/537.36"
66.102.8.139 - - [27/Jan/2020:15:47:57 -0500] "GET /new/wp-content/plugins/unyson/framework/static/libs/unycon/unycon.css?ver=2.7.22 HTTP/1.1" 200 6088 "https://www.naijadial.com/new/ad/need-a-website/" "Mozilla/5.0 (Windows NT 6.1; Win64; x64) AppleWebKit/537.36 (KHTML, like Gecko) Chrome/79.0.3945.88 Safari/537.36"
66.102.8.143 - - [27/Jan/2020:15:47:57 -0500] "GET /new/wp-includes/js/jquery/jquery-migrate.min.js?ver=1.4.1 HTTP/1.1" 200 4014 "https://www.naijadial.com/new/ad/need-a-website/" "Mozilla/5.0 (Windows NT 6.1; Win64; x64) AppleWebKit/537.36 (KHTML, like Gecko) Chrome/79.0.3945.88 Safari/537.36"
66.102.8.141 - - [27/Jan/2020:15:47:57 -0500] "GET /new/wp-includes/js/jquery/ui/core.min.js?ver=1.11.4 HTTP/1.1" 200 1813 "https://www.naijadial.com/new/ad/need-a-website/" "Mozilla/5.0 (Windows NT 6.1; Win64; x64) AppleWebKit/537.36 (KHTML, like Gecko) Chrome/79.0.3945.88 Safari/537.36"
66.102.8.139 - - [27/Jan/2020:15:47:57 -0500] "GET /new/wp-includes/js/jquery/jquery.js?ver=1.12.4-wp HTTP/1.1" 200 33776 "https://www.naijadial.com/new/ad/need-a-website/" "Mozilla/5.0 (Windows NT 6.1; Win64; x64) AppleWebKit/537.36 (KHTML, like Gecko) Chrome/79.0.3945.88 Safari/537.36"
66.102.8.143 - - [27/Jan/2020:15:47:57 -0500] "GET /new/wp-content/plugins/mega-addons-for-visual-composer/js/script.js?ver=5.3.2 HTTP/1.1" 200 1017 "https://www.naijadial.com/new/ad/need-a-website/" "Mozilla/5.0 (Windows NT 6.1; Win64; x64) AppleWebKit/537.36 (KHTML, like Gecko) Chrome/79.0.3945.88 Safari/537.36"
66.102.8.139 - - [27/Jan/2020:15:47:57 -0500] "GET /new/wp-content/plugins/woocommerce/assets/js/frontend/add-to-cart.min.js?ver=3.9.0 HTTP/1.1" 200 1017 "https://www.naijadial.com/new/ad/need-a-website/" "Mozilla/5.0 (Windows NT 6.1; Win64; x64) AppleWebKit/537.36 (KHTML, like Gecko) Chrome/79.0.3945.88 Safari/537.36"
66.102.8.139 - - [27/Jan/2020:15:47:57 -0500] "GET /new/wp-includes/js/jquery/ui/datepicker.min.js?ver=1.11.4 HTTP/1.1" 200 10865 "https://www.naijadial.com/new/ad/need-a-website/" "Mozilla/5.0 (Windows NT 6.1; Win64; x64) AppleWebKit/537.36 (KHTML, like Gecko) Chrome/79.0.3945.88 Safari/537.36"
66.102.8.143 - - [27/Jan/2020:15:47:57 -0500] "GET /new/wp-content/plugins/revslider/public/assets/js/revolution.tools.min.js?ver=6.0 HTTP/1.1" 200 50582 "https://www.naijadial.com/new/ad/need-a-website/" "Mozilla/5.0 (Windows NT 6.1; Win64; x64) AppleWebKit/537.36 (KHTML, like Gecko) Chrome/79.0.3945.88 Safari/537.36"
66.102.8.143 - - [27/Jan/2020:15:47:57 -0500] "GET /new/wp-content/plugins/woocommerce/assets/js/jquery-blockui/jquery.blockUI.min.js?ver=2.70 HTTP/1.1" 200 3533 "https://www.naijadial.com/new/ad/need-a-website/" "Mozilla/5.0 (Windows NT 6.1; Win64; x64) AppleWebKit/537.36 (KHTML, like Gecko) Chrome/79.0.3945.88 Safari/537.36"
66.102.8.139 - - [27/Jan/2020:15:47:57 -0500] "GET /new/wp-includes/js/jquery/ui/mouse.min.js?ver=1.11.4 HTTP/1.1" 200 992 "https://www.naijadial.com/new/ad/need-a-website/" "Mozilla/5.0 (Windows NT 6.1; Win64; x64) AppleWebKit/537.36 (KHTML, like Gecko) Chrome/79.0.3945.88 Safari/537.36"
66.102.8.139 - - [27/Jan/2020:15:47:57 -0500] "GET /new/wp-includes/js/jquery/ui/sortable.min.js?ver=1.11.4 HTTP/1.1" 200 6452 "https://www.naijadial.com/new/ad/need-a-website/" "Mozilla/5.0 (Windows NT 6.1; Win64; x64) AppleWebKit/537.36 (KHTML, like Gecko) Chrome/79.0.3945.88 Safari/537.36"
66.102.8.141 - - [27/Jan/2020:15:47:57 -0500] "GET /new/wp-includes/js/wp-util.min.js?ver=5.3.2 HTTP/1.1" 200 565 "https://www.naijadial.com/new/ad/need-a-website/" "Mozilla/5.0 (Windows NT 6.1; Win64; x64) AppleWebKit/537.36 (KHTML, like Gecko) Chrome/79.0.3945.88 Safari/537.36"
66.102.8.139 - - [27/Jan/2020:15:47:57 -0500] "GET /new/wp-includes/js/underscore.min.js?ver=1.8.3 HTTP/1.1" 200 5676 "https://www.naijadial.com/new/ad/need-a-website/" "Mozilla/5.0 (Windows NT 6.1; Win64; x64) AppleWebKit/537.36 (KHTML, like Gecko) Chrome/79.0.3945.88 Safari/537.36"
66.102.8.143 - - [27/Jan/2020:15:47:57 -0500] "GET /new/wp-content/themes/listingo/js/chosen.jquery.js?ver=3.2.2 HTTP/1.1" 200 7411 "https://www.naijadial.com/new/ad/need-a-website/" "Mozilla/5.0 (Windows NT 6.1; Win64; x64) AppleWebKit/537.36 (KHTML, like Gecko) Chrome/79.0.3945.88 Safari/537.36"
66.102.8.141 - - [27/Jan/2020:15:47:57 -0500] "GET /new/wp-content/themes/listingo/js/parallax.js?ver=5.3.2 HTTP/1.1" 200 2230 "https://www.naijadial.com/new/ad/need-a-website/" "Mozilla/5.0 (Windows NT 6.1; Win64; x64) AppleWebKit/537.36 (KHTML, like Gecko) Chrome/79.0.3945.88 Safari/537.36"
66.102.8.143 - - [27/Jan/2020:15:47:57 -0500] "GET /new/wp-content/themes/listingo/js/jRate.js?ver=5.3.2 HTTP/1.1" 200 4904 "https://www.naijadial.com/new/ad/need-a-website/" "Mozilla/5.0 (Windows NT 6.1; Win64; x64) AppleWebKit/537.36 (KHTML, like Gecko) Chrome/79.0.3945.88 Safari/537.36"
66.102.8.139 - - [27/Jan/2020:15:47:57 -0500] "GET /new/wp-content/themes/listingo/js/maps/gmaps.js?ver=3.2.2 HTTP/1.1" 200 2860 "https://www.naijadial.com/new/ad/need-a-website/" "Mozilla/5.0 (Windows NT 6.1; Win64; x64) AppleWebKit/537.36 (KHTML, like Gecko) Chrome/79.0.3945.88 Safari/537.36"
66.102.8.141 - - [27/Jan/2020:15:47:57 -0500] "GET /new/wp-content/themes/listingo/js/readmore.js?ver=3.2.2 HTTP/1.1" 200 1946 "https://www.naijadial.com/new/ad/need-a-website/" "Mozilla/5.0 (Windows NT 6.1; Win64; x64) AppleWebKit/537.36 (KHTML, like Gecko) Chrome/79.0.3945.88 Safari/537.36"
66.102.8.139 - - [27/Jan/2020:15:47:57 -0500] "GET /new/wp-includes/js/comment-reply.min.js?ver=5.3.2 HTTP/1.1" 200 1131 "https://www.naijadial.com/new/ad/need-a-website/" "Mozilla/5.0 (Windows NT 6.1; Win64; x64) AppleWebKit/537.36 (KHTML, like Gecko) Chrome/79.0.3945.88 Safari/537.36"
66.102.8.139 - - [27/Jan/2020:15:47:57 -0500] "GET /new/wp-includes/js/wp-embed.min.js?ver=5.3.2 HTTP/1.1" 200 740 "https://www.naijadial.com/new/ad/need-a-website/" "Mozilla/5.0 (Windows NT 6.1; Win64; x64) AppleWebKit/537.36 (KHTML, like Gecko) Chrome/79.0.3945.88 Safari/537.36"
66.102.8.139 - - [27/Jan/2020:15:47:57 -0500] "GET /new/wp-includes/js/wp-emoji-release.min.js?ver=5.3.2 HTTP/1.1" 200 4626 "https://www.naijadial.com/new/ad/need-a-website/" "Mozilla/5.0 (Windows NT 6.1; Win64; x64) AppleWebKit/537.36 (KHTML, like Gecko) Chrome/79.0.3945.88 Safari/537.36"
66.102.8.139 - - [27/Jan/2020:15:47:57 -0500] "GET /new/wp-content/plugins/woocommerce/assets/css/woocommerce-smallscreen.css?ver=3.9.0 HTTP/1.1" 200 1055 "https://www.naijadial.com/new/ad/need-a-website/" "Mozilla/5.0 (Windows NT 6.1; Win64; x64) AppleWebKit/537.36 (KHTML, like Gecko) Chrome/79.0.3945.88 Safari/537.36"
66.102.8.139 - - [27/Jan/2020:15:47:57 -0500] "GET /new/wp-content/plugins/akismet/_inc/form.js?ver=4.1.3 HTTP/1.1" 200 318 "https://www.naijadial.com/new/ad/need-a-website/" "Mozilla/5.0 (Windows NT 6.1; Win64; x64) AppleWebKit/537.36 (KHTML, like Gecko) Chrome/79.0.3945.88 Safari/537.36"
66.102.8.143 - - [27/Jan/2020:15:47:57 -0500] "GET /new/wp-content/uploads/2019/12/NaijaDial-Logo.png HTTP/1.1" 200 7732 "https://www.naijadial.com/new/ad/need-a-website/" "Mozilla/5.0 (Windows NT 6.1; Win64; x64) AppleWebKit/537.36 (KHTML, like Gecko) Chrome/79.0.3945.88 Safari/537.36"
66.102.8.139 - - [27/Jan/2020:15:47:57 -0500] "GET /new/wp-content/uploads/2020/01/NaijaDial-Logo.png HTTP/1.1" 200 6768 "https://www.naijadial.com/new/ad/need-a-website/" "Mozilla/5.0 (Windows NT 6.1; Win64; x64) AppleWebKit/537.36 (KHTML, like Gecko) Chrome/79.0.3945.88 Safari/537.36"
66.102.8.141 - - [27/Jan/2020:15:47:57 -0500] "GET /new/wp-content/themes/listingo/js/vendor/modernizr-2.8.3-respond-1.4.2.min.js?ver=3.2.2 HTTP/1.1" 200 8187 "https://www.naijadial.com/new/ad/need-a-website/" "Mozilla/5.0 (Windows NT 6.1; Win64; x64) AppleWebKit/537.36 (KHTML, like Gecko) Chrome/79.0.3945.88 Safari/537.36"
66.102.8.139 - - [27/Jan/2020:15:47:57 -0500] "GET /new/wp-content/uploads/2020/01/responsive-web-design-480x380.png HTTP/1.1" 200 134686 "https://www.naijadial.com/new/ad/need-a-website/" "Mozilla/5.0 (Windows NT 6.1; Win64; x64) AppleWebKit/537.36 (KHTML, like Gecko) Chrome/79.0.3945.88 Safari/537.36"
66.102.8.141 - - [27/Jan/2020:15:47:57 -0500] "GET /new/wp-content/uploads/2020/01/Matican-Logo.png HTTP/1.1" 200 21479 "https://www.naijadial.com/new/ad/need-a-website/" "Mozilla/5.0 (Windows NT 6.1; Win64; x64) AppleWebKit/537.36 (KHTML, like Gecko) Chrome/79.0.3945.88 Safari/537.36"
66.102.8.141 - - [27/Jan/2020:15:47:57 -0500] "GET /new/wp-content/themes/listingo/js/countTo.js?ver=5.3.2 HTTP/1.1" 200 725 "https://www.naijadial.com/new/ad/need-a-website/" "Mozilla/5.0 (Windows NT 6.1; Win64; x64) AppleWebKit/537.36 (KHTML, like Gecko) Chrome/79.0.3945.88 Safari/537.36"
66.102.8.143 - - [27/Jan/2020:15:47:57 -0500] "GET /new/wp-content/plugins/unyson/framework/static/libs/lnr/css/lnr.css?ver=2.7.22 HTTP/1.1" 200 1660 "https://www.naijadial.com/new/ad/need-a-website/" "Mozilla/5.0 (Windows NT 6.1; Win64; x64) AppleWebKit/537.36 (KHTML, like Gecko) Chrome/79.0.3945.88 Safari/537.36"
66.102.8.143 - - [27/Jan/2020:15:47:57 -0500] "GET /new/wp-content/plugins/unyson/framework/static/libs/typcn/css/typcn.css?ver=2.7.22 HTTP/1.1" 200 3998 "https://www.naijadial.com/new/ad/need-a-website/" "Mozilla/5.0 (Windows NT 6.1; Win64; x64) AppleWebKit/537.36 (KHTML, like Gecko) Chrome/79.0.3945.88 Safari/537.36"
66.102.8.143 - - [27/Jan/2020:15:47:57 -0500] "GET /new/wp-content/themes/listingo/css/typo.css?ver=3.2.2 HTTP/1.1" 200 3322 "https://www.naijadial.com/new/ad/need-a-website/" "Mozilla/5.0 (Windows NT 6.1; Win64; x64) AppleWebKit/537.36 (KHTML, like Gecko) Chrome/79.0.3945.88 Safari/537.36"
66.102.8.143 - - [27/Jan/2020:15:47:57 -0500] "GET /new/wp-content/themes/listingo/js/appear.js?ver=5.3.2 HTTP/1.1" 200 714 "https://www.naijadial.com/new/ad/need-a-website/" "Mozilla/5.0 (Windows NT 6.1; Win64; x64) AppleWebKit/537.36 (KHTML, like Gecko) Chrome/79.0.3945.88 Safari/537.36"
66.102.8.143 - - [27/Jan/2020:15:47:57 -0500] "GET /new/wp-content/uploads/so-css/so-css-listingo.css?ver=1580144791 HTTP/1.1" 200 1074 "https://www.naijadial.com/new/ad/need-a-website/" "Mozilla/5.0 (Windows NT 6.1; Win64; x64) AppleWebKit/537.36 (KHTML, like Gecko) Chrome/79.0.3945.88 Safari/537.36"
66.102.8.141 - - [27/Jan/2020:15:47:57 -0500] "GET /new/wp-includes/js/plupload/moxie.min.js?ver=1.3.5 HTTP/1.1" 200 27675 "https://www.naijadial.com/new/ad/need-a-website/" "Mozilla/5.0 (Windows NT 6.1; Win64; x64) AppleWebKit/537.36 (KHTML, like Gecko) Chrome/79.0.3945.88 Safari/537.36"
66.102.8.143 - - [27/Jan/2020:15:47:57 -0500] "GET /new/wp-content/plugins/unyson/framework/static/libs/font-awesome/css/font-awesome.min.css?ver=2.7.22 HTTP/1.1" 200 7053 "https://www.naijadial.com/new/ad/need-a-website/" "Mozilla/5.0 (Windows NT 6.1; Win64; x64) AppleWebKit/537.36 (KHTML, like Gecko) Chrome/79.0.3945.88 Safari/537.36"
66.102.8.143 - - [27/Jan/2020:15:47:57 -0500] "GET /new/wp-includes/js/plupload/plupload.min.js?ver=2.1.9 HTTP/1.1" 200 5597 "https://www.naijadial.com/new/ad/need-a-website/" "Mozilla/5.0 (Windows NT 6.1; Win64; x64) AppleWebKit/537.36 (KHTML, like Gecko) Chrome/79.0.3945.88 Safari/537.36"
66.102.8.143 - - [27/Jan/2020:15:47:57 -0500] "GET /new/wp-content/plugins/unyson/framework/static/libs/linecons/css/linecons.css?ver=2.7.22 HTTP/1.1" 200 56006 "https://www.naijadial.com/new/ad/need-a-website/" "Mozilla/5.0 (Windows NT 6.1; Win64; x64) AppleWebKit/537.36 (KHTML, like Gecko) Chrome/79.0.3945.88 Safari/537.36"
66.102.8.143 - - [27/Jan/2020:15:47:57 -0500] "GET /new/wp-content/plugins/woocommerce/assets/js/js-cookie/js.cookie.min.js?ver=2.1.4 HTTP/1.1" 200 981 "https://www.naijadial.com/new/ad/need-a-website/" "Mozilla/5.0 (Windows NT 6.1; Win64; x64) AppleWebKit/537.36 (KHTML, like Gecko) Chrome/79.0.3945.88 Safari/537.36"
66.102.8.143 - - [27/Jan/2020:15:47:57 -0500] "GET /new/wp-content/plugins/woocommerce/assets/js/frontend/woocommerce.min.js?ver=3.9.0 HTTP/1.1" 200 767 "https://www.naijadial.com/new/ad/need-a-website/" "Mozilla/5.0 (Windows NT 6.1; Win64; x64) AppleWebKit/537.36 (KHTML, like Gecko) Chrome/79.0.3945.88 Safari/537.36"
66.102.8.139 - - [27/Jan/2020:15:47:57 -0500] "GET /new/wp-content/plugins/contact-form-7/includes/js/scripts.js?ver=5.1.6 HTTP/1.1" 200 3993 "https://www.naijadial.com/new/ad/need-a-website/" "Mozilla/5.0 (Windows NT 6.1; Win64; x64) AppleWebKit/537.36 (KHTML, like Gecko) Chrome/79.0.3945.88 Safari/537.36"
66.102.8.139 - - [27/Jan/2020:15:47:57 -0500] "GET /new/wp-content/plugins/unyson/framework/static/js/fw-form-helpers.js?ver=5.3.2 HTTP/1.1" 200 2525 "https://www.naijadial.com/new/ad/need-a-website/" "Mozilla/5.0 (Windows NT 6.1; Win64; x64) AppleWebKit/537.36 (KHTML, like Gecko) Chrome/79.0.3945.88 Safari/537.36"
66.102.8.143 - - [27/Jan/2020:15:47:57 -0500] "GET /new/wp-content/plugins/js_composer/assets/js/vendors/woocommerce-add-to-cart.js?ver=6.0.5 HTTP/1.1" 200 374 "https://www.naijadial.com/new/ad/need-a-website/" "Mozilla/5.0 (Windows NT 6.1; Win64; x64) AppleWebKit/537.36 (KHTML, like Gecko) Chrome/79.0.3945.88 Safari/537.36"
66.102.8.141 - - [27/Jan/2020:15:47:57 -0500] "GET /new/wp-content/plugins/woocommerce/assets/js/frontend/cart-fragments.min.js?ver=3.9.0 HTTP/1.1" 200 1042 "https://www.naijadial.com/new/ad/need-a-website/" "Mozilla/5.0 (Windows NT 6.1; Win64; x64) AppleWebKit/537.36 (KHTML, like Gecko) Chrome/79.0.3945.88 Safari/537.36"
66.102.8.139 - - [27/Jan/2020:15:47:57 -0500] "GET /new/wp-includes/js/jquery/ui/slider.min.js?ver=1.11.4 HTTP/1.1" 200 3038 "https://www.naijadial.com/new/ad/need-a-website/" "Mozilla/5.0 (Windows NT 6.1; Win64; x64) AppleWebKit/537.36 (KHTML, like Gecko) Chrome/79.0.3945.88 Safari/537.36"
66.102.8.139 - - [27/Jan/2020:15:47:57 -0500] "GET /new/wp-content/themes/listingo/framework-customizations/extensions/ads/static/js/fw_ext_ads_callbacks.js?ver=1.0 HTTP/1.1" 200 3002 "https://www.naijadial.com/new/ad/need-a-website/" "Mozilla/5.0 (Windows NT 6.1; Win64; x64) AppleWebKit/537.36 (KHTML, like Gecko) Chrome/79.0.3945.88 Safari/537.36"
66.102.8.139 - - [27/Jan/2020:15:47:57 -0500] "GET /new/wp-content/themes/listingo/js/listingo_callbacks.js?ver=3.2.2 HTTP/1.1" 200 14766 "https://www.naijadial.com/new/ad/need-a-website/" "Mozilla/5.0 (Windows NT 6.1; Win64; x64) AppleWebKit/537.36 (KHTML, like Gecko) Chrome/79.0.3945.88 Safari/537.36"
66.102.8.143 - - [27/Jan/2020:15:47:57 -0500] "GET /new/wp-includes/js/jquery/ui/position.min.js?ver=1.11.4 HTTP/1.1" 200 2507 "https://www.naijadial.com/new/ad/need-a-website/" "Mozilla/5.0 (Windows NT 6.1; Win64; x64) AppleWebKit/537.36 (KHTML, like Gecko) Chrome/79.0.3945.88 Safari/537.36"
66.102.8.139 - - [27/Jan/2020:15:47:57 -0500] "GET /new/wp-includes/js/jquery/ui/widget.min.js?ver=1.11.4 HTTP/1.1" 200 2559 "https://www.naijadial.com/new/ad/need-a-website/" "Mozilla/5.0 (Windows NT 6.1; Win64; x64) AppleWebKit/537.36 (KHTML, like Gecko) Chrome/79.0.3945.88 Safari/537.36"
66.102.8.139 - - [27/Jan/2020:15:47:57 -0500] "GET /new/wp-content/themes/listingo/js/vendor/bootstrap.min.js?ver=3.2.2 HTTP/1.1" 200 9838 "https://www.naijadial.com/new/ad/need-a-website/" "Mozilla/5.0 (Windows NT 6.1; Win64; x64) AppleWebKit/537.36 (KHTML, like Gecko) Chrome/79.0.3945.88 Safari/537.36"
66.102.8.141 - - [27/Jan/2020:15:47:57 -0500] "GET /new/wp-includes/js/jquery/ui/menu.min.js?ver=1.11.4 HTTP/1.1" 200 2818 "https://www.naijadial.com/new/ad/need-a-website/" "Mozilla/5.0 (Windows NT 6.1; Win64; x64) AppleWebKit/537.36 (KHTML, like Gecko) Chrome/79.0.3945.88 Safari/537.36"
66.102.8.139 - - [27/Jan/2020:15:47:57 -0500] "GET /new/wp-content/themes/listingo/js/jquery.auto-complete.js?ver=3.2.2 HTTP/1.1" 200 1493 "https://www.naijadial.com/new/ad/need-a-website/" "Mozilla/5.0 (Windows NT 6.1; Win64; x64) AppleWebKit/537.36 (KHTML, like Gecko) Chrome/79.0.3945.88 Safari/537.36"
66.102.8.141 - - [27/Jan/2020:15:47:57 -0500] "GET /new/wp-includes/js/jquery/ui/autocomplete.min.js?ver=1.11.4 HTTP/1.1" 200 2780 "https://www.naijadial.com/new/ad/need-a-website/" "Mozilla/5.0 (Windows NT 6.1; Win64; x64) AppleWebKit/537.36 (KHTML, like Gecko) Chrome/79.0.3945.88 Safari/537.36"
66.102.8.141 - - [27/Jan/2020:15:47:57 -0500] "GET /new/wp-includes/js/dist/a11y.min.js?ver=2.5.1 HTTP/1.1" 200 1004 "https://www.naijadial.com/new/ad/need-a-website/" "Mozilla/5.0 (Windows NT 6.1; Win64; x64) AppleWebKit/537.36 (KHTML, like Gecko) Chrome/79.0.3945.88 Safari/537.36"
66.102.8.141 - - [27/Jan/2020:15:47:57 -0500] "GET /new/wp-content/themes/listingo/js/owl.carousel.min.js?ver=3.2.2 HTTP/1.1" 200 10584 "https://www.naijadial.com/new/ad/need-a-website/" "Mozilla/5.0 (Windows NT 6.1; Win64; x64) AppleWebKit/537.36 (KHTML, like Gecko) Chrome/79.0.3945.88 Safari/537.36"
66.102.8.143 - - [27/Jan/2020:15:47:57 -0500] "GET /new/wp-content/plugins/woocommerce/assets/js/prettyPhoto/jquery.prettyPhoto.min.js?ver=3.1.6 HTTP/1.1" 200 5851 "https://www.naijadial.com/new/ad/need-a-website/" "Mozilla/5.0 (Windows NT 6.1; Win64; x64) AppleWebKit/537.36 (KHTML, like Gecko) Chrome/79.0.3945.88 Safari/537.36"
66.102.8.139 - - [27/Jan/2020:15:47:57 -0500] "GET /new/wp-content/themes/listingo/js/jquery.countdown.js?ver=3.2.2 HTTP/1.1" 200 600 "https://www.naijadial.com/new/ad/need-a-website/" "Mozilla/5.0 (Windows NT 6.1; Win64; x64) AppleWebKit/537.36 (KHTML, like Gecko) Chrome/79.0.3945.88 Safari/537.36"
66.102.8.143 - - [27/Jan/2020:15:47:57 -0500] "GET /new/wp-includes/js/dist/vendor/wp-polyfill.min.js?ver=7.4.4 HTTP/1.1" 200 34060 "https://www.naijadial.com/new/ad/need-a-website/" "Mozilla/5.0 (Windows NT 6.1; Win64; x64) AppleWebKit/537.36 (KHTML, like Gecko) Chrome/79.0.3945.88 Safari/537.36"
66.102.8.143 - - [27/Jan/2020:15:47:57 -0500] "GET /new/wp-content/themes/listingo/js/scrollbar.min.js?ver=3.2.2 HTTP/1.1" 200 12947 "https://www.naijadial.com/new/ad/need-a-website/" "Mozilla/5.0 (Windows NT 6.1; Win64; x64) AppleWebKit/537.36 (KHTML, like Gecko) Chrome/79.0.3945.88 Safari/537.36"
66.102.8.139 - - [27/Jan/2020:15:47:57 -0500] "GET /new/wp-includes/js/dist/vendor/moment.min.js?ver=2.22.2 HTTP/1.1" 200 16804 "https://www.naijadial.com/new/ad/need-a-website/" "Mozilla/5.0 (Windows NT 6.1; Win64; x64) AppleWebKit/537.36 (KHTML, like Gecko) Chrome/79.0.3945.88 Safari/537.36"
66.102.8.141 - - [27/Jan/2020:15:47:57 -0500] "GET /new/wp-content/themes/listingo/js/gmap3.min.js?ver=5.3.2 HTTP/1.1" 200 8728 "https://www.naijadial.com/new/ad/need-a-website/" "Mozilla/5.0 (Windows NT 6.1; Win64; x64) AppleWebKit/537.36 (KHTML, like Gecko) Chrome/79.0.3945.88 Safari/537.36"
66.102.8.143 - - [27/Jan/2020:15:47:57 -0500] "GET /new/wp-includes/js/dist/dom-ready.min.js?ver=2.5.1 HTTP/1.1" 200 563 "https://www.naijadial.com/new/ad/need-a-website/" "Mozilla/5.0 (Windows NT 6.1; Win64; x64) AppleWebKit/537.36 (KHTML, like Gecko) Chrome/79.0.3945.88 Safari/537.36"
66.102.8.141 - - [27/Jan/2020:15:47:57 -0500] "GET /new/wp-content/themes/listingo/js/datetimepicker.js?ver=3.2.2 HTTP/1.1" 200 20179 "https://www.naijadial.com/new/ad/need-a-website/" "Mozilla/5.0 (Windows NT 6.1; Win64; x64) AppleWebKit/537.36 (KHTML, like Gecko) Chrome/79.0.3945.88 Safari/537.36"
66.102.8.141 - - [27/Jan/2020:15:47:58 -0500] "GET /new/wp-content/themes/listingo/images/line-bar.jpg HTTP/1.1" 200 1382 "https://www.naijadial.com/new/wp-content/themes/listingo/style.css?ver=3.2.2" "Mozilla/5.0 (Windows NT 6.1; Win64; x64) AppleWebKit/537.36 (KHTML, like Gecko) Chrome/79.0.3945.88 Safari/537.36"
198.54.125.95 - - [27/Jan/2020:15:44:25 -0500] "POST /new/wp-cron.php?doing_wp_cron=1580157865.1867730617523193359375 HTTP/1.1" 200 - "https://www.naijadial.com/new/wp-cron.php?doing_wp_cron=1580157865.1867730617523193359375" "WordPress/5.3.2; https://www.naijadial.com/new"
5.181.233.162 - - [27/Jan/2020:15:44:25 -0500] "POST /new/wp-admin/admin-ajax.php HTTP/1.1" 200 47 "https://www.naijadial.com/new/wp-admin/" "Mozilla/5.0 (Windows NT 6.3; Win64; x64) AppleWebKit/537.36 (KHTML, like Gecko) Chrome/79.0.3945.130 Safari/537.36"
66.102.8.139 - - [27/Jan/2020:15:47:58 -0500] "GET /new/wp-content/plugins/unyson/framework/static/libs/font-awesome/fonts/fontawesome-webfont.woff2?v=4.7.0 HTTP/1.1" 200 77160 "https://www.naijadial.com/new/wp-content/plugins/unyson/framework/static/libs/font-awesome/css/font-awesome.min.css?ver=2.7.22" "Mozilla/5.0 (Windows NT 6.1; Win64; x64) AppleWebKit/537.36 (KHTML, like Gecko) Chrome/79.0.3945.88 Safari/537.36"
66.102.8.139 - - [27/Jan/2020:15:47:58 -0500] "GET /new/wp-includes/js/dist/vendor/wp-polyfill-formdata.min.js?ver=3.0.12 HTTP/1.1" 200 2754 "https://www.naijadial.com/new/ad/need-a-website/" "Mozilla/5.0 (Windows NT 6.1; Win64; x64) AppleWebKit/537.36 (KHTML, like Gecko) Chrome/79.0.3945.88 Safari/537.36"
66.102.8.141 - - [27/Jan/2020:15:47:58 -0500] "POST /new/?wc-ajax=get_refreshed_fragments HTTP/1.1" 200 210 "https://www.naijadial.com/new/ad/need-a-website/" "Mozilla/5.0 (Windows NT 6.1; Win64; x64) AppleWebKit/537.36 (KHTML, like Gecko) Chrome/79.0.3945.88 Safari/537.36"
198.54.125.95 - - [27/Jan/2020:15:48:25 -0500] "POST /new/wp-cron.php?doing_wp_cron=1580158105.6034369468688964843750 HTTP/1.1" 200 - "https://www.naijadial.com/new/wp-cron.php?doing_wp_cron=1580158105.6034369468688964843750" "WordPress/5.3.2; https://www.naijadial.com/new"
5.181.233.162 - - [27/Jan/2020:15:48:25 -0500] "POST /new/wp-admin/admin-ajax.php HTTP/1.1" 200 47 "https://www.naijadial.com/new/wp-admin/" "Mozilla/5.0 (Windows NT 6.3; Win64; x64) AppleWebKit/537.36 (KHTML, like Gecko) Chrome/79.0.3945.130 Safari/537.36"
198.54.125.95 - - [27/Jan/2020:15:50:28 -0500] "POST /new/wp-cron.php?doing_wp_cron=1580158228.4723150730133056640625 HTTP/1.1" 200 - "https://www.naijadial.com/new/wp-cron.php?doing_wp_cron=1580158228.4723150730133056640625" "WordPress/5.3.2; https://www.naijadial.com/new"
5.181.233.162 - - [27/Jan/2020:15:50:26 -0500] "POST /new/wp-admin/admin-ajax.php HTTP/1.1" 200 47 "https://www.naijadial.com/new/wp-admin/" "Mozilla/5.0 (Windows NT 6.3; Win64; x64) AppleWebKit/537.36 (KHTML, like Gecko) Chrome/79.0.3945.130 Safari/537.36"
198.54.125.95 - - [27/Jan/2020:15:52:27 -0500] "POST /new/wp-cron.php?doing_wp_cron=1580158347.6160740852355957031250 HTTP/1.1" 200 - "https://www.naijadial.com/new/wp-cron.php?doing_wp_cron=1580158347.6160740852355957031250" "WordPress/5.3.2; https://www.naijadial.com/new"
5.181.233.162 - - [27/Jan/2020:15:52:27 -0500] "POST /new/wp-admin/admin-ajax.php HTTP/1.1" 200 47 "https://www.naijadial.com/new/wp-admin/" "Mozilla/5.0 (Windows NT 6.3; Win64; x64) AppleWebKit/537.36 (KHTML, like Gecko) Chrome/79.0.3945.130 Safari/537.36"
198.54.125.95 - - [27/Jan/2020:15:52:54 -0500] "POST /wp-cron.php?doing_wp_cron=1580158373.9698638916015625000000 HTTP/1.1" 200 - "https://www.naijadial.com/wp-cron.php?doing_wp_cron=1580158373.9698638916015625000000" "WordPress/5.3.2; https://www.naijadial.com"
54.36.150.67 - - [27/Jan/2020:15:52:52 -0500] "GET /providers-category/catering-training/ HTTP/1.1" 200 30003 "-" "Mozilla/5.0 (compatible; AhrefsBot/6.1; +http://ahrefs.com/robot/)"
198.54.125.95 - - [27/Jan/2020:15:53:27 -0500] "POST /wp-cron.php?doing_wp_cron=1580158407.8717420101165771484375 HTTP/1.1" 200 - "https://www.naijadial.com/wp-cron.php?doing_wp_cron=1580158407.8717420101165771484375" "WordPress/5.3.2; https://www.naijadial.com"
54.36.150.156 - - [27/Jan/2020:15:53:27 -0500] "GET /providers-category/noodles-producers/feed/ HTTP/1.1" 200 529 "-" "Mozilla/5.0 (compatible; AhrefsBot/6.1; +http://ahrefs.com/robot/)"
108.174.2.216 - - [27/Jan/2020:15:55:30 -0500] "GET /files_up/2019/05/4nnLCbgs.jpg HTTP/1.1" 200 18136 "-" "LinkedInBot/1.0 (compatible; Mozilla/5.0; Apache-HttpClient +http://www.linkedin.com)"
198.54.125.95 - - [27/Jan/2020:15:56:32 -0500] "POST /new/wp-cron.php?doing_wp_cron=1580158592.0683720111846923828125 HTTP/1.1" 200 - "https://www.naijadial.com/new/wp-cron.php?doing_wp_cron=1580158592.0683720111846923828125" "WordPress/5.3.2; https://www.naijadial.com/new"
41.217.25.43 - - [27/Jan/2020:15:56:29 -0500] "POST /new/wp-admin/admin-ajax.php HTTP/1.1" 200 47 "https://www.naijadial.com/new/wp-admin/" "Mozilla/5.0 (Windows NT 6.3; Win64; x64) AppleWebKit/537.36 (KHTML, like Gecko) Chrome/79.0.3945.130 Safari/537.36"
198.54.125.95 - - [27/Jan/2020:16:06:50 -0500] "POST /new/wp-cron.php?doing_wp_cron=1580159210.9224050045013427734375 HTTP/1.1" 200 - "https://www.naijadial.com/new/wp-cron.php?doing_wp_cron=1580159210.9224050045013427734375" "WordPress/5.3.2; https://www.naijadial.com/new"
41.217.25.43 - - [27/Jan/2020:16:06:29 -0500] "POST /new/wp-admin/admin-ajax.php HTTP/1.1" 200 47 "https://www.naijadial.com/new/wp-admin/" "Mozilla/5.0 (Windows NT 6.3; Win64; x64) AppleWebKit/537.36 (KHTML, like Gecko) Chrome/79.0.3945.130 Safari/537.36"
198.54.125.95 - - [27/Jan/2020:16:08:30 -0500] "POST /new/wp-cron.php?doing_wp_cron=1580159310.0788950920104980468750 HTTP/1.1" 200 - "https://www.naijadial.com/new/wp-cron.php?doing_wp_cron=1580159310.0788950920104980468750" "WordPress/5.3.2; https://www.naijadial.com/new"
41.217.25.43 - - [27/Jan/2020:16:08:29 -0500] "POST /new/wp-admin/admin-ajax.php HTTP/1.1" 200 47 "https://www.naijadial.com/new/wp-admin/" "Mozilla/5.0 (Windows NT 6.3; Win64; x64) AppleWebKit/537.36 (KHTML, like Gecko) Chrome/79.0.3945.130 Safari/537.36"
198.54.125.95 - - [27/Jan/2020:16:10:30 -0500] "POST /new/wp-cron.php?doing_wp_cron=1580159430.0372369289398193359375 HTTP/1.1" 200 - "https://www.naijadial.com/new/wp-cron.php?doing_wp_cron=1580159430.0372369289398193359375" "WordPress/5.3.2; https://www.naijadial.com/new"
41.217.25.43 - - [27/Jan/2020:16:10:29 -0500] "POST /new/wp-admin/admin-ajax.php HTTP/1.1" 200 47 "https://www.naijadial.com/new/wp-admin/" "Mozilla/5.0 (Windows NT 6.3; Win64; x64) AppleWebKit/537.36 (KHTML, like Gecko) Chrome/79.0.3945.130 Safari/537.36"
198.54.125.95 - - [27/Jan/2020:16:11:14 -0500] "POST /new/wp-cron.php?doing_wp_cron=1580159474.7167708873748779296875 HTTP/1.1" 200 - "https://www.naijadial.com/new/wp-cron.php?doing_wp_cron=1580159474.7167708873748779296875" "WordPress/5.3.2; https://www.naijadial.com/new"
41.217.25.43 - - [27/Jan/2020:16:11:14 -0500] "GET /new/ HTTP/1.1" 200 23798 "-" "Mozilla/5.0 (Windows NT 6.3; Win64; x64) AppleWebKit/537.36 (KHTML, like Gecko) Chrome/79.0.3945.130 Safari/537.36"
41.217.25.43 - - [27/Jan/2020:16:11:18 -0500] "GET /new/wp-content/uploads/so-css/so-css-listingo.css?ver=1580144791 HTTP/1.1" 304 - "https://www.naijadial.com/new/" "Mozilla/5.0 (Windows NT 6.3; Win64; x64) AppleWebKit/537.36 (KHTML, like Gecko) Chrome/79.0.3945.130 Safari/537.36"
198.54.125.95 - - [27/Jan/2020:16:11:20 -0500] "POST /wp-admin/admin-ajax.php?action=wordfence_testAjax HTTP/1.1" 200 32 "https://www.naijadial.com/wp-admin/admin-ajax.php?action=wordfence_testAjax" "WordPress/5.3.2; https://www.naijadial.com"
41.217.25.43 - - [27/Jan/2020:16:11:21 -0500] "GET /new/wp-content/uploads/2020/01/responsive-web-design-360x240.png HTTP/1.1" 304 - "https://www.naijadial.com/new/" "Mozilla/5.0 (Windows NT 6.3; Win64; x64) AppleWebKit/537.36 (KHTML, like Gecko) Chrome/79.0.3945.130 Safari/537.36"
198.54.125.95 - - [27/Jan/2020:16:11:19 -0500] "POST /wp-cron.php?doing_wp_cron=1580159479.6419188976287841796875 HTTP/1.1" 200 - "https://www.naijadial.com/wp-cron.php?doing_wp_cron=1580159479.6419188976287841796875" "WordPress/5.3.2; https://www.naijadial.com"
41.217.25.43 - - [27/Jan/2020:16:11:17 -0500] "GET / HTTP/1.1" 200 39788 "-" "Mozilla/5.0 (Windows NT 6.3; Win64; x64) AppleWebKit/537.36 (KHTML, like Gecko) Chrome/79.0.3945.130 Safari/537.36"
41.217.25.43 - - [27/Jan/2020:16:11:25 -0500] "GET /favicon.ico HTTP/1.1" 200 - "https://www.naijadial.com/new/" "Mozilla/5.0 (Windows NT 6.3; Win64; x64) AppleWebKit/537.36 (KHTML, like Gecko) Chrome/79.0.3945.130 Safari/537.36"
41.217.25.43 - - [27/Jan/2020:16:11:29 -0500] "POST /?wc-ajax=get_refreshed_fragments HTTP/1.1" 200 9782 "https://www.naijadial.com/" "Mozilla/5.0 (Windows NT 6.3; Win64; x64) AppleWebKit/537.36 (KHTML, like Gecko) Chrome/79.0.3945.130 Safari/537.36"
41.217.25.43 - - [27/Jan/2020:16:11:30 -0500] "GET / HTTP/1.1" 200 39804 "https://www.naijadial.com/" "Mozilla/5.0 (Windows NT 6.3; Win64; x64) AppleWebKit/537.36 (KHTML, like Gecko) Chrome/79.0.3945.130 Safari/537.36"
198.54.125.95 - - [27/Jan/2020:15:58:29 -0500] "POST /new/wp-cron.php?doing_wp_cron=1580158709.3732769489288330078125 HTTP/1.1" 200 - "https://www.naijadial.com/new/wp-cron.php?doing_wp_cron=1580158709.3732769489288330078125" "WordPress/5.3.2; https://www.naijadial.com/new"
41.217.25.43 - - [27/Jan/2020:15:58:27 -0500] "POST /new/wp-admin/admin-ajax.php HTTP/1.1" 200 47 "https://www.naijadial.com/new/wp-admin/" "Mozilla/5.0 (Windows NT 6.3; Win64; x64) AppleWebKit/537.36 (KHTML, like Gecko) Chrome/79.0.3945.130 Safari/537.36"
198.54.125.95 - - [27/Jan/2020:16:00:27 -0500] "POST /new/wp-cron.php?doing_wp_cron=1580158827.8371219635009765625000 HTTP/1.1" 200 - "https://www.naijadial.com/new/wp-cron.php?doing_wp_cron=1580158827.8371219635009765625000" "WordPress/5.3.2; https://www.naijadial.com/new"
41.217.25.43 - - [27/Jan/2020:16:00:27 -0500] "POST /new/wp-admin/admin-ajax.php HTTP/1.1" 200 47 "https://www.naijadial.com/new/wp-admin/" "Mozilla/5.0 (Windows NT 6.3; Win64; x64) AppleWebKit/537.36 (KHTML, like Gecko) Chrome/79.0.3945.130 Safari/537.36"
198.54.125.95 - - [27/Jan/2020:16:02:33 -0500] "POST /new/wp-cron.php?doing_wp_cron=1580158953.7826519012451171875000 HTTP/1.1" 200 - "https://www.naijadial.com/new/wp-cron.php?doing_wp_cron=1580158953.7826519012451171875000" "WordPress/5.3.2; https://www.naijadial.com/new"
41.217.25.43 - - [27/Jan/2020:16:02:32 -0500] "POST /new/wp-admin/admin-ajax.php HTTP/1.1" 200 47 "https://www.naijadial.com/new/wp-admin/" "Mozilla/5.0 (Windows NT 6.3; Win64; x64) AppleWebKit/537.36 (KHTML, like Gecko) Chrome/79.0.3945.130 Safari/537.36"
198.54.125.95 - - [27/Jan/2020:16:04:28 -0500] "POST /new/wp-cron.php?doing_wp_cron=1580159068.8309009075164794921875 HTTP/1.1" 200 - "https://www.naijadial.com/new/wp-cron.php?doing_wp_cron=1580159068.8309009075164794921875" "WordPress/5.3.2; https://www.naijadial.com/new"
41.217.25.43 - - [27/Jan/2020:16:04:28 -0500] "POST /new/wp-admin/admin-ajax.php HTTP/1.1" 200 47 "https://www.naijadial.com/new/wp-admin/" "Mozilla/5.0 (Windows NT 6.3; Win64; x64) AppleWebKit/537.36 (KHTML, like Gecko) Chrome/79.0.3945.130 Safari/537.36"
41.217.25.43 - - [27/Jan/2020:16:11:40 -0500] "GET /wp-admin/admin-ajax.php?action=quform_support_page_caching&token=LmcKB1R58Bj55iGtIIe3odI8RYNFYkvp1juIRn0V&forms%5B%5D=f16c95 HTTP/1.1" 200 97 "https://www.naijadial.com/" "Mozilla/5.0 (Windows NT 6.3; Win64; x64) AppleWebKit/537.36 (KHTML, like Gecko) Chrome/79.0.3945.130 Safari/537.36"
198.54.125.95 - - [27/Jan/2020:16:12:07 -0500] "POST /wp-admin/admin-ajax.php?action=wordfence_testAjax HTTP/1.1" 200 32 "https://www.naijadial.com/wp-admin/admin-ajax.php?action=wordfence_testAjax" "WordPress/5.3.2; http://www.naijadial.com"
198.54.125.95 - - [27/Jan/2020:16:11:20 -0500] "GET /wp-admin/admin-ajax.php?action=wordfence_doScan&isFork=0&scanMode=standard&cronKey=5716aafaf1c105749ca54a2fdb10c0d2&signature=ac21eff4ec6ca094d75df414f7949a081b1b7b63172f9e481f103f06faf1d94e HTTP/1.1" 200 - "-" "WordPress/5.3.2; https://www.naijadial.com"
198.54.125.95 - - [27/Jan/2020:16:12:07 -0500] "GET /wp-admin/admin-ajax.php?action=wordfence_doScan&isFork=1&scanMode=standard&cronKey=4da6b40f11b2036b9c5ca11733e75259&signature=840df2eaf1c46ddb7f48dcc01bf525fffcd51e70b727c6489bc4be246f1de01b HTTP/1.1" 200 - "-" "WordPress/5.3.2; http://www.naijadial.com"
54.36.150.43 - - [27/Jan/2020:16:14:06 -0500] "GET /providers-category/food-production/ HTTP/1.1" 200 30148 "-" "Mozilla/5.0 (compatible; AhrefsBot/6.1; +http://ahrefs.com/robot/)"
198.54.125.95 - - [27/Jan/2020:16:16:18 -0500] "POST /wp-cron.php?doing_wp_cron=1580159778.8868410587310791015625 HTTP/1.1" 200 - "https://www.naijadial.com/wp-cron.php?doing_wp_cron=1580159778.8868410587310791015625" "WordPress/5.3.2; https://www.naijadial.com"
77.75.77.54 - - [27/Jan/2020:16:16:17 -0500] "GET /robots.txt HTTP/1.1" 200 69 "-" "Mozilla/5.0 (compatible; SeznamBot/3.2; +http://napoveda.seznam.cz/en/seznambot-intro/)"
77.75.77.54 - - [27/Jan/2020:16:16:28 -0500] "GET /provider/lawal-rahmot-modupe/ HTTP/1.1" 200 36654 "-" "Mozilla/5.0 (compatible; SeznamBot/3.2; +http://napoveda.seznam.cz/en/seznambot-intro/)"
198.54.125.95 - - [27/Jan/2020:16:20:19 -0500] "POST /wp-cron.php?doing_wp_cron=1580160019.6341500282287597656250 HTTP/1.1" 200 - "https://www.naijadial.com/wp-cron.php?doing_wp_cron=1580160019.6341500282287597656250" "WordPress/5.3.2; https://www.naijadial.com"
198.54.125.95 - - [27/Jan/2020:16:20:19 -0500] "POST /wp-cron.php?doing_wp_cron=1580160019.6341550350189208984375 HTTP/1.1" 200 - "https://www.naijadial.com/wp-cron.php?doing_wp_cron=1580160019.6341550350189208984375" "WordPress/5.3.2; https://www.naijadial.com"
159.138.157.123 - - [27/Jan/2020:16:20:17 -0500] "GET /provider/bakare-roheemat HTTP/1.1" 301 - "-" "Mozilla/5.0(Linux;Android 5.1.1;OPPO A33 Build/LMY47V;wv) AppleWebKit/537.36(KHTML,link Gecko) Version/4.0 Chrome/42.0.2311.138 Mobile Safari/537.36 Mb2345Browser/9.0"
159.138.149.177 - - [27/Jan/2020:16:20:18 -0500] "GET /providers-category/transportation-and-travel HTTP/1.1" 301 - "-" "Mozilla/5.0 (Linux; Android 7.0; FRD-AL00 Build/HUAWEIFRD-AL00; wv) AppleWebKit/537.36 (KHTML, like Gecko) Version/4.0 Chrome/53.0.2785.49 Mobile MQQBrowser/6.2 TBS/043602 Safari/537.36 MicroMessenger/6.5.16.1120 NetType/WIFI Language/zh_CN"
159.138.156.74 - - [27/Jan/2020:16:20:21 -0500] "GET /wp-login.php?action=wordpress_social_authenticate&mode=login&provider=Twitter&redirect_to=https%3A%2F%2Fwww.naijadial.com%2Fsignup%2F HTTP/1.1" 200 690 "-" "Mozilla/5.0(Linux;Android 5.1.1;OPPO A33 Build/LMY47V;wv) AppleWebKit/537.36(KHTML,link Gecko) Version/4.0 Chrome/43.0.2357.121 Mobile Safari/537.36 LieBaoFast/4.51.3"
