66.249.79.185 - - [28/Jan/2020:00:31:15 -0500] "POST /?wc-ajax=get_refreshed_fragments HTTP/1.1" 200 212 "https://www.naijadial.com/provider/adeola-onadeko/" "Mozilla/5.0 (Linux; Android 6.0.1; Nexus 5X Build/MMB29P) AppleWebKit/537.36 (KHTML, like Gecko) Chrome/79.0.3945.120 Mobile Safari/537.36 (compatible; Googlebot/2.1; +http://www.google.com/bot.html)"
198.54.125.95 - - [28/Jan/2020:01:05:29 -0500] "POST /wp-cron.php?doing_wp_cron=1580191529.6091060638427734375000 HTTP/1.1" 200 - "https://www.naijadial.com/wp-cron.php?doing_wp_cron=1580191529.6091060638427734375000" "WordPress/5.3.2; https://www.naijadial.com"
198.54.125.95 - - [28/Jan/2020:01:05:29 -0500] "POST /wp-cron.php?doing_wp_cron=1580191529.6090888977050781250000 HTTP/1.1" 200 - "https://www.naijadial.com/wp-cron.php?doing_wp_cron=1580191529.6090888977050781250000" "WordPress/5.3.2; https://www.naijadial.com"
198.54.125.95 - - [28/Jan/2020:01:05:29 -0500] "POST /wp-cron.php?doing_wp_cron=1580191529.6096870899200439453125 HTTP/1.1" 200 - "https://www.naijadial.com/wp-cron.php?doing_wp_cron=1580191529.6096870899200439453125" "WordPress/5.3.2; https://www.naijadial.com"
31.13.103.3 - - [28/Jan/2020:01:05:27 -0500] "GET /register/ HTTP/1.1" 206 26428 "-" "facebookexternalhit/1.1 (+http://www.facebook.com/externalhit_uatext.php)"
31.13.103.7 - - [28/Jan/2020:01:05:27 -0500] "GET /register/ HTTP/1.1" 206 26423 "-" "facebookexternalhit/1.1 (+http://www.facebook.com/externalhit_uatext.php)"
31.13.103.7 - - [28/Jan/2020:01:05:27 -0500] "GET /register/ HTTP/1.1" 206 26425 "-" "facebookexternalhit/1.1 (+http://www.facebook.com/externalhit_uatext.php)"
31.13.103.6 - - [28/Jan/2020:01:05:27 -0500] "GET /register/ HTTP/1.1" 206 26427 "-" "facebookexternalhit/1.1 (+http://www.facebook.com/externalhit_uatext.php)"
198.54.125.95 - - [28/Jan/2020:01:24:42 -0500] "POST /new/wp-cron.php?doing_wp_cron=1580192682.2546660900115966796875 HTTP/1.1" 200 - "https://www.naijadial.com/new/wp-cron.php?doing_wp_cron=1580192682.2546660900115966796875" "WordPress/5.3.2; https://www.naijadial.com/new"
66.249.79.189 - - [28/Jan/2020:01:24:40 -0500] "GET /new/provider-category/traning-education/ HTTP/1.1" 200 19527 "-" "Mozilla/5.0 (Linux; Android 6.0.1; Nexus 5X Build/MMB29P) AppleWebKit/537.36 (KHTML, like Gecko) Chrome/41.0.2272.96 Mobile Safari/537.36 (compatible; Googlebot/2.1; +http://www.google.com/bot.html)"
66.249.79.187 - - [28/Jan/2020:01:24:45 -0500] "GET /new/wp-content/plugins/woocommerce/packages/woocommerce-blocks/build/style.css?ver=2.5.11 HTTP/1.1" 200 8221 "https://www.naijadial.com/new/provider-category/traning-education/" "Mozilla/5.0 (Linux; Android 6.0.1; Nexus 5X Build/MMB29P) AppleWebKit/537.36 (KHTML, like Gecko) Chrome/79.0.3945.120 Mobile Safari/537.36 (compatible; Googlebot/2.1; +http://www.google.com/bot.html)"
66.249.79.185 - - [28/Jan/2020:01:24:46 -0500] "GET /new/wp-content/plugins/revslider/public/assets/css/rs6.css?ver=6.0.7 HTTP/1.1" 200 11700 "https://www.naijadial.com/new/provider-category/traning-education/" "Mozilla/5.0 (Linux; Android 6.0.1; Nexus 5X Build/MMB29P) AppleWebKit/537.36 (KHTML, like Gecko) Chrome/79.0.3945.120 Mobile Safari/537.36 (compatible; Googlebot/2.1; +http://www.google.com/bot.html)"
66.249.79.187 - - [28/Jan/2020:01:24:47 -0500] "GET /new/wp-content/plugins/woocommerce/assets/css/woocommerce.css?ver=3.9.0 HTTP/1.1" 200 8820 "https://www.naijadial.com/new/provider-category/traning-education/" "Mozilla/5.0 (Linux; Android 6.0.1; Nexus 5X Build/MMB29P) AppleWebKit/537.36 (KHTML, like Gecko) Chrome/79.0.3945.120 Mobile Safari/537.36 (compatible; Googlebot/2.1; +http://www.google.com/bot.html)"
66.249.79.187 - - [28/Jan/2020:01:24:48 -0500] "GET /new/wp-content/plugins/revslider/public/assets/js/revolution.tools.min.js?ver=6.0 HTTP/1.1" 200 50582 "https://www.naijadial.com/new/provider-category/traning-education/" "Mozilla/5.0 (Linux; Android 6.0.1; Nexus 5X Build/MMB29P) AppleWebKit/537.36 (KHTML, like Gecko) Chrome/79.0.3945.120 Mobile Safari/537.36 (compatible; Googlebot/2.1; +http://www.google.com/bot.html)"
66.249.79.187 - - [28/Jan/2020:01:24:48 -0500] "GET /new/wp-content/plugins/revslider/public/assets/js/rs6.min.js?ver=6.0.7 HTTP/1.1" 200 67313 "https://www.naijadial.com/new/provider-category/traning-education/" "Mozilla/5.0 (Linux; Android 6.0.1; Nexus 5X Build/MMB29P) AppleWebKit/537.36 (KHTML, like Gecko) Chrome/79.0.3945.120 Mobile Safari/537.36 (compatible; Googlebot/2.1; +http://www.google.com/bot.html)"
66.249.79.185 - - [28/Jan/2020:01:24:49 -0500] "GET /new/wp-content/plugins/woocommerce/assets/js/frontend/add-to-cart.min.js?ver=3.9.0 HTTP/1.1" 200 1017 "https://www.naijadial.com/new/provider-category/traning-education/" "Mozilla/5.0 (Linux; Android 6.0.1; Nexus 5X Build/MMB29P) AppleWebKit/537.36 (KHTML, like Gecko) Chrome/79.0.3945.120 Mobile Safari/537.36 (compatible; Googlebot/2.1; +http://www.google.com/bot.html)"
66.249.79.185 - - [28/Jan/2020:01:24:50 -0500] "GET /new/wp-content/plugins/woocommerce/assets/js/frontend/woocommerce.min.js?ver=3.9.0 HTTP/1.1" 200 767 "https://www.naijadial.com/new/provider-category/traning-education/" "Mozilla/5.0 (Linux; Android 6.0.1; Nexus 5X Build/MMB29P) AppleWebKit/537.36 (KHTML, like Gecko) Chrome/79.0.3945.120 Mobile Safari/537.36 (compatible; Googlebot/2.1; +http://www.google.com/bot.html)"
66.249.79.185 - - [28/Jan/2020:01:24:50 -0500] "GET /new/wp-content/plugins/woocommerce/assets/js/frontend/cart-fragments.min.js?ver=3.9.0 HTTP/1.1" 200 1042 "https://www.naijadial.com/new/provider-category/traning-education/" "Mozilla/5.0 (Linux; Android 6.0.1; Nexus 5X Build/MMB29P) AppleWebKit/537.36 (KHTML, like Gecko) Chrome/79.0.3945.120 Mobile Safari/537.36 (compatible; Googlebot/2.1; +http://www.google.com/bot.html)"
66.249.79.185 - - [28/Jan/2020:01:24:52 -0500] "POST /new/?wc-ajax=get_refreshed_fragments HTTP/1.1" 200 210 "https://www.naijadial.com/new/provider-category/traning-education/" "Mozilla/5.0 (Linux; Android 6.0.1; Nexus 5X Build/MMB29P) AppleWebKit/537.36 (KHTML, like Gecko) Chrome/79.0.3945.120 Mobile Safari/537.36 (compatible; Googlebot/2.1; +http://www.google.com/bot.html)"
198.54.125.95 - - [28/Jan/2020:01:42:09 -0500] "POST /wp-cron.php?doing_wp_cron=1580193729.7822320461273193359375 HTTP/1.1" 200 - "https://www.naijadial.com/wp-cron.php?doing_wp_cron=1580193729.7822320461273193359375" "WordPress/5.3.2; https://www.naijadial.com"
54.36.150.146 - - [28/Jan/2020:01:42:07 -0500] "GET /providers-category/taxicab-service/ HTTP/1.1" 200 30139 "-" "Mozilla/5.0 (compatible; AhrefsBot/6.1; +http://ahrefs.com/robot/)"
198.54.125.95 - - [28/Jan/2020:01:33:33 -0500] "POST /wp-cron.php?doing_wp_cron=1580193213.1107308864593505859375 HTTP/1.1" 200 - "https://www.naijadial.com/wp-cron.php?doing_wp_cron=1580193213.1107308864593505859375" "WordPress/5.3.2; https://www.naijadial.com"
164.132.44.97 - - [28/Jan/2020:01:33:31 -0500] "GET /wp-content/plugins/iwp-client/clipboard.min.js HTTP/1.1" 301 - "naijadial.com" "Mozilla/5.1 (Windows NT 6.0; WOW64) AppleWebKit/537.37 (KHTML, like Gecko) Chrome/58.0.1145.75 Safari/537.37"
164.132.44.97 - - [28/Jan/2020:01:33:34 -0500] "GET /addons/iwp-client/clipboard.min.js HTTP/1.1" 404 143841 "naijadial.com" "Mozilla/5.1 (Windows NT 6.0; WOW64) AppleWebKit/537.37 (KHTML, like Gecko) Chrome/58.0.1145.75 Safari/537.37"
198.54.125.95 - - [28/Jan/2020:01:57:09 -0500] "POST /wp-cron.php?doing_wp_cron=1580194629.7963631153106689453125 HTTP/1.1" 200 - "https://www.naijadial.com/wp-cron.php?doing_wp_cron=1580194629.7963631153106689453125" "WordPress/5.3.2; https://www.naijadial.com"
77.75.77.109 - - [28/Jan/2020:01:57:08 -0500] "GET /robots.txt HTTP/1.1" 200 69 "-" "Mozilla/5.0 (compatible; SeznamBot/3.2; +http://napoveda.seznam.cz/en/seznambot-intro/)"
198.54.125.95 - - [28/Jan/2020:01:57:17 -0500] "POST /wp-cron.php?doing_wp_cron=1580194637.5723741054534912109375 HTTP/1.1" 200 - "https://www.naijadial.com/wp-cron.php?doing_wp_cron=1580194637.5723741054534912109375" "WordPress/5.3.2; https://www.naijadial.com"
77.75.77.109 - - [28/Jan/2020:01:57:17 -0500] "GET /providers-category/fast-food/ HTTP/1.1" 200 29950 "-" "Mozilla/5.0 (compatible; SeznamBot/3.2; +http://napoveda.seznam.cz/en/seznambot-intro/)"
198.54.125.95 - - [28/Jan/2020:01:42:40 -0500] "POST /wp-cron.php?doing_wp_cron=1580193760.8824210166931152343750 HTTP/1.1" 200 - "https://www.naijadial.com/wp-cron.php?doing_wp_cron=1580193760.8824210166931152343750" "WordPress/5.3.2; https://www.naijadial.com"
157.55.39.2 - - [28/Jan/2020:01:42:40 -0500] "GET /robots.txt HTTP/1.1" 200 69 "-" "Mozilla/5.0 (compatible; bingbot/2.0; +http://www.bing.com/bingbot.htm)"
157.55.39.2 - - [28/Jan/2020:01:42:41 -0500] "GET /robots.txt HTTP/1.1" 200 69 "-" "Mozilla/5.0 (compatible; bingbot/2.0; +http://www.bing.com/bingbot.htm)"
157.55.39.232 - - [28/Jan/2020:01:42:44 -0500] "GET /provider/ottan-robiat/ HTTP/1.1" 200 36398 "-" "Mozilla/5.0 (compatible; bingbot/2.0; +http://www.bing.com/bingbot.htm)"
198.54.125.95 - - [28/Jan/2020:01:47:08 -0500] "POST /wp-cron.php?doing_wp_cron=1580194028.4757530689239501953125 HTTP/1.1" 200 - "https://www.naijadial.com/wp-cron.php?doing_wp_cron=1580194028.4757530689239501953125" "WordPress/5.3.2; https://www.naijadial.com"
66.249.79.189 - - [28/Jan/2020:01:47:06 -0500] "GET /robots.txt HTTP/1.1" 200 69 "-" "Mozilla/5.0 (compatible; Googlebot/2.1; +http://www.google.com/bot.html)"
198.54.125.95 - - [28/Jan/2020:01:47:11 -0500] "POST /new/wp-cron.php?doing_wp_cron=1580194031.2400279045104980468750 HTTP/1.1" 200 - "https://www.naijadial.com/new/wp-cron.php?doing_wp_cron=1580194031.2400279045104980468750" "WordPress/5.3.2; https://www.naijadial.com/new"
66.249.79.187 - - [28/Jan/2020:01:47:09 -0500] "GET /new/provider-category/beauty-personal-care/ HTTP/1.1" 200 19569 "-" "Mozilla/5.0 (Linux; Android 6.0.1; Nexus 5X Build/MMB29P) AppleWebKit/537.36 (KHTML, like Gecko) Chrome/41.0.2272.96 Mobile Safari/537.36 (compatible; Googlebot/2.1; +http://www.google.com/bot.html)"
198.54.125.95 - - [28/Jan/2020:02:09:14 -0500] "POST /wp-cron.php?doing_wp_cron=1580195354.0180909633636474609375 HTTP/1.1" 200 - "https://www.naijadial.com/wp-cron.php?doing_wp_cron=1580195354.0180909633636474609375" "WordPress/5.3.2; https://www.naijadial.com"
157.55.39.141 - - [28/Jan/2020:02:09:12 -0500] "GET /providers-category/building-materials/ HTTP/1.1" 200 29936 "-" "Mozilla/5.0 (compatible; bingbot/2.0; +http://www.bing.com/bingbot.htm)"
66.249.79.189 - - [28/Jan/2020:02:21:50 -0500] "GET /files_up/2019/03/camera-lens-670x335-60x60.jpg HTTP/1.1" 200 1406 "-" "Googlebot-Image/1.0"
198.54.125.95 - - [28/Jan/2020:02:22:51 -0500] "POST /wp-cron.php?doing_wp_cron=1580196171.3984920978546142578125 HTTP/1.1" 200 - "https://www.naijadial.com/wp-cron.php?doing_wp_cron=1580196171.3984920978546142578125" "WordPress/5.3.2; https://www.naijadial.com"
198.54.125.95 - - [28/Jan/2020:02:22:51 -0500] "POST /wp-cron.php?doing_wp_cron=1580196171.3984870910644531250000 HTTP/1.1" 200 - "https://www.naijadial.com/wp-cron.php?doing_wp_cron=1580196171.3984870910644531250000" "WordPress/5.3.2; https://www.naijadial.com"
31.13.127.3 - - [28/Jan/2020:02:22:49 -0500] "GET / HTTP/1.1" 206 38919 "-" "facebookexternalhit/1.1 (+http://www.facebook.com/externalhit_uatext.php)"
31.13.127.1 - - [28/Jan/2020:02:22:49 -0500] "GET / HTTP/1.1" 206 38924 "-" "facebookexternalhit/1.1 (+http://www.facebook.com/externalhit_uatext.php)"
66.249.79.187 - - [28/Jan/2020:02:23:35 -0500] "GET /files_up/2019/03/month-cycle-pay-per-class-or-take-advantage-of-our-packages-ballroom-dancing-clipart-1000_851-60x60.jpg HTTP/1.1" 200 1591 "-" "Googlebot-Image/1.0"
198.54.125.95 - - [28/Jan/2020:02:39:50 -0500] "POST /wp-cron.php?doing_wp_cron=1580197190.7681570053100585937500 HTTP/1.1" 200 - "https://www.naijadial.com/wp-cron.php?doing_wp_cron=1580197190.7681570053100585937500" "WordPress/5.3.2; https://www.naijadial.com"
157.55.39.232 - - [28/Jan/2020:02:39:48 -0500] "GET /provider/ottan-robiat/ HTTP/1.1" 200 36399 "-" "Mozilla/5.0 (compatible; bingbot/2.0; +http://www.bing.com/bingbot.htm)"
198.54.125.95 - - [28/Jan/2020:02:42:30 -0500] "POST /new/wp-admin/admin-ajax.php?action=wp_1_wc_privacy_cleanup&nonce=7ffc5a1ce8 HTTP/1.1" 200 - "https://www.naijadial.com/new/wp-admin/admin-ajax.php?action=wp_1_wc_privacy_cleanup&nonce=7ffc5a1ce8" "WordPress/5.3.2; https://www.naijadial.com/new"
198.54.125.95 - - [28/Jan/2020:02:42:30 -0500] "POST /new/wp-cron.php?doing_wp_cron=1580197350.2567670345306396484375 HTTP/1.1" 200 - "https://www.naijadial.com/new/wp-cron.php?doing_wp_cron=1580197350.2567670345306396484375" "WordPress/5.3.2; https://www.naijadial.com/new"
41.217.25.43 - - [28/Jan/2020:02:42:28 -0500] "GET /new/wp-admin/ HTTP/1.1" 200 46307 "-" "Mozilla/5.0 (Windows NT 6.3; Win64; x64) AppleWebKit/537.36 (KHTML, like Gecko) Chrome/79.0.3945.130 Safari/537.36"
198.54.125.95 - - [28/Jan/2020:02:42:40 -0500] "POST /wp-cron.php?doing_wp_cron=1580197360.6054480075836181640625 HTTP/1.1" 200 - "https://www.naijadial.com/wp-cron.php?doing_wp_cron=1580197360.6054480075836181640625" "WordPress/5.3.2; https://www.naijadial.com"
41.217.25.43 - - [28/Jan/2020:02:42:28 -0500] "GET /robots.txt HTTP/1.1" 200 69 "-" "Mozilla/5.0 (Windows NT 6.3; Win64; x64) AppleWebKit/537.36 (KHTML, like Gecko) Chrome/79.0.3945.130 Safari/537.36"
41.217.25.43 - - [28/Jan/2020:02:42:48 -0500] "GET /new/wp-content/plugins/revslider/admin/assets/css/tp-color-picker.css?ver=6.0.7 HTTP/1.1" 304 - "https://www.naijadial.com/new/wp-admin/" "Mozilla/5.0 (Windows NT 6.3; Win64; x64) AppleWebKit/537.36 (KHTML, like Gecko) Chrome/79.0.3945.130 Safari/537.36"
41.217.25.43 - - [28/Jan/2020:02:42:48 -0500] "GET /new/wp-content/plugins/brizy/admin/static/css/style.css?ver=1.0.112 HTTP/1.1" 304 - "https://www.naijadial.com/new/wp-admin/" "Mozilla/5.0 (Windows NT 6.3; Win64; x64) AppleWebKit/537.36 (KHTML, like Gecko) Chrome/79.0.3945.130 Safari/537.36"
41.217.25.43 - - [28/Jan/2020:02:42:48 -0500] "GET /new/wp-content/plugins/unyson/framework/extensions/shortcodes/extensions/wp-shortcodes/static/css/styles.css?ver=2.7.22 HTTP/1.1" 304 - "https://www.naijadial.com/new/wp-admin/" "Mozilla/5.0 (Windows NT 6.3; Win64; x64) AppleWebKit/537.36 (KHTML, like Gecko) Chrome/79.0.3945.130 Safari/537.36"
41.217.25.43 - - [28/Jan/2020:02:42:48 -0500] "GET /new/wp-content/plugins/gd-bbpress-toolbox/css/admin-dashboard.min.css?ver=2.3.2.2410 HTTP/1.1" 304 - "https://www.naijadial.com/new/wp-admin/" "Mozilla/5.0 (Windows NT 6.3; Win64; x64) AppleWebKit/537.36 (KHTML, like Gecko) Chrome/79.0.3945.130 Safari/537.36"
41.217.25.43 - - [28/Jan/2020:02:42:53 -0500] "GET /new/wp-content/plugins/brizy/admin/static/img/brizy-logo.svg HTTP/1.1" 304 - "https://www.naijadial.com/new/wp-admin/" "Mozilla/5.0 (Windows NT 6.3; Win64; x64) AppleWebKit/537.36 (KHTML, like Gecko) Chrome/79.0.3945.130 Safari/537.36"
41.217.25.43 - - [28/Jan/2020:02:42:56 -0500] "GET /new/wp-content/plugins/brizy/admin/static/img/logo.svg HTTP/1.1" 304 - "https://www.naijadial.com/new/wp-admin/" "Mozilla/5.0 (Windows NT 6.3; Win64; x64) AppleWebKit/537.36 (KHTML, like Gecko) Chrome/79.0.3945.130 Safari/537.36"
41.217.25.43 - - [28/Jan/2020:02:43:00 -0500] "GET /new/wp-content/plugins/brizy/admin/static/js/script.js?ver=1.0.112 HTTP/1.1" 304 - "https://www.naijadial.com/new/wp-admin/" "Mozilla/5.0 (Windows NT 6.3; Win64; x64) AppleWebKit/537.36 (KHTML, like Gecko) Chrome/79.0.3945.130 Safari/537.36"
41.217.25.43 - - [28/Jan/2020:02:43:33 -0500] "POST /new/wp-admin/admin-ajax.php HTTP/1.1" 200 87 "https://www.naijadial.com/new/wp-admin/" "Mozilla/5.0 (Windows NT 6.3; Win64; x64) AppleWebKit/537.36 (KHTML, like Gecko) Chrome/79.0.3945.130 Safari/537.36"
41.217.25.43 - - [28/Jan/2020:02:43:34 -0500] "GET /favicon.ico HTTP/1.1" 200 - "https://www.naijadial.com/new/wp-admin/" "Mozilla/5.0 (Windows NT 6.3; Win64; x64) AppleWebKit/537.36 (KHTML, like Gecko) Chrome/79.0.3945.130 Safari/537.36"
198.54.125.95 - - [28/Jan/2020:02:43:41 -0500] "POST /new/wp-cron.php?doing_wp_cron=1580197416.5653669834136962890625 HTTP/1.1" 200 - "https://www.naijadial.com/new/wp-cron.php?doing_wp_cron=1580197416.5653669834136962890625" "WordPress/5.3.2; https://www.naijadial.com/new"
41.217.25.43 - - [28/Jan/2020:02:43:43 -0500] "GET /new/wp-admin/plugin-install.php HTTP/1.1" 200 41712 "https://www.naijadial.com/new/wp-admin/" "Mozilla/5.0 (Windows NT 6.3; Win64; x64) AppleWebKit/537.36 (KHTML, like Gecko) Chrome/79.0.3945.130 Safari/537.36"
41.217.25.43 - - [28/Jan/2020:02:43:59 -0500] "GET /favicon.ico HTTP/1.1" 200 - "https://www.naijadial.com/new/wp-admin/plugin-install.php" "Mozilla/5.0 (Windows NT 6.3; Win64; x64) AppleWebKit/537.36 (KHTML, like Gecko) Chrome/79.0.3945.130 Safari/537.36"
41.217.25.43 - - [28/Jan/2020:02:44:08 -0500] "GET /new/wp-admin/plugin-install.php?tab=popular HTTP/1.1" 200 45062 "-" "Mozilla/5.0 (Windows NT 6.3; Win64; x64) AppleWebKit/537.36 (KHTML, like Gecko) Chrome/79.0.3945.130 Safari/537.36"
41.217.25.43 - - [28/Jan/2020:02:44:09 -0500] "POST /new/wp-admin/admin-ajax.php HTTP/1.1" 200 47 "https://www.naijadial.com/new/wp-admin/" "Mozilla/5.0 (Windows NT 6.3; Win64; x64) AppleWebKit/537.36 (KHTML, like Gecko) Chrome/79.0.3945.130 Safari/537.36"
41.217.25.43 - - [28/Jan/2020:02:44:28 -0500] "GET /favicon.ico HTTP/1.1" 200 - "https://www.naijadial.com/new/wp-admin/plugin-install.php?tab=popular" "Mozilla/5.0 (Windows NT 6.3; Win64; x64) AppleWebKit/537.36 (KHTML, like Gecko) Chrome/79.0.3945.130 Safari/537.36"
41.217.25.43 - - [28/Jan/2020:02:44:31 -0500] "POST /new/wp-admin/admin-ajax.php HTTP/1.1" 200 267 "https://www.naijadial.com/new/wp-admin/plugin-install.php?tab=popular" "Mozilla/5.0 (Windows NT 6.3; Win64; x64) AppleWebKit/537.36 (KHTML, like Gecko) Chrome/79.0.3945.130 Safari/537.36"
198.54.125.95 - - [28/Jan/2020:02:44:41 -0500] "POST /new/wp-cron.php?doing_wp_cron=1580197481.7975080013275146484375 HTTP/1.1" 200 - "https://www.naijadial.com/new/wp-cron.php?doing_wp_cron=1580197481.7975080013275146484375" "WordPress/5.3.2; https://www.naijadial.com/new"
41.217.25.43 - - [28/Jan/2020:02:44:41 -0500] "POST /new/wp-admin/admin-ajax.php HTTP/1.1" 200 273 "https://www.naijadial.com/new/wp-admin/plugin-install.php?tab=popular" "Mozilla/5.0 (Windows NT 6.3; Win64; x64) AppleWebKit/537.36 (KHTML, like Gecko) Chrome/79.0.3945.130 Safari/537.36"
41.217.25.43 - - [28/Jan/2020:02:44:45 -0500] "GET /new/wp-admin/plugins.php?_wpnonce=7889337a96&action=activate&plugin=duplicator/duplicator.php HTTP/1.1" 302 - "https://www.naijadial.com/new/wp-admin/plugin-install.php?tab=popular" "Mozilla/5.0 (Windows NT 6.3; Win64; x64) AppleWebKit/537.36 (KHTML, like Gecko) Chrome/79.0.3945.130 Safari/537.36"
41.217.25.43 - - [28/Jan/2020:02:44:47 -0500] "GET /new/wp-admin/plugins.php?activate=true&plugin_status=all&paged=1&s= HTTP/1.1" 200 49399 "https://www.naijadial.com/new/wp-admin/plugin-install.php?tab=popular" "Mozilla/5.0 (Windows NT 6.3; Win64; x64) AppleWebKit/537.36 (KHTML, like Gecko) Chrome/79.0.3945.130 Safari/537.36"
41.217.25.43 - - [28/Jan/2020:02:44:50 -0500] "GET /new/wp-content/plugins/duplicator/assets/css/global_admin_style.css?ver=1.3.24 HTTP/1.1" 200 323 "https://www.naijadial.com/new/wp-admin/plugins.php?activate=true&plugin_status=all&paged=1&s=" "Mozilla/5.0 (Windows NT 6.3; Win64; x64) AppleWebKit/537.36 (KHTML, like Gecko) Chrome/79.0.3945.130 Safari/537.36"
41.217.25.43 - - [28/Jan/2020:02:44:54 -0500] "GET /favicon.ico HTTP/1.1" 200 - "https://www.naijadial.com/new/wp-admin/plugins.php?plugin_status=all&paged=1&s" "Mozilla/5.0 (Windows NT 6.3; Win64; x64) AppleWebKit/537.36 (KHTML, like Gecko) Chrome/79.0.3945.130 Safari/537.36"
41.217.25.43 - - [28/Jan/2020:02:44:56 -0500] "GET /new/wp-admin/plugins.php?_wpnonce=c355d8958c&action=activate&plugin=wp-smushit/wp-smush.php HTTP/1.1" 302 - "https://www.naijadial.com/new/wp-admin/plugin-install.php?tab=popular" "Mozilla/5.0 (Windows NT 6.3; Win64; x64) AppleWebKit/537.36 (KHTML, like Gecko) Chrome/79.0.3945.130 Safari/537.36"
41.217.25.43 - - [28/Jan/2020:02:44:58 -0500] "GET /new/wp-admin/plugins.php?activate=true&plugin_status=all&paged=1&s= HTTP/1.1" 200 50881 "https://www.naijadial.com/new/wp-admin/plugin-install.php?tab=popular" "Mozilla/5.0 (Windows NT 6.3; Win64; x64) AppleWebKit/537.36 (KHTML, like Gecko) Chrome/79.0.3945.130 Safari/537.36"
41.217.25.43 - - [28/Jan/2020:02:45:02 -0500] "GET /new/wp-content/plugins/duplicator/assets/css/global_admin_style.css?ver=1.3.24 HTTP/1.1" 304 - "https://www.naijadial.com/new/wp-admin/plugins.php?activate=true&plugin_status=all&paged=1&s=" "Mozilla/5.0 (Windows NT 6.3; Win64; x64) AppleWebKit/537.36 (KHTML, like Gecko) Chrome/79.0.3945.130 Safari/537.36"
41.217.25.43 - - [28/Jan/2020:02:45:06 -0500] "GET /new/wp-includes/js/media-grid.min.js?ver=5.3.2 HTTP/1.1" 200 4184 "https://www.naijadial.com/new/wp-admin/plugins.php?activate=true&plugin_status=all&paged=1&s=" "Mozilla/5.0 (Windows NT 6.3; Win64; x64) AppleWebKit/537.36 (KHTML, like Gecko) Chrome/79.0.3945.130 Safari/537.36"
41.217.25.43 - - [28/Jan/2020:02:45:06 -0500] "GET /new/wp-content/plugins/wp-smushit/app/assets/js/smush-media.min.js?ver=3.4.2 HTTP/1.1" 200 1027 "https://www.naijadial.com/new/wp-admin/plugins.php?activate=true&plugin_status=all&paged=1&s=" "Mozilla/5.0 (Windows NT 6.3; Win64; x64) AppleWebKit/537.36 (KHTML, like Gecko) Chrome/79.0.3945.130 Safari/537.36"
41.217.25.43 - - [28/Jan/2020:02:45:06 -0500] "GET /new/wp-includes/js/wp-api.min.js?ver=5.3.2 HTTP/1.1" 200 4110 "https://www.naijadial.com/new/wp-admin/plugins.php?activate=true&plugin_status=all&paged=1&s=" "Mozilla/5.0 (Windows NT 6.3; Win64; x64) AppleWebKit/537.36 (KHTML, like Gecko) Chrome/79.0.3945.130 Safari/537.36"
198.54.125.95 - - [28/Jan/2020:02:45:07 -0500] "POST /new/wp-cron.php?doing_wp_cron=1580197507.8917601108551025390625 HTTP/1.1" 200 - "https://www.naijadial.com/new/wp-cron.php?doing_wp_cron=1580197507.8917601108551025390625" "WordPress/5.3.2; https://www.naijadial.com/new"
41.217.25.43 - - [28/Jan/2020:02:45:08 -0500] "GET /favicon.ico HTTP/1.1" 200 - "https://www.naijadial.com/new/wp-admin/plugins.php?plugin_status=all&paged=1&s" "Mozilla/5.0 (Windows NT 6.3; Win64; x64) AppleWebKit/537.36 (KHTML, like Gecko) Chrome/79.0.3945.130 Safari/537.36"
41.217.25.43 - - [28/Jan/2020:02:45:07 -0500] "GET /new/wp-json/wp/v2/ HTTP/1.1" 200 107534 "https://www.naijadial.com/new/wp-admin/plugins.php?plugin_status=all&paged=1&s" "Mozilla/5.0 (Windows NT 6.3; Win64; x64) AppleWebKit/537.36 (KHTML, like Gecko) Chrome/79.0.3945.130 Safari/537.36"
41.217.25.43 - - [28/Jan/2020:02:45:18 -0500] "POST /new/wp-admin/admin-ajax.php HTTP/1.1" 200 47 "https://www.naijadial.com/new/wp-admin/plugin-install.php?tab=popular" "Mozilla/5.0 (Windows NT 6.3; Win64; x64) AppleWebKit/537.36 (KHTML, like Gecko) Chrome/79.0.3945.130 Safari/537.36"
41.217.25.43 - - [28/Jan/2020:02:45:36 -0500] "GET /new/wp-admin/admin.php?page=duplicator HTTP/1.1" 200 48250 "https://www.naijadial.com/new/wp-admin/plugins.php?plugin_status=all&paged=1&s" "Mozilla/5.0 (Windows NT 6.3; Win64; x64) AppleWebKit/537.36 (KHTML, like Gecko) Chrome/79.0.3945.130 Safari/537.36"
41.217.25.43 - - [28/Jan/2020:02:45:39 -0500] "GET /new/wp-content/plugins/duplicator/assets/css/global_admin_style.css?ver=1.3.24 HTTP/1.1" 304 - "https://www.naijadial.com/new/wp-admin/admin.php?page=duplicator" "Mozilla/5.0 (Windows NT 6.3; Win64; x64) AppleWebKit/537.36 (KHTML, like Gecko) Chrome/79.0.3945.130 Safari/537.36"
41.217.25.43 - - [28/Jan/2020:02:45:39 -0500] "GET /new/wp-content/plugins/duplicator/assets/css/jquery-ui.css?ver=1.11.2 HTTP/1.1" 200 4995 "https://www.naijadial.com/new/wp-admin/admin.php?page=duplicator" "Mozilla/5.0 (Windows NT 6.3; Win64; x64) AppleWebKit/537.36 (KHTML, like Gecko) Chrome/79.0.3945.130 Safari/537.36"
41.217.25.43 - - [28/Jan/2020:02:45:40 -0500] "GET /new/wp-content/plugins/duplicator/assets/css/fontawesome-all.min.css?ver=5.7.2 HTTP/1.1" 200 11814 "https://www.naijadial.com/new/wp-admin/admin.php?page=duplicator" "Mozilla/5.0 (Windows NT 6.3; Win64; x64) AppleWebKit/537.36 (KHTML, like Gecko) Chrome/79.0.3945.130 Safari/537.36"
41.217.25.43 - - [28/Jan/2020:02:45:40 -0500] "GET /new/wp-content/plugins/duplicator/assets/css/style.css?ver=1.3.24 HTTP/1.1" 200 1551 "https://www.naijadial.com/new/wp-admin/admin.php?page=duplicator" "Mozilla/5.0 (Windows NT 6.3; Win64; x64) AppleWebKit/537.36 (KHTML, like Gecko) Chrome/79.0.3945.130 Safari/537.36"
41.217.25.43 - - [28/Jan/2020:02:45:41 -0500] "GET /new/wp-content/plugins/duplicator/assets/js/jquery.qtip/jquery.qtip.min.css?ver=2.2.1 HTTP/1.1" 200 2256 "https://www.naijadial.com/new/wp-admin/admin.php?page=duplicator" "Mozilla/5.0 (Windows NT 6.3; Win64; x64) AppleWebKit/537.36 (KHTML, like Gecko) Chrome/79.0.3945.130 Safari/537.36"
41.217.25.43 - - [28/Jan/2020:02:45:41 -0500] "GET /new/wp-content/plugins/duplicator/assets/js/parsley.min.js?ver=1.1.18 HTTP/1.1" 200 11040 "https://www.naijadial.com/new/wp-admin/admin.php?page=duplicator" "Mozilla/5.0 (Windows NT 6.3; Win64; x64) AppleWebKit/537.36 (KHTML, like Gecko) Chrome/79.0.3945.130 Safari/537.36"
41.217.25.43 - - [28/Jan/2020:02:45:41 -0500] "GET /new/wp-content/plugins/duplicator/assets/js/jquery.qtip/jquery.qtip.min.js?ver=2.2.1 HTTP/1.1" 200 16150 "https://www.naijadial.com/new/wp-admin/admin.php?page=duplicator" "Mozilla/5.0 (Windows NT 6.3; Win64; x64) AppleWebKit/537.36 (KHTML, like Gecko) Chrome/79.0.3945.130 Safari/537.36"
41.217.25.43 - - [28/Jan/2020:02:45:43 -0500] "GET /new/wp-content/plugins/wp-smushit/app/assets/js/smush-media.min.js?ver=3.4.2 HTTP/1.1" 304 - "https://www.naijadial.com/new/wp-admin/admin.php?page=duplicator" "Mozilla/5.0 (Windows NT 6.3; Win64; x64) AppleWebKit/537.36 (KHTML, like Gecko) Chrome/79.0.3945.130 Safari/537.36"
41.217.25.43 - - [28/Jan/2020:02:45:43 -0500] "GET /new/wp-includes/js/jquery/ui/progressbar.min.js?ver=1.11.4 HTTP/1.1" 200 904 "https://www.naijadial.com/new/wp-admin/admin.php?page=duplicator" "Mozilla/5.0 (Windows NT 6.3; Win64; x64) AppleWebKit/537.36 (KHTML, like Gecko) Chrome/79.0.3945.130 Safari/537.36"
41.217.25.43 - - [28/Jan/2020:02:45:44 -0500] "GET /new/wp-content/plugins/duplicator/assets/webfonts/fa-solid-900.woff2 HTTP/1.1" 200 74348 "https://www.naijadial.com/new/wp-content/plugins/duplicator/assets/css/fontawesome-all.min.css?ver=5.7.2" "Mozilla/5.0 (Windows NT 6.3; Win64; x64) AppleWebKit/537.36 (KHTML, like Gecko) Chrome/79.0.3945.130 Safari/537.36"
41.217.25.43 - - [28/Jan/2020:02:45:48 -0500] "GET /favicon.ico HTTP/1.1" 200 - "https://www.naijadial.com/new/wp-admin/admin.php?page=duplicator" "Mozilla/5.0 (Windows NT 6.3; Win64; x64) AppleWebKit/537.36 (KHTML, like Gecko) Chrome/79.0.3945.130 Safari/537.36"
41.217.25.43 - - [28/Jan/2020:02:45:51 -0500] "POST /new/wp-admin/admin-ajax.php HTTP/1.1" 200 103 "https://www.naijadial.com/new/wp-admin/admin.php?page=duplicator" "Mozilla/5.0 (Windows NT 6.3; Win64; x64) AppleWebKit/537.36 (KHTML, like Gecko) Chrome/79.0.3945.130 Safari/537.36"
41.217.25.43 - - [28/Jan/2020:02:45:52 -0500] "GET /new/wp-admin/admin.php?page=duplicator&tab=new1&_wpnonce=4baf2d9174 HTTP/1.1" 200 53796 "https://www.naijadial.com/new/wp-admin/admin.php?page=duplicator" "Mozilla/5.0 (Windows NT 6.3; Win64; x64) AppleWebKit/537.36 (KHTML, like Gecko) Chrome/79.0.3945.130 Safari/537.36"
41.217.25.43 - - [28/Jan/2020:02:45:54 -0500] "GET /new/wp-content/plugins/duplicator/assets/css/global_admin_style.css?ver=1.3.24 HTTP/1.1" 304 - "https://www.naijadial.com/new/wp-admin/admin.php?page=duplicator&tab=new1&_wpnonce=4baf2d9174" "Mozilla/5.0 (Windows NT 6.3; Win64; x64) AppleWebKit/537.36 (KHTML, like Gecko) Chrome/79.0.3945.130 Safari/537.36"
41.217.25.43 - - [28/Jan/2020:02:45:54 -0500] "POST /new/wp-admin/admin-ajax.php HTTP/1.1" 200 47 "https://www.naijadial.com/new/wp-admin/plugins.php?plugin_status=all&paged=1&s" "Mozilla/5.0 (Windows NT 6.3; Win64; x64) AppleWebKit/537.36 (KHTML, like Gecko) Chrome/79.0.3945.130 Safari/537.36"
41.217.25.43 - - [28/Jan/2020:02:45:55 -0500] "GET /new/wp-content/plugins/duplicator/assets/css/jquery-ui.css?ver=1.11.2 HTTP/1.1" 304 - "https://www.naijadial.com/new/wp-admin/admin.php?page=duplicator&tab=new1&_wpnonce=4baf2d9174" "Mozilla/5.0 (Windows NT 6.3; Win64; x64) AppleWebKit/537.36 (KHTML, like Gecko) Chrome/79.0.3945.130 Safari/537.36"
41.217.25.43 - - [28/Jan/2020:02:45:55 -0500] "GET /new/wp-content/plugins/duplicator/assets/css/fontawesome-all.min.css?ver=5.7.2 HTTP/1.1" 304 - "https://www.naijadial.com/new/wp-admin/admin.php?page=duplicator&tab=new1&_wpnonce=4baf2d9174" "Mozilla/5.0 (Windows NT 6.3; Win64; x64) AppleWebKit/537.36 (KHTML, like Gecko) Chrome/79.0.3945.130 Safari/537.36"
41.217.25.43 - - [28/Jan/2020:02:45:55 -0500] "GET /new/wp-content/plugins/duplicator/assets/js/jquery.qtip/jquery.qtip.min.js?ver=2.2.1 HTTP/1.1" 304 - "https://www.naijadial.com/new/wp-admin/admin.php?page=duplicator&tab=new1&_wpnonce=4baf2d9174" "Mozilla/5.0 (Windows NT 6.3; Win64; x64) AppleWebKit/537.36 (KHTML, like Gecko) Chrome/79.0.3945.130 Safari/537.36"
41.217.25.43 - - [28/Jan/2020:02:45:55 -0500] "GET /new/wp-content/plugins/duplicator/assets/js/parsley.min.js?ver=1.1.18 HTTP/1.1" 304 - "https://www.naijadial.com/new/wp-admin/admin.php?page=duplicator&tab=new1&_wpnonce=4baf2d9174" "Mozilla/5.0 (Windows NT 6.3; Win64; x64) AppleWebKit/537.36 (KHTML, like Gecko) Chrome/79.0.3945.130 Safari/537.36"
41.217.25.43 - - [28/Jan/2020:02:45:55 -0500] "GET /new/wp-content/plugins/duplicator/assets/css/style.css?ver=1.3.24 HTTP/1.1" 304 - "https://www.naijadial.com/new/wp-admin/admin.php?page=duplicator&tab=new1&_wpnonce=4baf2d9174" "Mozilla/5.0 (Windows NT 6.3; Win64; x64) AppleWebKit/537.36 (KHTML, like Gecko) Chrome/79.0.3945.130 Safari/537.36"
41.217.25.43 - - [28/Jan/2020:02:45:55 -0500] "GET /new/wp-content/plugins/duplicator/assets/js/jquery.qtip/jquery.qtip.min.css?ver=2.2.1 HTTP/1.1" 304 - "https://www.naijadial.com/new/wp-admin/admin.php?page=duplicator&tab=new1&_wpnonce=4baf2d9174" "Mozilla/5.0 (Windows NT 6.3; Win64; x64) AppleWebKit/537.36 (KHTML, like Gecko) Chrome/79.0.3945.130 Safari/537.36"
41.217.25.43 - - [28/Jan/2020:02:45:55 -0500] "GET /new/wp-content/plugins/duplicator/assets/img/amazon-64.png HTTP/1.1" 200 4866 "https://www.naijadial.com/new/wp-admin/admin.php?page=duplicator&tab=new1&_wpnonce=4baf2d9174" "Mozilla/5.0 (Windows NT 6.3; Win64; x64) AppleWebKit/537.36 (KHTML, like Gecko) Chrome/79.0.3945.130 Safari/537.36"
41.217.25.43 - - [28/Jan/2020:02:45:55 -0500] "GET /new/wp-content/plugins/duplicator/assets/img/dropbox-64.png HTTP/1.1" 200 5679 "https://www.naijadial.com/new/wp-admin/admin.php?page=duplicator&tab=new1&_wpnonce=4baf2d9174" "Mozilla/5.0 (Windows NT 6.3; Win64; x64) AppleWebKit/537.36 (KHTML, like Gecko) Chrome/79.0.3945.130 Safari/537.36"
41.217.25.43 - - [28/Jan/2020:02:45:55 -0500] "GET /new/wp-content/plugins/duplicator/assets/img/google_drive_64px.png HTTP/1.1" 200 3017 "https://www.naijadial.com/new/wp-admin/admin.php?page=duplicator&tab=new1&_wpnonce=4baf2d9174" "Mozilla/5.0 (Windows NT 6.3; Win64; x64) AppleWebKit/537.36 (KHTML, like Gecko) Chrome/79.0.3945.130 Safari/537.36"
41.217.25.43 - - [28/Jan/2020:02:45:56 -0500] "GET /new/wp-content/plugins/duplicator/assets/img/ftp-64.png HTTP/1.1" 200 6024 "https://www.naijadial.com/new/wp-admin/admin.php?page=duplicator&tab=new1&_wpnonce=4baf2d9174" "Mozilla/5.0 (Windows NT 6.3; Win64; x64) AppleWebKit/537.36 (KHTML, like Gecko) Chrome/79.0.3945.130 Safari/537.36"
41.217.25.43 - - [28/Jan/2020:02:45:56 -0500] "GET /new/wp-content/plugins/wp-smushit/app/assets/js/smush-media.min.js?ver=3.4.2 HTTP/1.1" 304 - "https://www.naijadial.com/new/wp-admin/admin.php?page=duplicator&tab=new1&_wpnonce=4baf2d9174" "Mozilla/5.0 (Windows NT 6.3; Win64; x64) AppleWebKit/537.36 (KHTML, like Gecko) Chrome/79.0.3945.130 Safari/537.36"
41.217.25.43 - - [28/Jan/2020:02:45:56 -0500] "GET /new/wp-content/plugins/duplicator/assets/img/onedrive-48px.png HTTP/1.1" 200 950 "https://www.naijadial.com/new/wp-admin/admin.php?page=duplicator&tab=new1&_wpnonce=4baf2d9174" "Mozilla/5.0 (Windows NT 6.3; Win64; x64) AppleWebKit/537.36 (KHTML, like Gecko) Chrome/79.0.3945.130 Safari/537.36"
41.217.25.43 - - [28/Jan/2020:02:45:56 -0500] "GET /new/wp-content/plugins/duplicator/assets/img/cpanel-48.png HTTP/1.1" 200 1233 "https://www.naijadial.com/new/wp-admin/admin.php?page=duplicator&tab=new1&_wpnonce=4baf2d9174" "Mozilla/5.0 (Windows NT 6.3; Win64; x64) AppleWebKit/537.36 (KHTML, like Gecko) Chrome/79.0.3945.130 Safari/537.36"
41.217.25.43 - - [28/Jan/2020:02:45:56 -0500] "GET /new/wp-content/plugins/duplicator/assets/webfonts/fa-solid-900.woff2 HTTP/1.1" 304 - "https://www.naijadial.com/new/wp-content/plugins/duplicator/assets/css/fontawesome-all.min.css?ver=5.7.2" "Mozilla/5.0 (Windows NT 6.3; Win64; x64) AppleWebKit/537.36 (KHTML, like Gecko) Chrome/79.0.3945.130 Safari/537.36"
41.217.25.43 - - [28/Jan/2020:02:45:56 -0500] "GET /new/wp-content/plugins/duplicator/assets/webfonts/fa-regular-400.woff2 HTTP/1.1" 200 13592 "https://www.naijadial.com/new/wp-content/plugins/duplicator/assets/css/fontawesome-all.min.css?ver=5.7.2" "Mozilla/5.0 (Windows NT 6.3; Win64; x64) AppleWebKit/537.36 (KHTML, like Gecko) Chrome/79.0.3945.130 Safari/537.36"
41.217.25.43 - - [28/Jan/2020:02:45:57 -0500] "GET /favicon.ico HTTP/1.1" 200 - "https://www.naijadial.com/new/wp-admin/admin.php?page=duplicator&tab=new1&_wpnonce=4baf2d9174" "Mozilla/5.0 (Windows NT 6.3; Win64; x64) AppleWebKit/537.36 (KHTML, like Gecko) Chrome/79.0.3945.130 Safari/537.36"
41.217.25.43 - - [28/Jan/2020:02:46:02 -0500] "POST /new/wp-admin/admin-ajax.php HTTP/1.1" 200 171 "https://www.naijadial.com/new/wp-admin/admin.php?page=duplicator&tab=new1&_wpnonce=4baf2d9174" "Mozilla/5.0 (Windows NT 6.3; Win64; x64) AppleWebKit/537.36 (KHTML, like Gecko) Chrome/79.0.3945.130 Safari/537.36"
198.54.125.95 - - [28/Jan/2020:02:46:09 -0500] "POST /new/wp-cron.php?doing_wp_cron=1580197569.4826819896697998046875 HTTP/1.1" 200 - "https://www.naijadial.com/new/wp-cron.php?doing_wp_cron=1580197569.4826819896697998046875" "WordPress/5.3.2; https://www.naijadial.com/new"
41.217.25.43 - - [28/Jan/2020:02:46:09 -0500] "POST /new/wp-admin/admin-ajax.php HTTP/1.1" 200 47 "https://www.naijadial.com/new/wp-admin/" "Mozilla/5.0 (Windows NT 6.3; Win64; x64) AppleWebKit/537.36 (KHTML, like Gecko) Chrome/79.0.3945.130 Safari/537.36"
41.217.25.43 - - [28/Jan/2020:02:46:12 -0500] "POST /new/wp-admin/admin-ajax.php HTTP/1.1" 200 174 "https://www.naijadial.com/new/wp-admin/admin.php?page=duplicator&tab=new1&_wpnonce=4baf2d9174" "Mozilla/5.0 (Windows NT 6.3; Win64; x64) AppleWebKit/537.36 (KHTML, like Gecko) Chrome/79.0.3945.130 Safari/537.36"
41.217.25.43 - - [28/Jan/2020:02:46:57 -0500] "POST /new/wp-admin/admin-ajax.php HTTP/1.1" 200 47 "https://www.naijadial.com/new/wp-admin/admin.php?page=duplicator&tab=new1&_wpnonce=4baf2d9174" "Mozilla/5.0 (Windows NT 6.3; Win64; x64) AppleWebKit/537.36 (KHTML, like Gecko) Chrome/79.0.3945.130 Safari/537.36"
198.54.125.95 - - [28/Jan/2020:02:47:19 -0500] "POST /new/wp-cron.php?doing_wp_cron=1580197639.4189898967742919921875 HTTP/1.1" 200 - "https://www.naijadial.com/new/wp-cron.php?doing_wp_cron=1580197639.4189898967742919921875" "WordPress/5.3.2; https://www.naijadial.com/new"
41.217.25.43 - - [28/Jan/2020:02:47:19 -0500] "POST /new/wp-admin/admin-ajax.php HTTP/1.1" 200 47 "https://www.naijadial.com/new/wp-admin/plugin-install.php?tab=popular" "Mozilla/5.0 (Windows NT 6.3; Win64; x64) AppleWebKit/537.36 (KHTML, like Gecko) Chrome/79.0.3945.130 Safari/537.36"
41.217.25.43 - - [28/Jan/2020:02:43:00 -0500] "GET /new/wp-content/plugins/brizy/admin/static/js/featured-image.js?ver=1.0.112 HTTP/1.1" 304 - "https://www.naijadial.com/new/wp-admin/" "Mozilla/5.0 (Windows NT 6.3; Win64; x64) AppleWebKit/537.36 (KHTML, like Gecko) Chrome/79.0.3945.130 Safari/537.36"
41.217.25.43 - - [28/Jan/2020:02:47:56 -0500] "POST /new/wp-admin/admin-ajax.php HTTP/1.1" 200 47 "https://www.naijadial.com/new/wp-admin/plugins.php?plugin_status=all&paged=1&s" "Mozilla/5.0 (Windows NT 6.3; Win64; x64) AppleWebKit/537.36 (KHTML, like Gecko) Chrome/79.0.3945.130 Safari/537.36"
41.217.25.43 - - [28/Jan/2020:02:47:57 -0500] "POST /new/wp-admin/admin-ajax.php HTTP/1.1" 200 47 "https://www.naijadial.com/new/wp-admin/admin.php?page=duplicator&tab=new1&_wpnonce=4baf2d9174" "Mozilla/5.0 (Windows NT 6.3; Win64; x64) AppleWebKit/537.36 (KHTML, like Gecko) Chrome/79.0.3945.130 Safari/537.36"
198.54.125.95 - - [28/Jan/2020:02:48:09 -0500] "POST /new/wp-cron.php?doing_wp_cron=1580197689.4433009624481201171875 HTTP/1.1" 200 - "https://www.naijadial.com/new/wp-cron.php?doing_wp_cron=1580197689.4433009624481201171875" "WordPress/5.3.2; https://www.naijadial.com/new"
41.217.25.43 - - [28/Jan/2020:02:48:09 -0500] "POST /new/wp-admin/admin-ajax.php HTTP/1.1" 200 47 "https://www.naijadial.com/new/wp-admin/" "Mozilla/5.0 (Windows NT 6.3; Win64; x64) AppleWebKit/537.36 (KHTML, like Gecko) Chrome/79.0.3945.130 Safari/537.36"
41.217.25.43 - - [28/Jan/2020:02:48:58 -0500] "POST /new/wp-admin/admin-ajax.php HTTP/1.1" 200 47 "https://www.naijadial.com/new/wp-admin/admin.php?page=duplicator&tab=new1&_wpnonce=4baf2d9174" "Mozilla/5.0 (Windows NT 6.3; Win64; x64) AppleWebKit/537.36 (KHTML, like Gecko) Chrome/79.0.3945.130 Safari/537.36"
198.54.125.95 - - [28/Jan/2020:02:49:44 -0500] "POST /new/wp-cron.php?doing_wp_cron=1580197784.4693999290466308593750 HTTP/1.1" 200 - "https://www.naijadial.com/new/wp-cron.php?doing_wp_cron=1580197784.4693999290466308593750" "WordPress/5.3.2; https://www.naijadial.com/new"
41.217.25.43 - - [28/Jan/2020:02:49:28 -0500] "POST /new/wp-admin/admin-ajax.php HTTP/1.1" 200 47 "https://www.naijadial.com/new/wp-admin/plugin-install.php?tab=popular" "Mozilla/5.0 (Windows NT 6.3; Win64; x64) AppleWebKit/537.36 (KHTML, like Gecko) Chrome/79.0.3945.130 Safari/537.36"
41.217.25.43 - - [28/Jan/2020:02:49:55 -0500] "POST /new/wp-admin/admin-ajax.php HTTP/1.1" 200 47 "https://www.naijadial.com/new/wp-admin/plugins.php?plugin_status=all&paged=1&s" "Mozilla/5.0 (Windows NT 6.3; Win64; x64) AppleWebKit/537.36 (KHTML, like Gecko) Chrome/79.0.3945.130 Safari/537.36"
41.217.25.43 - - [28/Jan/2020:02:49:57 -0500] "POST /new/wp-admin/admin-ajax.php HTTP/1.1" 200 47 "https://www.naijadial.com/new/wp-admin/admin.php?page=duplicator&tab=new1&_wpnonce=4baf2d9174" "Mozilla/5.0 (Windows NT 6.3; Win64; x64) AppleWebKit/537.36 (KHTML, like Gecko) Chrome/79.0.3945.130 Safari/537.36"
198.54.125.95 - - [28/Jan/2020:02:50:09 -0500] "POST /new/wp-cron.php?doing_wp_cron=1580197809.5604488849639892578125 HTTP/1.1" 200 - "https://www.naijadial.com/new/wp-cron.php?doing_wp_cron=1580197809.5604488849639892578125" "WordPress/5.3.2; https://www.naijadial.com/new"
41.217.25.43 - - [28/Jan/2020:02:50:09 -0500] "POST /new/wp-admin/admin-ajax.php HTTP/1.1" 200 47 "https://www.naijadial.com/new/wp-admin/" "Mozilla/5.0 (Windows NT 6.3; Win64; x64) AppleWebKit/537.36 (KHTML, like Gecko) Chrome/79.0.3945.130 Safari/537.36"
41.217.25.43 - - [28/Jan/2020:02:50:23 -0500] "POST /new/wp-admin/admin-ajax.php HTTP/1.1" 200 47 "https://www.naijadial.com/new/wp-admin/" "Mozilla/5.0 (Windows NT 6.3; Win64; x64) AppleWebKit/537.36 (KHTML, like Gecko) Chrome/79.0.3945.130 Safari/537.36"
41.217.25.43 - - [28/Jan/2020:02:50:23 -0500] "POST /new/wp-admin/admin-ajax.php HTTP/1.1" 200 47 "https://www.naijadial.com/new/wp-admin/admin.php?page=duplicator&tab=new1&_wpnonce=4baf2d9174" "Mozilla/5.0 (Windows NT 6.3; Win64; x64) AppleWebKit/537.36 (KHTML, like Gecko) Chrome/79.0.3945.130 Safari/537.36"
41.217.25.43 - - [28/Jan/2020:02:50:57 -0500] "POST /new/wp-admin/admin-ajax.php HTTP/1.1" 200 47 "https://www.naijadial.com/new/wp-admin/admin.php?page=duplicator&tab=new1&_wpnonce=4baf2d9174" "Mozilla/5.0 (Windows NT 6.3; Win64; x64) AppleWebKit/537.36 (KHTML, like Gecko) Chrome/79.0.3945.130 Safari/537.36"
198.54.125.95 - - [28/Jan/2020:02:51:20 -0500] "POST /new/wp-cron.php?doing_wp_cron=1580197880.4219748973846435546875 HTTP/1.1" 200 - "https://www.naijadial.com/new/wp-cron.php?doing_wp_cron=1580197880.4219748973846435546875" "WordPress/5.3.2; https://www.naijadial.com/new"
41.217.25.43 - - [28/Jan/2020:02:51:20 -0500] "POST /new/wp-admin/admin-ajax.php HTTP/1.1" 200 47 "https://www.naijadial.com/new/wp-admin/plugin-install.php?tab=popular" "Mozilla/5.0 (Windows NT 6.3; Win64; x64) AppleWebKit/537.36 (KHTML, like Gecko) Chrome/79.0.3945.130 Safari/537.36"
198.54.125.95 - - [28/Jan/2020:02:51:57 -0500] "POST /new/wp-cron.php?doing_wp_cron=1580197917.5324549674987792968750 HTTP/1.1" 200 - "https://www.naijadial.com/new/wp-cron.php?doing_wp_cron=1580197917.5324549674987792968750" "WordPress/5.3.2; https://www.naijadial.com/new"
41.217.25.43 - - [28/Jan/2020:02:51:57 -0500] "POST /new/wp-admin/admin-ajax.php HTTP/1.1" 200 47 "https://www.naijadial.com/new/wp-admin/plugins.php?plugin_status=all&paged=1&s" "Mozilla/5.0 (Windows NT 6.3; Win64; x64) AppleWebKit/537.36 (KHTML, like Gecko) Chrome/79.0.3945.130 Safari/537.36"
198.54.125.95 - - [28/Jan/2020:02:51:58 -0500] "POST /new/wp-cron.php?doing_wp_cron=1580197918.3023979663848876953125 HTTP/1.1" 200 - "https://www.naijadial.com/new/wp-cron.php?doing_wp_cron=1580197918.3023979663848876953125" "WordPress/5.3.2; https://www.naijadial.com/new"
41.217.25.43 - - [28/Jan/2020:02:51:57 -0500] "POST /new/wp-admin/admin-ajax.php HTTP/1.1" 200 47 "https://www.naijadial.com/new/wp-admin/admin.php?page=duplicator&tab=new1&_wpnonce=4baf2d9174" "Mozilla/5.0 (Windows NT 6.3; Win64; x64) AppleWebKit/537.36 (KHTML, like Gecko) Chrome/79.0.3945.130 Safari/537.36"
41.217.25.43 - - [28/Jan/2020:02:52:10 -0500] "GET /new/wp-admin/admin.php?page=duplicator-settings HTTP/1.1" 200 45161 "https://www.naijadial.com/new/wp-admin/admin.php?page=duplicator&tab=new1&_wpnonce=4baf2d9174" "Mozilla/5.0 (Windows NT 6.3; Win64; x64) AppleWebKit/537.36 (KHTML, like Gecko) Chrome/79.0.3945.130 Safari/537.36"
41.217.25.43 - - [28/Jan/2020:02:52:10 -0500] "POST /new/wp-admin/admin-ajax.php HTTP/1.1" 200 47 "https://www.naijadial.com/new/wp-admin/" "Mozilla/5.0 (Windows NT 6.3; Win64; x64) AppleWebKit/537.36 (KHTML, like Gecko) Chrome/79.0.3945.130 Safari/537.36"
41.217.25.43 - - [28/Jan/2020:02:52:14 -0500] "GET /new/wp-content/plugins/duplicator/assets/css/global_admin_style.css?ver=1.3.24 HTTP/1.1" 304 - "https://www.naijadial.com/new/wp-admin/admin.php?page=duplicator-settings" "Mozilla/5.0 (Windows NT 6.3; Win64; x64) AppleWebKit/537.36 (KHTML, like Gecko) Chrome/79.0.3945.130 Safari/537.36"
41.217.25.43 - - [28/Jan/2020:02:52:14 -0500] "GET /new/wp-content/plugins/duplicator/assets/css/style.css?ver=1.3.24 HTTP/1.1" 304 - "https://www.naijadial.com/new/wp-admin/admin.php?page=duplicator-settings" "Mozilla/5.0 (Windows NT 6.3; Win64; x64) AppleWebKit/537.36 (KHTML, like Gecko) Chrome/79.0.3945.130 Safari/537.36"
41.217.25.43 - - [28/Jan/2020:02:54:40 -0500] "POST /new/wp-admin/admin-ajax.php HTTP/1.1" 200 47 "https://www.naijadial.com/new/wp-admin/admin.php?page=duplicator-settings" "Mozilla/5.0 (Windows NT 6.3; Win64; x64) AppleWebKit/537.36 (KHTML, like Gecko) Chrome/79.0.3945.130 Safari/537.36"
41.217.25.43 - - [28/Jan/2020:02:55:23 -0500] "POST /new/wp-admin/admin-ajax.php HTTP/1.1" 200 47 "https://www.naijadial.com/new/wp-admin/admin.php?page=duplicator-settings" "Mozilla/5.0 (Windows NT 6.3; Win64; x64) AppleWebKit/537.36 (KHTML, like Gecko) Chrome/79.0.3945.130 Safari/537.36"
198.54.125.95 - - [28/Jan/2020:02:56:19 -0500] "POST /new/wp-cron.php?doing_wp_cron=1580198179.0390710830688476562500 HTTP/1.1" 200 - "https://www.naijadial.com/new/wp-cron.php?doing_wp_cron=1580198179.0390710830688476562500" "WordPress/5.3.2; https://www.naijadial.com/new"
41.217.25.43 - - [28/Jan/2020:02:56:18 -0500] "POST /new/wp-admin/admin-ajax.php HTTP/1.1" 200 47 "https://www.naijadial.com/new/wp-admin/admin.php?page=duplicator-settings" "Mozilla/5.0 (Windows NT 6.3; Win64; x64) AppleWebKit/537.36 (KHTML, like Gecko) Chrome/79.0.3945.130 Safari/537.36"
198.54.125.95 - - [28/Jan/2020:02:57:21 -0500] "POST /new/wp-cron.php?doing_wp_cron=1580198241.0948479175567626953125 HTTP/1.1" 200 - "https://www.naijadial.com/new/wp-cron.php?doing_wp_cron=1580198241.0948479175567626953125" "WordPress/5.3.2; https://www.naijadial.com/new"
41.217.25.43 - - [28/Jan/2020:02:57:20 -0500] "POST /new/wp-admin/admin-ajax.php HTTP/1.1" 200 47 "https://www.naijadial.com/new/wp-admin/admin.php?page=duplicator-settings" "Mozilla/5.0 (Windows NT 6.3; Win64; x64) AppleWebKit/537.36 (KHTML, like Gecko) Chrome/79.0.3945.130 Safari/537.36"
198.54.125.95 - - [28/Jan/2020:02:58:19 -0500] "POST /new/wp-cron.php?doing_wp_cron=1580198299.0672531127929687500000 HTTP/1.1" 200 - "https://www.naijadial.com/new/wp-cron.php?doing_wp_cron=1580198299.0672531127929687500000" "WordPress/5.3.2; https://www.naijadial.com/new"
41.217.25.43 - - [28/Jan/2020:02:58:18 -0500] "POST /new/wp-admin/admin-ajax.php HTTP/1.1" 200 47 "https://www.naijadial.com/new/wp-admin/admin.php?page=duplicator-settings" "Mozilla/5.0 (Windows NT 6.3; Win64; x64) AppleWebKit/537.36 (KHTML, like Gecko) Chrome/79.0.3945.130 Safari/537.36"
198.54.125.95 - - [28/Jan/2020:02:59:19 -0500] "POST /new/wp-cron.php?doing_wp_cron=1580198359.1362369060516357421875 HTTP/1.1" 200 - "https://www.naijadial.com/new/wp-cron.php?doing_wp_cron=1580198359.1362369060516357421875" "WordPress/5.3.2; https://www.naijadial.com/new"
41.217.25.43 - - [28/Jan/2020:02:59:18 -0500] "POST /new/wp-admin/admin-ajax.php HTTP/1.1" 200 47 "https://www.naijadial.com/new/wp-admin/admin.php?page=duplicator-settings" "Mozilla/5.0 (Windows NT 6.3; Win64; x64) AppleWebKit/537.36 (KHTML, like Gecko) Chrome/79.0.3945.130 Safari/537.36"
198.54.125.95 - - [28/Jan/2020:03:00:19 -0500] "POST /new/wp-cron.php?doing_wp_cron=1580198419.3496539592742919921875 HTTP/1.1" 200 - "https://www.naijadial.com/new/wp-cron.php?doing_wp_cron=1580198419.3496539592742919921875" "WordPress/5.3.2; https://www.naijadial.com/new"
41.217.25.43 - - [28/Jan/2020:03:00:19 -0500] "POST /new/wp-admin/admin-ajax.php HTTP/1.1" 200 47 "https://www.naijadial.com/new/wp-admin/admin.php?page=duplicator-settings" "Mozilla/5.0 (Windows NT 6.3; Win64; x64) AppleWebKit/537.36 (KHTML, like Gecko) Chrome/79.0.3945.130 Safari/537.36"
198.54.125.95 - - [28/Jan/2020:03:01:19 -0500] "POST /new/wp-cron.php?doing_wp_cron=1580198479.0841860771179199218750 HTTP/1.1" 200 - "https://www.naijadial.com/new/wp-cron.php?doing_wp_cron=1580198479.0841860771179199218750" "WordPress/5.3.2; https://www.naijadial.com/new"
41.217.25.43 - - [28/Jan/2020:03:01:18 -0500] "POST /new/wp-admin/admin-ajax.php HTTP/1.1" 200 47 "https://www.naijadial.com/new/wp-admin/admin.php?page=duplicator-settings" "Mozilla/5.0 (Windows NT 6.3; Win64; x64) AppleWebKit/537.36 (KHTML, like Gecko) Chrome/79.0.3945.130 Safari/537.36"
198.54.125.95 - - [28/Jan/2020:03:06:39 -0500] "POST /new/wp-cron.php?doing_wp_cron=1580198799.5808660984039306640625 HTTP/1.1" 200 - "https://www.naijadial.com/new/wp-cron.php?doing_wp_cron=1580198799.5808660984039306640625" "WordPress/5.3.2; https://www.naijadial.com/new"
41.217.25.43 - - [28/Jan/2020:03:06:19 -0500] "POST /new/wp-admin/admin-ajax.php HTTP/1.1" 200 47 "https://www.naijadial.com/new/wp-admin/admin.php?page=duplicator-settings" "Mozilla/5.0 (Windows NT 6.3; Win64; x64) AppleWebKit/537.36 (KHTML, like Gecko) Chrome/79.0.3945.130 Safari/537.36"
41.217.25.43 - - [28/Jan/2020:02:52:14 -0500] "GET /new/wp-content/plugins/duplicator/assets/js/parsley.min.js?ver=1.1.18 HTTP/1.1" 304 - "https://www.naijadial.com/new/wp-admin/admin.php?page=duplicator-settings" "Mozilla/5.0 (Windows NT 6.3; Win64; x64) AppleWebKit/537.36 (KHTML, like Gecko) Chrome/79.0.3945.130 Safari/537.36"
41.217.25.43 - - [28/Jan/2020:02:52:14 -0500] "GET /new/wp-content/plugins/duplicator/assets/css/fontawesome-all.min.css?ver=5.7.2 HTTP/1.1" 304 - "https://www.naijadial.com/new/wp-admin/admin.php?page=duplicator-settings" "Mozilla/5.0 (Windows NT 6.3; Win64; x64) AppleWebKit/537.36 (KHTML, like Gecko) Chrome/79.0.3945.130 Safari/537.36"
41.217.25.43 - - [28/Jan/2020:02:52:14 -0500] "GET /new/wp-content/plugins/duplicator/assets/js/jquery.qtip/jquery.qtip.min.css?ver=2.2.1 HTTP/1.1" 304 - "https://www.naijadial.com/new/wp-admin/admin.php?page=duplicator-settings" "Mozilla/5.0 (Windows NT 6.3; Win64; x64) AppleWebKit/537.36 (KHTML, like Gecko) Chrome/79.0.3945.130 Safari/537.36"
41.217.25.43 - - [28/Jan/2020:02:52:14 -0500] "GET /new/wp-content/plugins/duplicator/assets/js/jquery.qtip/jquery.qtip.min.js?ver=2.2.1 HTTP/1.1" 304 - "https://www.naijadial.com/new/wp-admin/admin.php?page=duplicator-settings" "Mozilla/5.0 (Windows NT 6.3; Win64; x64) AppleWebKit/537.36 (KHTML, like Gecko) Chrome/79.0.3945.130 Safari/537.36"
41.217.25.43 - - [28/Jan/2020:02:52:14 -0500] "GET /new/wp-content/plugins/duplicator/assets/css/jquery-ui.css?ver=1.11.2 HTTP/1.1" 304 - "https://www.naijadial.com/new/wp-admin/admin.php?page=duplicator-settings" "Mozilla/5.0 (Windows NT 6.3; Win64; x64) AppleWebKit/537.36 (KHTML, like Gecko) Chrome/79.0.3945.130 Safari/537.36"
41.217.25.43 - - [28/Jan/2020:02:52:16 -0500] "GET /new/wp-content/plugins/duplicator/assets/webfonts/fa-solid-900.woff2 HTTP/1.1" 304 - "https://www.naijadial.com/new/wp-content/plugins/duplicator/assets/css/fontawesome-all.min.css?ver=5.7.2" "Mozilla/5.0 (Windows NT 6.3; Win64; x64) AppleWebKit/537.36 (KHTML, like Gecko) Chrome/79.0.3945.130 Safari/537.36"
41.217.25.43 - - [28/Jan/2020:02:52:17 -0500] "GET /new/wp-content/plugins/wp-smushit/app/assets/js/smush-media.min.js?ver=3.4.2 HTTP/1.1" 304 - "https://www.naijadial.com/new/wp-admin/admin.php?page=duplicator-settings" "Mozilla/5.0 (Windows NT 6.3; Win64; x64) AppleWebKit/537.36 (KHTML, like Gecko) Chrome/79.0.3945.130 Safari/537.36"
