176.9.210.82 - - [28/Jan/2020:03:21:08 -0500] "GET /nd-include/js/masonry.min.js?ver=3.3.2 HTTP/1.1" 200 8524 "https://www.naijadial.com/" "Mozilla/5.0 (Windows NT 5.1) AppleWebKit/537.36 (KHTML, like Gecko) Chrome/46.0.2490.71 Safari/537.36"
176.9.210.82 - - [28/Jan/2020:03:21:08 -0500] "GET /addons/js_composer/assets/js/dist/js_composer_front.min.js?ver=5.3 HTTP/1.1" 200 5712 "https://www.naijadial.com/" "Mozilla/5.0 (Windows NT 5.1) AppleWebKit/537.36 (KHTML, like Gecko) Chrome/46.0.2490.71 Safari/537.36"
176.9.210.82 - - [28/Jan/2020:03:21:08 -0500] "GET /addons/sf-booking//assets/validator/bootstrapValidator.js HTTP/1.1" 200 54957 "https://www.naijadial.com/" "Mozilla/5.0 (Windows NT 5.1) AppleWebKit/537.36 (KHTML, like Gecko) Chrome/46.0.2490.71 Safari/537.36"
176.9.210.82 - - [28/Jan/2020:03:21:10 -0500] "GET /addons/revslider/public/assets/js/extensions/revolution.extension.navigation.min.js?version=5.4.7 HTTP/1.1" 200 7043 "https://www.naijadial.com/" "Mozilla/5.0 (Windows NT 5.1) AppleWebKit/537.36 (KHTML, like Gecko) Chrome/46.0.2490.71 Safari/537.36"
176.9.210.82 - - [28/Jan/2020:03:21:10 -0500] "GET /addons/revslider/public/assets/js/extensions/revolution.extension.actions.min.js?version=5.4.7 HTTP/1.1" 200 2573 "https://www.naijadial.com/" "Mozilla/5.0 (Windows NT 5.1) AppleWebKit/537.36 (KHTML, like Gecko) Chrome/46.0.2490.71 Safari/537.36"
176.9.210.82 - - [28/Jan/2020:03:21:10 -0500] "GET /addons/revslider/public/assets/js/extensions/revolution.extension.parallax.min.js?version=5.4.7 HTTP/1.1" 200 3241 "https://www.naijadial.com/" "Mozilla/5.0 (Windows NT 5.1) AppleWebKit/537.36 (KHTML, like Gecko) Chrome/46.0.2490.71 Safari/537.36"
176.9.210.82 - - [28/Jan/2020:03:21:10 -0500] "GET /addons/revslider/public/assets/js/extensions/revolution.extension.slideanims.min.js?version=5.4.7 HTTP/1.1" 200 7024 "https://www.naijadial.com/" "Mozilla/5.0 (Windows NT 5.1) AppleWebKit/537.36 (KHTML, like Gecko) Chrome/46.0.2490.71 Safari/537.36"
176.9.210.82 - - [28/Jan/2020:03:21:10 -0500] "GET /addons/revslider/public/assets/js/extensions/revolution.extension.layeranimation.min.js?version=5.4.7 HTTP/1.1" 200 14382 "https://www.naijadial.com/" "Mozilla/5.0 (Windows NT 5.1) AppleWebKit/537.36 (KHTML, like Gecko) Chrome/46.0.2490.71 Safari/537.36"
176.9.210.82 - - [28/Jan/2020:03:21:10 -0500] "POST /?wc-ajax=get_refreshed_fragments HTTP/1.1" 200 212 "https://www.naijadial.com/" "Mozilla/5.0 (Windows NT 5.1) AppleWebKit/537.36 (KHTML, like Gecko) Chrome/46.0.2490.71 Safari/537.36"
66.249.79.246 - - [28/Jan/2020:03:21:12 -0500] "GET /ads.txt HTTP/1.1" 301 - "-" "Mozilla/5.0 (compatible; Googlebot/2.1; +http://www.google.com/bot.html)"
176.9.210.82 - - [28/Jan/2020:03:21:10 -0500] "GET /wp-admin/admin-ajax.php?action=quform_support_page_caching&token=6MPYybjvyMu19a9ZBy6QCI022ho4Y6xOGxSZaIic&forms%5B%5D=1591ed HTTP/1.1" 200 97 "https://www.naijadial.com/" "Mozilla/5.0 (Windows NT 5.1) AppleWebKit/537.36 (KHTML, like Gecko) Chrome/46.0.2490.71 Safari/537.36"
66.249.79.185 - - [28/Jan/2020:03:21:13 -0500] "GET /robots.txt HTTP/1.1" 200 69 "-" "Mozilla/5.0 (compatible; Googlebot/2.1; +http://www.google.com/bot.html)"
41.217.25.43 - - [28/Jan/2020:03:20:11 -0500] "POST /new/wp-admin/admin-ajax.php HTTP/1.1" 200 4659 "https://www.naijadial.com/new/wp-admin/admin.php?page=duplicator&tab=new3&_wpnonce=8cb3b9794a" "Mozilla/5.0 (Windows NT 6.3; Win64; x64) AppleWebKit/537.36 (KHTML, like Gecko) Chrome/79.0.3945.130 Safari/537.36"
198.54.125.95 - - [28/Jan/2020:03:21:18 -0500] "POST /new/wp-cron.php?doing_wp_cron=1580199678.9529850482940673828125 HTTP/1.1" 200 - "https://www.naijadial.com/new/wp-cron.php?doing_wp_cron=1580199678.9529850482940673828125" "WordPress/5.3.2; https://www.naijadial.com/new"
198.54.125.95 - - [28/Jan/2020:03:21:18 -0500] "POST /wp-cron.php?doing_wp_cron=1580199678.8325910568237304687500 HTTP/1.1" 200 - "https://www.naijadial.com/wp-cron.php?doing_wp_cron=1580199678.8325910568237304687500" "WordPress/5.3.2; https://www.naijadial.com"
66.249.79.185 - - [28/Jan/2020:03:21:18 -0500] "GET /ads.txt HTTP/1.1" 404 143774 "-" "Mozilla/5.0 (compatible; Googlebot/2.1; +http://www.google.com/bot.html)"
41.217.25.43 - - [28/Jan/2020:03:20:19 -0500] "POST /new/wp-admin/admin-ajax.php HTTP/1.1" 200 124 "https://www.naijadial.com/new/wp-admin/admin.php?page=duplicator&tab=new3&_wpnonce=8cb3b9794a" "Mozilla/5.0 (Windows NT 6.3; Win64; x64) AppleWebKit/537.36 (KHTML, like Gecko) Chrome/79.0.3945.130 Safari/537.36"
198.54.125.95 - - [28/Jan/2020:03:21:19 -0500] "POST /new/wp-cron.php?doing_wp_cron=1580199679.6470088958740234375000 HTTP/1.1" 200 - "https://www.naijadial.com/new/wp-cron.php?doing_wp_cron=1580199679.6470088958740234375000" "WordPress/5.3.2; https://www.naijadial.com/new"
41.217.25.43 - - [28/Jan/2020:03:21:07 -0500] "POST /new/wp-admin/admin-ajax.php HTTP/1.1" 200 123 "https://www.naijadial.com/new/wp-admin/admin.php?page=duplicator&tab=new3&_wpnonce=8cb3b9794a" "Mozilla/5.0 (Windows NT 6.3; Win64; x64) AppleWebKit/537.36 (KHTML, like Gecko) Chrome/79.0.3945.130 Safari/537.36"
41.217.25.43 - - [28/Jan/2020:03:20:46 -0500] "POST /new/wp-admin/admin-ajax.php HTTP/1.1" 200 47 "https://www.naijadial.com/new/wp-admin/" "Mozilla/5.0 (Windows NT 6.3; Win64; x64) AppleWebKit/537.36 (KHTML, like Gecko) Chrome/79.0.3945.130 Safari/537.36"
41.217.25.43 - - [28/Jan/2020:03:20:35 -0500] "POST /new/wp-admin/admin-ajax.php HTTP/1.1" 200 124 "https://www.naijadial.com/new/wp-admin/admin.php?page=duplicator&tab=new3&_wpnonce=8cb3b9794a" "Mozilla/5.0 (Windows NT 6.3; Win64; x64) AppleWebKit/537.36 (KHTML, like Gecko) Chrome/79.0.3945.130 Safari/537.36"
41.217.25.43 - - [28/Jan/2020:03:21:15 -0500] "POST /new/wp-admin/admin-ajax.php HTTP/1.1" 200 124 "https://www.naijadial.com/new/wp-admin/admin.php?page=duplicator&tab=new3&_wpnonce=8cb3b9794a" "Mozilla/5.0 (Windows NT 6.3; Win64; x64) AppleWebKit/537.36 (KHTML, like Gecko) Chrome/79.0.3945.130 Safari/537.36"
41.217.25.43 - - [28/Jan/2020:03:20:38 -0500] "POST /new/wp-admin/admin-ajax.php HTTP/1.1" 200 47 "https://www.naijadial.com/new/wp-admin/plugins.php?plugin_status=all&paged=1&s" "Mozilla/5.0 (Windows NT 6.3; Win64; x64) AppleWebKit/537.36 (KHTML, like Gecko) Chrome/79.0.3945.130 Safari/537.36"
41.217.25.43 - - [28/Jan/2020:03:20:43 -0500] "POST /new/wp-admin/admin-ajax.php HTTP/1.1" 200 120 "https://www.naijadial.com/new/wp-admin/admin.php?page=duplicator&tab=new3&_wpnonce=8cb3b9794a" "Mozilla/5.0 (Windows NT 6.3; Win64; x64) AppleWebKit/537.36 (KHTML, like Gecko) Chrome/79.0.3945.130 Safari/537.36"
198.54.125.95 - - [28/Jan/2020:03:22:32 -0500] "POST /new/wp-cron.php?doing_wp_cron=1580199752.3531570434570312500000 HTTP/1.1" 200 - "https://www.naijadial.com/new/wp-cron.php?doing_wp_cron=1580199752.3531570434570312500000" "WordPress/5.3.2; https://www.naijadial.com/new"
41.217.25.43 - - [28/Jan/2020:03:22:11 -0500] "POST /new/wp-admin/admin-ajax.php HTTP/1.1" 200 47 "https://www.naijadial.com/new/wp-admin/admin.php?page=duplicator&tab=new3&_wpnonce=8cb3b9794a" "Mozilla/5.0 (Windows NT 6.3; Win64; x64) AppleWebKit/537.36 (KHTML, like Gecko) Chrome/79.0.3945.130 Safari/537.36"
41.217.25.43 - - [28/Jan/2020:03:22:39 -0500] "POST /new/wp-admin/admin-ajax.php HTTP/1.1" 200 47 "https://www.naijadial.com/new/wp-admin/plugins.php?plugin_status=all&paged=1&s" "Mozilla/5.0 (Windows NT 6.3; Win64; x64) AppleWebKit/537.36 (KHTML, like Gecko) Chrome/79.0.3945.130 Safari/537.36"
41.217.25.43 - - [28/Jan/2020:03:22:39 -0500] "POST /new/wp-admin/admin-ajax.php HTTP/1.1" 200 47 "https://www.naijadial.com/new/wp-admin/admin.php?page=duplicator-settings" "Mozilla/5.0 (Windows NT 6.3; Win64; x64) AppleWebKit/537.36 (KHTML, like Gecko) Chrome/79.0.3945.130 Safari/537.36"
198.54.125.95 - - [28/Jan/2020:03:22:46 -0500] "POST /new/wp-cron.php?doing_wp_cron=1580199766.4073529243469238281250 HTTP/1.1" 200 - "https://www.naijadial.com/new/wp-cron.php?doing_wp_cron=1580199766.4073529243469238281250" "WordPress/5.3.2; https://www.naijadial.com/new"
41.217.25.43 - - [28/Jan/2020:03:22:46 -0500] "POST /new/wp-admin/admin-ajax.php HTTP/1.1" 200 47 "https://www.naijadial.com/new/wp-admin/" "Mozilla/5.0 (Windows NT 6.3; Win64; x64) AppleWebKit/537.36 (KHTML, like Gecko) Chrome/79.0.3945.130 Safari/537.36"
41.217.25.43 - - [28/Jan/2020:03:22:53 -0500] "GET /new/wp-admin/admin-ajax.php?action=DUP_CTRL_Package_getPackageFile&which=0&package_id=1&nonce=b6974fb678 HTTP/1.1" 200 61981 "https://www.naijadial.com/new/wp-admin/admin.php?page=duplicator&tab=new3&_wpnonce=8cb3b9794a" "Mozilla/5.0 (Windows NT 6.3; Win64; x64) AppleWebKit/537.36 (KHTML, like Gecko) Chrome/79.0.3945.130 Safari/537.36"
198.54.125.95 - - [28/Jan/2020:03:23:11 -0500] "POST /new/wp-cron.php?doing_wp_cron=1580199791.3422989845275878906250 HTTP/1.1" 200 - "https://www.naijadial.com/new/wp-cron.php?doing_wp_cron=1580199791.3422989845275878906250" "WordPress/5.3.2; https://www.naijadial.com/new"
41.217.25.43 - - [28/Jan/2020:03:23:11 -0500] "POST /new/wp-admin/admin-ajax.php HTTP/1.1" 200 47 "https://www.naijadial.com/new/wp-admin/admin.php?page=duplicator&tab=new3&_wpnonce=8cb3b9794a" "Mozilla/5.0 (Windows NT 6.3; Win64; x64) AppleWebKit/537.36 (KHTML, like Gecko) Chrome/79.0.3945.130 Safari/537.36"
41.217.25.43 - - [28/Jan/2020:03:21:11 -0500] "POST /new/wp-admin/admin-ajax.php HTTP/1.1" 200 47 "https://www.naijadial.com/new/wp-admin/admin.php?page=duplicator&tab=new3&_wpnonce=8cb3b9794a" "Mozilla/5.0 (Windows NT 6.3; Win64; x64) AppleWebKit/537.36 (KHTML, like Gecko) Chrome/79.0.3945.130 Safari/537.36"
41.217.25.43 - - [28/Jan/2020:03:20:27 -0500] "POST /new/wp-admin/admin-ajax.php HTTP/1.1" 200 124 "https://www.naijadial.com/new/wp-admin/admin.php?page=duplicator&tab=new3&_wpnonce=8cb3b9794a" "Mozilla/5.0 (Windows NT 6.3; Win64; x64) AppleWebKit/537.36 (KHTML, like Gecko) Chrome/79.0.3945.130 Safari/537.36"
41.217.25.43 - - [28/Jan/2020:03:20:39 -0500] "POST /new/wp-admin/admin-ajax.php HTTP/1.1" 200 47 "https://www.naijadial.com/new/wp-admin/admin.php?page=duplicator-settings" "Mozilla/5.0 (Windows NT 6.3; Win64; x64) AppleWebKit/537.36 (KHTML, like Gecko) Chrome/79.0.3945.130 Safari/537.36"
41.217.25.43 - - [28/Jan/2020:03:20:59 -0500] "POST /new/wp-admin/admin-ajax.php HTTP/1.1" 200 124 "https://www.naijadial.com/new/wp-admin/admin.php?page=duplicator&tab=new3&_wpnonce=8cb3b9794a" "Mozilla/5.0 (Windows NT 6.3; Win64; x64) AppleWebKit/537.36 (KHTML, like Gecko) Chrome/79.0.3945.130 Safari/537.36"
41.217.25.43 - - [28/Jan/2020:03:20:51 -0500] "POST /new/wp-admin/admin-ajax.php HTTP/1.1" 200 119 "https://www.naijadial.com/new/wp-admin/admin.php?page=duplicator&tab=new3&_wpnonce=8cb3b9794a" "Mozilla/5.0 (Windows NT 6.3; Win64; x64) AppleWebKit/537.36 (KHTML, like Gecko) Chrome/79.0.3945.130 Safari/537.36"
198.54.125.95 - - [28/Jan/2020:03:28:32 -0500] "POST /new/wp-cron.php?doing_wp_cron=1580200112.1351330280303955078125 HTTP/1.1" 200 - "https://www.naijadial.com/new/wp-cron.php?doing_wp_cron=1580200112.1351330280303955078125" "WordPress/5.3.2; https://www.naijadial.com/new"
41.217.25.43 - - [28/Jan/2020:03:28:16 -0500] "POST /new/wp-admin/admin-ajax.php HTTP/1.1" 200 47 "https://www.naijadial.com/new/wp-admin/admin.php?page=duplicator&tab=new3&_wpnonce=8cb3b9794a" "Mozilla/5.0 (Windows NT 6.3; Win64; x64) AppleWebKit/537.36 (KHTML, like Gecko) Chrome/79.0.3945.130 Safari/537.36"
198.54.125.95 - - [28/Jan/2020:03:30:12 -0500] "POST /new/wp-cron.php?doing_wp_cron=1580200212.4324619770050048828125 HTTP/1.1" 200 - "https://www.naijadial.com/new/wp-cron.php?doing_wp_cron=1580200212.4324619770050048828125" "WordPress/5.3.2; https://www.naijadial.com/new"
41.217.25.43 - - [28/Jan/2020:03:30:12 -0500] "POST /new/wp-admin/admin-ajax.php HTTP/1.1" 200 47 "https://www.naijadial.com/new/wp-admin/admin.php?page=duplicator&tab=new3&_wpnonce=8cb3b9794a" "Mozilla/5.0 (Windows NT 6.3; Win64; x64) AppleWebKit/537.36 (KHTML, like Gecko) Chrome/79.0.3945.130 Safari/537.36"
198.54.125.95 - - [28/Jan/2020:03:31:21 -0500] "POST /new/wp-cron.php?doing_wp_cron=1580200281.1654551029205322265625 HTTP/1.1" 200 - "https://www.naijadial.com/new/wp-cron.php?doing_wp_cron=1580200281.1654551029205322265625" "WordPress/5.3.2; https://www.naijadial.com/new"
41.217.25.43 - - [28/Jan/2020:03:31:21 -0500] "POST /new/wp-admin/admin-ajax.php HTTP/1.1" 200 47 "https://www.naijadial.com/new/wp-admin/admin.php?page=duplicator&tab=new3&_wpnonce=8cb3b9794a" "Mozilla/5.0 (Windows NT 6.3; Win64; x64) AppleWebKit/537.36 (KHTML, like Gecko) Chrome/79.0.3945.130 Safari/537.36"
41.217.25.43 - - [28/Jan/2020:03:31:21 -0500] "GET /new/wp-admin/admin.php?page=duplicator HTTP/1.1" 200 47342 "https://www.naijadial.com/new/wp-admin/admin.php?page=duplicator&tab=new3&_wpnonce=8cb3b9794a" "Mozilla/5.0 (Windows NT 6.3; Win64; x64) AppleWebKit/537.36 (KHTML, like Gecko) Chrome/79.0.3945.130 Safari/537.36"
41.217.25.43 - - [28/Jan/2020:03:31:23 -0500] "GET /new/wp-content/plugins/duplicator/assets/css/global_admin_style.css?ver=1.3.24 HTTP/1.1" 304 - "https://www.naijadial.com/new/wp-admin/admin.php?page=duplicator" "Mozilla/5.0 (Windows NT 6.3; Win64; x64) AppleWebKit/537.36 (KHTML, like Gecko) Chrome/79.0.3945.130 Safari/537.36"
41.217.25.43 - - [28/Jan/2020:03:31:23 -0500] "GET /new/wp-content/plugins/bbp-style-pack/css/bsp_test.css?ver=5.3.2 HTTP/1.1" 304 - "https://www.naijadial.com/new/wp-admin/admin.php?page=duplicator" "Mozilla/5.0 (Windows NT 6.3; Win64; x64) AppleWebKit/537.36 (KHTML, like Gecko) Chrome/79.0.3945.130 Safari/537.36"
41.217.25.43 - - [28/Jan/2020:03:31:24 -0500] "GET /new/wp-content/plugins/duplicator/assets/css/jquery-ui.css?ver=1.11.2 HTTP/1.1" 304 - "https://www.naijadial.com/new/wp-admin/admin.php?page=duplicator" "Mozilla/5.0 (Windows NT 6.3; Win64; x64) AppleWebKit/537.36 (KHTML, like Gecko) Chrome/79.0.3945.130 Safari/537.36"
41.217.25.43 - - [28/Jan/2020:03:31:24 -0500] "GET /new/wp-content/plugins/duplicator/assets/js/jquery.qtip/jquery.qtip.min.css?ver=2.2.1 HTTP/1.1" 304 - "https://www.naijadial.com/new/wp-admin/admin.php?page=duplicator" "Mozilla/5.0 (Windows NT 6.3; Win64; x64) AppleWebKit/537.36 (KHTML, like Gecko) Chrome/79.0.3945.130 Safari/537.36"
41.217.25.43 - - [28/Jan/2020:03:31:24 -0500] "GET /new/wp-content/plugins/duplicator/assets/js/jquery.qtip/jquery.qtip.min.js?ver=2.2.1 HTTP/1.1" 304 - "https://www.naijadial.com/new/wp-admin/admin.php?page=duplicator" "Mozilla/5.0 (Windows NT 6.3; Win64; x64) AppleWebKit/537.36 (KHTML, like Gecko) Chrome/79.0.3945.130 Safari/537.36"
41.217.25.43 - - [28/Jan/2020:03:31:24 -0500] "GET /new/wp-content/plugins/duplicator/assets/css/style.css?ver=1.3.24 HTTP/1.1" 304 - "https://www.naijadial.com/new/wp-admin/admin.php?page=duplicator" "Mozilla/5.0 (Windows NT 6.3; Win64; x64) AppleWebKit/537.36 (KHTML, like Gecko) Chrome/79.0.3945.130 Safari/537.36"
198.54.125.95 - - [28/Jan/2020:03:24:31 -0500] "POST /new/wp-cron.php?doing_wp_cron=1580199871.6124029159545898437500 HTTP/1.1" 200 - "https://www.naijadial.com/new/wp-cron.php?doing_wp_cron=1580199871.6124029159545898437500" "WordPress/5.3.2; https://www.naijadial.com/new"
41.217.25.43 - - [28/Jan/2020:03:24:13 -0500] "POST /new/wp-admin/admin-ajax.php HTTP/1.1" 200 47 "https://www.naijadial.com/new/wp-admin/admin.php?page=duplicator&tab=new3&_wpnonce=8cb3b9794a" "Mozilla/5.0 (Windows NT 6.3; Win64; x64) AppleWebKit/537.36 (KHTML, like Gecko) Chrome/79.0.3945.130 Safari/537.36"
41.217.25.43 - - [28/Jan/2020:03:24:39 -0500] "POST /new/wp-admin/admin-ajax.php HTTP/1.1" 200 47 "https://www.naijadial.com/new/wp-admin/plugins.php?plugin_status=all&paged=1&s" "Mozilla/5.0 (Windows NT 6.3; Win64; x64) AppleWebKit/537.36 (KHTML, like Gecko) Chrome/79.0.3945.130 Safari/537.36"
41.217.25.43 - - [28/Jan/2020:03:24:40 -0500] "POST /new/wp-admin/admin-ajax.php HTTP/1.1" 200 47 "https://www.naijadial.com/new/wp-admin/admin.php?page=duplicator-settings" "Mozilla/5.0 (Windows NT 6.3; Win64; x64) AppleWebKit/537.36 (KHTML, like Gecko) Chrome/79.0.3945.130 Safari/537.36"
41.217.25.43 - - [28/Jan/2020:03:24:46 -0500] "POST /new/wp-admin/admin-ajax.php HTTP/1.1" 200 47 "https://www.naijadial.com/new/wp-admin/" "Mozilla/5.0 (Windows NT 6.3; Win64; x64) AppleWebKit/537.36 (KHTML, like Gecko) Chrome/79.0.3945.130 Safari/537.36"
198.54.125.95 - - [28/Jan/2020:03:25:11 -0500] "POST /new/wp-cron.php?doing_wp_cron=1580199911.3082699775695800781250 HTTP/1.1" 200 - "https://www.naijadial.com/new/wp-cron.php?doing_wp_cron=1580199911.3082699775695800781250" "WordPress/5.3.2; https://www.naijadial.com/new"
41.217.25.43 - - [28/Jan/2020:03:25:11 -0500] "POST /new/wp-admin/admin-ajax.php HTTP/1.1" 200 47 "https://www.naijadial.com/new/wp-admin/admin.php?page=duplicator&tab=new3&_wpnonce=8cb3b9794a" "Mozilla/5.0 (Windows NT 6.3; Win64; x64) AppleWebKit/537.36 (KHTML, like Gecko) Chrome/79.0.3945.130 Safari/537.36"
198.54.125.95 - - [28/Jan/2020:03:26:12 -0500] "POST /new/wp-cron.php?doing_wp_cron=1580199971.9973731040954589843750 HTTP/1.1" 200 - "https://www.naijadial.com/new/wp-cron.php?doing_wp_cron=1580199971.9973731040954589843750" "WordPress/5.3.2; https://www.naijadial.com/new"
41.217.25.43 - - [28/Jan/2020:03:26:11 -0500] "POST /new/wp-admin/admin-ajax.php HTTP/1.1" 200 47 "https://www.naijadial.com/new/wp-admin/admin.php?page=duplicator&tab=new3&_wpnonce=8cb3b9794a" "Mozilla/5.0 (Windows NT 6.3; Win64; x64) AppleWebKit/537.36 (KHTML, like Gecko) Chrome/79.0.3945.130 Safari/537.36"
41.217.25.43 - - [28/Jan/2020:03:26:39 -0500] "POST /new/wp-admin/admin-ajax.php HTTP/1.1" 200 47 "https://www.naijadial.com/new/wp-admin/plugins.php?plugin_status=all&paged=1&s" "Mozilla/5.0 (Windows NT 6.3; Win64; x64) AppleWebKit/537.36 (KHTML, like Gecko) Chrome/79.0.3945.130 Safari/537.36"
41.217.25.43 - - [28/Jan/2020:03:26:40 -0500] "POST /new/wp-admin/admin-ajax.php HTTP/1.1" 200 47 "https://www.naijadial.com/new/wp-admin/admin.php?page=duplicator-settings" "Mozilla/5.0 (Windows NT 6.3; Win64; x64) AppleWebKit/537.36 (KHTML, like Gecko) Chrome/79.0.3945.130 Safari/537.36"
198.54.125.95 - - [28/Jan/2020:03:27:13 -0500] "POST /new/wp-cron.php?doing_wp_cron=1580200033.6444311141967773437500 HTTP/1.1" 200 - "https://www.naijadial.com/new/wp-cron.php?doing_wp_cron=1580200033.6444311141967773437500" "WordPress/5.3.2; https://www.naijadial.com/new"
41.217.25.43 - - [28/Jan/2020:03:27:13 -0500] "POST /new/wp-admin/admin-ajax.php HTTP/1.1" 200 47 "https://www.naijadial.com/new/wp-admin/admin.php?page=duplicator&tab=new3&_wpnonce=8cb3b9794a" "Mozilla/5.0 (Windows NT 6.3; Win64; x64) AppleWebKit/537.36 (KHTML, like Gecko) Chrome/79.0.3945.130 Safari/537.36"
41.217.25.43 - - [28/Jan/2020:03:31:24 -0500] "GET /new/wp-content/plugins/duplicator/assets/js/parsley.min.js?ver=1.1.18 HTTP/1.1" 304 - "https://www.naijadial.com/new/wp-admin/admin.php?page=duplicator" "Mozilla/5.0 (Windows NT 6.3; Win64; x64) AppleWebKit/537.36 (KHTML, like Gecko) Chrome/79.0.3945.130 Safari/537.36"
41.217.25.43 - - [28/Jan/2020:03:31:24 -0500] "GET /new/wp-content/plugins/duplicator/assets/css/fontawesome-all.min.css?ver=5.7.2 HTTP/1.1" 304 - "https://www.naijadial.com/new/wp-admin/admin.php?page=duplicator" "Mozilla/5.0 (Windows NT 6.3; Win64; x64) AppleWebKit/537.36 (KHTML, like Gecko) Chrome/79.0.3945.130 Safari/537.36"
41.217.25.43 - - [28/Jan/2020:03:31:26 -0500] "GET /new/wp-content/plugins/bbp-style-pack/js/bsp.js?ver=5.3.2 HTTP/1.1" 304 - "https://www.naijadial.com/new/wp-admin/admin.php?page=duplicator" "Mozilla/5.0 (Windows NT 6.3; Win64; x64) AppleWebKit/537.36 (KHTML, like Gecko) Chrome/79.0.3945.130 Safari/537.36"
41.217.25.43 - - [28/Jan/2020:03:31:27 -0500] "GET /new/wp-content/plugins/duplicator/assets/webfonts/fa-solid-900.woff2 HTTP/1.1" 304 - "https://www.naijadial.com/new/wp-content/plugins/duplicator/assets/css/fontawesome-all.min.css?ver=5.7.2" "Mozilla/5.0 (Windows NT 6.3; Win64; x64) AppleWebKit/537.36 (KHTML, like Gecko) Chrome/79.0.3945.130 Safari/537.36"
41.217.25.43 - - [28/Jan/2020:03:31:28 -0500] "GET /new/wp-content/plugins/duplicator/assets/webfonts/fa-regular-400.woff2 HTTP/1.1" 304 - "https://www.naijadial.com/new/wp-content/plugins/duplicator/assets/css/fontawesome-all.min.css?ver=5.7.2" "Mozilla/5.0 (Windows NT 6.3; Win64; x64) AppleWebKit/537.36 (KHTML, like Gecko) Chrome/79.0.3945.130 Safari/537.36"
41.217.25.43 - - [28/Jan/2020:03:31:29 -0500] "GET /favicon.ico HTTP/1.1" 200 - "https://www.naijadial.com/new/wp-admin/admin.php?page=duplicator" "Mozilla/5.0 (Windows NT 6.3; Win64; x64) AppleWebKit/537.36 (KHTML, like Gecko) Chrome/79.0.3945.130 Safari/537.36"
198.54.125.95 - - [28/Jan/2020:03:32:29 -0500] "POST /new/wp-cron.php?doing_wp_cron=1580200349.2718420028686523437500 HTTP/1.1" 200 - "https://www.naijadial.com/new/wp-cron.php?doing_wp_cron=1580200349.2718420028686523437500" "WordPress/5.3.2; https://www.naijadial.com/new"
41.217.25.43 - - [28/Jan/2020:03:32:29 -0500] "POST /new/wp-admin/admin-ajax.php HTTP/1.1" 200 47 "https://www.naijadial.com/new/wp-admin/admin.php?page=duplicator" "Mozilla/5.0 (Windows NT 6.3; Win64; x64) AppleWebKit/537.36 (KHTML, like Gecko) Chrome/79.0.3945.130 Safari/537.36"
198.54.125.95 - - [28/Jan/2020:03:33:19 -0500] "POST /new/wp-cron.php?doing_wp_cron=1580200399.7831199169158935546875 HTTP/1.1" 200 - "https://www.naijadial.com/new/wp-cron.php?doing_wp_cron=1580200399.7831199169158935546875" "WordPress/5.3.2; https://www.naijadial.com/new"
41.217.25.43 - - [28/Jan/2020:03:33:19 -0500] "POST /new/wp-admin/admin-ajax.php HTTP/1.1" 200 47 "https://www.naijadial.com/new/wp-admin/admin.php?page=duplicator&tab=new3&_wpnonce=8cb3b9794a" "Mozilla/5.0 (Windows NT 6.3; Win64; x64) AppleWebKit/537.36 (KHTML, like Gecko) Chrome/79.0.3945.130 Safari/537.36"
198.54.125.95 - - [28/Jan/2020:03:34:56 -0500] "POST /new/wp-cron.php?doing_wp_cron=1580200496.6972200870513916015625 HTTP/1.1" 200 - "https://www.naijadial.com/new/wp-cron.php?doing_wp_cron=1580200496.6972200870513916015625" "WordPress/5.3.2; https://www.naijadial.com/new"
41.217.25.43 - - [28/Jan/2020:03:34:29 -0500] "POST /new/wp-admin/admin-ajax.php HTTP/1.1" 200 47 "https://www.naijadial.com/new/wp-admin/admin.php?page=duplicator" "Mozilla/5.0 (Windows NT 6.3; Win64; x64) AppleWebKit/537.36 (KHTML, like Gecko) Chrome/79.0.3945.130 Safari/537.36"
198.54.125.95 - - [28/Jan/2020:03:37:12 -0500] "POST /wp-cron.php?doing_wp_cron=1580200632.4396989345550537109375 HTTP/1.1" 200 - "https://www.naijadial.com/wp-cron.php?doing_wp_cron=1580200632.4396989345550537109375" "WordPress/5.3.2; https://www.naijadial.com"
54.36.150.62 - - [28/Jan/2020:03:36:59 -0500] "GET /providers-category/fashion-designer-unisex/feed/ HTTP/1.1" 200 544 "-" "Mozilla/5.0 (compatible; AhrefsBot/6.1; +http://ahrefs.com/robot/)"
198.54.125.95 - - [28/Jan/2020:03:37:24 -0500] "POST /new/wp-cron.php?doing_wp_cron=1580200644.3039779663085937500000 HTTP/1.1" 200 - "https://www.naijadial.com/new/wp-cron.php?doing_wp_cron=1580200644.3039779663085937500000" "WordPress/5.3.2; https://www.naijadial.com/new"
41.217.25.43 - - [28/Jan/2020:03:37:22 -0500] "POST /new/wp-admin/admin-ajax.php HTTP/1.1" 200 47 "https://www.naijadial.com/new/wp-admin/admin.php?page=duplicator&tab=new3&_wpnonce=8cb3b9794a" "Mozilla/5.0 (Windows NT 6.3; Win64; x64) AppleWebKit/537.36 (KHTML, like Gecko) Chrome/79.0.3945.130 Safari/537.36"
198.54.125.95 - - [28/Jan/2020:03:35:20 -0500] "POST /new/wp-cron.php?doing_wp_cron=1580200520.0928239822387695312500 HTTP/1.1" 200 - "https://www.naijadial.com/new/wp-cron.php?doing_wp_cron=1580200520.0928239822387695312500" "WordPress/5.3.2; https://www.naijadial.com/new"
41.217.25.43 - - [28/Jan/2020:03:35:19 -0500] "POST /new/wp-admin/admin-ajax.php HTTP/1.1" 200 47 "https://www.naijadial.com/new/wp-admin/admin.php?page=duplicator&tab=new3&_wpnonce=8cb3b9794a" "Mozilla/5.0 (Windows NT 6.3; Win64; x64) AppleWebKit/537.36 (KHTML, like Gecko) Chrome/79.0.3945.130 Safari/537.36"
198.54.125.95 - - [28/Jan/2020:03:36:31 -0500] "POST /new/wp-cron.php?doing_wp_cron=1580200591.3616099357604980468750 HTTP/1.1" 200 - "https://www.naijadial.com/new/wp-cron.php?doing_wp_cron=1580200591.3616099357604980468750" "WordPress/5.3.2; https://www.naijadial.com/new"
41.217.25.43 - - [28/Jan/2020:03:36:31 -0500] "POST /new/wp-admin/admin-ajax.php HTTP/1.1" 200 47 "https://www.naijadial.com/new/wp-admin/admin.php?page=duplicator" "Mozilla/5.0 (Windows NT 6.3; Win64; x64) AppleWebKit/537.36 (KHTML, like Gecko) Chrome/79.0.3945.130 Safari/537.36"
198.54.125.95 - - [28/Jan/2020:03:38:53 -0500] "POST /new/wp-cron.php?doing_wp_cron=1580200733.4146659374237060546875 HTTP/1.1" 200 - "https://www.naijadial.com/new/wp-cron.php?doing_wp_cron=1580200733.4146659374237060546875" "WordPress/5.3.2; https://www.naijadial.com/new"
41.217.25.43 - - [28/Jan/2020:03:38:40 -0500] "POST /new/wp-admin/admin-ajax.php HTTP/1.1" 200 47 "https://www.naijadial.com/new/wp-admin/admin.php?page=duplicator" "Mozilla/5.0 (Windows NT 6.3; Win64; x64) AppleWebKit/537.36 (KHTML, like Gecko) Chrome/79.0.3945.130 Safari/537.36"
198.54.125.95 - - [28/Jan/2020:03:39:24 -0500] "POST /new/wp-cron.php?doing_wp_cron=1580200764.0983359813690185546875 HTTP/1.1" 200 - "https://www.naijadial.com/new/wp-cron.php?doing_wp_cron=1580200764.0983359813690185546875" "WordPress/5.3.2; https://www.naijadial.com/new"
41.217.25.43 - - [28/Jan/2020:03:39:23 -0500] "POST /new/wp-admin/admin-ajax.php HTTP/1.1" 200 47 "https://www.naijadial.com/new/wp-admin/admin.php?page=duplicator&tab=new3&_wpnonce=8cb3b9794a" "Mozilla/5.0 (Windows NT 6.3; Win64; x64) AppleWebKit/537.36 (KHTML, like Gecko) Chrome/79.0.3945.130 Safari/537.36"
198.54.125.95 - - [28/Jan/2020:03:40:31 -0500] "POST /new/wp-cron.php?doing_wp_cron=1580200831.6957240104675292968750 HTTP/1.1" 200 - "https://www.naijadial.com/new/wp-cron.php?doing_wp_cron=1580200831.6957240104675292968750" "WordPress/5.3.2; https://www.naijadial.com/new"
41.217.25.43 - - [28/Jan/2020:03:40:31 -0500] "POST /new/wp-admin/admin-ajax.php HTTP/1.1" 200 47 "https://www.naijadial.com/new/wp-admin/admin.php?page=duplicator" "Mozilla/5.0 (Windows NT 6.3; Win64; x64) AppleWebKit/537.36 (KHTML, like Gecko) Chrome/79.0.3945.130 Safari/537.36"
198.54.125.95 - - [28/Jan/2020:03:41:22 -0500] "POST /new/wp-cron.php?doing_wp_cron=1580200882.0220360755920410156250 HTTP/1.1" 200 - "https://www.naijadial.com/new/wp-cron.php?doing_wp_cron=1580200882.0220360755920410156250" "WordPress/5.3.2; https://www.naijadial.com/new"
41.217.25.43 - - [28/Jan/2020:03:41:21 -0500] "POST /new/wp-admin/admin-ajax.php HTTP/1.1" 200 47 "https://www.naijadial.com/new/wp-admin/admin.php?page=duplicator&tab=new3&_wpnonce=8cb3b9794a" "Mozilla/5.0 (Windows NT 6.3; Win64; x64) AppleWebKit/537.36 (KHTML, like Gecko) Chrome/79.0.3945.130 Safari/537.36"
41.217.25.43 - - [28/Jan/2020:03:47:47 -0500] "POST /new/wp-admin/admin-ajax.php HTTP/1.1" 200 47 "https://www.naijadial.com/new/wp-admin/admin.php?page=duplicator" "Mozilla/5.0 (Windows NT 6.3; Win64; x64) AppleWebKit/537.36 (KHTML, like Gecko) Chrome/79.0.3945.130 Safari/537.36"
41.217.25.43 - - [28/Jan/2020:03:47:47 -0500] "POST /new/wp-admin/admin-ajax.php HTTP/1.1" 200 47 "https://www.naijadial.com/new/wp-admin/admin.php?page=duplicator&tab=new3&_wpnonce=8cb3b9794a" "Mozilla/5.0 (Windows NT 6.3; Win64; x64) AppleWebKit/537.36 (KHTML, like Gecko) Chrome/79.0.3945.130 Safari/537.36"
198.54.125.95 - - [28/Jan/2020:03:49:26 -0500] "POST /new/wp-cron.php?doing_wp_cron=1580201366.9834070205688476562500 HTTP/1.1" 200 - "https://www.naijadial.com/new/wp-cron.php?doing_wp_cron=1580201366.9834070205688476562500" "WordPress/5.3.2; https://www.naijadial.com/new"
41.217.25.43 - - [28/Jan/2020:03:49:26 -0500] "POST /new/wp-admin/admin-ajax.php HTTP/1.1" 200 47 "https://www.naijadial.com/new/wp-admin/admin.php?page=duplicator" "Mozilla/5.0 (Windows NT 6.3; Win64; x64) AppleWebKit/537.36 (KHTML, like Gecko) Chrome/79.0.3945.130 Safari/537.36"
41.217.25.43 - - [28/Jan/2020:03:49:27 -0500] "POST /new/wp-admin/admin-ajax.php HTTP/1.1" 200 47 "https://www.naijadial.com/new/wp-admin/admin.php?page=duplicator&tab=new3&_wpnonce=8cb3b9794a" "Mozilla/5.0 (Windows NT 6.3; Win64; x64) AppleWebKit/537.36 (KHTML, like Gecko) Chrome/79.0.3945.130 Safari/537.36"
41.217.25.43 - - [28/Jan/2020:03:49:29 -0500] "GET /robots.txt HTTP/1.1" 200 39 "-" "Mozilla/5.0 (Windows NT 6.3; Win64; x64) AppleWebKit/537.36 (KHTML, like Gecko) Chrome/79.0.3945.130 Safari/537.36"
41.217.25.43 - - [28/Jan/2020:03:49:29 -0500] "GET /installer.php HTTP/1.1" 404 - "-" "Mozilla/5.0 (Windows NT 6.3; Win64; x64) AppleWebKit/537.36 (KHTML, like Gecko) Chrome/79.0.3945.130 Safari/537.36"
41.217.25.43 - - [28/Jan/2020:03:49:30 -0500] "GET /favicon.ico HTTP/1.1" 404 - "https://naijadial.com/installer.php" "Mozilla/5.0 (Windows NT 6.3; Win64; x64) AppleWebKit/537.36 (KHTML, like Gecko) Chrome/79.0.3945.130 Safari/537.36"
41.217.25.43 - - [28/Jan/2020:03:50:08 -0500] "GET /installer.php HTTP/1.1" 404 - "-" "Mozilla/5.0 (Windows NT 6.3; Win64; x64) AppleWebKit/537.36 (KHTML, like Gecko) Chrome/79.0.3945.130 Safari/537.36"
198.54.125.95 - - [28/Jan/2020:03:51:26 -0500] "POST /new/wp-cron.php?doing_wp_cron=1580201486.0075678825378417968750 HTTP/1.1" 200 - "https://www.naijadial.com/new/wp-cron.php?doing_wp_cron=1580201486.0075678825378417968750" "WordPress/5.3.2; https://www.naijadial.com/new"
41.217.25.43 - - [28/Jan/2020:03:51:25 -0500] "POST /new/wp-admin/admin-ajax.php HTTP/1.1" 200 47 "https://www.naijadial.com/new/wp-admin/admin.php?page=duplicator" "Mozilla/5.0 (Windows NT 6.3; Win64; x64) AppleWebKit/537.36 (KHTML, like Gecko) Chrome/79.0.3945.130 Safari/537.36"
41.217.25.43 - - [28/Jan/2020:03:51:28 -0500] "POST /new/wp-admin/admin-ajax.php HTTP/1.1" 200 47 "https://www.naijadial.com/new/wp-admin/admin.php?page=duplicator&tab=new3&_wpnonce=8cb3b9794a" "Mozilla/5.0 (Windows NT 6.3; Win64; x64) AppleWebKit/537.36 (KHTML, like Gecko) Chrome/79.0.3945.130 Safari/537.36"
198.54.125.95 - - [28/Jan/2020:03:53:26 -0500] "POST /new/wp-cron.php?doing_wp_cron=1580201606.9735779762268066406250 HTTP/1.1" 200 - "https://www.naijadial.com/new/wp-cron.php?doing_wp_cron=1580201606.9735779762268066406250" "WordPress/5.3.2; https://www.naijadial.com/new"
41.217.25.43 - - [28/Jan/2020:03:53:26 -0500] "POST /new/wp-admin/admin-ajax.php HTTP/1.1" 200 47 "https://www.naijadial.com/new/wp-admin/admin.php?page=duplicator" "Mozilla/5.0 (Windows NT 6.3; Win64; x64) AppleWebKit/537.36 (KHTML, like Gecko) Chrome/79.0.3945.130 Safari/537.36"
41.217.25.43 - - [28/Jan/2020:03:53:28 -0500] "POST /new/wp-admin/admin-ajax.php HTTP/1.1" 200 47 "https://www.naijadial.com/new/wp-admin/admin.php?page=duplicator&tab=new3&_wpnonce=8cb3b9794a" "Mozilla/5.0 (Windows NT 6.3; Win64; x64) AppleWebKit/537.36 (KHTML, like Gecko) Chrome/79.0.3945.130 Safari/537.36"
41.217.25.43 - - [28/Jan/2020:03:22:55 -0500] "GET /new/wp-snapshots/20200128_naijadial_4297678450b864ce7874_20200128021808_archive.zip HTTP/1.1" 200 312939522 "-" "Mozilla/5.0 (Windows NT 6.3; Win64; x64) AppleWebKit/537.36 (KHTML, like Gecko) Chrome/79.0.3945.130 Safari/537.36"
198.54.125.95 - - [28/Jan/2020:03:45:30 -0500] "POST /new/wp-cron.php?doing_wp_cron=1580201130.8617329597473144531250 HTTP/1.1" 200 - "https://www.naijadial.com/new/wp-cron.php?doing_wp_cron=1580201130.8617329597473144531250" "WordPress/5.3.2; https://www.naijadial.com/new"
41.217.25.43 - - [28/Jan/2020:03:45:28 -0500] "POST /new/wp-admin/admin-ajax.php HTTP/1.1" 200 47 "https://www.naijadial.com/new/wp-admin/admin.php?page=duplicator" "Mozilla/5.0 (Windows NT 6.3; Win64; x64) AppleWebKit/537.36 (KHTML, like Gecko) Chrome/79.0.3945.130 Safari/537.36"
198.54.125.95 - - [28/Jan/2020:03:45:31 -0500] "POST /new/wp-cron.php?doing_wp_cron=1580201131.9811561107635498046875 HTTP/1.1" 200 - "https://www.naijadial.com/new/wp-cron.php?doing_wp_cron=1580201131.9811561107635498046875" "WordPress/5.3.2; https://www.naijadial.com/new"
41.217.25.43 - - [28/Jan/2020:03:45:28 -0500] "POST /new/wp-admin/admin-ajax.php HTTP/1.1" 200 47 "https://www.naijadial.com/new/wp-admin/admin.php?page=duplicator&tab=new3&_wpnonce=8cb3b9794a" "Mozilla/5.0 (Windows NT 6.3; Win64; x64) AppleWebKit/537.36 (KHTML, like Gecko) Chrome/79.0.3945.130 Safari/537.36"
41.217.25.43 - - [28/Jan/2020:03:57:37 -0500] "GET /installer.php/ HTTP/1.1" 404 - "-" "Mozilla/5.0 (Windows NT 6.3; Win64; x64) AppleWebKit/537.36 (KHTML, like Gecko) Chrome/79.0.3945.130 Safari/537.36"
41.217.25.43 - - [28/Jan/2020:03:53:47 -0500] "GET /installer.php/ HTTP/1.1" 404 - "-" "Mozilla/5.0 (Windows NT 6.3; Win64; x64) AppleWebKit/537.36 (KHTML, like Gecko) Chrome/79.0.3945.130 Safari/537.36"
198.54.125.95 - - [28/Jan/2020:03:55:27 -0500] "POST /new/wp-cron.php?doing_wp_cron=1580201727.4515020847320556640625 HTTP/1.1" 200 - "https://www.naijadial.com/new/wp-cron.php?doing_wp_cron=1580201727.4515020847320556640625" "WordPress/5.3.2; https://www.naijadial.com/new"
41.217.25.43 - - [28/Jan/2020:03:55:27 -0500] "POST /new/wp-admin/admin-ajax.php HTTP/1.1" 200 47 "https://www.naijadial.com/new/wp-admin/admin.php?page=duplicator" "Mozilla/5.0 (Windows NT 6.3; Win64; x64) AppleWebKit/537.36 (KHTML, like Gecko) Chrome/79.0.3945.130 Safari/537.36"
41.217.25.43 - - [28/Jan/2020:03:55:29 -0500] "POST /new/wp-admin/admin-ajax.php HTTP/1.1" 200 47 "https://www.naijadial.com/new/wp-admin/admin.php?page=duplicator&tab=new3&_wpnonce=8cb3b9794a" "Mozilla/5.0 (Windows NT 6.3; Win64; x64) AppleWebKit/537.36 (KHTML, like Gecko) Chrome/79.0.3945.130 Safari/537.36"
41.217.25.43 - - [28/Jan/2020:03:54:10 -0500] "GET /new/wp-snapshots/20200128_naijadial_4297678450b864ce7874_20200128021808_archive.zip HTTP/1.1" 206 4857550 "-" "Mozilla/5.0 (Windows NT 6.3; Win64; x64) AppleWebKit/537.36 (KHTML, like Gecko) Chrome/79.0.3945.130 Safari/537.36"
198.54.125.95 - - [28/Jan/2020:04:09:49 -0500] "POST /wp-cron.php?doing_wp_cron=1580202589.8146429061889648437500 HTTP/1.1" 200 - "https://www.naijadial.com/wp-cron.php?doing_wp_cron=1580202589.8146429061889648437500" "WordPress/5.3.2; https://www.naijadial.com"
41.217.25.43 - - [28/Jan/2020:04:09:48 -0500] "GET / HTTP/1.1" 301 - "-" "Mozilla/5.0 (Windows NT 6.3; Win64; x64) AppleWebKit/537.36 (KHTML, like Gecko) Chrome/79.0.3945.130 Safari/537.36"
41.217.25.43 - - [28/Jan/2020:04:09:50 -0500] "GET / HTTP/1.1" 200 23178 "-" "Mozilla/5.0 (Windows NT 6.3; Win64; x64) AppleWebKit/537.36 (KHTML, like Gecko) Chrome/79.0.3945.130 Safari/537.36"
41.217.25.43 - - [28/Jan/2020:04:09:59 -0500] "GET /wp-content/themes/listingo/css/owl.theme.default.min.css?ver=3.2.2 HTTP/1.1" 200 366 "https://www.naijadial.com/" "Mozilla/5.0 (Windows NT 6.3; Win64; x64) AppleWebKit/537.36 (KHTML, like Gecko) Chrome/79.0.3945.130 Safari/537.36"
41.217.25.43 - - [28/Jan/2020:04:09:59 -0500] "GET /wp-content/themes/listingo/css/chosen.css?ver=3.2.2 HTTP/1.1" 200 2142 "https://www.naijadial.com/" "Mozilla/5.0 (Windows NT 6.3; Win64; x64) AppleWebKit/537.36 (KHTML, like Gecko) Chrome/79.0.3945.130 Safari/537.36"
41.217.25.43 - - [28/Jan/2020:04:09:59 -0500] "GET /wp-content/themes/listingo/css/normalize.css?ver=3.2.2 HTTP/1.1" 200 867 "https://www.naijadial.com/" "Mozilla/5.0 (Windows NT 6.3; Win64; x64) AppleWebKit/537.36 (KHTML, like Gecko) Chrome/79.0.3945.130 Safari/537.36"
41.217.25.43 - - [28/Jan/2020:04:09:59 -0500] "GET /wp-content/themes/listingo/js/appear.js?ver=5.3.2 HTTP/1.1" 200 714 "https://www.naijadial.com/" "Mozilla/5.0 (Windows NT 6.3; Win64; x64) AppleWebKit/537.36 (KHTML, like Gecko) Chrome/79.0.3945.130 Safari/537.36"
41.217.25.43 - - [28/Jan/2020:04:09:59 -0500] "GET /wp-content/themes/listingo/css/datetimepicker.css?ver=3.2.2 HTTP/1.1" 200 4503 "https://www.naijadial.com/" "Mozilla/5.0 (Windows NT 6.3; Win64; x64) AppleWebKit/537.36 (KHTML, like Gecko) Chrome/79.0.3945.130 Safari/537.36"
41.217.25.43 - - [28/Jan/2020:04:09:59 -0500] "GET /wp-content/themes/listingo/css/typo.css?ver=3.2.2 HTTP/1.1" 200 3322 "https://www.naijadial.com/" "Mozilla/5.0 (Windows NT 6.3; Win64; x64) AppleWebKit/537.36 (KHTML, like Gecko) Chrome/79.0.3945.130 Safari/537.36"
41.217.25.43 - - [28/Jan/2020:04:09:59 -0500] "GET /wp-content/plugins/vc-extensions-bundle/css/admin_icon.css?ver=5.3.2 HTTP/1.1" 200 1139 "https://www.naijadial.com/" "Mozilla/5.0 (Windows NT 6.3; Win64; x64) AppleWebKit/537.36 (KHTML, like Gecko) Chrome/79.0.3945.130 Safari/537.36"
41.217.25.43 - - [28/Jan/2020:04:09:59 -0500] "GET /wp-content/plugins/unyson/framework/extensions/forms/static/css/frontend.css?ver=2.7.22 HTTP/1.1" 200 1645 "https://www.naijadial.com/" "Mozilla/5.0 (Windows NT 6.3; Win64; x64) AppleWebKit/537.36 (KHTML, like Gecko) Chrome/79.0.3945.130 Safari/537.36"
41.217.25.43 - - [28/Jan/2020:04:09:59 -0500] "GET /wp-content/plugins/woocommerce/assets/css/woocommerce.css?ver=3.9.0 HTTP/1.1" 200 8820 "https://www.naijadial.com/" "Mozilla/5.0 (Windows NT 6.3; Win64; x64) AppleWebKit/537.36 (KHTML, like Gecko) Chrome/79.0.3945.130 Safari/537.36"
41.217.25.43 - - [28/Jan/2020:04:09:59 -0500] "GET /wp-content/plugins/mega-addons-for-visual-composer/js/script.js?ver=5.3.2 HTTP/1.1" 200 1017 "https://www.naijadial.com/" "Mozilla/5.0 (Windows NT 6.3; Win64; x64) AppleWebKit/537.36 (KHTML, like Gecko) Chrome/79.0.3945.130 Safari/537.36"
41.217.25.43 - - [28/Jan/2020:04:09:59 -0500] "GET /wp-content/plugins/unyson/framework/static/js/fw-form-helpers.js?ver=5.3.2 HTTP/1.1" 200 2525 "https://www.naijadial.com/" "Mozilla/5.0 (Windows NT 6.3; Win64; x64) AppleWebKit/537.36 (KHTML, like Gecko) Chrome/79.0.3945.130 Safari/537.36"
41.217.25.43 - - [28/Jan/2020:04:09:59 -0500] "GET /wp-content/themes/listingo/css/transitions.css?ver=3.2.2 HTTP/1.1" 200 1476 "https://www.naijadial.com/" "Mozilla/5.0 (Windows NT 6.3; Win64; x64) AppleWebKit/537.36 (KHTML, like Gecko) Chrome/79.0.3945.130 Safari/537.36"
41.217.25.43 - - [28/Jan/2020:04:09:59 -0500] "GET /wp-content/plugins/woocommerce/assets/js/jquery-blockui/jquery.blockUI.min.js?ver=2.70 HTTP/1.1" 200 3533 "https://www.naijadial.com/" "Mozilla/5.0 (Windows NT 6.3; Win64; x64) AppleWebKit/537.36 (KHTML, like Gecko) Chrome/79.0.3945.130 Safari/537.36"
41.217.25.43 - - [28/Jan/2020:04:09:59 -0500] "GET /wp-content/plugins/unyson/framework/extensions/builder/static/css/frontend-grid.css?ver=1.2.11 HTTP/1.1" 200 1961 "https://www.naijadial.com/" "Mozilla/5.0 (Windows NT 6.3; Win64; x64) AppleWebKit/537.36 (KHTML, like Gecko) Chrome/79.0.3945.130 Safari/537.36"
41.217.25.43 - - [28/Jan/2020:04:09:59 -0500] "GET /wp-content/themes/listingo/css/prettyPhoto.css?ver=3.2.2 HTTP/1.1" 200 2777 "https://www.naijadial.com/" "Mozilla/5.0 (Windows NT 6.3; Win64; x64) AppleWebKit/537.36 (KHTML, like Gecko) Chrome/79.0.3945.130 Safari/537.36"
41.217.25.43 - - [28/Jan/2020:04:09:59 -0500] "GET /wp-content/plugins/unyson/framework/extensions/breadcrumbs/static/css/style.css?ver=5.3.2 HTTP/1.1" 200 133 "https://www.naijadial.com/" "Mozilla/5.0 (Windows NT 6.3; Win64; x64) AppleWebKit/537.36 (KHTML, like Gecko) Chrome/79.0.3945.130 Safari/537.36"
41.217.25.43 - - [28/Jan/2020:04:09:59 -0500] "GET /wp-content/plugins/bbpress/templates/default/css/bbpress.min.css?ver=2.6.3 HTTP/1.1" 200 5241 "https://www.naijadial.com/" "Mozilla/5.0 (Windows NT 6.3; Win64; x64) AppleWebKit/537.36 (KHTML, like Gecko) Chrome/79.0.3945.130 Safari/537.36"
41.217.25.43 - - [28/Jan/2020:04:09:59 -0500] "GET /wp-content/plugins/contact-form-7/includes/css/styles.css?ver=5.1.6 HTTP/1.1" 200 649 "https://www.naijadial.com/" "Mozilla/5.0 (Windows NT 6.3; Win64; x64) AppleWebKit/537.36 (KHTML, like Gecko) Chrome/79.0.3945.130 Safari/537.36"
41.217.25.43 - - [28/Jan/2020:04:09:59 -0500] "GET /wp-content/plugins/woocommerce/assets/js/frontend/add-to-cart.min.js?ver=3.9.0 HTTP/1.1" 200 1017 "https://www.naijadial.com/" "Mozilla/5.0 (Windows NT 6.3; Win64; x64) AppleWebKit/537.36 (KHTML, like Gecko) Chrome/79.0.3945.130 Safari/537.36"
41.217.25.43 - - [28/Jan/2020:04:09:59 -0500] "GET /wp-includes/js/jquery/ui/core.min.js?ver=1.11.4 HTTP/1.1" 200 1813 "https://www.naijadial.com/" "Mozilla/5.0 (Windows NT 6.3; Win64; x64) AppleWebKit/537.36 (KHTML, like Gecko) Chrome/79.0.3945.130 Safari/537.36"
41.217.25.43 - - [28/Jan/2020:04:09:59 -0500] "GET /wp-includes/js/jquery/jquery.js?ver=1.12.4-wp HTTP/1.1" 200 33776 "https://www.naijadial.com/" "Mozilla/5.0 (Windows NT 6.3; Win64; x64) AppleWebKit/537.36 (KHTML, like Gecko) Chrome/79.0.3945.130 Safari/537.36"
41.217.25.43 - - [28/Jan/2020:04:09:59 -0500] "GET /wp-content/themes/listingo/css/bootstrap.min.css?ver=3.2.2 HTTP/1.1" 200 19749 "https://www.naijadial.com/" "Mozilla/5.0 (Windows NT 6.3; Win64; x64) AppleWebKit/537.36 (KHTML, like Gecko) Chrome/79.0.3945.130 Safari/537.36"
41.217.25.43 - - [28/Jan/2020:04:09:59 -0500] "GET /wp-content/themes/listingo/css/chat_module.css?ver=3.2.2 HTTP/1.1" 200 3839 "https://www.naijadial.com/" "Mozilla/5.0 (Windows NT 6.3; Win64; x64) AppleWebKit/537.36 (KHTML, like Gecko) Chrome/79.0.3945.130 Safari/537.36"
41.217.25.43 - - [28/Jan/2020:04:09:59 -0500] "GET /wp-content/plugins/woocommerce/assets/css/woocommerce-layout.css?ver=3.9.0 HTTP/1.1" 200 2482 "https://www.naijadial.com/" "Mozilla/5.0 (Windows NT 6.3; Win64; x64) AppleWebKit/537.36 (KHTML, like Gecko) Chrome/79.0.3945.130 Safari/537.36"
41.217.25.43 - - [28/Jan/2020:04:09:59 -0500] "GET /wp-content/themes/listingo/css/jquery-ui.css?ver=3.2.2 HTTP/1.1" 200 7036 "https://www.naijadial.com/" "Mozilla/5.0 (Windows NT 6.3; Win64; x64) AppleWebKit/537.36 (KHTML, like Gecko) Chrome/79.0.3945.130 Safari/537.36"
41.217.25.43 - - [28/Jan/2020:04:09:59 -0500] "GET /wp-includes/css/dist/block-library/style.min.css?ver=5.3.2 HTTP/1.1" 200 6163 "https://www.naijadial.com/" "Mozilla/5.0 (Windows NT 6.3; Win64; x64) AppleWebKit/537.36 (KHTML, like Gecko) Chrome/79.0.3945.130 Safari/537.36"
41.217.25.43 - - [28/Jan/2020:04:09:59 -0500] "GET /wp-content/themes/listingo/js/vendor/modernizr-2.8.3-respond-1.4.2.min.js?ver=3.2.2 HTTP/1.1" 200 8187 "https://www.naijadial.com/" "Mozilla/5.0 (Windows NT 6.3; Win64; x64) AppleWebKit/537.36 (KHTML, like Gecko) Chrome/79.0.3945.130 Safari/537.36"
41.217.25.43 - - [28/Jan/2020:04:09:59 -0500] "GET /wp-content/plugins/revslider/public/assets/css/rs6.css?ver=6.0.7 HTTP/1.1" 200 11700 "https://www.naijadial.com/" "Mozilla/5.0 (Windows NT 6.3; Win64; x64) AppleWebKit/537.36 (KHTML, like Gecko) Chrome/79.0.3945.130 Safari/537.36"
41.217.25.43 - - [28/Jan/2020:04:09:59 -0500] "GET /wp-content/themes/listingo/css/jquery.countdown.css?ver=3.2.2 HTTP/1.1" 200 472 "https://www.naijadial.com/" "Mozilla/5.0 (Windows NT 6.3; Win64; x64) AppleWebKit/537.36 (KHTML, like Gecko) Chrome/79.0.3945.130 Safari/537.36"
41.217.25.43 - - [28/Jan/2020:04:09:59 -0500] "GET /wp-content/themes/listingo/css/owl.carousel.min.css?ver=3.2.2 HTTP/1.1" 200 834 "https://www.naijadial.com/" "Mozilla/5.0 (Windows NT 6.3; Win64; x64) AppleWebKit/537.36 (KHTML, like Gecko) Chrome/79.0.3945.130 Safari/537.36"
41.217.25.43 - - [28/Jan/2020:04:09:59 -0500] "GET /wp-content/themes/listingo/css/responsive.css?ver=3.2.2 HTTP/1.1" 200 12539 "https://www.naijadial.com/" "Mozilla/5.0 (Windows NT 6.3; Win64; x64) AppleWebKit/537.36 (KHTML, like Gecko) Chrome/79.0.3945.130 Safari/537.36"
41.217.25.43 - - [28/Jan/2020:04:09:59 -0500] "GET /wp-content/plugins/revslider/public/assets/js/revolution.tools.min.js?ver=6.0 HTTP/1.1" 200 50582 "https://www.naijadial.com/" "Mozilla/5.0 (Windows NT 6.3; Win64; x64) AppleWebKit/537.36 (KHTML, like Gecko) Chrome/79.0.3945.130 Safari/537.36"
41.217.25.43 - - [28/Jan/2020:04:09:59 -0500] "GET /wp-content/plugins/js_composer/assets/css/js_composer.min.css?ver=6.0.5 HTTP/1.1" 200 45758 "https://www.naijadial.com/" "Mozilla/5.0 (Windows NT 6.3; Win64; x64) AppleWebKit/537.36 (KHTML, like Gecko) Chrome/79.0.3945.130 Safari/537.36"
41.217.25.43 - - [28/Jan/2020:04:09:59 -0500] "GET /wp-content/plugins/gd-bbpress-toolbox/templates/default/css/widgets.min.css?ver=5.2.1.712 HTTP/1.1" 200 517 "https://www.naijadial.com/" "Mozilla/5.0 (Windows NT 6.3; Win64; x64) AppleWebKit/537.36 (KHTML, like Gecko) Chrome/79.0.3945.130 Safari/537.36"
41.217.25.43 - - [28/Jan/2020:04:09:59 -0500] "GET /wp-content/themes/listingo/css/color.css?ver=3.2.2 HTTP/1.1" 200 2884 "https://www.naijadial.com/" "Mozilla/5.0 (Windows NT 6.3; Win64; x64) AppleWebKit/537.36 (KHTML, like Gecko) Chrome/79.0.3945.130 Safari/537.36"
41.217.25.43 - - [28/Jan/2020:04:09:59 -0500] "GET /wp-content/plugins/js_composer/assets/lib/bower/font-awesome/css/font-awesome.min.css?ver=6.0.5 HTTP/1.1" 200 6970 "https://www.naijadial.com/" "Mozilla/5.0 (Windows NT 6.3; Win64; x64) AppleWebKit/537.36 (KHTML, like Gecko) Chrome/79.0.3945.130 Safari/537.36"
41.217.25.43 - - [28/Jan/2020:04:09:59 -0500] "GET /wp-content/themes/listingo/style.css?ver=3.2.2 HTTP/1.1" 200 61862 "https://www.naijadial.com/" "Mozilla/5.0 (Windows NT 6.3; Win64; x64) AppleWebKit/537.36 (KHTML, like Gecko) Chrome/79.0.3945.130 Safari/537.36"
41.217.25.43 - - [28/Jan/2020:04:09:59 -0500] "GET /wp-content/themes/listingo/css/scrollbar.css?ver=3.2.2 HTTP/1.1" 200 4060 "https://www.naijadial.com/" "Mozilla/5.0 (Windows NT 6.3; Win64; x64) AppleWebKit/537.36 (KHTML, like Gecko) Chrome/79.0.3945.130 Safari/537.36"
41.217.25.43 - - [28/Jan/2020:04:09:59 -0500] "GET /wp-content/themes/listingo/js/countTo.js?ver=5.3.2 HTTP/1.1" 200 725 "https://www.naijadial.com/" "Mozilla/5.0 (Windows NT 6.3; Win64; x64) AppleWebKit/537.36 (KHTML, like Gecko) Chrome/79.0.3945.130 Safari/537.36"
41.217.25.43 - - [28/Jan/2020:04:09:59 -0500] "GET /wp-content/plugins/mega-addons-for-visual-composer/css/font-awesome/css/font-awesome.css?ver=5.3.2 HTTP/1.1" 200 7439 "https://www.naijadial.com/" "Mozilla/5.0 (Windows NT 6.3; Win64; x64) AppleWebKit/537.36 (KHTML, like Gecko) Chrome/79.0.3945.130 Safari/537.36"
41.217.25.43 - - [28/Jan/2020:04:09:59 -0500] "GET /wp-content/plugins/bbp-style-pack/css/bspstyle.css?ver=4.3.8 HTTP/1.1" 200 2657 "https://www.naijadial.com/" "Mozilla/5.0 (Windows NT 6.3; Win64; x64) AppleWebKit/537.36 (KHTML, like Gecko) Chrome/79.0.3945.130 Safari/537.36"
41.217.25.43 - - [28/Jan/2020:04:09:59 -0500] "GET /wp-content/plugins/revslider/public/assets/js/rs6.min.js?ver=6.0.7 HTTP/1.1" 200 67313 "https://www.naijadial.com/" "Mozilla/5.0 (Windows NT 6.3; Win64; x64) AppleWebKit/537.36 (KHTML, like Gecko) Chrome/79.0.3945.130 Safari/537.36"
41.217.25.43 - - [28/Jan/2020:04:09:59 -0500] "GET /wp-content/plugins/mega-addons-for-visual-composer/css/style.css?ver=5.3.2 HTTP/1.1" 200 601 "https://www.naijadial.com/" "Mozilla/5.0 (Windows NT 6.3; Win64; x64) AppleWebKit/537.36 (KHTML, like Gecko) Chrome/79.0.3945.130 Safari/537.36"
41.217.25.43 - - [28/Jan/2020:04:09:59 -0500] "GET /wp-content/plugins/mega-addons-for-visual-composer/css/ihover.css?ver=5.3.2 HTTP/1.1" 200 77665 "https://www.naijadial.com/" "Mozilla/5.0 (Windows NT 6.3; Win64; x64) AppleWebKit/537.36 (KHTML, like Gecko) Chrome/79.0.3945.130 Safari/537.36"
41.217.25.43 - - [28/Jan/2020:04:09:59 -0500] "GET /wp-includes/css/dashicons.min.css?ver=5.3.2 HTTP/1.1" 200 28481 "https://www.naijadial.com/" "Mozilla/5.0 (Windows NT 6.3; Win64; x64) AppleWebKit/537.36 (KHTML, like Gecko) Chrome/79.0.3945.130 Safari/537.36"
41.217.25.43 - - [28/Jan/2020:04:09:59 -0500] "GET /wp-content/themes/listingo/css/linearicons.css?ver=3.2.2 HTTP/1.1" 200 1610 "https://www.naijadial.com/" "Mozilla/5.0 (Windows NT 6.3; Win64; x64) AppleWebKit/537.36 (KHTML, like Gecko) Chrome/79.0.3945.130 Safari/537.36"
41.217.25.43 - - [28/Jan/2020:04:09:59 -0500] "GET /wp-includes/js/jquery/jquery-migrate.min.js?ver=1.4.1 HTTP/1.1" 200 4014 "https://www.naijadial.com/" "Mozilla/5.0 (Windows NT 6.3; Win64; x64) AppleWebKit/537.36 (KHTML, like Gecko) Chrome/79.0.3945.130 Safari/537.36"
41.217.25.43 - - [28/Jan/2020:04:09:59 -0500] "GET /wp-content/plugins/woocommerce/packages/woocommerce-blocks/build/style.css?ver=2.5.11 HTTP/1.1" 200 8221 "https://www.naijadial.com/" "Mozilla/5.0 (Windows NT 6.3; Win64; x64) AppleWebKit/537.36 (KHTML, like Gecko) Chrome/79.0.3945.130 Safari/537.36"
41.217.25.43 - - [28/Jan/2020:04:09:59 -0500] "GET /wp-content/plugins/js_composer/assets/js/vendors/woocommerce-add-to-cart.js?ver=6.0.5 HTTP/1.1" 200 374 "https://www.naijadial.com/" "Mozilla/5.0 (Windows NT 6.3; Win64; x64) AppleWebKit/537.36 (KHTML, like Gecko) Chrome/79.0.3945.130 Safari/537.36"
41.217.25.43 - - [28/Jan/2020:04:10:05 -0500] "GET /wp-includes/js/wp-emoji-release.min.js?ver=5.3.2 HTTP/1.1" 200 4626 "https://www.naijadial.com/" "Mozilla/5.0 (Windows NT 6.3; Win64; x64) AppleWebKit/537.36 (KHTML, like Gecko) Chrome/79.0.3945.130 Safari/537.36"
41.217.25.43 - - [28/Jan/2020:04:10:06 -0500] "GET /wp-content/uploads/so-css/so-css-listingo.css?ver=1580144791 HTTP/1.1" 200 1074 "https://www.naijadial.com/" "Mozilla/5.0 (Windows NT 6.3; Win64; x64) AppleWebKit/537.36 (KHTML, like Gecko) Chrome/79.0.3945.130 Safari/537.36"
41.217.25.43 - - [28/Jan/2020:04:10:07 -0500] "GET /wp-content/plugins/unyson/framework/static/libs/lnr/css/lnr.css?ver=2.7.22 HTTP/1.1" 200 1660 "https://www.naijadial.com/" "Mozilla/5.0 (Windows NT 6.3; Win64; x64) AppleWebKit/537.36 (KHTML, like Gecko) Chrome/79.0.3945.130 Safari/537.36"
41.217.25.43 - - [28/Jan/2020:04:10:07 -0500] "GET /wp-content/themes/listingo/css/pogoslider.css?ver=3.2.2 HTTP/1.1" 200 3810 "https://www.naijadial.com/" "Mozilla/5.0 (Windows NT 6.3; Win64; x64) AppleWebKit/537.36 (KHTML, like Gecko) Chrome/79.0.3945.130 Safari/537.36"
41.217.25.43 - - [28/Jan/2020:04:10:07 -0500] "GET /wp-content/plugins/unyson/framework/static/libs/typcn/css/typcn.css?ver=2.7.22 HTTP/1.1" 200 3998 "https://www.naijadial.com/" "Mozilla/5.0 (Windows NT 6.3; Win64; x64) AppleWebKit/537.36 (KHTML, like Gecko) Chrome/79.0.3945.130 Safari/537.36"
