XylotrechusZ

XylotrechusZ Shell

: /home/matican/logs/ [ drwx------ ]
Uname: Linux premium72.web-hosting.com 4.18.0-553.44.1.lve.el8.x86_64 #1 SMP Thu Mar 13 14:29:12 UTC 2025 x86_64
Software: LiteSpeed
PHP version: 8.2.29 [ PHP INFO ] PHP os: Linux
Server Ip: 198.54.125.95
Your Ip: 216.73.216.35
User: matican (532) | Group: matican (531)
Safe Mode: OFF
Disable Function:
NONE

name : martplugcom.maticanmarketing.com-ssl_log.bkup
68.65.122.134 - - [27/Jan/2020:09:35:52 -0500] "GET /wp-login.php HTTP/1.1" 200 5648 "-" "Mozilla/5.0 (X11; Ubuntu; Linux x86_64; rv:62.0) Gecko/20100101 Firefox/62.0"
68.65.122.134 - - [27/Jan/2020:09:36:03 -0500] "POST /wp-cron.php?doing_wp_cron=1580135763.7533519268035888671875 HTTP/1.1" 200 - "https://www.martplug.com/wp-cron.php?doing_wp_cron=1580135763.7533519268035888671875" "WordPress/5.3.2; https://www.martplug.com"
68.65.122.134 - - [27/Jan/2020:09:36:05 -0500] "POST /wp-login.php HTTP/1.1" 200 6650 "-" "Mozilla/5.0 (X11; Ubuntu; Linux x86_64; rv:62.0) Gecko/20100101 Firefox/62.0"
68.65.122.134 - - [27/Jan/2020:09:36:06 -0500] "GET /wp-login.php HTTP/1.1" 200 5648 "-" "Mozilla/5.0 (X11; Ubuntu; Linux x86_64; rv:62.0) Gecko/20100101 Firefox/62.0"
104.238.74.65 - - [27/Jan/2020:09:36:07 -0500] "POST /wp-login.php HTTP/1.1" 200 2228 "-" "Mozilla/5.0 (X11; Ubuntu; Linux x86_64; rv:62.0) Gecko/20100101 Firefox/62.0"
68.65.122.134 - - [27/Jan/2020:09:36:08 -0500] "GET /wp-login.php HTTP/1.1" 200 5648 "-" "Mozilla/5.0 (X11; Ubuntu; Linux x86_64; rv:62.0) Gecko/20100101 Firefox/62.0"
68.65.122.134 - - [27/Jan/2020:09:36:08 -0500] "POST /wp-login.php HTTP/1.1" 200 6504 "-" "Mozilla/5.0 (X11; Ubuntu; Linux x86_64; rv:62.0) Gecko/20100101 Firefox/62.0"
68.65.122.134 - - [27/Jan/2020:10:42:46 -0500] "POST /wp-cron.php?doing_wp_cron=1580139765.9452750682830810546875 HTTP/1.1" 200 - "https://www.martplug.com/wp-cron.php?doing_wp_cron=1580139765.9452750682830810546875" "WordPress/5.3.2; https://www.martplug.com"
66.249.64.207 - - [27/Jan/2020:10:42:42 -0500] "GET /robots.txt HTTP/1.1" 200 69 "-" "Mozilla/5.0 (compatible; Googlebot/2.1; +http://www.google.com/bot.html)"
66.249.64.207 - - [27/Jan/2020:10:42:47 -0500] "GET / HTTP/1.1" 200 2036 "-" "Mozilla/5.0 (Linux; Android 6.0.1; Nexus 5X Build/MMB29P) AppleWebKit/537.36 (KHTML, like Gecko) Chrome/41.0.2272.96 Mobile Safari/537.36 (compatible; Googlebot/2.1; +http://www.google.com/bot.html)"
66.249.64.205 - - [27/Jan/2020:10:42:56 -0500] "GET /favicon.ico HTTP/1.1" 200 - "-" "Googlebot-Image/1.0"
68.65.121.137 - - [27/Jan/2020:11:05:49 -0500] "POST /wp-cron.php?doing_wp_cron=1580141149.3480119705200195312500 HTTP/1.1" 200 - "https://www.martplug.com/wp-cron.php?doing_wp_cron=1580141149.3480119705200195312500" "WordPress/5.3.2; https://www.martplug.com"
68.65.122.134 - - [27/Jan/2020:11:05:47 -0500] "POST /wp-engines.php HTTP/1.1" 404 6129 "-" "Mozilla/5.0 (Windows NT 6.1; WOW64) AppleWebKit/537.36 (KHTML, like Gecko) Chrome/41.0.2227.0 Safari/537.36"
68.65.121.137 - - [27/Jan/2020:11:35:28 -0500] "POST /wp-cron.php?doing_wp_cron=1580142928.2878470420837402343750 HTTP/1.1" 200 - "https://www.martplug.com/wp-cron.php?doing_wp_cron=1580142928.2878470420837402343750" "WordPress/5.3.2; https://www.martplug.com"
68.65.122.134 - - [27/Jan/2020:11:35:26 -0500] "GET /wp-login.php HTTP/1.1" 200 5648 "-" "Mozilla/5.0 (X11; Ubuntu; Linux x86_64; rv:62.0) Gecko/20100101 Firefox/62.0"
157.230.127.161 - - [27/Jan/2020:11:35:29 -0500] "POST /wp-login.php HTTP/1.1" 200 2255 "-" "Mozilla/5.0 (X11; Ubuntu; Linux x86_64; rv:62.0) Gecko/20100101 Firefox/62.0"
157.230.127.161 - - [27/Jan/2020:11:35:31 -0500] "GET /wp-login.php HTTP/1.1" 200 1851 "-" "Mozilla/5.0 (X11; Ubuntu; Linux x86_64; rv:62.0) Gecko/20100101 Firefox/62.0"
68.65.122.134 - - [27/Jan/2020:11:35:31 -0500] "POST /wp-login.php HTTP/1.1" 200 6502 "-" "Mozilla/5.0 (X11; Ubuntu; Linux x86_64; rv:62.0) Gecko/20100101 Firefox/62.0"
68.65.122.134 - - [27/Jan/2020:11:35:32 -0500] "GET /wp-login.php HTTP/1.1" 200 5648 "-" "Mozilla/5.0 (X11; Ubuntu; Linux x86_64; rv:62.0) Gecko/20100101 Firefox/62.0"
68.65.122.134 - - [27/Jan/2020:11:35:32 -0500] "POST /wp-login.php HTTP/1.1" 200 6504 "-" "Mozilla/5.0 (X11; Ubuntu; Linux x86_64; rv:62.0) Gecko/20100101 Firefox/62.0"
66.249.64.207 - - [27/Jan/2020:12:06:53 -0500] "GET /robots.txt HTTP/1.1" 200 69 "-" "Mozilla/5.0 (compatible; Googlebot/2.1; +http://www.google.com/bot.html)"
68.65.122.134 - - [27/Jan/2020:12:07:06 -0500] "POST /wp-cron.php?doing_wp_cron=1580144826.8210949897766113281250 HTTP/1.1" 200 - "https://www.martplug.com/wp-cron.php?doing_wp_cron=1580144826.8210949897766113281250" "WordPress/5.3.2; https://www.martplug.com"
68.65.122.134 - - [27/Jan/2020:12:19:28 -0500] "POST /wp-cron.php?doing_wp_cron=1580145567.8423368930816650390625 HTTP/1.1" 200 - "https://www.martplug.com/wp-cron.php?doing_wp_cron=1580145567.8423368930816650390625" "WordPress/5.3.2; https://www.martplug.com"
68.65.122.134 - - [27/Jan/2020:12:19:21 -0500] "GET / HTTP/1.1" 301 - "-" "Mozilla/5.0 (Windows NT 10.0; WOW64) AppleWebKit/537.36 (KHTML, like Gecko) Chrome/79.0.3945.88 Safari/537.36"
68.65.122.134 - - [27/Jan/2020:12:19:28 -0500] "GET / HTTP/1.1" 200 6247 "-" "Mozilla/5.0 (Windows NT 10.0; WOW64) AppleWebKit/537.36 (KHTML, like Gecko) Chrome/79.0.3945.88 Safari/537.36"
66.102.8.20 - - [27/Jan/2020:12:19:29 -0500] "GET /wp-content/plugins/maintenance/load/css/fonts.css?ver=1566425282 HTTP/1.1" 200 10398 "https://www.martplug.com/" "Mozilla/5.0 (Windows NT 10.0; WOW64) AppleWebKit/537.36 (KHTML, like Gecko) Chrome/79.0.3945.88 Safari/537.36"
66.102.8.16 - - [27/Jan/2020:12:19:29 -0500] "GET /wp-content/plugins/maintenance/load/js/jquery.frontend.js?ver=1569403010 HTTP/1.1" 200 636 "https://www.martplug.com/" "Mozilla/5.0 (Windows NT 10.0; WOW64) AppleWebKit/537.36 (KHTML, like Gecko) Chrome/79.0.3945.88 Safari/537.36"
66.102.8.16 - - [27/Jan/2020:12:19:29 -0500] "GET /wp-content/plugins/maintenance/load/css/style.css?ver=1569403010 HTTP/1.1" 200 3488 "https://www.martplug.com/" "Mozilla/5.0 (Windows NT 10.0; WOW64) AppleWebKit/537.36 (KHTML, like Gecko) Chrome/79.0.3945.88 Safari/537.36"
66.102.8.20 - - [27/Jan/2020:12:19:29 -0500] "GET /wp-includes/js/jquery/jquery-migrate.min.js?ver=1.4.1 HTTP/1.1" 200 4014 "https://www.martplug.com/" "Mozilla/5.0 (Windows NT 10.0; WOW64) AppleWebKit/537.36 (KHTML, like Gecko) Chrome/79.0.3945.88 Safari/537.36"
66.102.8.20 - - [27/Jan/2020:12:19:29 -0500] "GET /wp-content/plugins/contact-form-7/includes/js/scripts.js?ver=1543431686 HTTP/1.1" 200 3993 "https://www.martplug.com/" "Mozilla/5.0 (Windows NT 10.0; WOW64) AppleWebKit/537.36 (KHTML, like Gecko) Chrome/79.0.3945.88 Safari/537.36"
68.65.122.134 - - [27/Jan/2020:12:20:48 -0500] "POST /wp-cron.php?doing_wp_cron=1580145648.1273241043090820312500 HTTP/1.1" 200 - "https://www.martplug.com/wp-cron.php?doing_wp_cron=1580145648.1273241043090820312500" "WordPress/5.3.2; https://www.martplug.com"
68.65.122.134 - - [27/Jan/2020:12:20:29 -0500] "GET / HTTP/1.1" 200 6247 "-" "Mozilla/5.0 (Windows NT 6.3; Win64; x64) AppleWebKit/537.36 (KHTML, like Gecko) Chrome/79.0.3945.130 Safari/537.36"
68.65.122.134 - - [27/Jan/2020:12:20:49 -0500] "POST /wp-cron.php?doing_wp_cron=1580145649.4306619167327880859375 HTTP/1.1" 200 - "https://www.martplug.com/wp-cron.php?doing_wp_cron=1580145649.4306619167327880859375" "WordPress/5.3.2; https://www.martplug.com"
78.159.99.208 - - [27/Jan/2020:12:20:50 -0500] "GET /wp-content/plugins/maintenance/load/css/style.css?ver=1569403010 HTTP/1.1" 200 3488 "https://www.martplug.com/" "Mozilla/5.0 (Windows NT 6.3; Win64; x64) AppleWebKit/537.36 (KHTML, like Gecko) Chrome/79.0.3945.130 Safari/537.36"
78.159.99.208 - - [27/Jan/2020:12:20:50 -0500] "GET /wp-content/plugins/maintenance/load/css/fonts.css?ver=1566425282 HTTP/1.1" 200 10398 "https://www.martplug.com/" "Mozilla/5.0 (Windows NT 6.3; Win64; x64) AppleWebKit/537.36 (KHTML, like Gecko) Chrome/79.0.3945.130 Safari/537.36"
78.159.99.208 - - [27/Jan/2020:12:20:29 -0500] "GET /robots.txt HTTP/1.1" 200 69 "-" "Mozilla/5.0 (Windows NT 6.3; Win64; x64) AppleWebKit/537.36 (KHTML, like Gecko) Chrome/79.0.3945.130 Safari/537.36"
78.159.99.208 - - [27/Jan/2020:12:20:51 -0500] "GET /wp-content/plugins/contact-form-7/includes/js/scripts.js?ver=1543431686 HTTP/1.1" 200 3993 "https://www.martplug.com/" "Mozilla/5.0 (Windows NT 6.3; Win64; x64) AppleWebKit/537.36 (KHTML, like Gecko) Chrome/79.0.3945.130 Safari/537.36"
78.159.99.208 - - [27/Jan/2020:12:20:51 -0500] "GET /wp-content/plugins/maintenance/load/js/jquery.frontend.js?ver=1569403010 HTTP/1.1" 200 636 "https://www.martplug.com/" "Mozilla/5.0 (Windows NT 6.3; Win64; x64) AppleWebKit/537.36 (KHTML, like Gecko) Chrome/79.0.3945.130 Safari/537.36"
78.159.99.208 - - [27/Jan/2020:12:20:51 -0500] "GET /wp-content/plugins/maintenance/load/fonts/foundation-icons.woff HTTP/1.1" 200 32020 "https://www.martplug.com/wp-content/plugins/maintenance/load/css/fonts.css?ver=1566425282" "Mozilla/5.0 (Windows NT 6.3; Win64; x64) AppleWebKit/537.36 (KHTML, like Gecko) Chrome/79.0.3945.130 Safari/537.36"
68.65.122.134 - - [27/Jan/2020:12:21:19 -0500] "GET /wp-admin/ HTTP/1.1" 302 - "-" "Mozilla/5.0 (Windows NT 6.3; Win64; x64) AppleWebKit/537.36 (KHTML, like Gecko) Chrome/79.0.3945.130 Safari/537.36"
68.65.122.134 - - [27/Jan/2020:12:21:20 -0500] "GET /wp-login.php?redirect_to=https%3A%2F%2Fwww.martplug.com%2Fwp-admin%2F&reauth=1 HTTP/1.1" 200 5648 "-" "Mozilla/5.0 (Windows NT 6.3; Win64; x64) AppleWebKit/537.36 (KHTML, like Gecko) Chrome/79.0.3945.130 Safari/537.36"
78.159.99.208 - - [27/Jan/2020:12:21:21 -0500] "GET /wp-admin/css/login.min.css?ver=5.3.2 HTTP/1.1" 200 1799 "https://www.martplug.com/wp-login.php?redirect_to=https%3A%2F%2Fwww.martplug.com%2Fwp-admin%2F&reauth=1" "Mozilla/5.0 (Windows NT 6.3; Win64; x64) AppleWebKit/537.36 (KHTML, like Gecko) Chrome/79.0.3945.130 Safari/537.36"
78.159.99.208 - - [27/Jan/2020:12:21:21 -0500] "GET /wp-admin/css/l10n.min.css?ver=5.3.2 HTTP/1.1" 200 686 "https://www.martplug.com/wp-login.php?redirect_to=https%3A%2F%2Fwww.martplug.com%2Fwp-admin%2F&reauth=1" "Mozilla/5.0 (Windows NT 6.3; Win64; x64) AppleWebKit/537.36 (KHTML, like Gecko) Chrome/79.0.3945.130 Safari/537.36"
78.159.99.208 - - [27/Jan/2020:12:21:21 -0500] "GET /wp-admin/css/forms.min.css?ver=5.3.2 HTTP/1.1" 200 5966 "https://www.martplug.com/wp-login.php?redirect_to=https%3A%2F%2Fwww.martplug.com%2Fwp-admin%2F&reauth=1" "Mozilla/5.0 (Windows NT 6.3; Win64; x64) AppleWebKit/537.36 (KHTML, like Gecko) Chrome/79.0.3945.130 Safari/537.36"
78.159.99.208 - - [27/Jan/2020:12:21:22 -0500] "GET /wp-admin/js/user-profile.min.js?ver=5.3.2 HTTP/1.1" 200 2075 "https://www.martplug.com/wp-login.php?redirect_to=https%3A%2F%2Fwww.martplug.com%2Fwp-admin%2F&reauth=1" "Mozilla/5.0 (Windows NT 6.3; Win64; x64) AppleWebKit/537.36 (KHTML, like Gecko) Chrome/79.0.3945.130 Safari/537.36"
78.159.99.208 - - [27/Jan/2020:12:21:22 -0500] "GET /wp-admin/images/wordpress-logo.svg?ver=20131107 HTTP/1.1" 200 818 "https://www.martplug.com/wp-admin/css/login.min.css?ver=5.3.2" "Mozilla/5.0 (Windows NT 6.3; Win64; x64) AppleWebKit/537.36 (KHTML, like Gecko) Chrome/79.0.3945.130 Safari/537.36"
68.65.122.134 - - [27/Jan/2020:12:21:33 -0500] "POST /wp-login.php HTTP/1.1" 302 - "https://www.martplug.com/wp-login.php?redirect_to=https%3A%2F%2Fwww.martplug.com%2Fwp-admin%2F&reauth=1" "Mozilla/5.0 (Windows NT 6.3; Win64; x64) AppleWebKit/537.36 (KHTML, like Gecko) Chrome/79.0.3945.130 Safari/537.36"
68.65.122.134 - - [27/Jan/2020:12:21:34 -0500] "GET /wp-admin/ HTTP/1.1" 200 269016 "https://www.martplug.com/wp-login.php?redirect_to=https%3A%2F%2Fwww.martplug.com%2Fwp-admin%2F&reauth=1" "Mozilla/5.0 (Windows NT 6.3; Win64; x64) AppleWebKit/537.36 (KHTML, like Gecko) Chrome/79.0.3945.130 Safari/537.36"
78.159.99.208 - - [27/Jan/2020:12:21:40 -0500] "GET /wp-content/plugins/dokan-pro/includes/modules/subscription/assets/css/style.css?ver=20200127 HTTP/1.1" 200 893 "https://www.martplug.com/wp-admin/" "Mozilla/5.0 (Windows NT 6.3; Win64; x64) AppleWebKit/537.36 (KHTML, like Gecko) Chrome/79.0.3945.130 Safari/537.36"
78.159.99.208 - - [27/Jan/2020:12:21:40 -0500] "GET /wp-content/plugins/sms-alert/css/admin.css?ver=20200127 HTTP/1.1" 200 3751 "https://www.martplug.com/wp-admin/" "Mozilla/5.0 (Windows NT 6.3; Win64; x64) AppleWebKit/537.36 (KHTML, like Gecko) Chrome/79.0.3945.130 Safari/537.36"
78.159.99.208 - - [27/Jan/2020:12:21:40 -0500] "GET /wp-content/plugins/revslider/admin/assets/css/tp-color-picker.css?ver=6.0.5 HTTP/1.1" 304 - "https://www.martplug.com/wp-admin/" "Mozilla/5.0 (Windows NT 6.3; Win64; x64) AppleWebKit/537.36 (KHTML, like Gecko) Chrome/79.0.3945.130 Safari/537.36"
78.159.99.208 - - [27/Jan/2020:12:21:41 -0500] "GET /wp-content/plugins/yith-advanced-refund-system-for-woocommerce/plugin-fw/assets/css/admin.css?ver=3.4.9 HTTP/1.1" 304 - "https://www.martplug.com/wp-admin/" "Mozilla/5.0 (Windows NT 6.3; Win64; x64) AppleWebKit/537.36 (KHTML, like Gecko) Chrome/79.0.3945.130 Safari/537.36"
78.159.99.208 - - [27/Jan/2020:12:21:41 -0500] "GET /wp-content/plugins/woocommerce/assets/css/dashboard.css?ver=3.9.0 HTTP/1.1" 304 - "https://www.martplug.com/wp-admin/" "Mozilla/5.0 (Windows NT 6.3; Win64; x64) AppleWebKit/537.36 (KHTML, like Gecko) Chrome/79.0.3945.130 Safari/537.36"
78.159.99.208 - - [27/Jan/2020:12:21:41 -0500] "GET /wp-content/plugins/facebook-for-woocommerce/assets/css/facebook-infobanner.css?ver=5.3.2 HTTP/1.1" 304 - "https://www.martplug.com/wp-admin/" "Mozilla/5.0 (Windows NT 6.3; Win64; x64) AppleWebKit/537.36 (KHTML, like Gecko) Chrome/79.0.3945.130 Safari/537.36"
78.159.99.208 - - [27/Jan/2020:12:21:41 -0500] "GET /wp-content/plugins/yith-product-size-charts-for-woocommerce/assets/css/admin.css?ver=5.3.2 HTTP/1.1" 304 - "https://www.martplug.com/wp-admin/" "Mozilla/5.0 (Windows NT 6.3; Win64; x64) AppleWebKit/537.36 (KHTML, like Gecko) Chrome/79.0.3945.130 Safari/537.36"
78.159.99.208 - - [27/Jan/2020:12:21:41 -0500] "GET /wp-content/plugins/yith-advanced-refund-system-for-woocommerce/assets/css/ywcars-common.css?ver=1.0.16 HTTP/1.1" 304 - "https://www.martplug.com/wp-admin/" "Mozilla/5.0 (Windows NT 6.3; Win64; x64) AppleWebKit/537.36 (KHTML, like Gecko) Chrome/79.0.3945.130 Safari/537.36"
78.159.99.208 - - [27/Jan/2020:12:21:41 -0500] "GET /wp-content/plugins/yith-advanced-refund-system-for-woocommerce/assets/css/ywcars-admin.css?ver=1.0.16 HTTP/1.1" 304 - "https://www.martplug.com/wp-admin/" "Mozilla/5.0 (Windows NT 6.3; Win64; x64) AppleWebKit/537.36 (KHTML, like Gecko) Chrome/79.0.3945.130 Safari/537.36"
78.159.99.208 - - [27/Jan/2020:12:21:41 -0500] "GET /wp-content/plugins/facebook-for-woocommerce/assets/js/facebook-infobanner.js?ts=1580145696&ver=5.3.2 HTTP/1.1" 200 574 "https://www.martplug.com/wp-admin/" "Mozilla/5.0 (Windows NT 6.3; Win64; x64) AppleWebKit/537.36 (KHTML, like Gecko) Chrome/79.0.3945.130 Safari/537.36"
78.159.99.208 - - [27/Jan/2020:12:21:41 -0500] "GET /wp-content/plugins/jetpack/css/jetpack-connect.min.css?ver=5.3.2 HTTP/1.1" 304 - "https://www.martplug.com/wp-admin/" "Mozilla/5.0 (Windows NT 6.3; Win64; x64) AppleWebKit/537.36 (KHTML, like Gecko) Chrome/79.0.3945.130 Safari/537.36"
78.159.99.208 - - [27/Jan/2020:12:21:41 -0500] "GET /wp-content/plugins/woocommerce/assets/js/jquery-flot/jquery.flot.time.min.js?ver=3.9.0 HTTP/1.1" 304 - "https://www.martplug.com/wp-admin/" "Mozilla/5.0 (Windows NT 6.3; Win64; x64) AppleWebKit/537.36 (KHTML, like Gecko) Chrome/79.0.3945.130 Safari/537.36"
78.159.99.208 - - [27/Jan/2020:12:21:41 -0500] "GET /wp-content/plugins/woocommerce/assets/js/jquery-flot/jquery.flot.min.js?ver=3.9.0 HTTP/1.1" 304 - "https://www.martplug.com/wp-admin/" "Mozilla/5.0 (Windows NT 6.3; Win64; x64) AppleWebKit/537.36 (KHTML, like Gecko) Chrome/79.0.3945.130 Safari/537.36"
78.159.99.208 - - [27/Jan/2020:12:21:41 -0500] "GET /wp-content/plugins/woocommerce/assets/js/admin/reports.min.js?ver=3.9.0 HTTP/1.1" 304 - "https://www.martplug.com/wp-admin/" "Mozilla/5.0 (Windows NT 6.3; Win64; x64) AppleWebKit/537.36 (KHTML, like Gecko) Chrome/79.0.3945.130 Safari/537.36"
78.159.99.208 - - [27/Jan/2020:12:21:41 -0500] "GET /wp-content/plugins/woocommerce/assets/js/jquery-flot/jquery.flot.resize.min.js?ver=3.9.0 HTTP/1.1" 304 - "https://www.martplug.com/wp-admin/" "Mozilla/5.0 (Windows NT 6.3; Win64; x64) AppleWebKit/537.36 (KHTML, like Gecko) Chrome/79.0.3945.130 Safari/537.36"
78.159.99.208 - - [27/Jan/2020:12:21:41 -0500] "GET /wp-content/plugins/woocommerce/assets/js/jquery-flot/jquery.flot.pie.min.js?ver=3.9.0 HTTP/1.1" 304 - "https://www.martplug.com/wp-admin/" "Mozilla/5.0 (Windows NT 6.3; Win64; x64) AppleWebKit/537.36 (KHTML, like Gecko) Chrome/79.0.3945.130 Safari/537.36"
78.159.99.208 - - [27/Jan/2020:12:21:41 -0500] "GET /wp-content/plugins/woocommerce/assets/js/jquery-flot/jquery.flot.stack.min.js?ver=3.9.0 HTTP/1.1" 304 - "https://www.martplug.com/wp-admin/" "Mozilla/5.0 (Windows NT 6.3; Win64; x64) AppleWebKit/537.36 (KHTML, like Gecko) Chrome/79.0.3945.130 Safari/537.36"
78.159.99.208 - - [27/Jan/2020:12:21:43 -0500] "GET /wp-content/plugins/yith-advanced-refund-system-for-woocommerce/plugin-fw/assets/images/yith-icon.svg HTTP/1.1" 200 995 "https://www.martplug.com/wp-admin/" "Mozilla/5.0 (Windows NT 6.3; Win64; x64) AppleWebKit/537.36 (KHTML, like Gecko) Chrome/79.0.3945.130 Safari/537.36"
78.159.99.208 - - [27/Jan/2020:12:21:43 -0500] "GET /wp-content/plugins/js_composer/assets/vc/logo/wpb-logo-white_32.svg HTTP/1.1" 200 778 "https://www.martplug.com/wp-admin/" "Mozilla/5.0 (Windows NT 6.3; Win64; x64) AppleWebKit/537.36 (KHTML, like Gecko) Chrome/79.0.3945.130 Safari/537.36"
78.159.99.208 - - [27/Jan/2020:12:21:46 -0500] "GET /wp-content/plugins/moceansms-order-sms-notification-for-woocommerce/js/admin.js?ver=1.1.5 HTTP/1.1" 304 - "https://www.martplug.com/wp-admin/" "Mozilla/5.0 (Windows NT 6.3; Win64; x64) AppleWebKit/537.36 (KHTML, like Gecko) Chrome/79.0.3945.130 Safari/537.36"
78.159.99.208 - - [27/Jan/2020:12:21:46 -0500] "GET /wp-content/plugins/martfury-addons//assets/js/taxonomies.js?ver=20160802 HTTP/1.1" 304 - "https://www.martplug.com/wp-admin/" "Mozilla/5.0 (Windows NT 6.3; Win64; x64) AppleWebKit/537.36 (KHTML, like Gecko) Chrome/79.0.3945.130 Safari/537.36"
78.159.99.208 - - [27/Jan/2020:12:21:46 -0500] "GET /wp-content/plugins/yith-woocommerce-waiting-list/assets/js/metabox.min.js?ver=1.3.14 HTTP/1.1" 304 - "https://www.martplug.com/wp-admin/" "Mozilla/5.0 (Windows NT 6.3; Win64; x64) AppleWebKit/537.36 (KHTML, like Gecko) Chrome/79.0.3945.130 Safari/537.36"
78.159.99.208 - - [27/Jan/2020:12:21:47 -0500] "GET /wp-content/plugins/kirki/modules/webfont-loader/vendor-typekit/webfontloader.js?ver=3.0.28 HTTP/1.1" 304 - "https://www.martplug.com/wp-admin/" "Mozilla/5.0 (Windows NT 6.3; Win64; x64) AppleWebKit/537.36 (KHTML, like Gecko) Chrome/79.0.3945.130 Safari/537.36"
78.159.99.208 - - [27/Jan/2020:12:21:47 -0500] "GET /wp-content/plugins/yith-advanced-refund-system-for-woocommerce/plugin-fw/assets/js/yith-dashboard.min.js?ver=1.0.0 HTTP/1.1" 304 - "https://www.martplug.com/wp-admin/" "Mozilla/5.0 (Windows NT 6.3; Win64; x64) AppleWebKit/537.36 (KHTML, like Gecko) Chrome/79.0.3945.130 Safari/537.36"
78.159.99.208 - - [27/Jan/2020:12:21:47 -0500] "GET /wp-content/plugins/woocommerce-jetpack/assets/images/flag-icons/de.png HTTP/1.1" 200 545 "https://www.martplug.com/wp-admin/" "Mozilla/5.0 (Windows NT 6.3; Win64; x64) AppleWebKit/537.36 (KHTML, like Gecko) Chrome/79.0.3945.130 Safari/537.36"
68.65.122.134 - - [27/Jan/2020:12:21:47 -0500] "POST /wp-admin/admin-ajax.php HTTP/1.1" 200 1635 "https://www.martplug.com/wp-admin/" "Mozilla/5.0 (Windows NT 6.3; Win64; x64) AppleWebKit/537.36 (KHTML, like Gecko) Chrome/79.0.3945.130 Safari/537.36"
68.65.122.134 - - [27/Jan/2020:12:21:48 -0500] "GET /wp-admin/admin-ajax.php?action=dashboard-widgets&widget=dashboard_primary&pagenow=dashboard HTTP/1.1" 200 828 "https://www.martplug.com/wp-admin/" "Mozilla/5.0 (Windows NT 6.3; Win64; x64) AppleWebKit/537.36 (KHTML, like Gecko) Chrome/79.0.3945.130 Safari/537.36"
68.65.122.134 - - [27/Jan/2020:12:21:50 -0500] "POST /wp-cron.php?doing_wp_cron=1580145710.1779739856719970703125 HTTP/1.1" 200 - "https://www.martplug.com/wp-cron.php?doing_wp_cron=1580145710.1779739856719970703125" "WordPress/5.3.2; https://www.martplug.com"
68.65.122.134 - - [27/Jan/2020:12:21:49 -0500] "GET / HTTP/1.1" 200 398605 "https://www.martplug.com/wp-admin/" "Mozilla/5.0 (Windows NT 6.3; Win64; x64) AppleWebKit/537.36 (KHTML, like Gecko) Chrome/79.0.3945.130 Safari/537.36"
78.159.99.208 - - [27/Jan/2020:12:21:54 -0500] "GET /wp-content/plugins/dokan-pro/includes/modules/export-import/assets/css/style.css?ver=20200127 HTTP/1.1" 200 52 "https://www.martplug.com/" "Mozilla/5.0 (Windows NT 6.3; Win64; x64) AppleWebKit/537.36 (KHTML, like Gecko) Chrome/79.0.3945.130 Safari/537.36"
78.159.99.208 - - [27/Jan/2020:12:21:54 -0500] "GET /wp-content/plugins/dokan-pro/includes/modules/store-support/assets/css/style.css?ver=20200127 HTTP/1.1" 200 630 "https://www.martplug.com/" "Mozilla/5.0 (Windows NT 6.3; Win64; x64) AppleWebKit/537.36 (KHTML, like Gecko) Chrome/79.0.3945.130 Safari/537.36"
78.159.99.208 - - [27/Jan/2020:12:21:54 -0500] "GET /wp-content/plugins/dokan-pro/includes/modules/live-search/assets/css/style.css?ver=20200127 HTTP/1.1" 200 244 "https://www.martplug.com/" "Mozilla/5.0 (Windows NT 6.3; Win64; x64) AppleWebKit/537.36 (KHTML, like Gecko) Chrome/79.0.3945.130 Safari/537.36"
78.159.99.208 - - [27/Jan/2020:12:21:54 -0500] "GET /wp-content/plugins/dokan-pro/includes/modules/vendor-verification/assets/css/style.css?ver=20200127 HTTP/1.1" 200 706 "https://www.martplug.com/" "Mozilla/5.0 (Windows NT 6.3; Win64; x64) AppleWebKit/537.36 (KHTML, like Gecko) Chrome/79.0.3945.130 Safari/537.36"
68.65.122.134 - - [27/Jan/2020:12:21:59 -0500] "POST /?wc-ajax=get_refreshed_fragments HTTP/1.1" 200 495 "https://www.martplug.com/" "Mozilla/5.0 (Windows NT 6.3; Win64; x64) AppleWebKit/537.36 (KHTML, like Gecko) Chrome/79.0.3945.130 Safari/537.36"
68.65.122.134 - - [27/Jan/2020:12:21:59 -0500] "POST /wp-admin/admin-ajax.php HTTP/1.1" 200 - "https://www.martplug.com/" "Mozilla/5.0 (Windows NT 6.3; Win64; x64) AppleWebKit/537.36 (KHTML, like Gecko) Chrome/79.0.3945.130 Safari/537.36"
68.65.121.137 - - [27/Jan/2020:12:22:36 -0500] "POST /wp-admin/admin-ajax.php?action=wp_Dokan_Seller_Vacation_Update_Seller_Product_Status&nonce=e2c4919e40 HTTP/1.1" 400 1 "https://www.martplug.com/wp-admin/admin-ajax.php?action=wp_Dokan_Seller_Vacation_Update_Seller_Product_Status&nonce=e2c4919e40" "WordPress/5.3.2; https://www.martplug.com"
68.65.122.134 - - [27/Jan/2020:12:17:32 -0500] "POST /wp-cron.php?doing_wp_cron=1580145452.5482499599456787109375 HTTP/1.1" 200 - "https://www.martplug.com/wp-cron.php?doing_wp_cron=1580145452.5482499599456787109375" "WordPress/5.3.2; https://www.martplug.com"
68.65.122.134 - - [27/Jan/2020:12:17:30 -0500] "GET / HTTP/1.1" 301 - "-" "Mozilla/5.0 (Windows NT 10.0; Win64; x64) AppleWebKit/537.36 (KHTML, like Gecko) Chrome/79.0.3945.88 Safari/537.36"
66.102.8.20 - - [27/Jan/2020:12:17:33 -0500] "GET / HTTP/1.1" 200 2009 "-" "Mozilla/5.0 (Windows NT 10.0; Win64; x64) AppleWebKit/537.36 (KHTML, like Gecko) Chrome/79.0.3945.88 Safari/537.36"
66.102.8.20 - - [27/Jan/2020:12:17:34 -0500] "GET /wp-content/plugins/maintenance/load/css/fonts.css?ver=1566425282 HTTP/1.1" 200 10398 "https://www.martplug.com/" "Mozilla/5.0 (Windows NT 10.0; Win64; x64) AppleWebKit/537.36 (KHTML, like Gecko) Chrome/79.0.3945.88 Safari/537.36"
66.102.8.16 - - [27/Jan/2020:12:17:34 -0500] "GET /wp-content/plugins/maintenance/load/css/style.css?ver=1569403010 HTTP/1.1" 200 3488 "https://www.martplug.com/" "Mozilla/5.0 (Windows NT 10.0; Win64; x64) AppleWebKit/537.36 (KHTML, like Gecko) Chrome/79.0.3945.88 Safari/537.36"
66.102.8.20 - - [27/Jan/2020:12:17:34 -0500] "GET /wp-content/uploads/2019/10/MartPlug-Logo.png HTTP/1.1" 200 7183 "https://www.martplug.com/" "Mozilla/5.0 (Windows NT 10.0; Win64; x64) AppleWebKit/537.36 (KHTML, like Gecko) Chrome/79.0.3945.88 Safari/537.36"
66.102.8.16 - - [27/Jan/2020:12:17:34 -0500] "GET /wp-content/uploads/2019/10/Shopping-Placemeter-Foot-Traffic.jpg HTTP/1.1" 200 673081 "https://www.martplug.com/" "Mozilla/5.0 (Windows NT 10.0; Win64; x64) AppleWebKit/537.36 (KHTML, like Gecko) Chrome/79.0.3945.88 Safari/537.36"
66.102.8.16 - - [27/Jan/2020:12:17:34 -0500] "GET /wp-includes/js/jquery/jquery.js?ver=1.12.4-wp HTTP/1.1" 200 33776 "https://www.martplug.com/" "Mozilla/5.0 (Windows NT 10.0; Win64; x64) AppleWebKit/537.36 (KHTML, like Gecko) Chrome/79.0.3945.88 Safari/537.36"
66.102.8.16 - - [27/Jan/2020:12:17:34 -0500] "GET /wp-content/plugins/maintenance/load/js/jquery.frontend.js?ver=1569403010 HTTP/1.1" 200 636 "https://www.martplug.com/" "Mozilla/5.0 (Windows NT 10.0; Win64; x64) AppleWebKit/537.36 (KHTML, like Gecko) Chrome/79.0.3945.88 Safari/537.36"
66.102.8.18 - - [27/Jan/2020:12:17:34 -0500] "GET /wp-includes/js/jquery/jquery-migrate.min.js?ver=1.4.1 HTTP/1.1" 200 4014 "https://www.martplug.com/" "Mozilla/5.0 (Windows NT 10.0; Win64; x64) AppleWebKit/537.36 (KHTML, like Gecko) Chrome/79.0.3945.88 Safari/537.36"
66.102.8.16 - - [27/Jan/2020:12:17:45 -0500] "GET /wp-content/plugins/contact-form-7/includes/js/scripts.js?ver=1543431686 HTTP/1.1" 200 3993 "https://www.martplug.com/" "Mozilla/5.0 (Windows NT 10.0; Win64; x64) AppleWebKit/537.36 (KHTML, like Gecko) Chrome/79.0.3945.88 Safari/537.36"
66.102.8.20 - - [27/Jan/2020:12:17:49 -0500] "GET /wp-content/plugins/maintenance/load/fonts/foundation-icons.woff HTTP/1.1" 200 32020 "https://www.martplug.com/wp-content/plugins/maintenance/load/css/fonts.css?ver=1566425282" "Mozilla/5.0 (Windows NT 10.0; Win64; x64) AppleWebKit/537.36 (KHTML, like Gecko) Chrome/79.0.3945.88 Safari/537.36"
68.65.122.134 - - [27/Jan/2020:12:22:36 -0500] "POST /wp-admin/admin-ajax.php?action=wp_Dokan_Follow_Store_Send_Updates&nonce=98c073d0fd HTTP/1.1" 400 1 "https://www.martplug.com/wp-admin/admin-ajax.php?action=wp_Dokan_Follow_Store_Send_Updates&nonce=98c073d0fd" "WordPress/5.3.2; https://www.martplug.com"
68.65.122.134 - - [27/Jan/2020:12:22:35 -0500] "POST /wp-cron.php?doing_wp_cron=1580145755.4152390956878662109375 HTTP/1.1" 200 - "https://www.martplug.com/wp-cron.php?doing_wp_cron=1580145755.4152390956878662109375" "WordPress/5.3.2; https://www.martplug.com"
68.65.122.134 - - [27/Jan/2020:12:22:35 -0500] "GET / HTTP/1.1" 200 359263 "https://www.martplug.com/wp-admin/" "Mozilla/5.0 (iPhone; CPU iPhone OS 11_0 like Mac OS X) AppleWebKit/604.1.38 (KHTML, like Gecko) Version/11.0 Mobile/15A372 Safari/604.1"
68.65.122.134 - - [27/Jan/2020:12:22:46 -0500] "POST /wp-cron.php?doing_wp_cron=1580145766.8231770992279052734375 HTTP/1.1" 500 2658 "https://www.martplug.com/wp-cron.php?doing_wp_cron=1580145766.8231770992279052734375" "WordPress/5.3.2; https://www.martplug.com"
68.65.122.134 - - [27/Jan/2020:12:22:46 -0500] "POST /wp-admin/admin-ajax.php HTTP/1.1" 200 9032 "https://www.martplug.com/" "Mozilla/5.0 (iPhone; CPU iPhone OS 11_0 like Mac OS X) AppleWebKit/604.1.38 (KHTML, like Gecko) Version/11.0 Mobile/15A372 Safari/604.1"
68.65.122.134 - - [27/Jan/2020:12:22:46 -0500] "POST /wp-admin/admin-ajax.php HTTP/1.1" 200 1 "https://www.martplug.com/" "Mozilla/5.0 (iPhone; CPU iPhone OS 11_0 like Mac OS X) AppleWebKit/604.1.38 (KHTML, like Gecko) Version/11.0 Mobile/15A372 Safari/604.1"
78.159.99.208 - - [27/Jan/2020:12:22:48 -0500] "GET /wp-content/uploads/2013/06/27a-1-150x150.jpg HTTP/1.1" 200 10488 "https://www.martplug.com/" "Mozilla/5.0 (iPhone; CPU iPhone OS 11_0 like Mac OS X) AppleWebKit/604.1.38 (KHTML, like Gecko) Version/11.0 Mobile/15A372 Safari/604.1"
78.159.99.208 - - [27/Jan/2020:12:22:48 -0500] "GET /wp-content/uploads/2017/11/30a-1-150x150.jpg HTTP/1.1" 200 12710 "https://www.martplug.com/" "Mozilla/5.0 (iPhone; CPU iPhone OS 11_0 like Mac OS X) AppleWebKit/604.1.38 (KHTML, like Gecko) Version/11.0 Mobile/15A372 Safari/604.1"
78.159.99.208 - - [27/Jan/2020:12:22:48 -0500] "GET /wp-content/uploads/2013/06/18a-1-150x150.jpg HTTP/1.1" 200 12641 "https://www.martplug.com/" "Mozilla/5.0 (iPhone; CPU iPhone OS 11_0 like Mac OS X) AppleWebKit/604.1.38 (KHTML, like Gecko) Version/11.0 Mobile/15A372 Safari/604.1"
78.159.99.208 - - [27/Jan/2020:12:22:48 -0500] "GET /wp-content/uploads/2013/06/19a-1-150x150.jpg HTTP/1.1" 200 11346 "https://www.martplug.com/" "Mozilla/5.0 (iPhone; CPU iPhone OS 11_0 like Mac OS X) AppleWebKit/604.1.38 (KHTML, like Gecko) Version/11.0 Mobile/15A372 Safari/604.1"
78.159.99.208 - - [27/Jan/2020:12:22:50 -0500] "GET /wp-content/uploads/2019/10/cropped-MartPlug-Favicon-1-32x32.png HTTP/1.1" 200 1051 "https://www.martplug.com/" "Mozilla/5.0 (iPhone; CPU iPhone OS 11_0 like Mac OS X) AppleWebKit/604.1.38 (KHTML, like Gecko) Version/11.0 Mobile/15A372 Safari/604.1"
78.159.99.208 - - [27/Jan/2020:12:23:09 -0500] "GET /wp-content/uploads/2019/10/canon-6d-rental-100x100.png HTTP/1.1" 200 16180 "https://www.martplug.com/" "Mozilla/5.0 (Windows NT 6.3; Win64; x64) AppleWebKit/537.36 (KHTML, like Gecko) Chrome/79.0.3945.130 Safari/537.36"
68.65.122.134 - - [27/Jan/2020:12:23:18 -0500] "GET / HTTP/1.1" 200 396558 "https://www.martplug.com/wp-admin/" "Mozilla/5.0 (Windows NT 6.3; Win64; x64) AppleWebKit/537.36 (KHTML, like Gecko) Chrome/79.0.3945.130 Safari/537.36"
68.65.122.134 - - [27/Jan/2020:12:23:28 -0500] "POST /wp-admin/admin-ajax.php HTTP/1.1" 200 1 "https://www.martplug.com/" "Mozilla/5.0 (Windows NT 6.3; Win64; x64) AppleWebKit/537.36 (KHTML, like Gecko) Chrome/79.0.3945.130 Safari/537.36"
68.65.121.137 - - [27/Jan/2020:13:55:14 -0500] "POST /wp-cron.php?doing_wp_cron=1580151314.1377201080322265625000 HTTP/1.1" 200 - "https://www.martplug.com/wp-cron.php?doing_wp_cron=1580151314.1377201080322265625000" "WordPress/5.3.2; https://www.martplug.com"
68.65.122.134 - - [27/Jan/2020:13:54:55 -0500] "GET /wp-admin/plugins.php HTTP/1.1" 200 349359 "https://www.martplug.com/wp-admin/" "Mozilla/5.0 (Windows NT 6.3; Win64; x64) AppleWebKit/537.36 (KHTML, like Gecko) Chrome/79.0.3945.130 Safari/537.36"
68.65.122.134 - - [27/Jan/2020:13:55:15 -0500] "POST /wp-admin/admin-ajax.php HTTP/1.1" 200 47 "https://www.martplug.com/wp-admin/" "Mozilla/5.0 (Windows NT 6.3; Win64; x64) AppleWebKit/537.36 (KHTML, like Gecko) Chrome/79.0.3945.130 Safari/537.36"
41.217.11.125 - - [27/Jan/2020:13:55:29 -0500] "GET /wp-content/plugins/facebook-for-woocommerce/assets/js/facebook-infobanner.js?ts=1580151317&ver=5.3.2 HTTP/1.1" 200 574 "https://www.martplug.com/wp-admin/plugins.php" "Mozilla/5.0 (Windows NT 6.3; Win64; x64) AppleWebKit/537.36 (KHTML, like Gecko) Chrome/79.0.3945.130 Safari/537.36"
68.65.121.137 - - [27/Jan/2020:13:56:16 -0500] "POST /wp-cron.php?doing_wp_cron=1580151375.9930529594421386718750 HTTP/1.1" 200 - "https://www.martplug.com/wp-cron.php?doing_wp_cron=1580151375.9930529594421386718750" "WordPress/5.3.2; https://www.martplug.com"
68.65.122.134 - - [27/Jan/2020:13:56:15 -0500] "POST /wp-admin/admin-ajax.php HTTP/1.1" 200 47 "https://www.martplug.com/wp-admin/" "Mozilla/5.0 (Windows NT 6.3; Win64; x64) AppleWebKit/537.36 (KHTML, like Gecko) Chrome/79.0.3945.130 Safari/537.36"
68.65.122.134 - - [27/Jan/2020:13:56:49 -0500] "POST /wp-cron.php?doing_wp_cron=1580151408.8841729164123535156250 HTTP/1.1" 200 - "https://www.martplug.com/wp-cron.php?doing_wp_cron=1580151408.8841729164123535156250" "WordPress/5.3.2; https://www.martplug.com"
68.65.122.134 - - [27/Jan/2020:13:56:48 -0500] "POST /wp-admin/admin-ajax.php HTTP/1.1" 200 47 "https://www.martplug.com/wp-admin/plugins.php" "Mozilla/5.0 (Windows NT 6.3; Win64; x64) AppleWebKit/537.36 (KHTML, like Gecko) Chrome/79.0.3945.130 Safari/537.36"
68.65.122.134 - - [27/Jan/2020:13:57:16 -0500] "POST /wp-admin/admin-ajax.php HTTP/1.1" 200 47 "https://www.martplug.com/wp-admin/" "Mozilla/5.0 (Windows NT 6.3; Win64; x64) AppleWebKit/537.36 (KHTML, like Gecko) Chrome/79.0.3945.130 Safari/537.36"
68.65.122.134 - - [27/Jan/2020:13:57:50 -0500] "POST /wp-cron.php?doing_wp_cron=1580151469.8659470081329345703125 HTTP/1.1" 200 - "https://www.martplug.com/wp-cron.php?doing_wp_cron=1580151469.8659470081329345703125" "WordPress/5.3.2; https://www.martplug.com"
41.217.11.125 - - [27/Jan/2020:13:57:49 -0500] "POST /wp-admin/admin-ajax.php HTTP/1.1" 200 47 "https://www.martplug.com/wp-admin/plugins.php" "Mozilla/5.0 (Windows NT 6.3; Win64; x64) AppleWebKit/537.36 (KHTML, like Gecko) Chrome/79.0.3945.130 Safari/537.36"
68.65.122.134 - - [27/Jan/2020:13:59:18 -0500] "POST /wp-cron.php?doing_wp_cron=1580151557.9855909347534179687500 HTTP/1.1" 200 - "https://www.martplug.com/wp-cron.php?doing_wp_cron=1580151557.9855909347534179687500" "WordPress/5.3.2; https://www.martplug.com"
41.217.11.125 - - [27/Jan/2020:13:59:17 -0500] "POST /wp-admin/admin-ajax.php HTTP/1.1" 200 47 "https://www.martplug.com/wp-admin/" "Mozilla/5.0 (Windows NT 6.3; Win64; x64) AppleWebKit/537.36 (KHTML, like Gecko) Chrome/79.0.3945.130 Safari/537.36"
68.65.122.134 - - [27/Jan/2020:13:59:49 -0500] "POST /wp-cron.php?doing_wp_cron=1580151588.8324000835418701171875 HTTP/1.1" 200 - "https://www.martplug.com/wp-cron.php?doing_wp_cron=1580151588.8324000835418701171875" "WordPress/5.3.2; https://www.martplug.com"
68.65.122.134 - - [27/Jan/2020:13:59:48 -0500] "POST /wp-admin/admin-ajax.php HTTP/1.1" 200 47 "https://www.martplug.com/wp-admin/plugins.php" "Mozilla/5.0 (Windows NT 6.3; Win64; x64) AppleWebKit/537.36 (KHTML, like Gecko) Chrome/79.0.3945.130 Safari/537.36"
68.65.121.137 - - [27/Jan/2020:14:01:18 -0500] "POST /wp-cron.php?doing_wp_cron=1580151677.9425339698791503906250 HTTP/1.1" 200 - "https://www.martplug.com/wp-cron.php?doing_wp_cron=1580151677.9425339698791503906250" "WordPress/5.3.2; https://www.martplug.com"
41.217.11.125 - - [27/Jan/2020:14:01:17 -0500] "POST /wp-admin/admin-ajax.php HTTP/1.1" 200 47 "https://www.martplug.com/wp-admin/" "Mozilla/5.0 (Windows NT 6.3; Win64; x64) AppleWebKit/537.36 (KHTML, like Gecko) Chrome/79.0.3945.130 Safari/537.36"
68.65.122.134 - - [27/Jan/2020:14:01:49 -0500] "POST /wp-cron.php?doing_wp_cron=1580151709.8383018970489501953125 HTTP/1.1" 200 - "https://www.martplug.com/wp-cron.php?doing_wp_cron=1580151709.8383018970489501953125" "WordPress/5.3.2; https://www.martplug.com"
68.65.122.134 - - [27/Jan/2020:14:01:49 -0500] "POST /wp-admin/admin-ajax.php HTTP/1.1" 200 47 "https://www.martplug.com/wp-admin/plugins.php" "Mozilla/5.0 (Windows NT 6.3; Win64; x64) AppleWebKit/537.36 (KHTML, like Gecko) Chrome/79.0.3945.130 Safari/537.36"
68.65.122.134 - - [27/Jan/2020:14:03:17 -0500] "POST /wp-cron.php?doing_wp_cron=1580151797.3627979755401611328125 HTTP/1.1" 200 - "https://www.martplug.com/wp-cron.php?doing_wp_cron=1580151797.3627979755401611328125" "WordPress/5.3.2; https://www.martplug.com"
68.65.122.134 - - [27/Jan/2020:14:03:17 -0500] "POST /wp-admin/admin-ajax.php HTTP/1.1" 200 47 "https://www.martplug.com/wp-admin/" "Mozilla/5.0 (Windows NT 6.3; Win64; x64) AppleWebKit/537.36 (KHTML, like Gecko) Chrome/79.0.3945.130 Safari/537.36"
68.65.122.134 - - [27/Jan/2020:14:03:50 -0500] "POST /wp-cron.php?doing_wp_cron=1580151830.8300359249114990234375 HTTP/1.1" 200 - "https://www.martplug.com/wp-cron.php?doing_wp_cron=1580151830.8300359249114990234375" "WordPress/5.3.2; https://www.martplug.com"
68.65.122.134 - - [27/Jan/2020:14:03:50 -0500] "POST /wp-admin/admin-ajax.php HTTP/1.1" 200 47 "https://www.martplug.com/wp-admin/plugins.php" "Mozilla/5.0 (Windows NT 6.3; Win64; x64) AppleWebKit/537.36 (KHTML, like Gecko) Chrome/79.0.3945.130 Safari/537.36"
68.65.122.134 - - [27/Jan/2020:14:05:19 -0500] "POST /wp-cron.php?doing_wp_cron=1580151919.5764739513397216796875 HTTP/1.1" 200 - "https://www.martplug.com/wp-cron.php?doing_wp_cron=1580151919.5764739513397216796875" "WordPress/5.3.2; https://www.martplug.com"
68.65.122.134 - - [27/Jan/2020:14:05:19 -0500] "POST /wp-admin/admin-ajax.php HTTP/1.1" 200 47 "https://www.martplug.com/wp-admin/" "Mozilla/5.0 (Windows NT 6.3; Win64; x64) AppleWebKit/537.36 (KHTML, like Gecko) Chrome/79.0.3945.130 Safari/537.36"
68.65.122.134 - - [27/Jan/2020:14:05:51 -0500] "POST /wp-cron.php?doing_wp_cron=1580151951.7054169178009033203125 HTTP/1.1" 200 - "https://www.martplug.com/wp-cron.php?doing_wp_cron=1580151951.7054169178009033203125" "WordPress/5.3.2; https://www.martplug.com"
68.65.122.134 - - [27/Jan/2020:14:05:51 -0500] "POST /wp-admin/admin-ajax.php HTTP/1.1" 200 47 "https://www.martplug.com/wp-admin/plugins.php" "Mozilla/5.0 (Windows NT 6.3; Win64; x64) AppleWebKit/537.36 (KHTML, like Gecko) Chrome/79.0.3945.130 Safari/537.36"
68.65.122.134 - - [27/Jan/2020:13:38:38 -0500] "POST /wp-cron.php?doing_wp_cron=1580150318.3893840312957763671875 HTTP/1.1" 500 2658 "https://www.martplug.com/wp-cron.php?doing_wp_cron=1580150318.3893840312957763671875" "WordPress/5.3.2; https://www.martplug.com"
68.65.122.134 - - [27/Jan/2020:13:38:36 -0500] "GET / HTTP/1.1" 301 - "-" "Go-http-client/2.0"
68.65.122.134 - - [27/Jan/2020:13:38:39 -0500] "GET / HTTP/1.1" 200 6247 "https://martplug.com" "Go-http-client/2.0"
68.65.122.134 - - [27/Jan/2020:14:15:09 -0500] "POST /wp-cron.php?doing_wp_cron=1580152509.3291580677032470703125 HTTP/1.1" 200 - "https://www.martplug.com/wp-cron.php?doing_wp_cron=1580152509.3291580677032470703125" "WordPress/5.3.2; https://www.martplug.com"
68.65.122.134 - - [27/Jan/2020:14:14:44 -0500] "POST /wp-admin/admin-ajax.php HTTP/1.1" 200 47 "https://www.martplug.com/wp-admin/" "Mozilla/5.0 (Windows NT 6.3; Win64; x64) AppleWebKit/537.36 (KHTML, like Gecko) Chrome/79.0.3945.130 Safari/537.36"
41.217.11.125 - - [27/Jan/2020:14:15:02 -0500] "POST /wp-admin/admin-ajax.php HTTP/1.1" 200 47 "https://www.martplug.com/wp-admin/plugins.php" "Mozilla/5.0 (Windows NT 6.3; Win64; x64) AppleWebKit/537.36 (KHTML, like Gecko) Chrome/79.0.3945.130 Safari/537.36"
68.65.122.134 - - [27/Jan/2020:14:16:41 -0500] "POST /wp-cron.php?doing_wp_cron=1580152601.4090290069580078125000 HTTP/1.1" 200 - "https://www.martplug.com/wp-cron.php?doing_wp_cron=1580152601.4090290069580078125000" "WordPress/5.3.2; https://www.martplug.com"
41.217.11.125 - - [27/Jan/2020:14:16:39 -0500] "POST /wp-admin/admin-ajax.php HTTP/1.1" 200 47 "https://www.martplug.com/wp-admin/" "Mozilla/5.0 (Windows NT 6.3; Win64; x64) AppleWebKit/537.36 (KHTML, like Gecko) Chrome/79.0.3945.130 Safari/537.36"
68.65.122.134 - - [27/Jan/2020:14:17:05 -0500] "POST /wp-cron.php?doing_wp_cron=1580152625.2345049381256103515625 HTTP/1.1" 200 - "https://www.martplug.com/wp-cron.php?doing_wp_cron=1580152625.2345049381256103515625" "WordPress/5.3.2; https://www.martplug.com"
68.65.122.134 - - [27/Jan/2020:14:17:05 -0500] "POST /wp-admin/admin-ajax.php HTTP/1.1" 200 47 "https://www.martplug.com/wp-admin/plugins.php" "Mozilla/5.0 (Windows NT 6.3; Win64; x64) AppleWebKit/537.36 (KHTML, like Gecko) Chrome/79.0.3945.130 Safari/537.36"
68.65.121.137 - - [27/Jan/2020:14:18:41 -0500] "POST /wp-cron.php?doing_wp_cron=1580152721.5231280326843261718750 HTTP/1.1" 200 - "https://www.martplug.com/wp-cron.php?doing_wp_cron=1580152721.5231280326843261718750" "WordPress/5.3.2; https://www.martplug.com"
68.65.122.134 - - [27/Jan/2020:14:18:41 -0500] "POST /wp-admin/admin-ajax.php HTTP/1.1" 200 47 "https://www.martplug.com/wp-admin/" "Mozilla/5.0 (Windows NT 6.3; Win64; x64) AppleWebKit/537.36 (KHTML, like Gecko) Chrome/79.0.3945.130 Safari/537.36"
68.65.122.134 - - [27/Jan/2020:14:19:07 -0500] "POST /wp-cron.php?doing_wp_cron=1580152747.7723100185394287109375 HTTP/1.1" 200 - "https://www.martplug.com/wp-cron.php?doing_wp_cron=1580152747.7723100185394287109375" "WordPress/5.3.2; https://www.martplug.com"
68.65.122.134 - - [27/Jan/2020:14:19:07 -0500] "POST /wp-admin/admin-ajax.php HTTP/1.1" 200 47 "https://www.martplug.com/wp-admin/plugins.php" "Mozilla/5.0 (Windows NT 6.3; Win64; x64) AppleWebKit/537.36 (KHTML, like Gecko) Chrome/79.0.3945.130 Safari/537.36"
68.65.122.134 - - [27/Jan/2020:14:20:48 -0500] "POST /wp-admin/admin-ajax.php HTTP/1.1" 200 47 "https://www.martplug.com/wp-admin/" "Mozilla/5.0 (Windows NT 6.3; Win64; x64) AppleWebKit/537.36 (KHTML, like Gecko) Chrome/79.0.3945.130 Safari/537.36"
68.65.121.137 - - [27/Jan/2020:14:20:50 -0500] "POST /wp-cron.php?doing_wp_cron=1580152849.2338380813598632812500 HTTP/1.1" 200 - "https://www.martplug.com/wp-cron.php?doing_wp_cron=1580152849.2338380813598632812500" "WordPress/5.3.2; https://www.martplug.com"
68.65.122.134 - - [27/Jan/2020:14:22:40 -0500] "POST /wp-cron.php?doing_wp_cron=1580152960.0499389171600341796875 HTTP/1.1" 200 - "https://www.martplug.com/wp-cron.php?doing_wp_cron=1580152960.0499389171600341796875" "WordPress/5.3.2; https://www.martplug.com"
68.65.122.134 - - [27/Jan/2020:14:22:39 -0500] "POST /wp-admin/admin-ajax.php HTTP/1.1" 200 47 "https://www.martplug.com/wp-admin/" "Mozilla/5.0 (Windows NT 6.3; Win64; x64) AppleWebKit/537.36 (KHTML, like Gecko) Chrome/79.0.3945.130 Safari/537.36"
68.65.122.134 - - [27/Jan/2020:14:23:11 -0500] "POST /wp-cron.php?doing_wp_cron=1580152991.0100860595703125000000 HTTP/1.1" 200 - "https://www.martplug.com/wp-cron.php?doing_wp_cron=1580152991.0100860595703125000000" "WordPress/5.3.2; https://www.martplug.com"
68.65.122.134 - - [27/Jan/2020:14:23:10 -0500] "POST /wp-admin/admin-ajax.php HTTP/1.1" 200 47 "https://www.martplug.com/wp-admin/plugins.php" "Mozilla/5.0 (Windows NT 6.3; Win64; x64) AppleWebKit/537.36 (KHTML, like Gecko) Chrome/79.0.3945.130 Safari/537.36"
68.65.122.134 - - [27/Jan/2020:13:52:59 -0500] "POST /wp-cron.php?doing_wp_cron=1580151179.0433371067047119140625 HTTP/1.1" 200 - "https://www.martplug.com/wp-cron.php?doing_wp_cron=1580151179.0433371067047119140625" "WordPress/5.3.2; https://www.martplug.com"
68.65.122.134 - - [27/Jan/2020:13:52:59 -0500] "GET / HTTP/1.1" 301 - "-" "Mozilla/5.0 (Windows NT 6.3; Win64; x64) AppleWebKit/537.36 (KHTML, like Gecko) Chrome/79.0.3945.130 Safari/537.36"
68.65.122.134 - - [27/Jan/2020:13:52:56 -0500] "GET / HTTP/1.1" 200 396524 "-" "Mozilla/5.0 (Windows NT 6.3; Win64; x64) AppleWebKit/537.36 (KHTML, like Gecko) Chrome/79.0.3945.130 Safari/537.36"
41.217.11.125 - - [27/Jan/2020:13:53:00 -0500] "GET /robots.txt HTTP/1.1" 200 69 "-" "Mozilla/5.0 (Windows NT 6.3; Win64; x64) AppleWebKit/537.36 (KHTML, like Gecko) Chrome/79.0.3945.130 Safari/537.36"
68.65.122.134 - - [27/Jan/2020:13:53:00 -0500] "GET / HTTP/1.1" 200 396524 "-" "Mozilla/5.0 (Windows NT 6.3; Win64; x64) AppleWebKit/537.36 (KHTML, like Gecko) Chrome/79.0.3945.130 Safari/537.36"
68.65.122.134 - - [27/Jan/2020:13:53:19 -0500] "POST /?wc-ajax=get_refreshed_fragments HTTP/1.1" 200 495 "https://www.martplug.com/" "Mozilla/5.0 (Windows NT 6.3; Win64; x64) AppleWebKit/537.36 (KHTML, like Gecko) Chrome/79.0.3945.130 Safari/537.36"
68.65.122.134 - - [27/Jan/2020:13:53:19 -0500] "POST /wp-admin/admin-ajax.php HTTP/1.1" 200 1 "https://www.martplug.com/" "Mozilla/5.0 (Windows NT 6.3; Win64; x64) AppleWebKit/537.36 (KHTML, like Gecko) Chrome/79.0.3945.130 Safari/537.36"
68.65.121.137 - - [27/Jan/2020:13:53:59 -0500] "POST /wp-cron.php?doing_wp_cron=1580151239.4531109333038330078125 HTTP/1.1" 200 - "https://www.martplug.com/wp-cron.php?doing_wp_cron=1580151239.4531109333038330078125" "WordPress/5.3.2; https://www.martplug.com"
68.65.122.134 - - [27/Jan/2020:13:53:59 -0500] "GET /wp-admin/ HTTP/1.1" 200 271646 "https://www.martplug.com/" "Mozilla/5.0 (Windows NT 6.3; Win64; x64) AppleWebKit/537.36 (KHTML, like Gecko) Chrome/79.0.3945.130 Safari/537.36"
41.217.11.125 - - [27/Jan/2020:13:54:06 -0500] "GET /wp-content/plugins/facebook-for-woocommerce/assets/js/facebook-infobanner.js?ts=1580151241&ver=5.3.2 HTTP/1.1" 200 574 "https://www.martplug.com/wp-admin/" "Mozilla/5.0 (Windows NT 6.3; Win64; x64) AppleWebKit/537.36 (KHTML, like Gecko) Chrome/79.0.3945.130 Safari/537.36"
68.65.122.134 - - [27/Jan/2020:14:25:44 -0500] "POST /wp-cron.php?doing_wp_cron=1580153144.0153079032897949218750 HTTP/1.1" 200 - "https://www.martplug.com/wp-cron.php?doing_wp_cron=1580153144.0153079032897949218750" "WordPress/5.3.2; https://www.martplug.com"
68.65.122.134 - - [27/Jan/2020:14:25:28 -0500] "POST /wp-admin/admin-ajax.php HTTP/1.1" 200 47 "https://www.martplug.com/wp-admin/plugins.php" "Mozilla/5.0 (Windows NT 6.3; Win64; x64) AppleWebKit/537.36 (KHTML, like Gecko) Chrome/79.0.3945.130 Safari/537.36"
68.65.122.134 - - [27/Jan/2020:15:37:02 -0500] "POST /wp-cron.php?doing_wp_cron=1580157422.1121890544891357421875 HTTP/1.1" 200 - "https://www.martplug.com/wp-cron.php?doing_wp_cron=1580157422.1121890544891357421875" "WordPress/5.3.2; https://www.martplug.com"
68.65.122.134 - - [27/Jan/2020:15:37:00 -0500] "GET / HTTP/1.1" 200 6247 "-" "Mozilla/5.0 (compatible; bingbot/2.0; +http://www.bing.com/bingbot.htm)"
68.65.121.137 - - [27/Jan/2020:15:41:54 -0500] "POST /wp-cron.php?doing_wp_cron=1580157714.6548678874969482421875 HTTP/1.1" 200 - "https://www.martplug.com/wp-cron.php?doing_wp_cron=1580157714.6548678874969482421875" "WordPress/5.3.2; https://www.martplug.com"
157.55.39.19 - - [27/Jan/2020:15:41:52 -0500] "GET /robots.txt HTTP/1.1" 200 69 "-" "Mozilla/5.0 (compatible; bingbot/2.0; +http://www.bing.com/bingbot.htm)"
68.65.122.134 - - [27/Jan/2020:15:42:52 -0500] "POST /wp-cron.php?doing_wp_cron=1580157772.3496088981628417968750 HTTP/1.1" 200 - "https://www.martplug.com/wp-cron.php?doing_wp_cron=1580157772.3496088981628417968750" "WordPress/5.3.2; https://www.martplug.com"
157.55.39.87 - - [27/Jan/2020:15:42:52 -0500] "GET /robots.txt HTTP/1.1" 200 69 "-" "Mozilla/5.0 (compatible; bingbot/2.0; +http://www.bing.com/bingbot.htm)"
157.55.39.87 - - [27/Jan/2020:15:42:53 -0500] "GET /wp-content/plugins/maintenance/load/js/jquery.frontend.js?ver=1569403010 HTTP/1.1" 200 636 "-" "Mozilla/5.0 (compatible; bingbot/2.0; +http://www.bing.com/bingbot.htm)"
157.55.39.87 - - [27/Jan/2020:15:42:54 -0500] "GET /wp-includes/js/jquery/jquery.js?ver=1.12.4-wp HTTP/1.1" 200 33776 "-" "Mozilla/5.0 (compatible; bingbot/2.0; +http://www.bing.com/bingbot.htm)"
68.65.122.134 - - [27/Jan/2020:15:44:40 -0500] "POST /wp-cron.php?doing_wp_cron=1580157880.3975110054016113281250 HTTP/1.1" 200 - "https://www.martplug.com/wp-cron.php?doing_wp_cron=1580157880.3975110054016113281250" "WordPress/5.3.2; https://www.martplug.com"
68.65.122.134 - - [27/Jan/2020:15:44:40 -0500] "GET /wp-login.php HTTP/1.1" 200 5648 "-" "Mozilla/5.0 (X11; Ubuntu; Linux x86_64; rv:62.0) Gecko/20100101 Firefox/62.0"
68.65.122.134 - - [27/Jan/2020:15:45:16 -0500] "POST /wp-login.php HTTP/1.1" 200 6650 "-" "Mozilla/5.0 (X11; Ubuntu; Linux x86_64; rv:62.0) Gecko/20100101 Firefox/62.0"
68.65.122.134 - - [27/Jan/2020:15:45:29 -0500] "POST /wp-cron.php?doing_wp_cron=1580157928.1065270900726318359375 HTTP/1.1" 200 - "https://www.martplug.com/wp-cron.php?doing_wp_cron=1580157928.1065270900726318359375" "WordPress/5.3.2; https://www.martplug.com"
68.65.122.134 - - [27/Jan/2020:15:45:23 -0500] "GET /wp-login.php HTTP/1.1" 200 5648 "-" "Mozilla/5.0 (X11; Ubuntu; Linux x86_64; rv:62.0) Gecko/20100101 Firefox/62.0"
68.65.122.134 - - [27/Jan/2020:15:45:53 -0500] "POST /wp-cron.php?doing_wp_cron=1580157953.3203489780426025390625 HTTP/1.1" 200 - "https://www.martplug.com/wp-cron.php?doing_wp_cron=1580157953.3203489780426025390625" "WordPress/5.3.2; https://www.martplug.com"
43.241.59.26 - - [27/Jan/2020:15:45:51 -0500] "POST /wp-login.php HTTP/1.1" 200 1978 "-" "Mozilla/5.0 (X11; Ubuntu; Linux x86_64; rv:62.0) Gecko/20100101 Firefox/62.0"
43.241.59.26 - - [27/Jan/2020:15:46:16 -0500] "GET /wp-login.php HTTP/1.1" 200 1851 "-" "Mozilla/5.0 (X11; Ubuntu; Linux x86_64; rv:62.0) Gecko/20100101 Firefox/62.0"
68.65.122.134 - - [27/Jan/2020:15:46:32 -0500] "POST /wp-login.php HTTP/1.1" 200 6504 "-" "Mozilla/5.0 (X11; Ubuntu; Linux x86_64; rv:62.0) Gecko/20100101 Firefox/62.0"
66.249.64.207 - - [27/Jan/2020:16:56:36 -0500] "GET /robots.txt HTTP/1.1" 200 69 "-" "Mozilla/5.0 (compatible; Googlebot/2.1; +http://www.google.com/bot.html)"
68.65.122.134 - - [27/Jan/2020:16:56:39 -0500] "GET /.well-known/assetlinks.json HTTP/1.1" 404 6129 "-" "Mozilla/5.0 (compatible; Googlebot/2.1; +http://www.google.com/bot.html)"
68.65.122.134 - - [27/Jan/2020:16:56:38 -0500] "POST /wp-cron.php?doing_wp_cron=1580162198.5846219062805175781250 HTTP/1.1" 200 - "https://www.martplug.com/wp-cron.php?doing_wp_cron=1580162198.5846219062805175781250" "WordPress/5.3.2; https://www.martplug.com"
68.65.122.134 - - [27/Jan/2020:17:30:25 -0500] "POST /wp-cron.php?doing_wp_cron=1580164224.9601728916168212890625 HTTP/1.1" 200 - "https://www.martplug.com/wp-cron.php?doing_wp_cron=1580164224.9601728916168212890625" "WordPress/5.3.2; https://www.martplug.com"
2a01:4f8:161:81c1::2 - - [27/Jan/2020:17:30:22 -0500] "GET /robots.txt HTTP/1.1" 200 69 "-" "Mozilla/5.0 (compatible; MJ12bot/v1.4.8; http://mj12bot.com/)"
68.65.122.134 - - [27/Jan/2020:17:30:27 -0500] "GET /product-tag/t-shirt/?orderby=price&filter_color=white,blue,bold-blue&filter_size=xl,m&product_brand=adidas HTTP/1.1" 200 6323 "-" "Mozilla/5.0 (compatible; MJ12bot/v1.4.8; http://mj12bot.com/)"
68.65.122.134 - - [27/Jan/2020:17:30:31 -0500] "GET /product-tag/t-shirt/?orderby=price&filter_color=white,blue,bold-blue&filter_size=xl,m&rating_filter=4 HTTP/1.1" 200 6323 "-" "Mozilla/5.0 (compatible; MJ12bot/v1.4.8; http://mj12bot.com/)"
68.65.122.134 - - [27/Jan/2020:17:30:34 -0500] "GET /product-tag/t-shirt/?orderby=price&filter_color=white,blue,bold-blue&filter_size=xl,m,l HTTP/1.1" 200 6323 "-" "Mozilla/5.0 (compatible; MJ12bot/v1.4.8; http://mj12bot.com/)"
68.65.122.134 - - [27/Jan/2020:17:30:39 -0500] "GET /product-tag/t-shirt/?orderby=price&filter_color=white,blue,bold-blue&filter_size=xl,m,s HTTP/1.1" 200 6323 "-" "Mozilla/5.0 (compatible; MJ12bot/v1.4.8; http://mj12bot.com/)"
