XylotrechusZ

XylotrechusZ Shell

: /home/matican/logs/ [ drwx------ ]
Uname: Linux premium72.web-hosting.com 4.18.0-553.44.1.lve.el8.x86_64 #1 SMP Thu Mar 13 14:29:12 UTC 2025 x86_64
Software: LiteSpeed
PHP version: 8.2.29 [ PHP INFO ] PHP os: Linux
Server Ip: 198.54.125.95
Your Ip: 216.73.216.35
User: matican (532) | Group: matican (531)
Safe Mode: OFF
Disable Function:
NONE

name : martplugcom.maticanmarketing.com-ssl_log
68.65.122.134 - - [30/Jan/2020:07:33:09 -0500] "POST /wp-cron.php?doing_wp_cron=1580387589.4537639617919921875000 HTTP/1.1" 200 - "https://www.martplug.com/wp-cron.php?doing_wp_cron=1580387589.4537639617919921875000" "WordPress/5.3.2; https://www.martplug.com"
66.249.69.236 - - [30/Jan/2020:07:33:06 -0500] "GET /robots.txt HTTP/1.1" 200 69 "-" "Mozilla/5.0 (compatible; Googlebot/2.1; +http://www.google.com/bot.html)"
66.249.69.238 - - [30/Jan/2020:07:33:10 -0500] "GET / HTTP/1.1" 200 2009 "-" "Mozilla/5.0 (compatible; Googlebot/2.1; +http://www.google.com/bot.html)"
68.65.122.134 - - [30/Jan/2020:07:09:46 -0500] "POST /wp-cron.php?doing_wp_cron=1580386186.4813210964202880859375 HTTP/1.1" 200 - "https://www.martplug.com/wp-cron.php?doing_wp_cron=1580386186.4813210964202880859375" "WordPress/5.3.2; https://www.martplug.com"
191.55.209.113 - - [30/Jan/2020:07:09:42 -0500] "GET /wp-login.php HTTP/1.1" 200 1851 "-" "Mozilla/5.0 (X11; Ubuntu; Linux x86_64; rv:62.0) Gecko/20100101 Firefox/62.0"
191.55.209.113 - - [30/Jan/2020:07:09:48 -0500] "POST /wp-login.php HTTP/1.1" 200 2215 "-" "Mozilla/5.0 (X11; Ubuntu; Linux x86_64; rv:62.0) Gecko/20100101 Firefox/62.0"
191.55.209.113 - - [30/Jan/2020:07:09:49 -0500] "POST /xmlrpc.php HTTP/1.1" 200 225 "-" "Mozilla/5.0 (X11; Ubuntu; Linux x86_64; rv:62.0) Gecko/20100101 Firefox/62.0"
68.65.122.134 - - [30/Jan/2020:08:23:38 -0500] "POST /wp-cron.php?doing_wp_cron=1580390618.4501760005950927734375 HTTP/1.1" 200 - "https://www.martplug.com/wp-cron.php?doing_wp_cron=1580390618.4501760005950927734375" "WordPress/5.3.2; https://www.martplug.com"
176.202.97.112 - - [30/Jan/2020:08:23:35 -0500] "GET /wp-login.php HTTP/1.1" 200 1851 "-" "Mozilla/5.0 (X11; Ubuntu; Linux x86_64; rv:62.0) Gecko/20100101 Firefox/62.0"
68.65.122.134 - - [30/Jan/2020:08:23:45 -0500] "POST /wp-cron.php?doing_wp_cron=1580390624.9621379375457763671875 HTTP/1.1" 200 - "https://www.martplug.com/wp-cron.php?doing_wp_cron=1580390624.9621379375457763671875" "WordPress/5.3.2; https://www.martplug.com"
68.65.122.134 - - [30/Jan/2020:08:23:44 -0500] "POST /wp-login.php HTTP/1.1" 301 - "-" "Mozilla/5.0 (X11; Ubuntu; Linux x86_64; rv:62.0) Gecko/20100101 Firefox/62.0"
68.65.122.134 - - [30/Jan/2020:08:23:53 -0500] "GET /wp-login.php HTTP/1.1" 302 - "https://martplug.com/wp-login.php" "Mozilla/5.0 (X11; Ubuntu; Linux x86_64; rv:62.0) Gecko/20100101 Firefox/62.0"
68.65.122.134 - - [30/Jan/2020:08:24:00 -0500] "GET /wp-login.php HTTP/1.1" 302 - "https://www.martplug.com/wp-login.php" "Mozilla/5.0 (X11; Ubuntu; Linux x86_64; rv:62.0) Gecko/20100101 Firefox/62.0"
68.65.122.134 - - [30/Jan/2020:08:24:10 -0500] "POST /xmlrpc.php HTTP/1.1" 200 401 "-" "Mozilla/5.0 (X11; Ubuntu; Linux x86_64; rv:62.0) Gecko/20100101 Firefox/62.0"
68.65.122.134 - - [30/Jan/2020:09:38:19 -0500] "POST /wp-cron.php?doing_wp_cron=1580395099.8443019390106201171875 HTTP/1.1" 200 - "https://www.martplug.com/wp-cron.php?doing_wp_cron=1580395099.8443019390106201171875" "WordPress/5.3.2; https://www.martplug.com"
183.81.97.188 - - [30/Jan/2020:09:38:15 -0500] "GET /wp-login.php HTTP/1.1" 200 1851 "-" "Mozilla/5.0 (X11; Ubuntu; Linux x86_64; rv:62.0) Gecko/20100101 Firefox/62.0"
183.81.97.188 - - [30/Jan/2020:09:38:22 -0500] "POST /wp-login.php HTTP/1.1" 200 2215 "-" "Mozilla/5.0 (X11; Ubuntu; Linux x86_64; rv:62.0) Gecko/20100101 Firefox/62.0"
68.65.122.134 - - [30/Jan/2020:09:38:23 -0500] "POST /xmlrpc.php HTTP/1.1" 200 401 "-" "Mozilla/5.0 (X11; Ubuntu; Linux x86_64; rv:62.0) Gecko/20100101 Firefox/62.0"
68.65.122.134 - - [30/Jan/2020:10:08:55 -0500] "POST /wp-cron.php?doing_wp_cron=1580396935.0688180923461914062500 HTTP/1.1" 200 - "https://www.martplug.com/wp-cron.php?doing_wp_cron=1580396935.0688180923461914062500" "WordPress/5.3.2; https://www.martplug.com"
68.65.122.134 - - [30/Jan/2020:10:08:52 -0500] "GET /wp-content/themes/themes.php?wanna_play_with_me HTTP/1.1" 301 - "-" "Mozilla/5.0 (Windows NT 6.1; WOW64) AppleWebKit/537.36 (KHTML, like Gecko) Chrome/41.0.2227.0 Safari/537.36"
149.202.146.226 - - [30/Jan/2020:10:08:57 -0500] "GET /wp-content/themes/themes.php?wanna_play_with_me HTTP/1.1" 404 6129 "-" "Mozilla/5.0 (Windows NT 6.1; WOW64) AppleWebKit/537.36 (KHTML, like Gecko) Chrome/41.0.2227.0 Safari/537.36"
68.65.122.134 - - [30/Jan/2020:10:39:35 -0500] "POST /wp-cron.php?doing_wp_cron=1580398774.9670560359954833984375 HTTP/1.1" 200 - "https://www.martplug.com/wp-cron.php?doing_wp_cron=1580398774.9670560359954833984375" "WordPress/5.3.2; https://www.martplug.com"
66.249.69.239 - - [30/Jan/2020:10:39:32 -0500] "GET /robots.txt HTTP/1.1" 200 69 "-" "Mozilla/5.0 (compatible; Googlebot/2.1; +http://www.google.com/bot.html)"
66.249.69.239 - - [30/Jan/2020:10:39:36 -0500] "GET /favicon.ico HTTP/1.1" 200 - "-" "Googlebot-Image/1.0"
68.65.122.134 - - [30/Jan/2020:11:17:58 -0500] "POST /wp-cron.php?doing_wp_cron=1580401078.3924019336700439453125 HTTP/1.1" 200 - "https://www.martplug.com/wp-cron.php?doing_wp_cron=1580401078.3924019336700439453125" "WordPress/5.3.2; https://www.martplug.com"
91.202.130.28 - - [30/Jan/2020:11:17:55 -0500] "GET /wp-login.php HTTP/1.1" 200 1851 "-" "Mozilla/5.0 (X11; Ubuntu; Linux x86_64; rv:62.0) Gecko/20100101 Firefox/62.0"
68.65.122.134 - - [30/Jan/2020:11:18:00 -0500] "POST /wp-login.php HTTP/1.1" 200 6484 "-" "Mozilla/5.0 (X11; Ubuntu; Linux x86_64; rv:62.0) Gecko/20100101 Firefox/62.0"
68.65.122.134 - - [30/Jan/2020:11:18:03 -0500] "POST /xmlrpc.php HTTP/1.1" 200 401 "-" "Mozilla/5.0 (X11; Ubuntu; Linux x86_64; rv:62.0) Gecko/20100101 Firefox/62.0"
68.65.122.134 - - [30/Jan/2020:13:32:47 -0500] "POST /xmlrpc.php HTTP/1.1" 200 401 "-" "Mozilla/5.0 (X11; Ubuntu; Linux x86_64; rv:62.0) Gecko/20100101 Firefox/62.0"
68.65.122.134 - - [30/Jan/2020:13:32:53 -0500] "POST /wp-admin/admin-ajax.php?action=wp_Dokan_Follow_Store_Send_Updates&nonce=0565ae5a0a HTTP/1.1" 400 1 "https://www.martplug.com/wp-admin/admin-ajax.php?action=wp_Dokan_Follow_Store_Send_Updates&nonce=0565ae5a0a" "WordPress/5.3.2; https://www.martplug.com"
68.65.121.137 - - [30/Jan/2020:13:32:53 -0500] "POST /wp-admin/admin-ajax.php?action=wp_Dokan_Seller_Vacation_Update_Seller_Product_Status&nonce=464f1cce82 HTTP/1.1" 200 - "https://www.martplug.com/wp-admin/admin-ajax.php?action=wp_Dokan_Seller_Vacation_Update_Seller_Product_Status&nonce=464f1cce82" "WordPress/5.3.2; https://www.martplug.com"
68.65.122.134 - - [30/Jan/2020:13:32:52 -0500] "POST /wp-cron.php?doing_wp_cron=1580409171.9031519889831542968750 HTTP/1.1" 200 - "https://www.martplug.com/wp-cron.php?doing_wp_cron=1580409171.9031519889831542968750" "WordPress/5.3.2; https://www.martplug.com"
107.170.255.48 - - [30/Jan/2020:13:37:11 -0500] "GET /wp-login.php HTTP/1.1" 200 1851 "http://martplug.com/wp-login.php" "Mozilla/5.0 (X11; Ubuntu; Linux x86_64; rv:62.0) Gecko/20100101 Firefox/62.0"
68.65.121.137 - - [30/Jan/2020:13:37:14 -0500] "POST /wp-admin/admin-ajax.php?action=wp_Dokan_Follow_Store_Send_Updates&nonce=0565ae5a0a HTTP/1.1" 400 1 "https://www.martplug.com/wp-admin/admin-ajax.php?action=wp_Dokan_Follow_Store_Send_Updates&nonce=0565ae5a0a" "WordPress/5.3.2; https://www.martplug.com"
68.65.121.137 - - [30/Jan/2020:13:37:14 -0500] "POST /wp-cron.php?doing_wp_cron=1580409433.8672399520874023437500 HTTP/1.1" 200 - "https://www.martplug.com/wp-cron.php?doing_wp_cron=1580409433.8672399520874023437500" "WordPress/5.3.2; https://www.martplug.com"
68.65.122.134 - - [30/Jan/2020:13:37:59 -0500] "POST /wp-cron.php?doing_wp_cron=1580409479.2672400474548339843750 HTTP/1.1" 500 2658 "https://www.martplug.com/wp-cron.php?doing_wp_cron=1580409479.2672400474548339843750" "WordPress/5.3.2; https://www.martplug.com"
68.65.122.134 - - [30/Jan/2020:13:37:59 -0500] "GET / HTTP/1.1" 301 - "-" "Go-http-client/2.0"
34.210.64.102 - - [30/Jan/2020:13:38:00 -0500] "GET / HTTP/1.1" 200 2009 "https://martplug.com" "Go-http-client/2.0"
68.65.122.134 - - [30/Jan/2020:13:41:22 -0500] "POST /wp-cron.php?doing_wp_cron=1580409682.3010809421539306640625 HTTP/1.1" 200 - "https://www.martplug.com/wp-cron.php?doing_wp_cron=1580409682.3010809421539306640625" "WordPress/5.3.2; https://www.martplug.com"
68.65.122.134 - - [30/Jan/2020:13:41:19 -0500] "GET / HTTP/1.1" 301 - "-" "Mozilla/5.0 (compatible; Googlebot/2.1; +http://www.google.com/bot.html)"
68.65.122.134 - - [30/Jan/2020:13:41:24 -0500] "GET / HTTP/1.1" 200 6247 "-" "Mozilla/5.0 (compatible; Googlebot/2.1; +http://www.google.com/bot.html)"
68.65.122.134 - - [30/Jan/2020:14:20:42 -0500] "POST /wp-cron.php?doing_wp_cron=1580412042.2893159389495849609375 HTTP/1.1" 200 - "https://www.martplug.com/wp-cron.php?doing_wp_cron=1580412042.2893159389495849609375" "WordPress/5.3.2; https://www.martplug.com"
68.65.122.134 - - [30/Jan/2020:14:20:39 -0500] "GET /wp-login.php HTTP/1.1" 200 5648 "-" "Mozilla/5.0 (X11; Ubuntu; Linux x86_64; rv:62.0) Gecko/20100101 Firefox/62.0"
68.65.122.134 - - [30/Jan/2020:14:20:43 -0500] "POST /wp-login.php HTTP/1.1" 200 6484 "-" "Mozilla/5.0 (X11; Ubuntu; Linux x86_64; rv:62.0) Gecko/20100101 Firefox/62.0"
68.65.122.134 - - [30/Jan/2020:14:20:44 -0500] "POST /wp-cron.php?doing_wp_cron=1580412044.6935269832611083984375 HTTP/1.1" 200 - "https://www.martplug.com/wp-cron.php?doing_wp_cron=1580412044.6935269832611083984375" "WordPress/5.3.2; https://www.martplug.com"
104.211.226.200 - - [30/Jan/2020:14:20:44 -0500] "GET /wp-login.php HTTP/1.1" 200 1851 "-" "Mozilla/5.0 (X11; Ubuntu; Linux x86_64; rv:62.0) Gecko/20100101 Firefox/62.0"
104.211.226.200 - - [30/Jan/2020:14:20:46 -0500] "POST /wp-login.php HTTP/1.1" 200 2230 "-" "Mozilla/5.0 (X11; Ubuntu; Linux x86_64; rv:62.0) Gecko/20100101 Firefox/62.0"
157.230.238.19 - - [30/Jan/2020:14:27:47 -0500] "GET /wp-login.php HTTP/1.1" 200 1851 "-" "Mozilla/5.0 (X11; Ubuntu; Linux x86_64; rv:62.0) Gecko/20100101 Firefox/62.0"
68.65.122.134 - - [30/Jan/2020:14:27:54 -0500] "POST /wp-cron.php?doing_wp_cron=1580412474.4679229259490966796875 HTTP/1.1" 200 - "https://www.martplug.com/wp-cron.php?doing_wp_cron=1580412474.4679229259490966796875" "WordPress/5.3.2; https://www.martplug.com"
157.230.238.19 - - [30/Jan/2020:14:27:55 -0500] "POST /wp-login.php HTTP/1.1" 200 2215 "-" "Mozilla/5.0 (X11; Ubuntu; Linux x86_64; rv:62.0) Gecko/20100101 Firefox/62.0"
68.65.122.134 - - [30/Jan/2020:14:27:56 -0500] "POST /xmlrpc.php HTTP/1.1" 200 401 "-" "Mozilla/5.0 (X11; Ubuntu; Linux x86_64; rv:62.0) Gecko/20100101 Firefox/62.0"
68.65.122.134 - - [30/Jan/2020:14:46:52 -0500] "POST /wp-cron.php?doing_wp_cron=1580413612.8365340232849121093750 HTTP/1.1" 200 - "https://www.martplug.com/wp-cron.php?doing_wp_cron=1580413612.8365340232849121093750" "WordPress/5.3.2; https://www.martplug.com"
68.65.122.134 - - [30/Jan/2020:14:46:50 -0500] "GET /wp-login.php HTTP/1.1" 200 5648 "-" "Mozilla/5.0 (X11; Ubuntu; Linux x86_64; rv:62.0) Gecko/20100101 Firefox/62.0"
68.65.122.134 - - [30/Jan/2020:14:46:54 -0500] "POST /wp-login.php HTTP/1.1" 301 - "-" "Mozilla/5.0 (X11; Ubuntu; Linux x86_64; rv:62.0) Gecko/20100101 Firefox/62.0"
68.65.122.134 - - [30/Jan/2020:14:46:55 -0500] "GET /wp-login.php HTTP/1.1" 302 - "https://martplug.com/wp-login.php" "Mozilla/5.0 (X11; Ubuntu; Linux x86_64; rv:62.0) Gecko/20100101 Firefox/62.0"
122.53.152.40 - - [30/Jan/2020:14:46:56 -0500] "GET /wp-login.php HTTP/1.1" 200 1851 "https://www.martplug.com/wp-login.php" "Mozilla/5.0 (X11; Ubuntu; Linux x86_64; rv:62.0) Gecko/20100101 Firefox/62.0"
68.65.122.134 - - [30/Jan/2020:14:46:57 -0500] "POST /wp-login.php HTTP/1.1" 302 - "-" "Mozilla/5.0 (X11; Ubuntu; Linux x86_64; rv:62.0) Gecko/20100101 Firefox/62.0"
68.65.122.134 - - [30/Jan/2020:14:46:58 -0500] "GET /wp-login.php HTTP/1.1" 302 - "https://www.martplug.com/wp-login.php" "Mozilla/5.0 (X11; Ubuntu; Linux x86_64; rv:62.0) Gecko/20100101 Firefox/62.0"
68.65.122.134 - - [30/Jan/2020:14:46:59 -0500] "GET /wp-login.php HTTP/1.1" 302 - "https://www.martplug.com/wp-login.php" "Mozilla/5.0 (X11; Ubuntu; Linux x86_64; rv:62.0) Gecko/20100101 Firefox/62.0"
68.65.122.134 - - [30/Jan/2020:14:47:00 -0500] "GET /wp-login.php HTTP/1.1" 302 - "https://www.martplug.com/wp-login.php" "Mozilla/5.0 (X11; Ubuntu; Linux x86_64; rv:62.0) Gecko/20100101 Firefox/62.0"
122.53.152.40 - - [30/Jan/2020:14:47:02 -0500] "GET /wp-login.php HTTP/1.1" 200 1851 "https://www.martplug.com/wp-login.php" "Mozilla/5.0 (X11; Ubuntu; Linux x86_64; rv:62.0) Gecko/20100101 Firefox/62.0"
122.53.152.40 - - [30/Jan/2020:14:47:03 -0500] "POST /xmlrpc.php HTTP/1.1" 200 225 "-" "Mozilla/5.0 (X11; Ubuntu; Linux x86_64; rv:62.0) Gecko/20100101 Firefox/62.0"
68.65.122.134 - - [30/Jan/2020:15:04:36 -0500] "POST /wp-cron.php?doing_wp_cron=1580414676.2960150241851806640625 HTTP/1.1" 200 - "https://www.martplug.com/wp-cron.php?doing_wp_cron=1580414676.2960150241851806640625" "WordPress/5.3.2; https://www.martplug.com"
68.65.122.134 - - [30/Jan/2020:15:04:34 -0500] "GET /wp-login.php HTTP/1.1" 200 5648 "-" "Mozilla/5.0 (X11; Ubuntu; Linux x86_64; rv:62.0) Gecko/20100101 Firefox/62.0"
81.0.120.26 - - [30/Jan/2020:15:04:37 -0500] "POST /wp-login.php HTTP/1.1" 200 2215 "-" "Mozilla/5.0 (X11; Ubuntu; Linux x86_64; rv:62.0) Gecko/20100101 Firefox/62.0"
81.0.120.26 - - [30/Jan/2020:15:04:39 -0500] "POST /xmlrpc.php HTTP/1.1" 200 225 "-" "Mozilla/5.0 (X11; Ubuntu; Linux x86_64; rv:62.0) Gecko/20100101 Firefox/62.0"
68.65.122.134 - - [30/Jan/2020:16:00:02 -0500] "POST /wp-cron.php?doing_wp_cron=1580418002.0271289348602294921875 HTTP/1.1" 200 - "https://www.martplug.com/wp-cron.php?doing_wp_cron=1580418002.0271289348602294921875" "WordPress/5.3.2; https://www.martplug.com"
68.65.122.134 - - [30/Jan/2020:15:59:59 -0500] "GET /wp-login.php HTTP/1.1" 301 - "-" "Mozilla/5.0 (X11; Ubuntu; Linux x86_64; rv:62.0) Gecko/20100101 Firefox/62.0"
68.65.122.134 - - [30/Jan/2020:16:00:03 -0500] "GET /wp-login.php HTTP/1.1" 302 - "https://martplug.com/wp-login.php" "Mozilla/5.0 (X11; Ubuntu; Linux x86_64; rv:62.0) Gecko/20100101 Firefox/62.0"
68.65.122.134 - - [30/Jan/2020:16:00:03 -0500] "GET /wp-login.php HTTP/1.1" 302 - "https://www.martplug.com/wp-login.php" "Mozilla/5.0 (X11; Ubuntu; Linux x86_64; rv:62.0) Gecko/20100101 Firefox/62.0"
69.163.193.103 - - [30/Jan/2020:16:00:04 -0500] "GET /wp-login.php HTTP/1.1" 200 1851 "https://www.martplug.com/wp-login.php" "Mozilla/5.0 (X11; Ubuntu; Linux x86_64; rv:62.0) Gecko/20100101 Firefox/62.0"
68.65.122.134 - - [30/Jan/2020:16:00:04 -0500] "GET /wp-login.php HTTP/1.1" 302 - "-" "Mozilla/5.0 (X11; Ubuntu; Linux x86_64; rv:62.0) Gecko/20100101 Firefox/62.0"
68.65.122.134 - - [30/Jan/2020:16:00:05 -0500] "GET /wp-login.php HTTP/1.1" 302 - "https://www.martplug.com/wp-login.php" "Mozilla/5.0 (X11; Ubuntu; Linux x86_64; rv:62.0) Gecko/20100101 Firefox/62.0"
69.163.193.103 - - [30/Jan/2020:16:00:06 -0500] "GET /wp-login.php HTTP/1.1" 200 1851 "https://www.martplug.com/wp-login.php" "Mozilla/5.0 (X11; Ubuntu; Linux x86_64; rv:62.0) Gecko/20100101 Firefox/62.0"
68.65.122.134 - - [30/Jan/2020:16:00:06 -0500] "POST /wp-login.php HTTP/1.1" 302 - "-" "Mozilla/5.0 (X11; Ubuntu; Linux x86_64; rv:62.0) Gecko/20100101 Firefox/62.0"
68.65.122.134 - - [30/Jan/2020:16:00:06 -0500] "GET /wp-login.php HTTP/1.1" 302 - "https://www.martplug.com/wp-login.php" "Mozilla/5.0 (X11; Ubuntu; Linux x86_64; rv:62.0) Gecko/20100101 Firefox/62.0"
68.65.122.134 - - [30/Jan/2020:16:00:07 -0500] "GET /wp-login.php HTTP/1.1" 302 - "https://www.martplug.com/wp-login.php" "Mozilla/5.0 (X11; Ubuntu; Linux x86_64; rv:62.0) Gecko/20100101 Firefox/62.0"
68.65.122.134 - - [30/Jan/2020:16:00:07 -0500] "GET /wp-login.php HTTP/1.1" 302 - "https://www.martplug.com/wp-login.php" "Mozilla/5.0 (X11; Ubuntu; Linux x86_64; rv:62.0) Gecko/20100101 Firefox/62.0"
68.65.122.134 - - [30/Jan/2020:16:00:08 -0500] "GET /wp-login.php HTTP/1.1" 302 - "https://www.martplug.com/wp-login.php" "Mozilla/5.0 (X11; Ubuntu; Linux x86_64; rv:62.0) Gecko/20100101 Firefox/62.0"
68.65.122.134 - - [30/Jan/2020:16:00:08 -0500] "GET /wp-login.php HTTP/1.1" 302 - "https://www.martplug.com/wp-login.php" "Mozilla/5.0 (X11; Ubuntu; Linux x86_64; rv:62.0) Gecko/20100101 Firefox/62.0"
68.65.122.134 - - [30/Jan/2020:16:00:09 -0500] "GET /wp-login.php HTTP/1.1" 302 - "https://www.martplug.com/wp-login.php" "Mozilla/5.0 (X11; Ubuntu; Linux x86_64; rv:62.0) Gecko/20100101 Firefox/62.0"
68.65.122.134 - - [30/Jan/2020:16:00:09 -0500] "GET /wp-login.php HTTP/1.1" 302 - "https://www.martplug.com/wp-login.php" "Mozilla/5.0 (X11; Ubuntu; Linux x86_64; rv:62.0) Gecko/20100101 Firefox/62.0"
68.65.122.134 - - [30/Jan/2020:16:00:10 -0500] "GET /wp-login.php HTTP/1.1" 302 - "https://www.martplug.com/wp-login.php" "Mozilla/5.0 (X11; Ubuntu; Linux x86_64; rv:62.0) Gecko/20100101 Firefox/62.0"
68.65.122.134 - - [30/Jan/2020:16:00:10 -0500] "GET /wp-login.php HTTP/1.1" 302 - "https://www.martplug.com/wp-login.php" "Mozilla/5.0 (X11; Ubuntu; Linux x86_64; rv:62.0) Gecko/20100101 Firefox/62.0"
68.65.122.134 - - [30/Jan/2020:16:00:11 -0500] "POST /xmlrpc.php HTTP/1.1" 200 401 "-" "Mozilla/5.0 (X11; Ubuntu; Linux x86_64; rv:62.0) Gecko/20100101 Firefox/62.0"
68.65.122.134 - - [30/Jan/2020:16:18:42 -0500] "POST /wp-cron.php?doing_wp_cron=1580419122.0918149948120117187500 HTTP/1.1" 200 - "https://www.martplug.com/wp-cron.php?doing_wp_cron=1580419122.0918149948120117187500" "WordPress/5.3.2; https://www.martplug.com"
68.65.122.134 - - [30/Jan/2020:16:18:39 -0500] "GET /wp-login.php HTTP/1.1" 200 5648 "-" "Mozilla/5.0 (X11; Ubuntu; Linux x86_64; rv:62.0) Gecko/20100101 Firefox/62.0"
68.65.122.134 - - [30/Jan/2020:16:18:43 -0500] "POST /wp-login.php HTTP/1.1" 301 - "-" "Mozilla/5.0 (X11; Ubuntu; Linux x86_64; rv:62.0) Gecko/20100101 Firefox/62.0"
68.65.122.134 - - [30/Jan/2020:16:18:43 -0500] "GET /wp-login.php HTTP/1.1" 302 - "https://martplug.com/wp-login.php" "Mozilla/5.0 (X11; Ubuntu; Linux x86_64; rv:62.0) Gecko/20100101 Firefox/62.0"
68.65.122.134 - - [30/Jan/2020:16:18:44 -0500] "POST /wp-cron.php?doing_wp_cron=1580419124.5268299579620361328125 HTTP/1.1" 200 - "https://www.martplug.com/wp-cron.php?doing_wp_cron=1580419124.5268299579620361328125" "WordPress/5.3.2; https://www.martplug.com"
68.65.122.134 - - [30/Jan/2020:16:18:44 -0500] "GET /wp-login.php HTTP/1.1" 302 - "https://www.martplug.com/wp-login.php" "Mozilla/5.0 (X11; Ubuntu; Linux x86_64; rv:62.0) Gecko/20100101 Firefox/62.0"
68.65.122.134 - - [30/Jan/2020:16:18:46 -0500] "GET /wp-login.php HTTP/1.1" 302 - "https://www.martplug.com/wp-login.php" "Mozilla/5.0 (X11; Ubuntu; Linux x86_64; rv:62.0) Gecko/20100101 Firefox/62.0"
68.65.122.134 - - [30/Jan/2020:16:18:46 -0500] "GET /wp-login.php HTTP/1.1" 302 - "https://www.martplug.com/wp-login.php" "Mozilla/5.0 (X11; Ubuntu; Linux x86_64; rv:62.0) Gecko/20100101 Firefox/62.0"
68.65.122.134 - - [30/Jan/2020:16:18:48 -0500] "GET /wp-login.php HTTP/1.1" 302 - "https://www.martplug.com/wp-login.php" "Mozilla/5.0 (X11; Ubuntu; Linux x86_64; rv:62.0) Gecko/20100101 Firefox/62.0"
50.116.97.126 - - [30/Jan/2020:16:18:48 -0500] "GET /wp-login.php HTTP/1.1" 200 1851 "https://www.martplug.com/wp-login.php" "Mozilla/5.0 (X11; Ubuntu; Linux x86_64; rv:62.0) Gecko/20100101 Firefox/62.0"
68.65.122.134 - - [30/Jan/2020:16:18:51 -0500] "POST /wp-login.php HTTP/1.1" 302 - "-" "Mozilla/5.0 (X11; Ubuntu; Linux x86_64; rv:62.0) Gecko/20100101 Firefox/62.0"
68.65.122.134 - - [30/Jan/2020:16:18:51 -0500] "GET /wp-login.php HTTP/1.1" 302 - "https://www.martplug.com/wp-login.php" "Mozilla/5.0 (X11; Ubuntu; Linux x86_64; rv:62.0) Gecko/20100101 Firefox/62.0"
68.65.122.134 - - [30/Jan/2020:16:18:52 -0500] "GET /wp-login.php HTTP/1.1" 302 - "https://www.martplug.com/wp-login.php" "Mozilla/5.0 (X11; Ubuntu; Linux x86_64; rv:62.0) Gecko/20100101 Firefox/62.0"
68.65.122.134 - - [30/Jan/2020:16:18:52 -0500] "GET /wp-login.php HTTP/1.1" 302 - "https://www.martplug.com/wp-login.php" "Mozilla/5.0 (X11; Ubuntu; Linux x86_64; rv:62.0) Gecko/20100101 Firefox/62.0"
68.65.122.134 - - [30/Jan/2020:16:18:53 -0500] "GET /wp-login.php HTTP/1.1" 302 - "https://www.martplug.com/wp-login.php" "Mozilla/5.0 (X11; Ubuntu; Linux x86_64; rv:62.0) Gecko/20100101 Firefox/62.0"
68.65.122.134 - - [30/Jan/2020:16:18:57 -0500] "POST /wp-cron.php?doing_wp_cron=1580419137.1981000900268554687500 HTTP/1.1" 200 - "https://www.martplug.com/wp-cron.php?doing_wp_cron=1580419137.1981000900268554687500" "WordPress/5.3.2; https://www.martplug.com"
68.65.122.134 - - [30/Jan/2020:16:18:57 -0500] "GET /wp-login.php HTTP/1.1" 302 - "https://www.martplug.com/wp-login.php" "Mozilla/5.0 (X11; Ubuntu; Linux x86_64; rv:62.0) Gecko/20100101 Firefox/62.0"
68.65.122.134 - - [30/Jan/2020:16:18:59 -0500] "GET /wp-login.php HTTP/1.1" 302 - "https://www.martplug.com/wp-login.php" "Mozilla/5.0 (X11; Ubuntu; Linux x86_64; rv:62.0) Gecko/20100101 Firefox/62.0"
50.116.97.126 - - [30/Jan/2020:16:19:00 -0500] "GET /wp-login.php HTTP/1.1" 200 1851 "https://www.martplug.com/wp-login.php" "Mozilla/5.0 (X11; Ubuntu; Linux x86_64; rv:62.0) Gecko/20100101 Firefox/62.0"
68.65.122.134 - - [30/Jan/2020:16:19:02 -0500] "POST /xmlrpc.php HTTP/1.1" 200 401 "-" "Mozilla/5.0 (X11; Ubuntu; Linux x86_64; rv:62.0) Gecko/20100101 Firefox/62.0"
68.65.121.137 - - [30/Jan/2020:16:37:52 -0500] "POST /wp-cron.php?doing_wp_cron=1580420272.2155129909515380859375 HTTP/1.1" 200 - "https://www.martplug.com/wp-cron.php?doing_wp_cron=1580420272.2155129909515380859375" "WordPress/5.3.2; https://www.martplug.com"
68.65.122.134 - - [30/Jan/2020:16:37:50 -0500] "GET /wp-login.php HTTP/1.1" 301 - "-" "Mozilla/5.0 (X11; Ubuntu; Linux x86_64; rv:62.0) Gecko/20100101 Firefox/62.0"
148.72.23.181 - - [30/Jan/2020:16:37:53 -0500] "GET /wp-login.php HTTP/1.1" 200 1851 "https://martplug.com/wp-login.php" "Mozilla/5.0 (X11; Ubuntu; Linux x86_64; rv:62.0) Gecko/20100101 Firefox/62.0"
68.65.122.134 - - [30/Jan/2020:16:37:53 -0500] "GET /wp-login.php HTTP/1.1" 302 - "-" "Mozilla/5.0 (X11; Ubuntu; Linux x86_64; rv:62.0) Gecko/20100101 Firefox/62.0"
68.65.122.134 - - [30/Jan/2020:16:37:54 -0500] "GET /wp-login.php HTTP/1.1" 302 - "https://www.martplug.com/wp-login.php" "Mozilla/5.0 (X11; Ubuntu; Linux x86_64; rv:62.0) Gecko/20100101 Firefox/62.0"
68.65.122.134 - - [30/Jan/2020:16:37:54 -0500] "GET /wp-login.php HTTP/1.1" 302 - "https://www.martplug.com/wp-login.php" "Mozilla/5.0 (X11; Ubuntu; Linux x86_64; rv:62.0) Gecko/20100101 Firefox/62.0"
68.65.122.134 - - [30/Jan/2020:16:37:54 -0500] "GET /wp-login.php HTTP/1.1" 302 - "https://www.martplug.com/wp-login.php" "Mozilla/5.0 (X11; Ubuntu; Linux x86_64; rv:62.0) Gecko/20100101 Firefox/62.0"
68.65.122.134 - - [30/Jan/2020:16:37:55 -0500] "GET /wp-login.php HTTP/1.1" 302 - "https://www.martplug.com/wp-login.php" "Mozilla/5.0 (X11; Ubuntu; Linux x86_64; rv:62.0) Gecko/20100101 Firefox/62.0"
68.65.122.134 - - [30/Jan/2020:16:37:55 -0500] "GET /wp-login.php HTTP/1.1" 302 - "https://www.martplug.com/wp-login.php" "Mozilla/5.0 (X11; Ubuntu; Linux x86_64; rv:62.0) Gecko/20100101 Firefox/62.0"
68.65.122.134 - - [30/Jan/2020:16:37:56 -0500] "GET /wp-login.php HTTP/1.1" 302 - "https://www.martplug.com/wp-login.php" "Mozilla/5.0 (X11; Ubuntu; Linux x86_64; rv:62.0) Gecko/20100101 Firefox/62.0"
148.72.23.181 - - [30/Jan/2020:16:37:56 -0500] "GET /wp-login.php HTTP/1.1" 200 1851 "https://www.martplug.com/wp-login.php" "Mozilla/5.0 (X11; Ubuntu; Linux x86_64; rv:62.0) Gecko/20100101 Firefox/62.0"
68.65.122.134 - - [30/Jan/2020:16:37:57 -0500] "POST /wp-login.php HTTP/1.1" 302 - "-" "Mozilla/5.0 (X11; Ubuntu; Linux x86_64; rv:62.0) Gecko/20100101 Firefox/62.0"
148.72.23.181 - - [30/Jan/2020:16:37:57 -0500] "GET /wp-login.php HTTP/1.1" 200 1851 "https://www.martplug.com/wp-login.php" "Mozilla/5.0 (X11; Ubuntu; Linux x86_64; rv:62.0) Gecko/20100101 Firefox/62.0"
148.72.23.181 - - [30/Jan/2020:16:37:58 -0500] "POST /xmlrpc.php HTTP/1.1" 200 225 "-" "Mozilla/5.0 (X11; Ubuntu; Linux x86_64; rv:62.0) Gecko/20100101 Firefox/62.0"
185.88.178.186 - - [30/Jan/2020:16:58:26 -0500] "GET /wp-login.php HTTP/1.1" 200 1851 "-" "Mozilla/5.0 (X11; Ubuntu; Linux x86_64; rv:62.0) Gecko/20100101 Firefox/62.0"
185.88.178.186 - - [30/Jan/2020:16:58:30 -0500] "POST /wp-login.php HTTP/1.1" 200 2215 "-" "Mozilla/5.0 (X11; Ubuntu; Linux x86_64; rv:62.0) Gecko/20100101 Firefox/62.0"
185.88.178.186 - - [30/Jan/2020:16:58:31 -0500] "POST /xmlrpc.php HTTP/1.1" 200 225 "-" "Mozilla/5.0 (X11; Ubuntu; Linux x86_64; rv:62.0) Gecko/20100101 Firefox/62.0"
68.65.121.137 - - [30/Jan/2020:16:58:29 -0500] "POST /wp-cron.php?doing_wp_cron=1580421508.1773490905761718750000 HTTP/1.1" 200 - "https://www.martplug.com/wp-cron.php?doing_wp_cron=1580421508.1773490905761718750000" "WordPress/5.3.2; https://www.martplug.com"
68.65.121.137 - - [30/Jan/2020:17:16:34 -0500] "POST /wp-cron.php?doing_wp_cron=1580422594.3216509819030761718750 HTTP/1.1" 200 - "https://www.martplug.com/wp-cron.php?doing_wp_cron=1580422594.3216509819030761718750" "WordPress/5.3.2; https://www.martplug.com"
68.65.122.134 - - [30/Jan/2020:17:16:32 -0500] "GET /wp-login.php HTTP/1.1" 301 - "-" "Mozilla/5.0 (X11; Ubuntu; Linux x86_64; rv:62.0) Gecko/20100101 Firefox/62.0"
68.65.122.134 - - [30/Jan/2020:17:16:35 -0500] "GET /wp-login.php HTTP/1.1" 302 - "https://martplug.com/wp-login.php" "Mozilla/5.0 (X11; Ubuntu; Linux x86_64; rv:62.0) Gecko/20100101 Firefox/62.0"
68.65.122.134 - - [30/Jan/2020:17:16:35 -0500] "GET /wp-login.php HTTP/1.1" 302 - "https://www.martplug.com/wp-login.php" "Mozilla/5.0 (X11; Ubuntu; Linux x86_64; rv:62.0) Gecko/20100101 Firefox/62.0"
68.65.122.134 - - [30/Jan/2020:17:16:36 -0500] "GET /wp-login.php HTTP/1.1" 302 - "https://www.martplug.com/wp-login.php" "Mozilla/5.0 (X11; Ubuntu; Linux x86_64; rv:62.0) Gecko/20100101 Firefox/62.0"
68.65.122.134 - - [30/Jan/2020:17:16:36 -0500] "GET /wp-login.php HTTP/1.1" 302 - "https://www.martplug.com/wp-login.php" "Mozilla/5.0 (X11; Ubuntu; Linux x86_64; rv:62.0) Gecko/20100101 Firefox/62.0"
144.217.130.102 - - [30/Jan/2020:17:16:37 -0500] "GET /wp-login.php HTTP/1.1" 200 1851 "https://www.martplug.com/wp-login.php" "Mozilla/5.0 (X11; Ubuntu; Linux x86_64; rv:62.0) Gecko/20100101 Firefox/62.0"
68.65.122.134 - - [30/Jan/2020:17:16:37 -0500] "GET /wp-login.php HTTP/1.1" 302 - "-" "Mozilla/5.0 (X11; Ubuntu; Linux x86_64; rv:62.0) Gecko/20100101 Firefox/62.0"
144.217.130.102 - - [30/Jan/2020:17:16:38 -0500] "GET /wp-login.php HTTP/1.1" 200 1851 "https://www.martplug.com/wp-login.php" "Mozilla/5.0 (X11; Ubuntu; Linux x86_64; rv:62.0) Gecko/20100101 Firefox/62.0"
144.217.130.102 - - [30/Jan/2020:17:16:39 -0500] "POST /wp-login.php HTTP/1.1" 200 2215 "-" "Mozilla/5.0 (X11; Ubuntu; Linux x86_64; rv:62.0) Gecko/20100101 Firefox/62.0"
68.65.122.134 - - [30/Jan/2020:17:16:39 -0500] "POST /xmlrpc.php HTTP/1.1" 200 401 "-" "Mozilla/5.0 (X11; Ubuntu; Linux x86_64; rv:62.0) Gecko/20100101 Firefox/62.0"
68.65.121.137 - - [30/Jan/2020:17:35:17 -0500] "POST /wp-cron.php?doing_wp_cron=1580423717.2121820449829101562500 HTTP/1.1" 200 - "https://www.martplug.com/wp-cron.php?doing_wp_cron=1580423717.2121820449829101562500" "WordPress/5.3.2; https://www.martplug.com"
68.65.122.134 - - [30/Jan/2020:17:35:15 -0500] "GET /wp-login.php HTTP/1.1" 200 5648 "-" "Mozilla/5.0 (X11; Ubuntu; Linux x86_64; rv:62.0) Gecko/20100101 Firefox/62.0"
68.65.122.134 - - [30/Jan/2020:17:35:18 -0500] "POST /wp-login.php HTTP/1.1" 200 6484 "-" "Mozilla/5.0 (X11; Ubuntu; Linux x86_64; rv:62.0) Gecko/20100101 Firefox/62.0"
68.65.122.134 - - [30/Jan/2020:17:35:18 -0500] "POST /xmlrpc.php HTTP/1.1" 200 401 "-" "Mozilla/5.0 (X11; Ubuntu; Linux x86_64; rv:62.0) Gecko/20100101 Firefox/62.0"
68.65.122.134 - - [30/Jan/2020:17:56:26 -0500] "POST /wp-cron.php?doing_wp_cron=1580424986.1956150531768798828125 HTTP/1.1" 200 - "https://www.martplug.com/wp-cron.php?doing_wp_cron=1580424986.1956150531768798828125" "WordPress/5.3.2; https://www.martplug.com"
68.65.122.134 - - [30/Jan/2020:17:56:24 -0500] "GET /wp-login.php HTTP/1.1" 301 - "-" "Mozilla/5.0 (X11; Ubuntu; Linux x86_64; rv:62.0) Gecko/20100101 Firefox/62.0"
68.65.122.134 - - [30/Jan/2020:17:56:27 -0500] "GET /wp-login.php HTTP/1.1" 302 - "https://martplug.com/wp-login.php" "Mozilla/5.0 (X11; Ubuntu; Linux x86_64; rv:62.0) Gecko/20100101 Firefox/62.0"
68.65.122.134 - - [30/Jan/2020:17:56:28 -0500] "GET /wp-login.php HTTP/1.1" 302 - "https://www.martplug.com/wp-login.php" "Mozilla/5.0 (X11; Ubuntu; Linux x86_64; rv:62.0) Gecko/20100101 Firefox/62.0"
52.68.163.252 - - [30/Jan/2020:17:56:29 -0500] "GET /wp-login.php HTTP/1.1" 200 1851 "https://www.martplug.com/wp-login.php" "Mozilla/5.0 (X11; Ubuntu; Linux x86_64; rv:62.0) Gecko/20100101 Firefox/62.0"
68.65.122.134 - - [30/Jan/2020:17:56:30 -0500] "GET /wp-login.php HTTP/1.1" 302 - "-" "Mozilla/5.0 (X11; Ubuntu; Linux x86_64; rv:62.0) Gecko/20100101 Firefox/62.0"
68.65.122.134 - - [30/Jan/2020:17:56:31 -0500] "GET /wp-login.php HTTP/1.1" 302 - "https://www.martplug.com/wp-login.php" "Mozilla/5.0 (X11; Ubuntu; Linux x86_64; rv:62.0) Gecko/20100101 Firefox/62.0"
52.68.163.252 - - [30/Jan/2020:17:56:32 -0500] "GET /wp-login.php HTTP/1.1" 200 1851 "https://www.martplug.com/wp-login.php" "Mozilla/5.0 (X11; Ubuntu; Linux x86_64; rv:62.0) Gecko/20100101 Firefox/62.0"
68.65.122.134 - - [30/Jan/2020:17:56:33 -0500] "POST /wp-cron.php?doing_wp_cron=1580424993.3092079162597656250000 HTTP/1.1" 200 - "https://www.martplug.com/wp-cron.php?doing_wp_cron=1580424993.3092079162597656250000" "WordPress/5.3.2; https://www.martplug.com"
68.65.122.134 - - [30/Jan/2020:17:56:33 -0500] "POST /wp-login.php HTTP/1.1" 302 - "-" "Mozilla/5.0 (X11; Ubuntu; Linux x86_64; rv:62.0) Gecko/20100101 Firefox/62.0"
52.68.163.252 - - [30/Jan/2020:17:56:34 -0500] "GET /wp-login.php HTTP/1.1" 200 1851 "https://www.martplug.com/wp-login.php" "Mozilla/5.0 (X11; Ubuntu; Linux x86_64; rv:62.0) Gecko/20100101 Firefox/62.0"
68.65.122.134 - - [30/Jan/2020:17:56:35 -0500] "POST /xmlrpc.php HTTP/1.1" 200 401 "-" "Mozilla/5.0 (X11; Ubuntu; Linux x86_64; rv:62.0) Gecko/20100101 Firefox/62.0"
68.65.122.134 - - [30/Jan/2020:18:14:45 -0500] "POST /wp-cron.php?doing_wp_cron=1580426084.9248929023742675781250 HTTP/1.1" 200 - "https://www.martplug.com/wp-cron.php?doing_wp_cron=1580426084.9248929023742675781250" "WordPress/5.3.2; https://www.martplug.com"
149.202.146.226 - - [30/Jan/2020:18:14:43 -0500] "GET /wp-includes/wp-tmp.php HTTP/1.1" 301 - "-" "Mozilla/5.0 (Windows NT 6.1; WOW64) AppleWebKit/537.36 (KHTML, like Gecko) Chrome/41.0.2227.0 Safari/537.36"
149.202.146.226 - - [30/Jan/2020:18:14:46 -0500] "GET /wp-includes/wp-tmp.php HTTP/1.1" 404 6129 "-" "Mozilla/5.0 (Windows NT 6.1; WOW64) AppleWebKit/537.36 (KHTML, like Gecko) Chrome/41.0.2227.0 Safari/537.36"
68.65.122.134 - - [30/Jan/2020:18:14:55 -0500] "GET /wp-login.php HTTP/1.1" 301 - "-" "Mozilla/5.0 (X11; Ubuntu; Linux x86_64; rv:62.0) Gecko/20100101 Firefox/62.0"
68.65.122.134 - - [30/Jan/2020:18:14:57 -0500] "GET /wp-login.php HTTP/1.1" 302 - "https://martplug.com/wp-login.php" "Mozilla/5.0 (X11; Ubuntu; Linux x86_64; rv:62.0) Gecko/20100101 Firefox/62.0"
68.65.122.134 - - [30/Jan/2020:18:14:59 -0500] "GET /wp-login.php HTTP/1.1" 302 - "https://www.martplug.com/wp-login.php" "Mozilla/5.0 (X11; Ubuntu; Linux x86_64; rv:62.0) Gecko/20100101 Firefox/62.0"
68.65.122.134 - - [30/Jan/2020:18:15:00 -0500] "GET /wp-login.php HTTP/1.1" 302 - "https://www.martplug.com/wp-login.php" "Mozilla/5.0 (X11; Ubuntu; Linux x86_64; rv:62.0) Gecko/20100101 Firefox/62.0"
68.65.122.134 - - [30/Jan/2020:18:15:01 -0500] "GET /wp-login.php HTTP/1.1" 302 - "https://www.martplug.com/wp-login.php" "Mozilla/5.0 (X11; Ubuntu; Linux x86_64; rv:62.0) Gecko/20100101 Firefox/62.0"
68.65.122.134 - - [30/Jan/2020:18:15:02 -0500] "GET /wp-login.php HTTP/1.1" 302 - "https://www.martplug.com/wp-login.php" "Mozilla/5.0 (X11; Ubuntu; Linux x86_64; rv:62.0) Gecko/20100101 Firefox/62.0"
68.65.122.134 - - [30/Jan/2020:18:15:03 -0500] "GET /wp-login.php HTTP/1.1" 302 - "https://www.martplug.com/wp-login.php" "Mozilla/5.0 (X11; Ubuntu; Linux x86_64; rv:62.0) Gecko/20100101 Firefox/62.0"
68.65.122.134 - - [30/Jan/2020:18:15:04 -0500] "GET /wp-login.php HTTP/1.1" 302 - "https://www.martplug.com/wp-login.php" "Mozilla/5.0 (X11; Ubuntu; Linux x86_64; rv:62.0) Gecko/20100101 Firefox/62.0"
159.89.171.251 - - [30/Jan/2020:18:15:06 -0500] "GET /wp-login.php HTTP/1.1" 200 1851 "https://www.martplug.com/wp-login.php" "Mozilla/5.0 (X11; Ubuntu; Linux x86_64; rv:62.0) Gecko/20100101 Firefox/62.0"
159.89.171.251 - - [30/Jan/2020:18:15:07 -0500] "GET /wp-login.php HTTP/1.1" 200 1851 "-" "Mozilla/5.0 (X11; Ubuntu; Linux x86_64; rv:62.0) Gecko/20100101 Firefox/62.0"
159.89.171.251 - - [30/Jan/2020:18:15:09 -0500] "POST /wp-login.php HTTP/1.1" 200 2215 "-" "Mozilla/5.0 (X11; Ubuntu; Linux x86_64; rv:62.0) Gecko/20100101 Firefox/62.0"
68.65.122.134 - - [30/Jan/2020:18:15:10 -0500] "POST /xmlrpc.php HTTP/1.1" 200 401 "-" "Mozilla/5.0 (X11; Ubuntu; Linux x86_64; rv:62.0) Gecko/20100101 Firefox/62.0"
68.65.121.137 - - [30/Jan/2020:18:31:44 -0500] "POST /wp-cron.php?doing_wp_cron=1580427104.1075160503387451171875 HTTP/1.1" 200 - "https://www.martplug.com/wp-cron.php?doing_wp_cron=1580427104.1075160503387451171875" "WordPress/5.3.2; https://www.martplug.com"
2a01:4f8:201:4228::2 - - [30/Jan/2020:18:31:38 -0500] "GET /product-tag/t-shirt/?orderby=popularity&rating_filter=4,5&filter_color=blue&filter_size=s HTTP/1.1" 200 2066 "-" "Mozilla/5.0 (compatible; MJ12bot/v1.4.8; http://mj12bot.com/)"
68.65.122.134 - - [30/Jan/2020:18:32:02 -0500] "GET /product-tag/t-shirt/?orderby=popularity&rating_filter=4,5&filter_color=blue&filter_size=xl HTTP/1.1" 200 6323 "-" "Mozilla/5.0 (compatible; MJ12bot/v1.4.8; http://mj12bot.com/)"
68.65.122.134 - - [30/Jan/2020:18:32:15 -0500] "GET /product-tag/t-shirt/?orderby=popularity&rating_filter=4,5&filter_color=blue&filter_size=xxl HTTP/1.1" 200 6323 "-" "Mozilla/5.0 (compatible; MJ12bot/v1.4.8; http://mj12bot.com/)"
68.65.122.134 - - [30/Jan/2020:18:32:27 -0500] "GET /product-tag/t-shirt/?orderby=popularity&rating_filter=4,5&filter_color=blue&product_brand=adidas HTTP/1.1" 200 6323 "-" "Mozilla/5.0 (compatible; MJ12bot/v1.4.8; http://mj12bot.com/)"
68.65.122.134 - - [30/Jan/2020:18:32:41 -0500] "GET /product-tag/t-shirt/?orderby=popularity&rating_filter=4,5&filter_color=blue,bold-blue HTTP/1.1" 200 6323 "-" "Mozilla/5.0 (compatible; MJ12bot/v1.4.8; http://mj12bot.com/)"
68.65.122.134 - - [30/Jan/2020:18:32:54 -0500] "POST /wp-cron.php?doing_wp_cron=1580427174.7060680389404296875000 HTTP/1.1" 200 - "https://www.martplug.com/wp-cron.php?doing_wp_cron=1580427174.7060680389404296875000" "WordPress/5.3.2; https://www.martplug.com"
2a01:4f8:201:4228::2 - - [30/Jan/2020:18:32:54 -0500] "GET /product-tag/t-shirt/?orderby=popularity&rating_filter=4,5&filter_color=blue,light-pink HTTP/1.1" 200 2066 "-" "Mozilla/5.0 (compatible; MJ12bot/v1.4.8; http://mj12bot.com/)"
68.65.122.134 - - [30/Jan/2020:18:33:06 -0500] "GET /product-tag/t-shirt/?orderby=popularity&rating_filter=4,5&filter_color=blue,white HTTP/1.1" 200 6323 "-" "Mozilla/5.0 (compatible; MJ12bot/v1.4.8; http://mj12bot.com/)"
2a01:4f8:201:4228::2 - - [30/Jan/2020:18:33:19 -0500] "GET /product-tag/t-shirt/?orderby=popularity&rating_filter=4,5&filter_color=bold-blue HTTP/1.1" 200 2066 "-" "Mozilla/5.0 (compatible; MJ12bot/v1.4.8; http://mj12bot.com/)"
68.65.122.134 - - [30/Jan/2020:18:33:29 -0500] "GET /product-tag/t-shirt/?orderby=popularity&rating_filter=4,5&filter_color=bold-blue&filter_size=l HTTP/1.1" 200 6323 "-" "Mozilla/5.0 (compatible; MJ12bot/v1.4.8; http://mj12bot.com/)"
68.65.122.134 - - [30/Jan/2020:18:33:53 -0500] "POST /wp-cron.php?doing_wp_cron=1580427233.5860309600830078125000 HTTP/1.1" 200 - "https://www.martplug.com/wp-cron.php?doing_wp_cron=1580427233.5860309600830078125000" "WordPress/5.3.2; https://www.martplug.com"
2a01:4f8:201:4228::2 - - [30/Jan/2020:18:33:53 -0500] "GET /product-tag/t-shirt/?orderby=popularity&rating_filter=4,5&filter_color=bold-blue&filter_size=m HTTP/1.1" 200 2066 "-" "Mozilla/5.0 (compatible; MJ12bot/v1.4.8; http://mj12bot.com/)"
68.65.122.134 - - [30/Jan/2020:18:34:05 -0500] "GET /product-tag/t-shirt/?orderby=popularity&rating_filter=4,5&filter_color=bold-blue&filter_size=s HTTP/1.1" 200 6323 "-" "Mozilla/5.0 (compatible; MJ12bot/v1.4.8; http://mj12bot.com/)"
68.65.121.137 - - [30/Jan/2020:18:35:47 -0500] "POST /wp-cron.php?doing_wp_cron=1580427347.0337579250335693359375 HTTP/1.1" 200 - "https://www.martplug.com/wp-cron.php?doing_wp_cron=1580427347.0337579250335693359375" "WordPress/5.3.2; https://www.martplug.com"
68.65.122.134 - - [30/Jan/2020:18:35:46 -0500] "GET /wp-login.php HTTP/1.1" 200 5648 "-" "Mozilla/5.0 (X11; Ubuntu; Linux x86_64; rv:62.0) Gecko/20100101 Firefox/62.0"
68.65.122.134 - - [30/Jan/2020:18:35:48 -0500] "POST /wp-login.php HTTP/1.1" 200 6484 "-" "Mozilla/5.0 (X11; Ubuntu; Linux x86_64; rv:62.0) Gecko/20100101 Firefox/62.0"
68.65.122.134 - - [30/Jan/2020:18:35:49 -0500] "POST /xmlrpc.php HTTP/1.1" 200 401 "-" "Mozilla/5.0 (X11; Ubuntu; Linux x86_64; rv:62.0) Gecko/20100101 Firefox/62.0"
68.65.122.134 - - [30/Jan/2020:18:29:50 -0500] "POST /wp-cron.php?doing_wp_cron=1580426990.5065419673919677734375 HTTP/1.1" 200 - "https://www.martplug.com/wp-cron.php?doing_wp_cron=1580426990.5065419673919677734375" "WordPress/5.3.2; https://www.martplug.com"
2a01:4f8:201:4228::2 - - [30/Jan/2020:18:29:48 -0500] "GET /robots.txt HTTP/1.1" 200 69 "-" "Mozilla/5.0 (compatible; MJ12bot/v1.4.8; http://mj12bot.com/)"
68.65.122.134 - - [30/Jan/2020:18:30:00 -0500] "GET /product-tag/t-shirt/?orderby=popularity&rating_filter=4&product_brand=adidas&filter_size=xxl,m HTTP/1.1" 200 6323 "-" "Mozilla/5.0 (compatible; MJ12bot/v1.4.8; http://mj12bot.com/)"
68.65.122.134 - - [30/Jan/2020:18:30:17 -0500] "GET /product-tag/t-shirt/?orderby=popularity&rating_filter=4&product_brand=adidas&filter_size=xxl,s HTTP/1.1" 200 6323 "-" "Mozilla/5.0 (compatible; MJ12bot/v1.4.8; http://mj12bot.com/)"
2a01:4f8:201:4228::2 - - [30/Jan/2020:18:30:32 -0500] "GET /product-tag/t-shirt/?orderby=popularity&rating_filter=4&product_brand=adidas&filter_size=xxl,xl HTTP/1.1" 200 2066 "-" "Mozilla/5.0 (compatible; MJ12bot/v1.4.8; http://mj12bot.com/)"
68.65.122.134 - - [30/Jan/2020:18:30:46 -0500] "POST /wp-cron.php?doing_wp_cron=1580427046.2632639408111572265625 HTTP/1.1" 200 - "https://www.martplug.com/wp-cron.php?doing_wp_cron=1580427046.2632639408111572265625" "WordPress/5.3.2; https://www.martplug.com"
68.65.122.134 - - [30/Jan/2020:18:30:46 -0500] "GET /product-tag/t-shirt/?orderby=popularity&rating_filter=4,5&filter_color=blue HTTP/1.1" 200 6323 "-" "Mozilla/5.0 (compatible; MJ12bot/v1.4.8; http://mj12bot.com/)"
2a01:4f8:201:4228::2 - - [30/Jan/2020:18:31:08 -0500] "GET /product-tag/t-shirt/?orderby=popularity&rating_filter=4,5&filter_color=blue&filter_size=l HTTP/1.1" 200 2066 "-" "Mozilla/5.0 (compatible; MJ12bot/v1.4.8; http://mj12bot.com/)"
68.65.122.134 - - [30/Jan/2020:18:31:22 -0500] "GET /product-tag/t-shirt/?orderby=popularity&rating_filter=4,5&filter_color=blue&filter_size=m HTTP/1.1" 200 6323 "-" "Mozilla/5.0 (compatible; MJ12bot/v1.4.8; http://mj12bot.com/)"
68.65.122.134 - - [30/Jan/2020:18:43:22 -0500] "GET /product-tag/t-shirt/?orderby=popularity&rating_filter=4&product_brand=adidas&filter_size=l,xl HTTP/1.1" 200 6323 "-" "Mozilla/5.0 (compatible; MJ12bot/v1.4.8; http://mj12bot.com/)"
2a01:4f8:201:4228::2 - - [30/Jan/2020:18:43:24 -0500] "GET /product-tag/t-shirt/?orderby=popularity&rating_filter=4,5&filter_color=light-pink&filter_size=m HTTP/1.1" 200 2066 "-" "Mozilla/5.0 (compatible; MJ12bot/v1.4.8; http://mj12bot.com/)"
68.65.122.134 - - [30/Jan/2020:18:43:28 -0500] "GET /product-tag/t-shirt/?orderby=popularity&rating_filter=4&product_brand=adidas&filter_size=l,xxl HTTP/1.1" 200 6323 "-" "Mozilla/5.0 (compatible; MJ12bot/v1.4.8; http://mj12bot.com/)"
68.65.122.134 - - [30/Jan/2020:18:43:35 -0500] "GET /product-tag/t-shirt/?orderby=popularity&rating_filter=4,5&filter_color=light-pink&filter_size=s HTTP/1.1" 200 6323 "-" "Mozilla/5.0 (compatible; MJ12bot/v1.4.8; http://mj12bot.com/)"
2a01:4f8:161:806b::2 - - [30/Jan/2020:18:43:34 -0500] "GET /product-tag/t-shirt/?orderby=popularity&rating_filter=4&product_brand=adidas&filter_size=m HTTP/1.1" 200 2066 "-" "Mozilla/5.0 (compatible; MJ12bot/v1.4.8; http://mj12bot.com/)"
2a01:4f8:161:806b::2 - - [30/Jan/2020:18:43:40 -0500] "GET /product-tag/t-shirt/?orderby=popularity&rating_filter=4&product_brand=adidas&filter_size=m,l HTTP/1.1" 200 2066 "-" "Mozilla/5.0 (compatible; MJ12bot/v1.4.8; http://mj12bot.com/)"
68.65.122.134 - - [30/Jan/2020:18:43:44 -0500] "POST /wp-cron.php?doing_wp_cron=1580427824.7747991085052490234375 HTTP/1.1" 200 - "https://www.martplug.com/wp-cron.php?doing_wp_cron=1580427824.7747991085052490234375" "WordPress/5.3.2; https://www.martplug.com"
2a01:4f8:161:806b::2 - - [30/Jan/2020:18:43:44 -0500] "GET /product-tag/t-shirt/?orderby=popularity&rating_filter=4&product_brand=adidas&filter_size=m,s HTTP/1.1" 200 2066 "-" "Mozilla/5.0 (compatible; MJ12bot/v1.4.8; http://mj12bot.com/)"
2a01:4f8:201:4228::2 - - [30/Jan/2020:18:43:47 -0500] "GET /product-tag/t-shirt/?orderby=popularity&rating_filter=4,5&filter_color=light-pink&filter_size=xl HTTP/1.1" 200 2066 "-" "Mozilla/5.0 (compatible; MJ12bot/v1.4.8; http://mj12bot.com/)"
68.65.122.134 - - [30/Jan/2020:18:43:48 -0500] "GET /product-tag/t-shirt/?orderby=popularity&rating_filter=4&product_brand=adidas&filter_size=m,xl HTTP/1.1" 200 6323 "-" "Mozilla/5.0 (compatible; MJ12bot/v1.4.8; http://mj12bot.com/)"
2a01:4f8:161:806b::2 - - [30/Jan/2020:18:43:52 -0500] "GET /product-tag/t-shirt/?orderby=popularity&rating_filter=4&product_brand=adidas&filter_size=m,xxl HTTP/1.1" 200 2066 "-" "Mozilla/5.0 (compatible; MJ12bot/v1.4.8; http://mj12bot.com/)"
2a01:4f8:161:806b::2 - - [30/Jan/2020:18:43:56 -0500] "GET /product-tag/t-shirt/?orderby=popularity&rating_filter=4&product_brand=adidas&filter_size=s HTTP/1.1" 200 2066 "-" "Mozilla/5.0 (compatible; MJ12bot/v1.4.8; http://mj12bot.com/)"
2a01:4f8:201:4228::2 - - [30/Jan/2020:18:43:58 -0500] "GET /product-tag/t-shirt/?orderby=popularity&rating_filter=4,5&filter_color=light-pink&filter_size=xxl HTTP/1.1" 200 2066 "-" "Mozilla/5.0 (compatible; MJ12bot/v1.4.8; http://mj12bot.com/)"
68.65.122.134 - - [30/Jan/2020:18:43:59 -0500] "GET /product-tag/t-shirt/?orderby=popularity&rating_filter=4&product_brand=adidas&filter_size=s,l HTTP/1.1" 200 6323 "-" "Mozilla/5.0 (compatible; MJ12bot/v1.4.8; http://mj12bot.com/)"
68.65.122.134 - - [30/Jan/2020:18:44:02 -0500] "GET /product-tag/t-shirt/?orderby=popularity&rating_filter=4&product_brand=adidas&filter_size=s,m HTTP/1.1" 200 6323 "-" "Mozilla/5.0 (compatible; MJ12bot/v1.4.8; http://mj12bot.com/)"
68.65.122.134 - - [30/Jan/2020:18:44:05 -0500] "GET /product-tag/t-shirt/?orderby=popularity&rating_filter=4&product_brand=adidas&filter_size=s,xl HTTP/1.1" 200 6323 "-" "Mozilla/5.0 (compatible; MJ12bot/v1.4.8; http://mj12bot.com/)"
68.65.122.134 - - [30/Jan/2020:18:44:09 -0500] "GET /product-tag/t-shirt/?orderby=popularity&rating_filter=4&product_brand=adidas&filter_size=s,xxl HTTP/1.1" 200 6323 "-" "Mozilla/5.0 (compatible; MJ12bot/v1.4.8; http://mj12bot.com/)"
68.65.122.134 - - [30/Jan/2020:18:41:55 -0500] "POST /wp-cron.php?doing_wp_cron=1580427715.3808600902557373046875 HTTP/1.1" 200 - "https://www.martplug.com/wp-cron.php?doing_wp_cron=1580427715.3808600902557373046875" "WordPress/5.3.2; https://www.martplug.com"
68.65.122.134 - - [30/Jan/2020:18:41:53 -0500] "GET /product-tag/t-shirt/?orderby=popularity&rating_filter=4,5&filter_color=bold-blue&filter_size=xl HTTP/1.1" 200 6323 "-" "Mozilla/5.0 (compatible; MJ12bot/v1.4.8; http://mj12bot.com/)"
68.65.122.134 - - [30/Jan/2020:18:42:05 -0500] "GET /product-tag/t-shirt/?orderby=popularity&rating_filter=4,5&filter_color=bold-blue&filter_size=xxl HTTP/1.1" 200 6323 "-" "Mozilla/5.0 (compatible; MJ12bot/v1.4.8; http://mj12bot.com/)"
68.65.122.134 - - [30/Jan/2020:18:42:14 -0500] "GET /product-tag/t-shirt/?orderby=popularity&rating_filter=4,5&filter_color=bold-blue&product_brand=adidas HTTP/1.1" 200 6323 "-" "Mozilla/5.0 (compatible; MJ12bot/v1.4.8; http://mj12bot.com/)"
68.65.122.134 - - [30/Jan/2020:18:42:24 -0500] "GET /product-tag/t-shirt/?orderby=popularity&rating_filter=4,5&filter_color=bold-blue,blue HTTP/1.1" 200 6323 "-" "Mozilla/5.0 (compatible; MJ12bot/v1.4.8; http://mj12bot.com/)"
68.65.122.134 - - [30/Jan/2020:18:42:32 -0500] "GET /product-tag/t-shirt/?orderby=popularity&rating_filter=4,5&filter_color=bold-blue,light-pink HTTP/1.1" 200 6323 "-" "Mozilla/5.0 (compatible; MJ12bot/v1.4.8; http://mj12bot.com/)"
68.65.122.134 - - [30/Jan/2020:18:42:46 -0500] "GET /product-tag/t-shirt/?orderby=popularity&rating_filter=4,5&filter_color=bold-blue,white HTTP/1.1" 200 6323 "-" "Mozilla/5.0 (compatible; MJ12bot/v1.4.8; http://mj12bot.com/)"
68.65.122.134 - - [30/Jan/2020:18:42:47 -0500] "POST /wp-cron.php?doing_wp_cron=1580427767.0672399997711181640625 HTTP/1.1" 200 - "https://www.martplug.com/wp-cron.php?doing_wp_cron=1580427767.0672399997711181640625" "WordPress/5.3.2; https://www.martplug.com"
2a01:4f8:161:806b::2 - - [30/Jan/2020:18:42:46 -0500] "GET /robots.txt HTTP/1.1" 200 69 "-" "Mozilla/5.0 (compatible; MJ12bot/v1.4.8; http://mj12bot.com/)"
68.65.122.134 - - [30/Jan/2020:18:42:55 -0500] "GET /product-tag/t-shirt/?orderby=popularity&rating_filter=4,5&filter_color=light-pink HTTP/1.1" 200 6323 "-" "Mozilla/5.0 (compatible; MJ12bot/v1.4.8; http://mj12bot.com/)"
68.65.122.134 - - [30/Jan/2020:18:42:57 -0500] "GET /product-tag/t-shirt/?orderby=popularity&rating_filter=4&product_brand=adidas&filter_color=white,light-pink HTTP/1.1" 200 6323 "-" "Mozilla/5.0 (compatible; MJ12bot/v1.4.8; http://mj12bot.com/)"
2a01:4f8:161:806b::2 - - [30/Jan/2020:18:43:01 -0500] "GET /product-tag/t-shirt/?orderby=popularity&rating_filter=4&product_brand=adidas&filter_size=l HTTP/1.1" 200 2066 "-" "Mozilla/5.0 (compatible; MJ12bot/v1.4.8; http://mj12bot.com/)"
68.65.122.134 - - [30/Jan/2020:18:43:04 -0500] "GET /product-tag/t-shirt/?orderby=popularity&rating_filter=4&product_brand=adidas&filter_size=l,m HTTP/1.1" 200 6323 "-" "Mozilla/5.0 (compatible; MJ12bot/v1.4.8; http://mj12bot.com/)"
68.65.122.134 - - [30/Jan/2020:18:43:07 -0500] "GET /product-tag/t-shirt/?orderby=popularity&rating_filter=4&product_brand=adidas&filter_size=l,s HTTP/1.1" 200 6323 "-" "Mozilla/5.0 (compatible; MJ12bot/v1.4.8; http://mj12bot.com/)"
68.65.122.134 - - [30/Jan/2020:18:43:08 -0500] "GET /product-tag/t-shirt/?orderby=popularity&rating_filter=4,5&filter_color=light-pink&filter_size=l HTTP/1.1" 200 6323 "-" "Mozilla/5.0 (compatible; MJ12bot/v1.4.8; http://mj12bot.com/)"
2a01:4f8:201:4228::2 - - [30/Jan/2020:18:44:10 -0500] "GET /product-tag/t-shirt/?orderby=popularity&rating_filter=4,5&filter_color=light-pink&product_brand=adidas HTTP/1.1" 200 2066 "-" "Mozilla/5.0 (compatible; MJ12bot/v1.4.8; http://mj12bot.com/)"
68.65.122.134 - - [30/Jan/2020:18:44:13 -0500] "GET /product-tag/t-shirt/?orderby=popularity&rating_filter=4&product_brand=adidas&filter_size=xl HTTP/1.1" 200 6323 "-" "Mozilla/5.0 (compatible; MJ12bot/v1.4.8; http://mj12bot.com/)"
68.65.122.134 - - [30/Jan/2020:18:44:16 -0500] "GET /product-tag/t-shirt/?orderby=popularity&rating_filter=4&product_brand=adidas&filter_size=xl,l HTTP/1.1" 200 6323 "-" "Mozilla/5.0 (compatible; MJ12bot/v1.4.8; http://mj12bot.com/)"
68.65.122.134 - - [30/Jan/2020:18:44:20 -0500] "GET /product-tag/t-shirt/?orderby=popularity&rating_filter=4&product_brand=adidas&filter_size=xl,m HTTP/1.1" 200 6323 "-" "Mozilla/5.0 (compatible; MJ12bot/v1.4.8; http://mj12bot.com/)"
68.65.122.134 - - [30/Jan/2020:18:44:21 -0500] "GET /product-tag/t-shirt/?orderby=popularity&rating_filter=4,5&filter_color=light-pink,blue HTTP/1.1" 200 6323 "-" "Mozilla/5.0 (compatible; MJ12bot/v1.4.8; http://mj12bot.com/)"
68.65.122.134 - - [30/Jan/2020:18:44:24 -0500] "GET /product-tag/t-shirt/?orderby=popularity&rating_filter=4&product_brand=adidas&filter_size=xl,s HTTP/1.1" 200 6323 "-" "Mozilla/5.0 (compatible; MJ12bot/v1.4.8; http://mj12bot.com/)"
2a01:4f8:161:806b::2 - - [30/Jan/2020:18:44:28 -0500] "GET /product-tag/t-shirt/?orderby=popularity&rating_filter=4&product_brand=adidas&filter_size=xl,xxl HTTP/1.1" 200 2066 "-" "Mozilla/5.0 (compatible; MJ12bot/v1.4.8; http://mj12bot.com/)"
68.65.122.134 - - [30/Jan/2020:18:44:31 -0500] "GET /product-tag/t-shirt/?orderby=popularity&rating_filter=4&product_brand=adidas&filter_size=xxl HTTP/1.1" 200 6323 "-" "Mozilla/5.0 (compatible; MJ12bot/v1.4.8; http://mj12bot.com/)"
68.65.122.134 - - [30/Jan/2020:18:44:32 -0500] "GET /product-tag/t-shirt/?orderby=popularity&rating_filter=4,5&filter_color=light-pink,bold-blue HTTP/1.1" 200 6323 "-" "Mozilla/5.0 (compatible; MJ12bot/v1.4.8; http://mj12bot.com/)"
68.65.122.134 - - [30/Jan/2020:18:44:35 -0500] "GET /product-tag/t-shirt/?orderby=popularity&rating_filter=4&product_brand=adidas&filter_size=xxl,l HTTP/1.1" 200 6323 "-" "Mozilla/5.0 (compatible; MJ12bot/v1.4.8; http://mj12bot.com/)"
68.65.122.134 - - [30/Jan/2020:18:44:44 -0500] "POST /wp-cron.php?doing_wp_cron=1580427884.8860940933227539062500 HTTP/1.1" 200 - "https://www.martplug.com/wp-cron.php?doing_wp_cron=1580427884.8860940933227539062500" "WordPress/5.3.2; https://www.martplug.com"
2a01:4f8:201:4228::2 - - [30/Jan/2020:18:44:44 -0500] "GET /product-tag/t-shirt/?orderby=popularity&rating_filter=4,5&filter_color=light-pink,white HTTP/1.1" 200 2066 "-" "Mozilla/5.0 (compatible; MJ12bot/v1.4.8; http://mj12bot.com/)"
