198.54.125.95 - - [27/Jan/2020:07:28:32 -0500] "POST /wp-cron.php?doing_wp_cron=1580128112.7995319366455078125000 HTTP/1.1" 200 - "https://www.beksolar.com/wp-cron.php?doing_wp_cron=1580128112.7995319366455078125000" "WordPress/5.2.5; https://www.beksolar.com"
46.229.168.130 - - [27/Jan/2020:07:28:31 -0500] "GET /robots.txt HTTP/1.1" 200 69 "-" "Mozilla/5.0 (compatible; SemrushBot/6~bl; +http://www.semrush.com/bot.html)"
46.229.168.147 - - [27/Jan/2020:07:28:33 -0500] "GET /shortcodes/videos/ HTTP/1.1" 200 10089 "-" "Mozilla/5.0 (compatible; SemrushBot/6~bl; +http://www.semrush.com/bot.html)"
198.54.125.95 - - [27/Jan/2020:07:37:43 -0500] "POST /wp-cron.php?doing_wp_cron=1580128663.8626959323883056640625 HTTP/1.1" 200 - "https://www.beksolar.com/wp-cron.php?doing_wp_cron=1580128663.8626959323883056640625" "WordPress/5.2.5; https://www.beksolar.com"
151.80.39.90 - - [27/Jan/2020:07:37:35 -0500] "GET /faqs/ HTTP/1.1" 200 11704 "-" "Mozilla/5.0 (compatible; AhrefsBot/6.1; +http://ahrefs.com/robot/)"
198.54.125.95 - - [27/Jan/2020:08:14:33 -0500] "POST /wp-cron.php?doing_wp_cron=1580130873.1554698944091796875000 HTTP/1.1" 200 - "https://www.beksolar.com/wp-cron.php?doing_wp_cron=1580130873.1554698944091796875000" "WordPress/5.2.5; https://www.beksolar.com"
5.196.87.106 - - [27/Jan/2020:08:14:26 -0500] "GET /home-video-header/ HTTP/1.1" 200 14305 "-" "Mozilla/5.0 (compatible; AhrefsBot/6.1; +http://ahrefs.com/robot/)"
198.54.125.95 - - [27/Jan/2020:08:13:06 -0500] "POST /wp-cron.php?doing_wp_cron=1580130786.7622981071472167968750 HTTP/1.1" 200 - "https://www.beksolar.com/wp-cron.php?doing_wp_cron=1580130786.7622981071472167968750" "WordPress/5.2.5; https://www.beksolar.com"
54.36.150.186 - - [27/Jan/2020:08:13:05 -0500] "GET /product/secure-grip/?add-to-cart=60 HTTP/1.1" 200 13959 "-" "Mozilla/5.0 (compatible; AhrefsBot/6.1; +http://ahrefs.com/robot/)"
198.54.125.95 - - [27/Jan/2020:08:13:06 -0500] "POST /wp-admin/admin-ajax.php?action=wp_1_wc_privacy_cleanup&nonce=0a3c222257 HTTP/1.1" 200 - "https://www.beksolar.com/wp-admin/admin-ajax.php?action=wp_1_wc_privacy_cleanup&nonce=0a3c222257" "WordPress/5.2.5; https://www.beksolar.com"
198.54.125.95 - - [27/Jan/2020:07:53:49 -0500] "POST /wp-cron.php?doing_wp_cron=1580129629.0383000373840332031250 HTTP/1.1" 200 - "https://www.beksolar.com/wp-cron.php?doing_wp_cron=1580129629.0383000373840332031250" "WordPress/5.2.5; https://www.beksolar.com"
151.80.39.90 - - [27/Jan/2020:07:53:47 -0500] "GET /contact-us/ HTTP/1.1" 200 10846 "-" "Mozilla/5.0 (compatible; AhrefsBot/6.1; +http://ahrefs.com/robot/)"
198.54.125.95 - - [27/Jan/2020:08:38:46 -0500] "POST /wp-cron.php?doing_wp_cron=1580132326.1331529617309570312500 HTTP/1.1" 200 - "https://www.beksolar.com/wp-cron.php?doing_wp_cron=1580132326.1331529617309570312500" "WordPress/5.2.5; https://www.beksolar.com"
5.196.87.106 - - [27/Jan/2020:08:38:44 -0500] "GET /home/ HTTP/1.1" 200 13431 "-" "Mozilla/5.0 (compatible; AhrefsBot/6.1; +http://ahrefs.com/robot/)"
198.54.125.95 - - [27/Jan/2020:08:21:49 -0500] "POST /wp-cron.php?doing_wp_cron=1580131309.7479319572448730468750 HTTP/1.1" 200 - "https://www.beksolar.com/wp-cron.php?doing_wp_cron=1580131309.7479319572448730468750" "WordPress/5.2.5; https://www.beksolar.com"
151.80.39.90 - - [27/Jan/2020:08:21:48 -0500] "GET /gallery-grid/ HTTP/1.1" 200 10038 "-" "Mozilla/5.0 (compatible; AhrefsBot/6.1; +http://ahrefs.com/robot/)"
198.54.125.95 - - [27/Jan/2020:08:30:20 -0500] "POST /wp-cron.php?doing_wp_cron=1580131820.7073071002960205078125 HTTP/1.1" 200 - "https://www.beksolar.com/wp-cron.php?doing_wp_cron=1580131820.7073071002960205078125" "WordPress/5.2.5; https://www.beksolar.com"
151.80.39.90 - - [27/Jan/2020:08:30:19 -0500] "GET /home-fullscreen/ HTTP/1.1" 200 13078 "-" "Mozilla/5.0 (compatible; AhrefsBot/6.1; +http://ahrefs.com/robot/)"
198.54.125.95 - - [27/Jan/2020:08:47:23 -0500] "POST /wp-cron.php?doing_wp_cron=1580132843.8998479843139648437500 HTTP/1.1" 200 - "https://www.beksolar.com/wp-cron.php?doing_wp_cron=1580132843.8998479843139648437500" "WordPress/5.2.5; https://www.beksolar.com"
5.196.87.106 - - [27/Jan/2020:08:47:22 -0500] "GET /my-account/ HTTP/1.1" 200 9944 "-" "Mozilla/5.0 (compatible; AhrefsBot/6.1; +http://ahrefs.com/robot/)"
198.54.125.95 - - [27/Jan/2020:08:55:48 -0500] "POST /wp-cron.php?doing_wp_cron=1580133348.5622820854187011718750 HTTP/1.1" 200 - "https://www.beksolar.com/wp-cron.php?doing_wp_cron=1580133348.5622820854187011718750" "WordPress/5.2.5; https://www.beksolar.com"
5.196.87.106 - - [27/Jan/2020:08:55:30 -0500] "GET /news/ HTTP/1.1" 200 9501 "-" "Mozilla/5.0 (compatible; AhrefsBot/6.1; +http://ahrefs.com/robot/)"
198.54.125.95 - - [27/Jan/2020:09:22:32 -0500] "POST /wp-cron.php?doing_wp_cron=1580134952.2830059528350830078125 HTTP/1.1" 200 - "https://www.beksolar.com/wp-cron.php?doing_wp_cron=1580134952.2830059528350830078125" "WordPress/5.2.5; https://www.beksolar.com"
151.80.39.90 - - [27/Jan/2020:09:22:30 -0500] "GET /our-services/construction-consultant/ HTTP/1.1" 200 10607 "-" "Mozilla/5.0 (compatible; AhrefsBot/6.1; +http://ahrefs.com/robot/)"
198.54.125.95 - - [27/Jan/2020:09:14:16 -0500] "POST /wp-cron.php?doing_wp_cron=1580134456.0468769073486328125000 HTTP/1.1" 200 - "https://www.beksolar.com/wp-cron.php?doing_wp_cron=1580134456.0468769073486328125000" "WordPress/5.2.5; https://www.beksolar.com"
5.196.87.106 - - [27/Jan/2020:09:14:14 -0500] "GET /our-services/borehole-drilling/ HTTP/1.1" 200 10448 "-" "Mozilla/5.0 (compatible; AhrefsBot/6.1; +http://ahrefs.com/robot/)"
198.54.125.95 - - [27/Jan/2020:09:04:47 -0500] "POST /wp-cron.php?doing_wp_cron=1580133887.8811910152435302734375 HTTP/1.1" 200 - "https://www.beksolar.com/wp-cron.php?doing_wp_cron=1580133887.8811910152435302734375" "WordPress/5.2.5; https://www.beksolar.com"
5.196.87.106 - - [27/Jan/2020:09:04:46 -0500] "GET /our-services/ HTTP/1.1" 200 11198 "-" "Mozilla/5.0 (compatible; AhrefsBot/6.1; +http://ahrefs.com/robot/)"
198.54.125.95 - - [27/Jan/2020:09:37:05 -0500] "POST /wp-cron.php?doing_wp_cron=1580135825.0138440132141113281250 HTTP/1.1" 200 - "https://www.beksolar.com/wp-cron.php?doing_wp_cron=1580135825.0138440132141113281250" "WordPress/5.2.5; https://www.beksolar.com"
5.196.87.106 - - [27/Jan/2020:09:37:03 -0500] "GET /our-services/general-contracting/ HTTP/1.1" 200 10375 "-" "Mozilla/5.0 (compatible; AhrefsBot/6.1; +http://ahrefs.com/robot/)"
198.54.125.95 - - [27/Jan/2020:09:30:08 -0500] "POST /wp-cron.php?doing_wp_cron=1580135407.9981360435485839843750 HTTP/1.1" 200 - "https://www.beksolar.com/wp-cron.php?doing_wp_cron=1580135407.9981360435485839843750" "WordPress/5.2.5; https://www.beksolar.com"
5.196.87.106 - - [27/Jan/2020:09:30:06 -0500] "GET /our-services/construction-project-management/ HTTP/1.1" 200 10820 "-" "Mozilla/5.0 (compatible; AhrefsBot/6.1; +http://ahrefs.com/robot/)"
198.54.125.95 - - [27/Jan/2020:09:47:13 -0500] "POST /wp-cron.php?doing_wp_cron=1580136432.5738511085510253906250 HTTP/1.1" 200 - "https://www.beksolar.com/wp-cron.php?doing_wp_cron=1580136432.5738511085510253906250" "WordPress/5.2.5; https://www.beksolar.com"
5.196.87.106 - - [27/Jan/2020:09:45:56 -0500] "GET /our-services/interior-decoration/ HTTP/1.1" 200 10903 "-" "Mozilla/5.0 (compatible; AhrefsBot/6.1; +http://ahrefs.com/robot/)"
198.54.125.95 - - [27/Jan/2020:09:54:43 -0500] "POST /wp-cron.php?doing_wp_cron=1580136883.8107550144195556640625 HTTP/1.1" 200 - "https://www.beksolar.com/wp-cron.php?doing_wp_cron=1580136883.8107550144195556640625" "WordPress/5.2.5; https://www.beksolar.com"
151.80.39.90 - - [27/Jan/2020:09:54:40 -0500] "GET /our-services/major-and-minor-renovations/ HTTP/1.1" 200 10795 "-" "Mozilla/5.0 (compatible; AhrefsBot/6.1; +http://ahrefs.com/robot/)"
198.54.125.95 - - [27/Jan/2020:09:55:28 -0500] "POST /wp-cron.php?doing_wp_cron=1580136928.1761169433593750000000 HTTP/1.1" 200 - "https://www.beksolar.com/wp-cron.php?doing_wp_cron=1580136928.1761169433593750000000" "WordPress/5.2.5; https://www.beksolar.com"
66.249.79.96 - - [27/Jan/2020:09:55:28 -0500] "GET / HTTP/1.1" 301 - "-" "Mozilla/5.0 (compatible; Googlebot/2.1; +http://www.google.com/bot.html)"
66.249.68.1 - - [27/Jan/2020:09:55:29 -0500] "GET / HTTP/1.1" 200 17710 "-" "Mozilla/5.0 (compatible; Googlebot/2.1; +http://www.google.com/bot.html)"
66.249.68.28 - - [27/Jan/2020:09:55:33 -0500] "POST /?wc-ajax=get_refreshed_fragments HTTP/1.1" 200 480 "https://www.beksolar.com/" "Mozilla/5.0 AppleWebKit/537.36 (KHTML, like Gecko; compatible; Googlebot/2.1; +http://www.google.com/bot.html) Chrome/79.0.3945.120 Safari/537.36"
198.54.125.95 - - [27/Jan/2020:10:12:16 -0500] "POST /wp-cron.php?doing_wp_cron=1580137936.7086479663848876953125 HTTP/1.1" 200 - "https://www.beksolar.com/wp-cron.php?doing_wp_cron=1580137936.7086479663848876953125" "WordPress/5.2.5; https://www.beksolar.com"
151.80.39.90 - - [27/Jan/2020:10:12:14 -0500] "GET /our-services/renewable-energy/ HTTP/1.1" 200 10351 "-" "Mozilla/5.0 (compatible; AhrefsBot/6.1; +http://ahrefs.com/robot/)"
198.54.125.95 - - [27/Jan/2020:10:28:50 -0500] "POST /wp-cron.php?doing_wp_cron=1580138930.9416239261627197265625 HTTP/1.1" 200 - "https://www.beksolar.com/wp-cron.php?doing_wp_cron=1580138930.9416239261627197265625" "WordPress/5.2.5; https://www.beksolar.com"
151.80.39.90 - - [27/Jan/2020:10:28:36 -0500] "GET /our-services/swimming-pool-construction/ HTTP/1.1" 200 10385 "-" "Mozilla/5.0 (compatible; AhrefsBot/6.1; +http://ahrefs.com/robot/)"
198.54.125.95 - - [27/Jan/2020:10:42:40 -0500] "POST /wp-cron.php?doing_wp_cron=1580139760.7832601070404052734375 HTTP/1.1" 200 - "https://www.beksolar.com/wp-cron.php?doing_wp_cron=1580139760.7832601070404052734375" "WordPress/5.2.5; https://www.beksolar.com"
128.199.194.131 - - [27/Jan/2020:10:42:39 -0500] "GET /index.php?xxxxxxxxxxxx_loads=true HTTP/1.1" 301 - "beksolar.com" "Mozilla/5.1 (Windows NT 6.0; WOW64) AppleWebKit/533.36 (KHTML, like Gecko) Chrome/46.0.2754.75 Safari/533.36"
128.199.194.131 - - [27/Jan/2020:10:42:41 -0500] "GET /?xxxxxxxxxxxx_loads=true HTTP/1.1" 200 92384 "beksolar.com" "Mozilla/5.1 (Windows NT 6.0; WOW64) AppleWebKit/533.36 (KHTML, like Gecko) Chrome/46.0.2754.75 Safari/533.36"
198.54.125.95 - - [27/Jan/2020:10:46:26 -0500] "POST /wp-cron.php?doing_wp_cron=1580139986.2011499404907226562500 HTTP/1.1" 200 - "https://www.beksolar.com/wp-cron.php?doing_wp_cron=1580139986.2011499404907226562500" "WordPress/5.2.5; https://www.beksolar.com"
5.196.87.106 - - [27/Jan/2020:10:46:23 -0500] "GET /our-services/vehicle-tracking-and-security/ HTTP/1.1" 200 10611 "-" "Mozilla/5.0 (compatible; AhrefsBot/6.1; +http://ahrefs.com/robot/)"
198.54.125.95 - - [27/Jan/2020:10:57:52 -0500] "POST /wp-cron.php?doing_wp_cron=1580140672.0587589740753173828125 HTTP/1.1" 200 - "https://www.beksolar.com/wp-cron.php?doing_wp_cron=1580140672.0587589740753173828125" "WordPress/5.2.5; https://www.beksolar.com"
87.98.162.127 - - [27/Jan/2020:10:57:35 -0500] "POST /wp-engines.php HTTP/1.1" 404 34305 "-" "Mozilla/5.0 (Windows NT 6.1; WOW64) AppleWebKit/537.36 (KHTML, like Gecko) Chrome/41.0.2227.0 Safari/537.36"
198.54.125.95 - - [27/Jan/2020:11:04:22 -0500] "POST /wp-cron.php?doing_wp_cron=1580141062.5640890598297119140625 HTTP/1.1" 200 - "https://www.beksolar.com/wp-cron.php?doing_wp_cron=1580141062.5640890598297119140625" "WordPress/5.2.5; https://www.beksolar.com"
5.196.87.106 - - [27/Jan/2020:11:04:21 -0500] "GET /testimonials/ HTTP/1.1" 200 10727 "-" "Mozilla/5.0 (compatible; AhrefsBot/6.1; +http://ahrefs.com/robot/)"
198.54.125.95 - - [27/Jan/2020:11:11:07 -0500] "POST /wp-cron.php?doing_wp_cron=1580141467.9534120559692382812500 HTTP/1.1" 200 - "https://www.beksolar.com/wp-cron.php?doing_wp_cron=1580141467.9534120559692382812500" "WordPress/5.2.5; https://www.beksolar.com"
66.249.79.96 - - [27/Jan/2020:11:11:06 -0500] "GET / HTTP/1.1" 301 - "-" "Mozilla/5.0 (Linux; Android 6.0.1; Nexus 5X Build/MMB29P) AppleWebKit/537.36 (KHTML, like Gecko) Chrome/41.0.2272.96 Mobile Safari/537.36 (compatible; Googlebot/2.1; +http://www.google.com/bot.html)"
66.249.68.1 - - [27/Jan/2020:11:11:08 -0500] "GET / HTTP/1.1" 200 17708 "-" "Mozilla/5.0 (Linux; Android 6.0.1; Nexus 5X Build/MMB29P) AppleWebKit/537.36 (KHTML, like Gecko) Chrome/41.0.2272.96 Mobile Safari/537.36 (compatible; Googlebot/2.1; +http://www.google.com/bot.html)"
66.249.68.30 - - [27/Jan/2020:11:11:21 -0500] "GET /wp-content/plugins/revslider/public/assets/js/extensions/revolution.extension.navigation.min.js?version=5.4.6 HTTP/1.1" 200 7041 "https://www.beksolar.com/" "Mozilla/5.0 (Linux; Android 6.0.1; Nexus 5X Build/MMB29P) AppleWebKit/537.36 (KHTML, like Gecko) Chrome/79.0.3945.120 Mobile Safari/537.36 (compatible; Googlebot/2.1; +http://www.google.com/bot.html)"
66.249.68.28 - - [27/Jan/2020:11:11:22 -0500] "GET /wp-content/plugins/revslider/public/assets/js/extensions/revolution.extension.layeranimation.min.js?version=5.4.6 HTTP/1.1" 200 14382 "https://www.beksolar.com/" "Mozilla/5.0 (Linux; Android 6.0.1; Nexus 5X Build/MMB29P) AppleWebKit/537.36 (KHTML, like Gecko) Chrome/79.0.3945.120 Mobile Safari/537.36 (compatible; Googlebot/2.1; +http://www.google.com/bot.html)"
66.249.68.28 - - [27/Jan/2020:11:11:22 -0500] "GET /wp-content/plugins/revslider/public/assets/js/extensions/revolution.extension.actions.min.js?version=5.4.6 HTTP/1.1" 200 2560 "https://www.beksolar.com/" "Mozilla/5.0 (Linux; Android 6.0.1; Nexus 5X Build/MMB29P) AppleWebKit/537.36 (KHTML, like Gecko) Chrome/79.0.3945.120 Mobile Safari/537.36 (compatible; Googlebot/2.1; +http://www.google.com/bot.html)"
66.249.68.30 - - [27/Jan/2020:11:11:23 -0500] "GET /wp-content/plugins/revslider/public/assets/js/extensions/revolution.extension.slideanims.min.js?version=5.4.6 HTTP/1.1" 200 7022 "https://www.beksolar.com/" "Mozilla/5.0 (Linux; Android 6.0.1; Nexus 5X Build/MMB29P) AppleWebKit/537.36 (KHTML, like Gecko) Chrome/79.0.3945.120 Mobile Safari/537.36 (compatible; Googlebot/2.1; +http://www.google.com/bot.html)"
66.249.68.28 - - [27/Jan/2020:11:11:24 -0500] "POST /?wc-ajax=get_refreshed_fragments HTTP/1.1" 200 480 "https://www.beksolar.com/" "Mozilla/5.0 (Linux; Android 6.0.1; Nexus 5X Build/MMB29P) AppleWebKit/537.36 (KHTML, like Gecko) Chrome/79.0.3945.120 Mobile Safari/537.36 (compatible; Googlebot/2.1; +http://www.google.com/bot.html)"
66.249.68.30 - - [27/Jan/2020:11:11:24 -0500] "HEAD /wp-content/uploads/2019/03/paint-2-600x400-600x300@2x.jpg HTTP/1.1" 404 - "https://www.beksolar.com/" "Mozilla/5.0 (Linux; Android 6.0.1; Nexus 5X Build/MMB29P) AppleWebKit/537.36 (KHTML, like Gecko) Chrome/79.0.3945.120 Mobile Safari/537.36 (compatible; Googlebot/2.1; +http://www.google.com/bot.html)"
66.249.68.30 - - [27/Jan/2020:11:11:25 -0500] "HEAD /wp-content/uploads/2019/04/Swimming-Pool-600x300@2x.jpeg HTTP/1.1" 404 - "https://www.beksolar.com/" "Mozilla/5.0 (Linux; Android 6.0.1; Nexus 5X Build/MMB29P) AppleWebKit/537.36 (KHTML, like Gecko) Chrome/79.0.3945.120 Mobile Safari/537.36 (compatible; Googlebot/2.1; +http://www.google.com/bot.html)"
66.249.68.28 - - [27/Jan/2020:11:11:25 -0500] "HEAD /wp-content/uploads/2019/03/DESKTOP-008-600x300@2x.jpg HTTP/1.1" 404 - "https://www.beksolar.com/" "Mozilla/5.0 (Linux; Android 6.0.1; Nexus 5X Build/MMB29P) AppleWebKit/537.36 (KHTML, like Gecko) Chrome/79.0.3945.120 Mobile Safari/537.36 (compatible; Googlebot/2.1; +http://www.google.com/bot.html)"
198.54.125.95 - - [27/Jan/2020:11:11:26 -0500] "POST /wp-cron.php?doing_wp_cron=1580141486.2932751178741455078125 HTTP/1.1" 200 - "https://www.beksolar.com/wp-cron.php?doing_wp_cron=1580141486.2932751178741455078125" "WordPress/5.2.5; https://www.beksolar.com"
66.249.68.28 - - [27/Jan/2020:11:11:26 -0500] "HEAD /wp-content/uploads/2019/03/CARPORTS-010-600x300@2x.jpg HTTP/1.1" 404 - "https://www.beksolar.com/" "Mozilla/5.0 (Linux; Android 6.0.1; Nexus 5X Build/MMB29P) AppleWebKit/537.36 (KHTML, like Gecko) Chrome/79.0.3945.120 Mobile Safari/537.36 (compatible; Googlebot/2.1; +http://www.google.com/bot.html)"
66.249.68.28 - - [27/Jan/2020:11:11:26 -0500] "HEAD /wp-content/uploads/2019/03/BEKSOLAR-HOUSE-RENOVATION-005-600x300@2x.jpg HTTP/1.1" 404 - "https://www.beksolar.com/" "Mozilla/5.0 (Linux; Android 6.0.1; Nexus 5X Build/MMB29P) AppleWebKit/537.36 (KHTML, like Gecko) Chrome/79.0.3945.120 Mobile Safari/537.36 (compatible; Googlebot/2.1; +http://www.google.com/bot.html)"
66.249.68.28 - - [27/Jan/2020:11:11:27 -0500] "HEAD /wp-content/uploads/2019/03/Solar-Inverter-Feature-600x300@2x.jpg HTTP/1.1" 404 - "https://www.beksolar.com/" "Mozilla/5.0 (Linux; Android 6.0.1; Nexus 5X Build/MMB29P) AppleWebKit/537.36 (KHTML, like Gecko) Chrome/79.0.3945.120 Mobile Safari/537.36 (compatible; Googlebot/2.1; +http://www.google.com/bot.html)"
66.249.68.28 - - [27/Jan/2020:11:11:27 -0500] "HEAD /wp-content/uploads/2019/03/P09-05-13_11.05-600x300@2x.jpg HTTP/1.1" 404 - "https://www.beksolar.com/" "Mozilla/5.0 (Linux; Android 6.0.1; Nexus 5X Build/MMB29P) AppleWebKit/537.36 (KHTML, like Gecko) Chrome/79.0.3945.120 Mobile Safari/537.36 (compatible; Googlebot/2.1; +http://www.google.com/bot.html)"
66.249.68.28 - - [27/Jan/2020:11:11:28 -0500] "HEAD /wp-content/uploads/2019/03/Vehicle-Tracking-600x300@2x.png HTTP/1.1" 404 - "https://www.beksolar.com/" "Mozilla/5.0 (Linux; Android 6.0.1; Nexus 5X Build/MMB29P) AppleWebKit/537.36 (KHTML, like Gecko) Chrome/79.0.3945.120 Mobile Safari/537.36 (compatible; Googlebot/2.1; +http://www.google.com/bot.html)"
66.249.68.28 - - [27/Jan/2020:11:11:28 -0500] "HEAD /wp-content/uploads/2019/03/Consultancy-600x300@2x.jpg HTTP/1.1" 404 - "https://www.beksolar.com/" "Mozilla/5.0 (Linux; Android 6.0.1; Nexus 5X Build/MMB29P) AppleWebKit/537.36 (KHTML, like Gecko) Chrome/79.0.3945.120 Mobile Safari/537.36 (compatible; Googlebot/2.1; +http://www.google.com/bot.html)"
66.249.68.28 - - [27/Jan/2020:11:11:29 -0500] "HEAD /wp-content/uploads/2019/03/Beksolar-Logo-2@2x.png HTTP/1.1" 404 - "https://www.beksolar.com/" "Mozilla/5.0 (Linux; Android 6.0.1; Nexus 5X Build/MMB29P) AppleWebKit/537.36 (KHTML, like Gecko) Chrome/79.0.3945.120 Mobile Safari/537.36 (compatible; Googlebot/2.1; +http://www.google.com/bot.html)"
66.249.68.28 - - [27/Jan/2020:11:11:45 -0500] "GET /favicon.ico HTTP/1.1" 200 - "-" "Googlebot-Image/1.0"
198.54.125.95 - - [27/Jan/2020:11:22:18 -0500] "POST /wp-cron.php?doing_wp_cron=1580142138.8522839546203613281250 HTTP/1.1" 200 - "https://www.beksolar.com/wp-cron.php?doing_wp_cron=1580142138.8522839546203613281250" "WordPress/5.2.5; https://www.beksolar.com"
5.196.87.106 - - [27/Jan/2020:11:22:17 -0500] "GET /our-team/ HTTP/1.1" 200 12054 "-" "Mozilla/5.0 (compatible; AhrefsBot/6.1; +http://ahrefs.com/robot/)"
198.54.125.95 - - [27/Jan/2020:11:25:35 -0500] "POST /wp-cron.php?doing_wp_cron=1580142335.4964730739593505859375 HTTP/1.1" 200 - "https://www.beksolar.com/wp-cron.php?doing_wp_cron=1580142335.4964730739593505859375" "WordPress/5.2.5; https://www.beksolar.com"
157.55.39.171 - - [27/Jan/2020:11:25:34 -0500] "GET /robots.txt HTTP/1.1" 200 69 "-" "Mozilla/5.0 (compatible; bingbot/2.0; +http://www.bing.com/bingbot.htm)"
157.55.39.171 - - [27/Jan/2020:11:25:35 -0500] "GET /robots.txt HTTP/1.1" 200 69 "-" "Mozilla/5.0 (compatible; bingbot/2.0; +http://www.bing.com/bingbot.htm)"
157.55.39.194 - - [27/Jan/2020:11:26:06 -0500] "GET /wp-content/uploads/2019/03/CARPORTS-010-1024x683.jpg HTTP/1.1" 200 195019 "-" "Mozilla/5.0 (compatible; bingbot/2.0; +http://www.bing.com/bingbot.htm)"
198.54.125.95 - - [27/Jan/2020:11:31:05 -0500] "POST /wp-cron.php?doing_wp_cron=1580142665.1018409729003906250000 HTTP/1.1" 200 - "https://www.beksolar.com/wp-cron.php?doing_wp_cron=1580142665.1018409729003906250000" "WordPress/5.2.5; https://www.beksolar.com"
77.75.77.119 - - [27/Jan/2020:11:31:03 -0500] "GET /robots.txt HTTP/1.1" 200 69 "-" "Mozilla/5.0 (compatible; SeznamBot/3.2; +http://napoveda.seznam.cz/en/seznambot-intro/)"
77.75.77.119 - - [27/Jan/2020:11:31:10 -0500] "GET /product/tape-measure/ HTTP/1.1" 200 14077 "-" "Mozilla/5.0 (compatible; SeznamBot/3.2; +http://napoveda.seznam.cz/en/seznambot-intro/)"
198.54.125.95 - - [27/Jan/2020:11:50:03 -0500] "POST /wp-cron.php?doing_wp_cron=1580143803.6823101043701171875000 HTTP/1.1" 200 - "https://www.beksolar.com/wp-cron.php?doing_wp_cron=1580143803.6823101043701171875000" "WordPress/5.2.5; https://www.beksolar.com"
5.196.87.106 - - [27/Jan/2020:11:50:02 -0500] "GET /project-full-width/ HTTP/1.1" 200 9857 "-" "Mozilla/5.0 (compatible; AhrefsBot/6.1; +http://ahrefs.com/robot/)"
66.249.68.1 - - [27/Jan/2020:11:50:33 -0500] "GET /favicon.ico HTTP/1.1" 200 - "-" "Googlebot-Image/1.0"
198.54.125.95 - - [27/Jan/2020:13:13:03 -0500] "POST /wp-cron.php?doing_wp_cron=1580148783.6908659934997558593750 HTTP/1.1" 200 - "https://www.beksolar.com/wp-cron.php?doing_wp_cron=1580148783.6908659934997558593750" "WordPress/5.2.5; https://www.beksolar.com"
77.75.77.72 - - [27/Jan/2020:13:13:01 -0500] "GET /robots.txt HTTP/1.1" 200 69 "-" "Mozilla/5.0 (compatible; SeznamBot/3.2; +http://napoveda.seznam.cz/en/seznambot-intro/)"
77.75.77.72 - - [27/Jan/2020:13:13:10 -0500] "GET /shop/?add-to-cart=79 HTTP/1.1" 200 11387 "-" "Mozilla/5.0 (compatible; SeznamBot/3.2; +http://napoveda.seznam.cz/en/seznambot-intro/)"
77.75.77.72 - - [27/Jan/2020:13:13:13 -0500] "GET /product/hammer-drill/ HTTP/1.1" 200 13059 "-" "Mozilla/5.0 (compatible; SeznamBot/3.2; +http://napoveda.seznam.cz/en/seznambot-intro/)"
198.54.125.95 - - [27/Jan/2020:13:58:43 -0500] "POST /wp-cron.php?doing_wp_cron=1580151523.2347619533538818359375 HTTP/1.1" 200 - "https://www.beksolar.com/wp-cron.php?doing_wp_cron=1580151523.2347619533538818359375" "WordPress/5.2.5; https://www.beksolar.com"
216.244.66.248 - - [27/Jan/2020:13:58:42 -0500] "GET /robots.txt HTTP/1.1" 200 67 "-" "Mozilla/5.0 (compatible; DotBot/1.1; http://www.opensiteexplorer.org/dotbot, help@moz.com)"
198.54.125.95 - - [27/Jan/2020:14:02:20 -0500] "POST /wp-cron.php?doing_wp_cron=1580151740.6653130054473876953125 HTTP/1.1" 200 - "https://www.beksolar.com/wp-cron.php?doing_wp_cron=1580151740.6653130054473876953125" "WordPress/5.2.5; https://www.beksolar.com"
216.244.66.248 - - [27/Jan/2020:14:02:19 -0500] "GET / HTTP/1.1" 200 92377 "-" "Mozilla/5.0 (compatible; DotBot/1.1; http://www.opensiteexplorer.org/dotbot, help@moz.com)"
198.54.125.95 - - [27/Jan/2020:13:39:47 -0500] "POST /wp-cron.php?doing_wp_cron=1580150387.1955330371856689453125 HTTP/1.1" 200 - "https://www.beksolar.com/wp-cron.php?doing_wp_cron=1580150387.1955330371856689453125" "WordPress/5.2.5; https://www.beksolar.com"
157.55.39.194 - - [27/Jan/2020:13:39:46 -0500] "GET /our-services/swimming-pool-construction/ HTTP/1.1" 200 10384 "-" "Mozilla/5.0 (compatible; bingbot/2.0; +http://www.bing.com/bingbot.htm)"
54.37.150.251 - - [27/Jan/2020:14:16:55 -0500] "GET /wp-content/uploads/2013/06/Cordless-Hammer-Drill-300x300.png HTTP/1.1" 200 48375 "-" "-"
54.37.150.251 - - [27/Jan/2020:14:16:56 -0500] "GET /wp-content/uploads/2013/06/Cutting-Pliers-300x300.png HTTP/1.1" 200 26418 "-" "-"
54.37.150.251 - - [27/Jan/2020:14:17:17 -0500] "GET /wp-content/uploads/2013/06/Measuring-Squares-300x300.png HTTP/1.1" 200 23320 "-" "-"
54.37.150.251 - - [27/Jan/2020:14:17:39 -0500] "GET /wp-content/uploads/2013/06/Paint-Guns-300x300.png HTTP/1.1" 200 51480 "-" "-"
54.37.150.251 - - [27/Jan/2020:14:18:01 -0500] "GET /wp-content/uploads/2013/06/Cordless-Oscillating-300x300.png HTTP/1.1" 200 27877 "-" "-"
54.37.150.251 - - [27/Jan/2020:14:18:23 -0500] "GET /wp-content/uploads/2013/06/New-Paint-Gun-300x300.png HTTP/1.1" 200 33377 "-" "-"
54.37.150.251 - - [27/Jan/2020:14:18:23 -0500] "GET /wp-content/uploads/2013/06/Combination-Hammer-300x300.png HTTP/1.1" 200 33532 "-" "-"
54.37.150.251 - - [27/Jan/2020:14:18:46 -0500] "GET /wp-content/uploads/2013/06/Circular-Saw-300x300.png HTTP/1.1" 200 52896 "-" "-"
198.54.125.95 - - [27/Jan/2020:14:19:20 -0500] "POST /wp-cron.php?doing_wp_cron=1580152760.3437469005584716796875 HTTP/1.1" 200 - "https://www.beksolar.com/wp-cron.php?doing_wp_cron=1580152760.3437469005584716796875" "WordPress/5.2.5; https://www.beksolar.com"
54.36.148.87 - - [27/Jan/2020:14:19:19 -0500] "GET /our-services/renewable-energy/feed/ HTTP/1.1" 200 446 "-" "Mozilla/5.0 (compatible; AhrefsBot/6.1; +http://ahrefs.com/robot/)"
54.37.150.251 - - [27/Jan/2020:14:19:35 -0500] "GET /wp-content/uploads/2013/06/Claw-Hammer-300x300.png HTTP/1.1" 200 30968 "-" "-"
54.37.150.251 - - [27/Jan/2020:14:19:35 -0500] "GET /wp-content/uploads/2013/06/Pointed-Trowel-300x300.png HTTP/1.1" 200 31700 "-" "-"
54.37.150.251 - - [27/Jan/2020:14:19:35 -0500] "GET /wp-content/uploads/2013/06/Sander-300x300.png HTTP/1.1" 200 40041 "-" "-"
54.37.150.251 - - [27/Jan/2020:14:19:58 -0500] "GET /wp-content/uploads/2013/06/Affordable-Multi-Tool-300x300.png HTTP/1.1" 200 38822 "-" "-"
198.54.125.95 - - [27/Jan/2020:14:23:50 -0500] "POST /wp-cron.php?doing_wp_cron=1580153030.4197340011596679687500 HTTP/1.1" 200 - "https://www.beksolar.com/wp-cron.php?doing_wp_cron=1580153030.4197340011596679687500" "WordPress/5.2.5; https://www.beksolar.com"
77.75.76.163 - - [27/Jan/2020:14:23:49 -0500] "GET /robots.txt HTTP/1.1" 200 69 "-" "Mozilla/5.0 (compatible; SeznamBot/3.2; +http://napoveda.seznam.cz/en/seznambot-intro/)"
77.75.76.163 - - [27/Jan/2020:14:23:55 -0500] "GET /wp-content/uploads/revslider/Home1Extended/new_slider05.jpg HTTP/1.1" 200 120303 "-" "Mozilla/5.0 (compatible; SeznamBot/3.2; +http://napoveda.seznam.cz/en/seznambot-intro/)"
77.75.76.163 - - [27/Jan/2020:14:23:59 -0500] "GET /robots.txt HTTP/1.1" 200 69 "-" "Mozilla/5.0 (compatible; SeznamBot/3.2; +http://napoveda.seznam.cz/en/seznambot-intro/)"
77.75.76.163 - - [27/Jan/2020:14:24:01 -0500] "GET /product/sander/ HTTP/1.1" 200 13565 "-" "Mozilla/5.0 (compatible; SeznamBot/3.2; +http://napoveda.seznam.cz/en/seznambot-intro/)"
5.196.87.106 - - [27/Jan/2020:14:45:45 -0500] "GET /projects/ HTTP/1.1" 200 9646 "-" "Mozilla/5.0 (compatible; AhrefsBot/6.1; +http://ahrefs.com/robot/)"
198.54.125.95 - - [27/Jan/2020:14:45:54 -0500] "POST /wp-cron.php?doing_wp_cron=1580154354.7610731124877929687500 HTTP/1.1" 200 - "https://www.beksolar.com/wp-cron.php?doing_wp_cron=1580154354.7610731124877929687500" "WordPress/5.2.5; https://www.beksolar.com"
198.54.125.95 - - [27/Jan/2020:15:08:20 -0500] "POST /wp-cron.php?doing_wp_cron=1580155700.6411869525909423828125 HTTP/1.1" 200 - "https://www.beksolar.com/wp-cron.php?doing_wp_cron=1580155700.6411869525909423828125" "WordPress/5.2.5; https://www.beksolar.com"
77.75.78.171 - - [27/Jan/2020:15:08:19 -0500] "GET /robots.txt HTTP/1.1" 200 69 "-" "Mozilla/5.0 (compatible; SeznamBot/3.2; +http://napoveda.seznam.cz/en/seznambot-intro/)"
77.75.78.171 - - [27/Jan/2020:15:08:25 -0500] "GET /wp-content/uploads/2019/03/P09-05-13_16.071.jpg HTTP/1.1" 200 343224 "-" "Mozilla/5.0 (compatible; SeznamBot/3.2; +http://napoveda.seznam.cz/en/seznambot-intro/)"
198.54.125.95 - - [27/Jan/2020:15:04:02 -0500] "POST /wp-cron.php?doing_wp_cron=1580155442.8623449802398681640625 HTTP/1.1" 200 - "https://www.beksolar.com/wp-cron.php?doing_wp_cron=1580155442.8623449802398681640625" "WordPress/5.2.5; https://www.beksolar.com"
151.80.39.90 - - [27/Jan/2020:15:04:01 -0500] "GET /sample-page/ HTTP/1.1" 200 10048 "-" "Mozilla/5.0 (compatible; AhrefsBot/6.1; +http://ahrefs.com/robot/)"
198.54.125.95 - - [27/Jan/2020:14:27:09 -0500] "POST /wp-cron.php?doing_wp_cron=1580153229.5998539924621582031250 HTTP/1.1" 200 - "https://www.beksolar.com/wp-cron.php?doing_wp_cron=1580153229.5998539924621582031250" "WordPress/5.2.5; https://www.beksolar.com"
161.129.66.236 - - [27/Jan/2020:14:27:08 -0500] "GET /contact-us/ HTTP/1.0" 200 41644 "https://www.beksolar.com/contact-us/" "Mozilla/5.0 (Windows NT 10.0; Win64; x64) AppleWebKit/537.36 (KHTML, like Gecko) Chrome/67.0.3396.79 Safari/537.36"
161.129.66.236 - - [27/Jan/2020:14:27:10 -0500] "POST /wp-json/contact-form-7/v1/contact-forms/823/feedback HTTP/1.0" 200 158 "https://www.beksolar.com/contact-us/" "Mozilla/5.0 (Windows NT 10.0; Win64; x64) AppleWebKit/537.36 (KHTML, like Gecko) Chrome/67.0.3396.79 Safari/537.36"
198.54.125.95 - - [27/Jan/2020:14:28:58 -0500] "POST /wp-cron.php?doing_wp_cron=1580153338.1233389377593994140625 HTTP/1.1" 200 - "https://www.beksolar.com/wp-cron.php?doing_wp_cron=1580153338.1233389377593994140625" "WordPress/5.2.5; https://www.beksolar.com"
151.80.39.90 - - [27/Jan/2020:14:28:58 -0500] "GET /projects-3-column-no-space/ HTTP/1.1" 200 9656 "-" "Mozilla/5.0 (compatible; AhrefsBot/6.1; +http://ahrefs.com/robot/)"
198.54.125.95 - - [27/Jan/2020:15:23:01 -0500] "POST /wp-cron.php?doing_wp_cron=1580156581.4999809265136718750000 HTTP/1.1" 200 - "https://www.beksolar.com/wp-cron.php?doing_wp_cron=1580156581.4999809265136718750000" "WordPress/5.2.5; https://www.beksolar.com"
5.196.87.106 - - [27/Jan/2020:15:23:00 -0500] "GET /shop/ HTTP/1.1" 200 11309 "-" "Mozilla/5.0 (compatible; AhrefsBot/6.1; +http://ahrefs.com/robot/)"
198.54.125.95 - - [27/Jan/2020:15:29:57 -0500] "POST /wp-cron.php?doing_wp_cron=1580156997.1864221096038818359375 HTTP/1.1" 200 - "https://www.beksolar.com/wp-cron.php?doing_wp_cron=1580156997.1864221096038818359375" "WordPress/5.2.5; https://www.beksolar.com"
54.36.150.162 - - [27/Jan/2020:15:29:55 -0500] "GET /product-category/clothing/hoodies/ HTTP/1.1" 200 10427 "-" "Mozilla/5.0 (compatible; AhrefsBot/6.1; +http://ahrefs.com/robot/)"
198.54.125.95 - - [27/Jan/2020:15:42:27 -0500] "POST /wp-cron.php?doing_wp_cron=1580157747.5576570034027099609375 HTTP/1.1" 200 - "https://www.beksolar.com/wp-cron.php?doing_wp_cron=1580157747.5576570034027099609375" "WordPress/5.2.5; https://www.beksolar.com"
151.80.39.90 - - [27/Jan/2020:15:42:26 -0500] "GET /shortcodes/videos/ HTTP/1.1" 200 10089 "-" "Mozilla/5.0 (compatible; AhrefsBot/6.1; +http://ahrefs.com/robot/)"
198.54.125.95 - - [27/Jan/2020:15:51:13 -0500] "POST /wp-cron.php?doing_wp_cron=1580158273.5101299285888671875000 HTTP/1.1" 200 - "https://www.beksolar.com/wp-cron.php?doing_wp_cron=1580158273.5101299285888671875000" "WordPress/5.2.5; https://www.beksolar.com"
5.196.87.106 - - [27/Jan/2020:15:51:12 -0500] "GET /projects/ HTTP/1.1" 200 9647 "-" "Mozilla/5.0 (compatible; AhrefsBot/6.1; +http://ahrefs.com/robot/)"
198.54.125.95 - - [27/Jan/2020:16:01:25 -0500] "POST /wp-cron.php?doing_wp_cron=1580158885.6364328861236572265625 HTTP/1.1" 200 - "https://www.beksolar.com/wp-cron.php?doing_wp_cron=1580158885.6364328861236572265625" "WordPress/5.2.5; https://www.beksolar.com"
77.75.77.54 - - [27/Jan/2020:16:01:24 -0500] "GET /robots.txt HTTP/1.1" 200 69 "-" "Mozilla/5.0 (compatible; SeznamBot/3.2; +http://napoveda.seznam.cz/en/seznambot-intro/)"
77.75.77.54 - - [27/Jan/2020:16:01:30 -0500] "GET /wp-content/uploads/2019/03/DESKTOP-008.jpg HTTP/1.1" 200 1144464 "-" "Mozilla/5.0 (compatible; SeznamBot/3.2; +http://napoveda.seznam.cz/en/seznambot-intro/)"
198.54.125.95 - - [27/Jan/2020:16:19:22 -0500] "POST /wp-cron.php?doing_wp_cron=1580159962.1866250038146972656250 HTTP/1.1" 200 - "https://www.beksolar.com/wp-cron.php?doing_wp_cron=1580159962.1866250038146972656250" "WordPress/5.2.5; https://www.beksolar.com"
151.80.39.90 - - [27/Jan/2020:16:19:20 -0500] "GET /shortcodes/ HTTP/1.1" 200 9505 "-" "Mozilla/5.0 (compatible; AhrefsBot/6.1; +http://ahrefs.com/robot/)"
198.54.125.95 - - [27/Jan/2020:16:20:23 -0500] "POST /wp-cron.php?doing_wp_cron=1580160023.4427030086517333984375 HTTP/1.1" 200 - "https://www.beksolar.com/wp-cron.php?doing_wp_cron=1580160023.4427030086517333984375" "WordPress/5.2.5; https://www.beksolar.com"
46.229.168.130 - - [27/Jan/2020:16:20:23 -0500] "GET /robots.txt HTTP/1.1" 200 69 "-" "Mozilla/5.0 (compatible; SemrushBot/6~bl; +http://www.semrush.com/bot.html)"
46.229.168.154 - - [27/Jan/2020:16:20:24 -0500] "GET /product-category/clothing/t-shirts/ HTTP/1.1" 200 10297 "-" "Mozilla/5.0 (compatible; SemrushBot/6~bl; +http://www.semrush.com/bot.html)"
198.54.125.95 - - [27/Jan/2020:16:42:16 -0500] "POST /wp-cron.php?doing_wp_cron=1580161336.5603659152984619140625 HTTP/1.1" 200 - "https://www.beksolar.com/wp-cron.php?doing_wp_cron=1580161336.5603659152984619140625" "WordPress/5.2.5; https://www.beksolar.com"
5.196.87.106 - - [27/Jan/2020:16:42:15 -0500] "GET /shortcodes/chart/ HTTP/1.1" 200 10470 "-" "Mozilla/5.0 (compatible; AhrefsBot/6.1; +http://ahrefs.com/robot/)"
198.54.125.95 - - [27/Jan/2020:17:04:01 -0500] "POST /wp-cron.php?doing_wp_cron=1580162641.6501770019531250000000 HTTP/1.1" 200 - "https://www.beksolar.com/wp-cron.php?doing_wp_cron=1580162641.6501770019531250000000" "WordPress/5.2.5; https://www.beksolar.com"
5.196.87.106 - - [27/Jan/2020:17:04:00 -0500] "GET /shortcodes/gallery-masonry/ HTTP/1.1" 200 10095 "-" "Mozilla/5.0 (compatible; AhrefsBot/6.1; +http://ahrefs.com/robot/)"
198.54.125.95 - - [27/Jan/2020:17:06:32 -0500] "POST /wp-cron.php?doing_wp_cron=1580162792.1964170932769775390625 HTTP/1.1" 200 - "https://www.beksolar.com/wp-cron.php?doing_wp_cron=1580162792.1964170932769775390625" "WordPress/5.2.5; https://www.beksolar.com"
77.75.79.72 - - [27/Jan/2020:17:06:30 -0500] "GET /robots.txt HTTP/1.1" 200 69 "-" "Mozilla/5.0 (compatible; SeznamBot/3.2; +http://napoveda.seznam.cz/en/seznambot-intro/)"
77.75.79.72 - - [27/Jan/2020:17:06:37 -0500] "GET /wp-content/uploads/2019/03/f8a1921237cf128c42f1383003aed9fa.gif HTTP/1.1" 304 - "-" "Mozilla/5.0 (compatible; SeznamBot/3.2; +http://napoveda.seznam.cz/en/seznambot-intro/)"
198.54.125.95 - - [27/Jan/2020:17:54:09 -0500] "POST /wp-cron.php?doing_wp_cron=1580165649.8268599510192871093750 HTTP/1.1" 200 - "https://www.beksolar.com/wp-cron.php?doing_wp_cron=1580165649.8268599510192871093750" "WordPress/5.2.5; https://www.beksolar.com"
77.75.76.172 - - [27/Jan/2020:17:54:08 -0500] "GET /robots.txt HTTP/1.1" 200 69 "-" "Mozilla/5.0 (compatible; SeznamBot/3.2; +http://napoveda.seznam.cz/en/seznambot-intro/)"
77.75.76.172 - - [27/Jan/2020:17:54:15 -0500] "GET /wp-content/uploads/2019/03/Solar-Inverter-Feature.jpg HTTP/1.1" 304 - "-" "Mozilla/5.0 (compatible; SeznamBot/3.2; +http://napoveda.seznam.cz/en/seznambot-intro/)"
198.54.125.95 - - [27/Jan/2020:17:54:36 -0500] "POST /wp-cron.php?doing_wp_cron=1580165676.6965858936309814453125 HTTP/1.1" 200 - "https://www.beksolar.com/wp-cron.php?doing_wp_cron=1580165676.6965858936309814453125" "WordPress/5.2.5; https://www.beksolar.com"
5.196.87.106 - - [27/Jan/2020:17:54:36 -0500] "GET /shortcodes/notification/ HTTP/1.1" 200 10289 "-" "Mozilla/5.0 (compatible; AhrefsBot/6.1; +http://ahrefs.com/robot/)"
46.229.168.136 - - [27/Jan/2020:17:55:17 -0500] "GET /robots.txt HTTP/1.1" 200 69 "-" "Mozilla/5.0 (compatible; SemrushBot/6~bl; +http://www.semrush.com/bot.html)"
46.229.168.150 - - [27/Jan/2020:17:55:17 -0500] "GET /product/cordless-oscillating/ HTTP/1.1" 200 13756 "-" "Mozilla/5.0 (compatible; SemrushBot/6~bl; +http://www.semrush.com/bot.html)"
198.54.125.95 - - [27/Jan/2020:18:34:32 -0500] "POST /wp-cron.php?doing_wp_cron=1580168072.4048750400543212890625 HTTP/1.1" 200 - "https://www.beksolar.com/wp-cron.php?doing_wp_cron=1580168072.4048750400543212890625" "WordPress/5.2.5; https://www.beksolar.com"
216.244.66.248 - - [27/Jan/2020:18:34:31 -0500] "GET /our-services/vehicle-tracking-and-security/feed/ HTTP/1.1" 200 788 "-" "Mozilla/5.0 (compatible; DotBot/1.1; http://www.opensiteexplorer.org/dotbot, help@moz.com)"
198.54.125.95 - - [27/Jan/2020:18:45:05 -0500] "POST /wp-cron.php?doing_wp_cron=1580168705.0336320400238037109375 HTTP/1.1" 200 - "https://www.beksolar.com/wp-cron.php?doing_wp_cron=1580168705.0336320400238037109375" "WordPress/5.2.5; https://www.beksolar.com"
5.196.87.106 - - [27/Jan/2020:18:44:51 -0500] "GET /shortcodes/gallery-masonry/ HTTP/1.1" 200 10095 "-" "Mozilla/5.0 (compatible; AhrefsBot/6.1; +http://ahrefs.com/robot/)"
198.54.125.95 - - [27/Jan/2020:19:12:25 -0500] "POST /wp-cron.php?doing_wp_cron=1580170345.0180039405822753906250 HTTP/1.1" 200 - "https://www.beksolar.com/wp-cron.php?doing_wp_cron=1580170345.0180039405822753906250" "WordPress/5.2.5; https://www.beksolar.com"
181.209.78.106 - - [27/Jan/2020:19:12:23 -0500] "GET /wp-content/plugins/iwp-client/clipboard.min.js HTTP/1.1" 404 34251 "-" "Mozilla/4.0 (compatible; MSIE 6.0; Windows NT 5.1; SV1)"
198.54.125.95 - - [27/Jan/2020:19:12:31 -0500] "POST /wp-cron.php?doing_wp_cron=1580170351.5241620540618896484375 HTTP/1.1" 200 - "https://www.beksolar.com/wp-cron.php?doing_wp_cron=1580170351.5241620540618896484375" "WordPress/5.2.5; https://www.beksolar.com"
216.244.66.248 - - [27/Jan/2020:19:12:31 -0500] "GET /projects/feed/ HTTP/1.1" 200 730 "-" "Mozilla/5.0 (compatible; DotBot/1.1; http://www.opensiteexplorer.org/dotbot, help@moz.com)"
198.54.125.95 - - [27/Jan/2020:19:38:42 -0500] "POST /wp-cron.php?doing_wp_cron=1580171922.6513888835906982421875 HTTP/1.1" 200 - "https://www.beksolar.com/wp-cron.php?doing_wp_cron=1580171922.6513888835906982421875" "WordPress/5.2.5; https://www.beksolar.com"
5.196.87.106 - - [27/Jan/2020:19:38:41 -0500] "GET /shortcodes/notification/ HTTP/1.1" 200 10291 "-" "Mozilla/5.0 (compatible; AhrefsBot/6.1; +http://ahrefs.com/robot/)"
198.54.125.95 - - [27/Jan/2020:19:45:45 -0500] "POST /wp-cron.php?doing_wp_cron=1580172345.1807060241699218750000 HTTP/1.1" 200 - "https://www.beksolar.com/wp-cron.php?doing_wp_cron=1580172345.1807060241699218750000" "WordPress/5.2.5; https://www.beksolar.com"
77.75.77.95 - - [27/Jan/2020:19:45:33 -0500] "GET /robots.txt HTTP/1.1" 200 69 "-" "Mozilla/5.0 (compatible; SeznamBot/3.2; +http://napoveda.seznam.cz/en/seznambot-intro/)"
77.75.77.95 - - [27/Jan/2020:19:45:56 -0500] "GET /wp-content/uploads/2019/03/f8a1921237cf128c42f1383003aed9fa.gif HTTP/1.1" 304 - "-" "Mozilla/5.0 (compatible; SeznamBot/3.2; +http://napoveda.seznam.cz/en/seznambot-intro/)"
198.54.125.95 - - [27/Jan/2020:19:49:25 -0500] "POST /wp-cron.php?doing_wp_cron=1580172565.1886520385742187500000 HTTP/1.1" 200 - "https://www.beksolar.com/wp-cron.php?doing_wp_cron=1580172565.1886520385742187500000" "WordPress/5.2.5; https://www.beksolar.com"
216.244.66.248 - - [27/Jan/2020:19:49:24 -0500] "GET /testimonials/ HTTP/1.1" 200 44436 "-" "Mozilla/5.0 (compatible; DotBot/1.1; http://www.opensiteexplorer.org/dotbot, help@moz.com)"
198.54.125.95 - - [27/Jan/2020:20:00:03 -0500] "POST /wp-cron.php?doing_wp_cron=1580173203.3184370994567871093750 HTTP/1.1" 200 - "https://www.beksolar.com/wp-cron.php?doing_wp_cron=1580173203.3184370994567871093750" "WordPress/5.2.5; https://www.beksolar.com"
40.77.167.201 - - [27/Jan/2020:20:00:02 -0500] "GET /checkout/ HTTP/1.1" 200 23851 "-" "Mozilla/5.0 (compatible; bingbot/2.0; +http://www.bing.com/bingbot.htm)"
198.54.125.95 - - [27/Jan/2020:20:28:36 -0500] "POST /wp-cron.php?doing_wp_cron=1580174916.1167659759521484375000 HTTP/1.1" 200 - "https://www.beksolar.com/wp-cron.php?doing_wp_cron=1580174916.1167659759521484375000" "WordPress/5.2.5; https://www.beksolar.com"
151.80.39.90 - - [27/Jan/2020:20:28:34 -0500] "GET /shortcodes/progress-bar/ HTTP/1.1" 200 9960 "-" "Mozilla/5.0 (compatible; AhrefsBot/6.1; +http://ahrefs.com/robot/)"
198.54.125.95 - - [27/Jan/2020:20:49:06 -0500] "POST /wp-cron.php?doing_wp_cron=1580176146.7809400558471679687500 HTTP/1.1" 200 - "https://www.beksolar.com/wp-cron.php?doing_wp_cron=1580176146.7809400558471679687500" "WordPress/5.2.5; https://www.beksolar.com"
87.98.162.127 - - [27/Jan/2020:20:49:05 -0500] "GET /wp-content/themes/wp-sign.php HTTP/1.1" 301 - "-" "Mozilla/5.0 (Windows NT 6.1; WOW64) AppleWebKit/537.36 (KHTML, like Gecko) Chrome/41.0.2227.0 Safari/537.36"
87.98.162.127 - - [27/Jan/2020:20:49:07 -0500] "GET /wp-content/themes/wp-sign.php HTTP/1.1" 404 34251 "-" "Mozilla/5.0 (Windows NT 6.1; WOW64) AppleWebKit/537.36 (KHTML, like Gecko) Chrome/41.0.2227.0 Safari/537.36"
198.54.125.95 - - [27/Jan/2020:21:38:18 -0500] "POST /wp-cron.php?doing_wp_cron=1580179098.1100230216979980468750 HTTP/1.1" 200 - "https://www.beksolar.com/wp-cron.php?doing_wp_cron=1580179098.1100230216979980468750" "WordPress/5.2.5; https://www.beksolar.com"
77.75.79.54 - - [27/Jan/2020:21:38:16 -0500] "GET /robots.txt HTTP/1.1" 200 69 "-" "Mozilla/5.0 (compatible; SeznamBot/3.2; +http://napoveda.seznam.cz/en/seznambot-intro/)"
77.75.79.54 - - [27/Jan/2020:21:38:22 -0500] "GET /wp-content/uploads/2019/03/Vehicle-Tracking.png HTTP/1.1" 304 - "-" "Mozilla/5.0 (compatible; SeznamBot/3.2; +http://napoveda.seznam.cz/en/seznambot-intro/)"
151.80.39.90 - - [27/Jan/2020:21:58:10 -0500] "GET /shortcodes/tabs/ HTTP/1.1" 200 11491 "-" "Mozilla/5.0 (compatible; AhrefsBot/6.1; +http://ahrefs.com/robot/)"
198.54.125.95 - - [27/Jan/2020:21:58:19 -0500] "POST /wp-cron.php?doing_wp_cron=1580180298.8663589954376220703125 HTTP/1.1" 200 - "https://www.beksolar.com/wp-cron.php?doing_wp_cron=1580180298.8663589954376220703125" "WordPress/5.2.5; https://www.beksolar.com"
198.54.125.95 - - [27/Jan/2020:22:04:04 -0500] "POST /wp-cron.php?doing_wp_cron=1580180644.7113740444183349609375 HTTP/1.1" 200 - "https://www.beksolar.com/wp-cron.php?doing_wp_cron=1580180644.7113740444183349609375" "WordPress/5.2.5; https://www.beksolar.com"
193.106.30.99 - - [27/Jan/2020:22:03:52 -0500] "HEAD / HTTP/1.1" 200 - "-" "Mozilla/5.0 (Windows NT 6.1; WOW64; rv:64.0) Gecko/20100101 Firefox/64.0"
193.106.30.99 - - [27/Jan/2020:22:04:04 -0500] "HEAD / HTTP/1.1" 200 - "-" "Mozilla/5.0 (Windows NT 6.1; WOW64; rv:64.0) Gecko/20100101 Firefox/64.0"
198.54.125.95 - - [27/Jan/2020:22:27:34 -0500] "POST /wp-cron.php?doing_wp_cron=1580182054.2507290840148925781250 HTTP/1.1" 200 - "https://www.beksolar.com/wp-cron.php?doing_wp_cron=1580182054.2507290840148925781250" "WordPress/5.2.5; https://www.beksolar.com"
207.46.13.90 - - [27/Jan/2020:22:27:19 -0500] "GET /shortcodes/ HTTP/1.1" 200 9505 "-" "Mozilla/5.0 (compatible; bingbot/2.0; +http://www.bing.com/bingbot.htm)"
198.54.125.95 - - [27/Jan/2020:22:39:08 -0500] "POST /wp-cron.php?doing_wp_cron=1580182748.4109981060028076171875 HTTP/1.1" 200 - "https://www.beksolar.com/wp-cron.php?doing_wp_cron=1580182748.4109981060028076171875" "WordPress/5.2.5; https://www.beksolar.com"
40.77.167.201 - - [27/Jan/2020:22:39:07 -0500] "GET /checkout/ HTTP/1.1" 200 23851 "-" "Mozilla/5.0 (compatible; bingbot/2.0; +http://www.bing.com/bingbot.htm)"
40.77.190.10 - - [27/Jan/2020:22:39:10 -0500] "GET /wp-includes/js/wp-emoji-release.min.js?ver=5.2.5 HTTP/1.1" 200 13840 "-" "Mozilla/5.0 (Windows NT 6.1; WOW64) AppleWebKit/534+ (KHTML, like Gecko) BingPreview/1.0b"
40.77.188.49 - - [27/Jan/2020:22:39:10 -0500] "GET /wp-content/plugins/js_composer/assets/css/js_composer.min.css?ver=5.3 HTTP/1.1" 200 462103 "-" "Mozilla/5.0 (Windows NT 6.1; WOW64) AppleWebKit/534+ (KHTML, like Gecko) BingPreview/1.0b"
157.55.39.37 - - [27/Jan/2020:22:39:11 -0500] "GET /robots.txt HTTP/1.1" 200 69 "-" "Mozilla/5.0 (compatible; bingbot/2.0; +http://www.bing.com/bingbot.htm)"
40.77.190.10 - - [27/Jan/2020:22:39:11 -0500] "GET /wp-content/plugins/easymega/style.css?ver=5.2.5 HTTP/1.1" 200 32877 "-" "Mozilla/5.0 (Windows NT 6.1; WOW64) AppleWebKit/534+ (KHTML, like Gecko) BingPreview/1.0b"
40.77.191.34 - - [27/Jan/2020:22:39:12 -0500] "GET /wp-content/plugins/woocommerce/packages/woocommerce-blocks/build/style.css?ver=2.4.5 HTTP/1.1" 200 30440 "-" "Mozilla/5.0 (Windows NT 6.1; WOW64) AppleWebKit/534+ (KHTML, like Gecko) BingPreview/1.0b"
40.77.190.10 - - [27/Jan/2020:22:39:12 -0500] "GET /wp-content/plugins/contact-form-7/includes/css/styles.css?ver=5.1.6 HTTP/1.1" 200 1645 "-" "Mozilla/5.0 (Windows NT 6.1; WOW64) AppleWebKit/534+ (KHTML, like Gecko) BingPreview/1.0b"
40.77.188.49 - - [27/Jan/2020:22:39:12 -0500] "GET /wp-content/plugins/essential-grid/public/assets/css/settings.css?ver=2.1.6.1 HTTP/1.1" 200 44491 "-" "Mozilla/5.0 (Windows NT 6.1; WOW64) AppleWebKit/534+ (KHTML, like Gecko) BingPreview/1.0b"
40.77.188.18 - - [27/Jan/2020:22:39:13 -0500] "GET /wp-content/plugins/revslider/public/assets/css/settings.css?ver=5.4.6 HTTP/1.1" 200 30072 "-" "Mozilla/5.0 (Windows NT 6.1; WOW64) AppleWebKit/534+ (KHTML, like Gecko) BingPreview/1.0b"
207.46.13.90 - - [27/Jan/2020:22:39:13 -0500] "GET /robots.txt HTTP/1.1" 200 69 "-" "Mozilla/5.0 (compatible; bingbot/2.0; +http://www.bing.com/bingbot.htm)"
207.46.13.90 - - [27/Jan/2020:22:39:13 -0500] "GET /robots.txt HTTP/1.1" 200 69 "-" "Mozilla/5.0 (compatible; bingbot/2.0; +http://www.bing.com/bingbot.htm)"
40.77.188.34 - - [27/Jan/2020:22:39:13 -0500] "GET /wp-content/plugins/woocommerce/assets/css/select2.css?ver=3.8.1 HTTP/1.1" 200 15314 "-" "Mozilla/5.0 (Windows NT 6.1; WOW64) AppleWebKit/534+ (KHTML, like Gecko) BingPreview/1.0b"
40.77.191.34 - - [27/Jan/2020:22:39:14 -0500] "GET /wp-content/plugins/woocommerce/assets/css/woocommerce-layout.css?ver=3.8.1 HTTP/1.1" 200 16542 "-" "Mozilla/5.0 (Windows NT 6.1; WOW64) AppleWebKit/534+ (KHTML, like Gecko) BingPreview/1.0b"
207.46.13.90 - - [27/Jan/2020:22:39:14 -0500] "GET /robots.txt HTTP/1.1" 200 69 "-" "Mozilla/5.0 (compatible; bingbot/2.0; +http://www.bing.com/bingbot.htm)"
40.77.190.10 - - [27/Jan/2020:22:39:14 -0500] "GET /wp-content/plugins/woocommerce/assets/css/woocommerce.css?ver=3.8.1 HTTP/1.1" 200 62669 "-" "Mozilla/5.0 (Windows NT 6.1; WOW64) AppleWebKit/534+ (KHTML, like Gecko) BingPreview/1.0b"
40.77.189.113 - - [27/Jan/2020:22:39:14 -0500] "GET /wp-content/themes/construction/style.css?ver=5.2.5 HTTP/1.1" 200 103962 "-" "Mozilla/5.0 (Windows NT 6.1; WOW64) AppleWebKit/534+ (KHTML, like Gecko) BingPreview/1.0b"
40.77.191.34 - - [27/Jan/2020:22:39:15 -0500] "GET /wp-includes/js/jquery/jquery.js?ver=1.12.4-wp HTTP/1.1" 200 96873 "-" "Mozilla/5.0 (Windows NT 6.1; WOW64) AppleWebKit/534+ (KHTML, like Gecko) BingPreview/1.0b"
40.77.189.113 - - [27/Jan/2020:22:39:15 -0500] "GET /wp-includes/js/jquery/jquery-migrate.min.js?ver=1.4.1 HTTP/1.1" 200 10056 "-" "Mozilla/5.0 (Windows NT 6.1; WOW64) AppleWebKit/534+ (KHTML, like Gecko) BingPreview/1.0b"
40.77.188.34 - - [27/Jan/2020:22:39:16 -0500] "GET /wp-content/plugins/essential-grid/public/assets/js/lightbox.js?ver=2.1.6.1 HTTP/1.1" 200 29505 "-" "Mozilla/5.0 (Windows NT 6.1; WOW64) AppleWebKit/534+ (KHTML, like Gecko) BingPreview/1.0b"
40.77.188.49 - - [27/Jan/2020:22:39:16 -0500] "GET /wp-content/plugins/essential-grid/public/assets/js/jquery.themepunch.tools.min.js?ver=2.1.6.1 HTTP/1.1" 200 107147 "-" "Mozilla/5.0 (Windows NT 6.1; WOW64) AppleWebKit/534+ (KHTML, like Gecko) BingPreview/1.0b"
40.77.188.49 - - [27/Jan/2020:22:39:16 -0500] "GET /wp-content/plugins/revslider/public/assets/js/jquery.themepunch.revolution.min.js?ver=5.4.6 HTTP/1.1" 200 64861 "-" "Mozilla/5.0 (Windows NT 6.1; WOW64) AppleWebKit/534+ (KHTML, like Gecko) BingPreview/1.0b"
40.77.191.34 - - [27/Jan/2020:22:39:16 -0500] "GET /wp-content/plugins/woocommerce/assets/js/jquery-blockui/jquery.blockUI.min.js?ver=2.70 HTTP/1.1" 200 9566 "-" "Mozilla/5.0 (Windows NT 6.1; WOW64) AppleWebKit/534+ (KHTML, like Gecko) BingPreview/1.0b"
40.77.188.18 - - [27/Jan/2020:22:39:17 -0500] "GET /wp-content/plugins/woocommerce/assets/js/frontend/add-to-cart.min.js?ver=3.8.1 HTTP/1.1" 200 2750 "-" "Mozilla/5.0 (Windows NT 6.1; WOW64) AppleWebKit/534+ (KHTML, like Gecko) BingPreview/1.0b"
40.77.188.18 - - [27/Jan/2020:22:39:17 -0500] "GET /wp-content/plugins/js_composer/assets/js/vendors/woocommerce-add-to-cart.js?ver=5.3 HTTP/1.1" 200 895 "-" "Mozilla/5.0 (Windows NT 6.1; WOW64) AppleWebKit/534+ (KHTML, like Gecko) BingPreview/1.0b"
40.77.188.34 - - [27/Jan/2020:22:39:17 -0500] "GET /wp-content/themes/construction/assets/js/modernizr.min.js?ver=2.6.2 HTTP/1.1" 200 9828 "-" "Mozilla/5.0 (Windows NT 6.1; WOW64) AppleWebKit/534+ (KHTML, like Gecko) BingPreview/1.0b"
40.77.188.49 - - [27/Jan/2020:22:39:17 -0500] "GET /wp-content/themes/construction/assets/js/libs.js?ver=5.2.5 HTTP/1.1" 200 60897 "-" "Mozilla/5.0 (Windows NT 6.1; WOW64) AppleWebKit/534+ (KHTML, like Gecko) BingPreview/1.0b"
40.77.190.10 - - [27/Jan/2020:22:39:17 -0500] "GET /wp-content/uploads/so-css/so-css-construction.css?ver=1554399498 HTTP/1.1" 200 79 "-" "Mozilla/5.0 (Windows NT 6.1; WOW64) AppleWebKit/534+ (KHTML, like Gecko) BingPreview/1.0b"
40.77.190.10 - - [27/Jan/2020:22:39:18 -0500] "GET /wp-content/plugins/easymega/assets/js/megamenu-wp.js?ver=1.0.1 HTTP/1.1" 200 26169 "-" "Mozilla/5.0 (Windows NT 6.1; WOW64) AppleWebKit/534+ (KHTML, like Gecko) BingPreview/1.0b"
40.77.188.49 - - [27/Jan/2020:22:39:18 -0500] "GET /wp-content/plugins/contact-form-7/includes/js/scripts.js?ver=5.1.6 HTTP/1.1" 200 14440 "-" "Mozilla/5.0 (Windows NT 6.1; WOW64) AppleWebKit/534+ (KHTML, like Gecko) BingPreview/1.0b"
40.77.188.18 - - [27/Jan/2020:22:39:18 -0500] "GET /wp-content/plugins/woocommerce/assets/js/selectWoo/selectWoo.full.min.js?ver=1.0.6 HTTP/1.1" 200 77028 "-" "Mozilla/5.0 (Windows NT 6.1; WOW64) AppleWebKit/534+ (KHTML, like Gecko) BingPreview/1.0b"
40.77.188.34 - - [27/Jan/2020:22:39:18 -0500] "GET /wp-content/plugins/woocommerce/assets/js/js-cookie/js.cookie.min.js?ver=2.1.4 HTTP/1.1" 200 1846 "-" "Mozilla/5.0 (Windows NT 6.1; WOW64) AppleWebKit/534+ (KHTML, like Gecko) BingPreview/1.0b"
40.77.188.18 - - [27/Jan/2020:22:39:19 -0500] "GET /wp-content/plugins/woocommerce/assets/js/frontend/woocommerce.min.js?ver=3.8.1 HTTP/1.1" 200 1472 "-" "Mozilla/5.0 (Windows NT 6.1; WOW64) AppleWebKit/534+ (KHTML, like Gecko) BingPreview/1.0b"
40.77.188.34 - - [27/Jan/2020:22:39:19 -0500] "GET /wp-content/plugins/woocommerce/assets/js/frontend/country-select.min.js?ver=3.8.1 HTTP/1.1" 200 3356 "-" "Mozilla/5.0 (Windows NT 6.1; WOW64) AppleWebKit/534+ (KHTML, like Gecko) BingPreview/1.0b"
40.77.190.10 - - [27/Jan/2020:22:39:19 -0500] "GET /wp-content/plugins/woocommerce/assets/js/frontend/address-i18n.min.js?ver=3.8.1 HTTP/1.1" 200 2536 "-" "Mozilla/5.0 (Windows NT 6.1; WOW64) AppleWebKit/534+ (KHTML, like Gecko) BingPreview/1.0b"
