40.77.189.113 - - [27/Jan/2020:22:39:19 -0500] "GET /wp-content/plugins/woocommerce/assets/js/frontend/checkout.min.js?ver=3.8.1 HTTP/1.1" 200 13884 "-" "Mozilla/5.0 (Windows NT 6.1; WOW64) AppleWebKit/534+ (KHTML, like Gecko) BingPreview/1.0b"
40.77.188.18 - - [27/Jan/2020:22:39:19 -0500] "GET /wp-content/plugins/woocommerce/assets/js/frontend/cart-fragments.min.js?ver=3.8.1 HTTP/1.1" 200 2940 "-" "Mozilla/5.0 (Windows NT 6.1; WOW64) AppleWebKit/534+ (KHTML, like Gecko) BingPreview/1.0b"
207.46.13.90 - - [27/Jan/2020:22:39:19 -0500] "GET /robots.txt HTTP/1.1" 200 69 "-" "Mozilla/5.0 (compatible; bingbot/2.0; +http://www.bing.com/bingbot.htm)"
40.77.190.10 - - [27/Jan/2020:22:39:19 -0500] "GET /wp-content/themes/construction/assets/js/theme.js?ver=5.2.5 HTTP/1.1" 200 6765 "-" "Mozilla/5.0 (Windows NT 6.1; WOW64) AppleWebKit/534+ (KHTML, like Gecko) BingPreview/1.0b"
40.77.191.34 - - [27/Jan/2020:22:39:19 -0500] "GET /wp-includes/js/wp-embed.min.js?ver=5.2.5 HTTP/1.1" 200 1403 "-" "Mozilla/5.0 (Windows NT 6.1; WOW64) AppleWebKit/534+ (KHTML, like Gecko) BingPreview/1.0b"
207.46.13.90 - - [27/Jan/2020:22:39:19 -0500] "GET /robots.txt HTTP/1.1" 200 69 "-" "Mozilla/5.0 (compatible; bingbot/2.0; +http://www.bing.com/bingbot.htm)"
207.46.13.90 - - [27/Jan/2020:22:39:20 -0500] "GET /robots.txt HTTP/1.1" 200 69 "-" "Mozilla/5.0 (compatible; bingbot/2.0; +http://www.bing.com/bingbot.htm)"
40.77.189.113 - - [27/Jan/2020:22:39:20 -0500] "GET /?wc-ajax=get_refreshed_fragments HTTP/1.1" 200 480 "-" "Mozilla/5.0 (Windows NT 6.1; WOW64) AppleWebKit/534+ (KHTML, like Gecko) BingPreview/1.0b"
207.46.13.90 - - [27/Jan/2020:22:39:20 -0500] "GET /robots.txt HTTP/1.1" 200 69 "-" "Mozilla/5.0 (compatible; bingbot/2.0; +http://www.bing.com/bingbot.htm)"
40.77.188.18 - - [27/Jan/2020:22:39:20 -0500] "GET /wp-content/plugins/woocommerce/assets/css/woocommerce-smallscreen.css?ver=3.8.1 HTTP/1.1" 200 6758 "-" "Mozilla/5.0 (Windows NT 6.1; WOW64) AppleWebKit/534+ (KHTML, like Gecko) BingPreview/1.0b"
198.54.125.95 - - [27/Jan/2020:23:21:58 -0500] "POST /wp-cron.php?doing_wp_cron=1580185318.9295051097869873046875 HTTP/1.1" 200 - "https://www.beksolar.com/wp-cron.php?doing_wp_cron=1580185318.9295051097869873046875" "WordPress/5.2.5; https://www.beksolar.com"
137.226.113.28 - - [27/Jan/2020:23:21:57 -0500] "GET / HTTP/1.1" 200 17707 "-" "Mozilla/5.0 zgrab/0.x (compatible; Researchscan/t12ca; +http://researchscan.comsys.rwth-aachen.de)"
198.54.125.95 - - [27/Jan/2020:23:25:53 -0500] "POST /wp-cron.php?doing_wp_cron=1580185553.2585899829864501953125 HTTP/1.1" 200 - "https://www.beksolar.com/wp-cron.php?doing_wp_cron=1580185553.2585899829864501953125" "WordPress/5.2.5; https://www.beksolar.com"
216.244.66.248 - - [27/Jan/2020:23:25:52 -0500] "GET /our-services/swimming-pool-construction/feed/ HTTP/1.1" 200 779 "-" "Mozilla/5.0 (compatible; DotBot/1.1; http://www.opensiteexplorer.org/dotbot, help@moz.com)"
198.54.125.95 - - [27/Jan/2020:23:31:37 -0500] "POST /wp-cron.php?doing_wp_cron=1580185897.0149619579315185546875 HTTP/1.1" 200 - "https://www.beksolar.com/wp-cron.php?doing_wp_cron=1580185897.0149619579315185546875" "WordPress/5.2.5; https://www.beksolar.com"
77.75.79.101 - - [27/Jan/2020:23:31:35 -0500] "GET /robots.txt HTTP/1.1" 200 69 "-" "Mozilla/5.0 (compatible; SeznamBot/3.2; +http://napoveda.seznam.cz/en/seznambot-intro/)"
77.75.79.101 - - [27/Jan/2020:23:31:42 -0500] "GET /wp-content/uploads/2015/02/6.jpg HTTP/1.1" 304 - "-" "Mozilla/5.0 (compatible; SeznamBot/3.2; +http://napoveda.seznam.cz/en/seznambot-intro/)"
198.54.125.95 - - [27/Jan/2020:23:37:30 -0500] "POST /wp-cron.php?doing_wp_cron=1580186250.8721480369567871093750 HTTP/1.1" 200 - "https://www.beksolar.com/wp-cron.php?doing_wp_cron=1580186250.8721480369567871093750" "WordPress/5.2.5; https://www.beksolar.com"
5.196.87.106 - - [27/Jan/2020:23:37:29 -0500] "GET /shortcodes/toggles-accordions/ HTTP/1.1" 200 11776 "-" "Mozilla/5.0 (compatible; AhrefsBot/6.1; +http://ahrefs.com/robot/)"
198.54.125.95 - - [28/Jan/2020:00:02:51 -0500] "POST /wp-cron.php?doing_wp_cron=1580187771.1997280120849609375000 HTTP/1.1" 200 - "https://www.beksolar.com/wp-cron.php?doing_wp_cron=1580187771.1997280120849609375000" "WordPress/5.2.5; https://www.beksolar.com"
54.36.149.0 - - [28/Jan/2020:00:02:49 -0500] "GET /robots.txt HTTP/1.1" 200 69 "-" "Mozilla/5.0 (compatible; AhrefsBot/6.1; +http://ahrefs.com/robot/)"
54.36.148.171 - - [28/Jan/2020:00:02:52 -0500] "GET /our-services/borehole-drilling/ HTTP/1.1" 301 - "-" "Mozilla/5.0 (compatible; AhrefsBot/6.1; +http://ahrefs.com/robot/)"
198.54.125.95 - - [28/Jan/2020:00:05:21 -0500] "POST /wp-cron.php?doing_wp_cron=1580187921.3069620132446289062500 HTTP/1.1" 200 - "https://www.beksolar.com/wp-cron.php?doing_wp_cron=1580187921.3069620132446289062500" "WordPress/5.2.5; https://www.beksolar.com"
77.75.78.164 - - [28/Jan/2020:00:05:20 -0500] "GET /robots.txt HTTP/1.1" 200 69 "-" "Mozilla/5.0 (compatible; SeznamBot/3.2; +http://napoveda.seznam.cz/en/seznambot-intro/)"
198.54.125.95 - - [28/Jan/2020:00:05:26 -0500] "POST /wp-cron.php?doing_wp_cron=1580187926.2798280715942382812500 HTTP/1.1" 200 - "https://www.beksolar.com/wp-cron.php?doing_wp_cron=1580187926.2798280715942382812500" "WordPress/5.2.5; https://www.beksolar.com"
77.75.78.164 - - [28/Jan/2020:00:05:26 -0500] "GET /our-services/ HTTP/1.1" 200 11199 "-" "Mozilla/5.0 (compatible; SeznamBot/3.2; +http://napoveda.seznam.cz/en/seznambot-intro/)"
198.54.125.95 - - [28/Jan/2020:00:08:06 -0500] "POST /wp-cron.php?doing_wp_cron=1580188086.9073309898376464843750 HTTP/1.1" 200 - "https://www.beksolar.com/wp-cron.php?doing_wp_cron=1580188086.9073309898376464843750" "WordPress/5.2.5; https://www.beksolar.com"
216.244.66.248 - - [28/Jan/2020:00:08:05 -0500] "GET /shortcodes/notification/feed/ HTTP/1.1" 200 749 "-" "Mozilla/5.0 (compatible; DotBot/1.1; http://www.opensiteexplorer.org/dotbot, help@moz.com)"
198.54.125.95 - - [28/Jan/2020:00:41:01 -0500] "POST /wp-cron.php?doing_wp_cron=1580190061.7967989444732666015625 HTTP/1.1" 200 - "https://www.beksolar.com/wp-cron.php?doing_wp_cron=1580190061.7967989444732666015625" "WordPress/5.2.5; https://www.beksolar.com"
66.249.68.1 - - [28/Jan/2020:00:41:00 -0500] "GET /page-sitemap.xml HTTP/1.1" 200 1546 "-" "Mozilla/5.0 (compatible; Googlebot/2.1; +http://www.google.com/bot.html)"
198.54.125.95 - - [28/Jan/2020:01:23:59 -0500] "POST /wp-cron.php?doing_wp_cron=1580192639.4949440956115722656250 HTTP/1.1" 200 - "https://www.beksolar.com/wp-cron.php?doing_wp_cron=1580192639.4949440956115722656250" "WordPress/5.2.5; https://www.beksolar.com"
66.249.68.30 - - [28/Jan/2020:01:23:58 -0500] "GET /gallery-grid/ HTTP/1.1" 200 10043 "-" "Mozilla/5.0 (Linux; Android 6.0.1; Nexus 5X Build/MMB29P) AppleWebKit/537.36 (KHTML, like Gecko) Chrome/41.0.2272.96 Mobile Safari/537.36 (compatible; Googlebot/2.1; +http://www.google.com/bot.html)"
66.249.68.1 - - [28/Jan/2020:01:24:02 -0500] "GET /wp-content/plugins/js_composer/assets/lib/owl-carousel2-dist/assets/owl.min.css?ver=5.3 HTTP/1.1" 200 1154 "https://www.beksolar.com/gallery-grid/" "Mozilla/5.0 (Linux; Android 6.0.1; Nexus 5X Build/MMB29P) AppleWebKit/537.36 (KHTML, like Gecko) Chrome/79.0.3945.120 Mobile Safari/537.36 (compatible; Googlebot/2.1; +http://www.google.com/bot.html)"
66.249.68.1 - - [28/Jan/2020:01:24:03 -0500] "GET /wp-content/plugins/js_composer/assets/lib/prettyphoto/css/prettyPhoto.min.css?ver=5.3 HTTP/1.1" 200 2828 "https://www.beksolar.com/gallery-grid/" "Mozilla/5.0 (Linux; Android 6.0.1; Nexus 5X Build/MMB29P) AppleWebKit/537.36 (KHTML, like Gecko) Chrome/79.0.3945.120 Mobile Safari/537.36 (compatible; Googlebot/2.1; +http://www.google.com/bot.html)"
66.249.68.30 - - [28/Jan/2020:01:24:03 -0500] "GET /wp-content/plugins/js_composer/assets/lib/bower/animate-css/animate.min.css?ver=5.3 HTTP/1.1" 200 3674 "https://www.beksolar.com/gallery-grid/" "Mozilla/5.0 (Linux; Android 6.0.1; Nexus 5X Build/MMB29P) AppleWebKit/537.36 (KHTML, like Gecko) Chrome/79.0.3945.120 Mobile Safari/537.36 (compatible; Googlebot/2.1; +http://www.google.com/bot.html)"
66.249.68.30 - - [28/Jan/2020:01:24:04 -0500] "GET /wp-content/plugins/js_composer/assets/lib/prettyphoto/js/jquery.prettyPhoto.min.js?ver=5.3 HTTP/1.1" 200 6175 "https://www.beksolar.com/gallery-grid/" "Mozilla/5.0 (Linux; Android 6.0.1; Nexus 5X Build/MMB29P) AppleWebKit/537.36 (KHTML, like Gecko) Chrome/79.0.3945.120 Mobile Safari/537.36 (compatible; Googlebot/2.1; +http://www.google.com/bot.html)"
66.249.68.1 - - [28/Jan/2020:01:24:04 -0500] "GET /wp-content/plugins/js_composer/assets/lib/owl-carousel2-dist/owl.carousel.min.js?ver=5.3 HTTP/1.1" 200 10476 "https://www.beksolar.com/gallery-grid/" "Mozilla/5.0 (Linux; Android 6.0.1; Nexus 5X Build/MMB29P) AppleWebKit/537.36 (KHTML, like Gecko) Chrome/79.0.3945.120 Mobile Safari/537.36 (compatible; Googlebot/2.1; +http://www.google.com/bot.html)"
66.249.68.1 - - [28/Jan/2020:01:24:05 -0500] "GET /wp-content/plugins/js_composer/assets/lib/bower/imagesloaded/imagesloaded.pkgd.min.js?ver=5.2.5 HTTP/1.1" 200 2352 "https://www.beksolar.com/gallery-grid/" "Mozilla/5.0 (Linux; Android 6.0.1; Nexus 5X Build/MMB29P) AppleWebKit/537.36 (KHTML, like Gecko) Chrome/79.0.3945.120 Mobile Safari/537.36 (compatible; Googlebot/2.1; +http://www.google.com/bot.html)"
66.249.68.30 - - [28/Jan/2020:01:24:06 -0500] "GET /wp-includes/js/underscore.min.js?ver=1.8.3 HTTP/1.1" 200 5711 "https://www.beksolar.com/gallery-grid/" "Mozilla/5.0 (Linux; Android 6.0.1; Nexus 5X Build/MMB29P) AppleWebKit/537.36 (KHTML, like Gecko) Chrome/79.0.3945.120 Mobile Safari/537.36 (compatible; Googlebot/2.1; +http://www.google.com/bot.html)"
66.249.68.30 - - [28/Jan/2020:01:24:06 -0500] "GET /wp-content/plugins/js_composer/assets/lib/waypoints/waypoints.min.js?ver=5.3 HTTP/1.1" 200 2615 "https://www.beksolar.com/gallery-grid/" "Mozilla/5.0 (Linux; Android 6.0.1; Nexus 5X Build/MMB29P) AppleWebKit/537.36 (KHTML, like Gecko) Chrome/79.0.3945.120 Mobile Safari/537.36 (compatible; Googlebot/2.1; +http://www.google.com/bot.html)"
198.54.125.95 - - [28/Jan/2020:01:13:35 -0500] "POST /wp-cron.php?doing_wp_cron=1580192015.5633599758148193359375 HTTP/1.1" 200 - "https://www.beksolar.com/wp-cron.php?doing_wp_cron=1580192015.5633599758148193359375" "WordPress/5.2.5; https://www.beksolar.com"
37.120.203.71 - - [28/Jan/2020:01:13:34 -0500] "GET /contact-us/ HTTP/1.0" 200 41644 "https://www.beksolar.com/contact-us/" "Mozilla/5.0 (Windows NT 6.1; Win64; x64) AppleWebKit/537.36 (KHTML, like Gecko) Chrome/68.0.3440.84 Safari/537.36"
37.120.203.71 - - [28/Jan/2020:01:13:37 -0500] "POST /wp-json/contact-form-7/v1/contact-forms/823/feedback HTTP/1.0" 200 158 "https://www.beksolar.com/contact-us/" "Mozilla/5.0 (Windows NT 6.1; Win64; x64) AppleWebKit/537.36 (KHTML, like Gecko) Chrome/68.0.3440.84 Safari/537.36"
66.249.68.28 - - [28/Jan/2020:01:24:07 -0500] "GET /wp-content/plugins/js_composer/assets/js/dist/vc_grid.min.js?ver=5.3 HTTP/1.1" 200 4365 "https://www.beksolar.com/gallery-grid/" "Mozilla/5.0 (Linux; Android 6.0.1; Nexus 5X Build/MMB29P) AppleWebKit/537.36 (KHTML, like Gecko) Chrome/79.0.3945.120 Mobile Safari/537.36 (compatible; Googlebot/2.1; +http://www.google.com/bot.html)"
66.249.68.30 - - [28/Jan/2020:01:24:08 -0500] "POST /?wc-ajax=get_refreshed_fragments HTTP/1.1" 200 480 "https://www.beksolar.com/gallery-grid/" "Mozilla/5.0 (Linux; Android 6.0.1; Nexus 5X Build/MMB29P) AppleWebKit/537.36 (KHTML, like Gecko) Chrome/79.0.3945.120 Mobile Safari/537.36 (compatible; Googlebot/2.1; +http://www.google.com/bot.html)"
66.249.68.30 - - [28/Jan/2020:01:24:08 -0500] "POST /wp-admin/admin-ajax.php HTTP/1.1" 200 46 "https://www.beksolar.com/gallery-grid/" "Mozilla/5.0 (Linux; Android 6.0.1; Nexus 5X Build/MMB29P) AppleWebKit/537.36 (KHTML, like Gecko) Chrome/79.0.3945.120 Mobile Safari/537.36 (compatible; Googlebot/2.1; +http://www.google.com/bot.html)"
198.54.125.95 - - [28/Jan/2020:01:40:23 -0500] "POST /wp-cron.php?doing_wp_cron=1580193623.4965980052947998046875 HTTP/1.1" 200 - "https://www.beksolar.com/wp-cron.php?doing_wp_cron=1580193623.4965980052947998046875" "WordPress/5.2.5; https://www.beksolar.com"
77.75.77.109 - - [28/Jan/2020:01:40:22 -0500] "GET /robots.txt HTTP/1.1" 200 69 "-" "Mozilla/5.0 (compatible; SeznamBot/3.2; +http://napoveda.seznam.cz/en/seznambot-intro/)"
198.54.125.95 - - [28/Jan/2020:01:40:28 -0500] "POST /wp-cron.php?doing_wp_cron=1580193628.5489959716796875000000 HTTP/1.1" 200 - "https://www.beksolar.com/wp-cron.php?doing_wp_cron=1580193628.5489959716796875000000" "WordPress/5.2.5; https://www.beksolar.com"
77.75.77.109 - - [28/Jan/2020:01:40:28 -0500] "GET /product/claw-hammer/ HTTP/1.1" 200 13788 "-" "Mozilla/5.0 (compatible; SeznamBot/3.2; +http://napoveda.seznam.cz/en/seznambot-intro/)"
198.54.125.95 - - [28/Jan/2020:02:01:30 -0500] "POST /wp-cron.php?doing_wp_cron=1580194890.5447618961334228515625 HTTP/1.1" 200 - "https://www.beksolar.com/wp-cron.php?doing_wp_cron=1580194890.5447618961334228515625" "WordPress/5.2.5; https://www.beksolar.com"
151.80.39.90 - - [28/Jan/2020:02:01:29 -0500] "GET /test/ HTTP/1.1" 200 9988 "-" "Mozilla/5.0 (compatible; AhrefsBot/6.1; +http://ahrefs.com/robot/)"
198.54.125.95 - - [28/Jan/2020:02:19:20 -0500] "POST /wp-cron.php?doing_wp_cron=1580195960.6829988956451416015625 HTTP/1.1" 200 - "https://www.beksolar.com/wp-cron.php?doing_wp_cron=1580195960.6829988956451416015625" "WordPress/5.2.5; https://www.beksolar.com"
209.17.96.202 - - [28/Jan/2020:02:19:19 -0500] "GET / HTTP/1.1" 200 92377 "-" "Mozilla/5.0 (compatible; Nimbostratus-Bot/v1.3.2; http://cloudsystemnetworks.com)"
198.54.125.95 - - [28/Jan/2020:03:32:50 -0500] "POST /wp-cron.php?doing_wp_cron=1580200370.5238308906555175781250 HTTP/1.1" 200 - "https://www.beksolar.com/wp-cron.php?doing_wp_cron=1580200370.5238308906555175781250" "WordPress/5.2.5; https://www.beksolar.com"
66.249.68.1 - - [28/Jan/2020:03:32:48 -0500] "GET /robots.txt HTTP/1.1" 200 69 "-" "Mozilla/5.0 (compatible; Googlebot/2.1; +http://www.google.com/bot.html)"
66.249.68.30 - - [28/Jan/2020:03:32:48 -0500] "GET /.well-known/assetlinks.json HTTP/1.1" 404 34244 "-" "Mozilla/5.0 (compatible; Googlebot/2.1; +http://www.google.com/bot.html)"
198.54.125.95 - - [28/Jan/2020:03:32:50 -0500] "POST /wp-cron.php?doing_wp_cron=1580200370.5235331058502197265625 HTTP/1.1" 200 - "https://www.beksolar.com/wp-cron.php?doing_wp_cron=1580200370.5235331058502197265625" "WordPress/5.2.5; https://www.beksolar.com"
198.54.125.95 - - [28/Jan/2020:03:35:20 -0500] "POST /wp-cron.php?doing_wp_cron=1580200520.3534080982208251953125 HTTP/1.1" 200 - "https://www.beksolar.com/wp-cron.php?doing_wp_cron=1580200520.3534080982208251953125" "WordPress/5.2.5; https://www.beksolar.com"
216.244.66.248 - - [28/Jan/2020:03:35:15 -0500] "GET /shortcodes/progress-bar/ HTTP/1.1" 200 39532 "-" "Mozilla/5.0 (compatible; DotBot/1.1; http://www.opensiteexplorer.org/dotbot, help@moz.com)"
198.54.125.95 - - [28/Jan/2020:04:08:04 -0500] "POST /wp-cron.php?doing_wp_cron=1580202484.7870960235595703125000 HTTP/1.1" 200 - "https://www.beksolar.com/wp-cron.php?doing_wp_cron=1580202484.7870960235595703125000" "WordPress/5.2.5; https://www.beksolar.com"
62.210.83.78 - - [28/Jan/2020:04:07:45 -0500] "GET / HTTP/1.1" 301 - "-" "Mozilla/5.0 (Windows NT 10.0; Win64; x64) AppleWebKit/537.36 (KHTML, like Gecko) Chrome/74.0.3729.169 Safari/537.36"
62.210.83.78 - - [28/Jan/2020:04:08:06 -0500] "GET / HTTP/1.1" 200 17710 "-" "Mozilla/5.0 (Windows NT 10.0; Win64; x64) AppleWebKit/537.36 (KHTML, like Gecko) Chrome/74.0.3729.169 Safari/537.36"
198.54.125.95 - - [28/Jan/2020:04:59:35 -0500] "POST /wp-cron.php?doing_wp_cron=1580205574.9615008831024169921875 HTTP/1.1" 200 - "https://www.beksolar.com/wp-cron.php?doing_wp_cron=1580205574.9615008831024169921875" "WordPress/5.2.5; https://www.beksolar.com"
40.77.167.201 - - [28/Jan/2020:04:59:33 -0500] "GET /product/multi-tool/ HTTP/1.1" 200 14572 "-" "Mozilla/5.0 (compatible; bingbot/2.0; +http://www.bing.com/bingbot.htm)"
198.54.125.95 - - [28/Jan/2020:05:44:08 -0500] "POST /wp-cron.php?doing_wp_cron=1580208248.9393630027770996093750 HTTP/1.1" 200 - "https://www.beksolar.com/wp-cron.php?doing_wp_cron=1580208248.9393630027770996093750" "WordPress/5.2.5; https://www.beksolar.com"
216.244.66.248 - - [28/Jan/2020:05:43:52 -0500] "GET /shortcodes/toggles-accordions/ HTTP/1.1" 200 53439 "-" "Mozilla/5.0 (compatible; DotBot/1.1; http://www.opensiteexplorer.org/dotbot, help@moz.com)"
198.54.125.95 - - [28/Jan/2020:05:44:51 -0500] "POST /wp-cron.php?doing_wp_cron=1580208291.4743490219116210937500 HTTP/1.1" 200 - "https://www.beksolar.com/wp-cron.php?doing_wp_cron=1580208291.4743490219116210937500" "WordPress/5.2.5; https://www.beksolar.com"
77.75.78.171 - - [28/Jan/2020:05:44:51 -0500] "GET /robots.txt HTTP/1.1" 200 69 "-" "Mozilla/5.0 (compatible; SeznamBot/3.2; +http://napoveda.seznam.cz/en/seznambot-intro/)"
77.75.78.171 - - [28/Jan/2020:05:44:54 -0500] "GET /product/multi-tool/ HTTP/1.1" 200 14582 "-" "Mozilla/5.0 (compatible; SeznamBot/3.2; +http://napoveda.seznam.cz/en/seznambot-intro/)"
198.54.125.95 - - [28/Jan/2020:05:59:00 -0500] "POST /wp-cron.php?doing_wp_cron=1580209140.7366619110107421875000 HTTP/1.1" 200 - "https://www.beksolar.com/wp-cron.php?doing_wp_cron=1580209140.7366619110107421875000" "WordPress/5.2.5; https://www.beksolar.com"
185.112.82.235 - - [28/Jan/2020:05:58:59 -0500] "GET /contact-us/ HTTP/1.0" 200 41644 "https://www.beksolar.com/contact-us/" "Mozilla/5.0 (Windows NT 6.1; Win64; x64) AppleWebKit/537.36 (KHTML, like Gecko) Chrome/67.0.3396.79 Safari/537.36"
185.112.82.235 - - [28/Jan/2020:05:59:02 -0500] "POST /wp-json/contact-form-7/v1/contact-forms/823/feedback HTTP/1.0" 200 158 "https://www.beksolar.com/contact-us/" "Mozilla/5.0 (Windows NT 6.1; Win64; x64) AppleWebKit/537.36 (KHTML, like Gecko) Chrome/67.0.3396.79 Safari/537.36"
198.54.125.95 - - [28/Jan/2020:06:12:29 -0500] "POST /wp-cron.php?doing_wp_cron=1580209948.9996869564056396484375 HTTP/1.1" 200 - "https://www.beksolar.com/wp-cron.php?doing_wp_cron=1580209948.9996869564056396484375" "WordPress/5.2.5; https://www.beksolar.com"
137.226.113.26 - - [28/Jan/2020:06:12:26 -0500] "GET / HTTP/1.1" 200 17710 "-" "Mozilla/5.0 zgrab/0.x (compatible; Researchscan/t12sns; +http://researchscan.comsys.rwth-aachen.de)"
198.54.125.95 - - [28/Jan/2020:06:30:11 -0500] "POST /wp-cron.php?doing_wp_cron=1580211011.9476809501647949218750 HTTP/1.1" 200 - "https://www.beksolar.com/wp-cron.php?doing_wp_cron=1580211011.9476809501647949218750" "WordPress/5.2.5; https://www.beksolar.com"
46.229.168.149 - - [28/Jan/2020:06:30:10 -0500] "GET /robots.txt HTTP/1.1" 200 69 "-" "Mozilla/5.0 (compatible; SemrushBot/6~bl; +http://www.semrush.com/bot.html)"
46.229.168.141 - - [28/Jan/2020:06:30:12 -0500] "GET /news/ HTTP/1.1" 200 9502 "-" "Mozilla/5.0 (compatible; SemrushBot/6~bl; +http://www.semrush.com/bot.html)"
198.54.125.95 - - [28/Jan/2020:06:53:53 -0500] "POST /wp-cron.php?doing_wp_cron=1580212433.8675949573516845703125 HTTP/1.1" 200 - "https://www.beksolar.com/wp-cron.php?doing_wp_cron=1580212433.8675949573516845703125" "WordPress/5.2.5; https://www.beksolar.com"
77.75.76.161 - - [28/Jan/2020:06:53:52 -0500] "GET /robots.txt HTTP/1.1" 200 69 "-" "Mozilla/5.0 (compatible; SeznamBot/3.2; +http://napoveda.seznam.cz/en/seznambot-intro/)"
77.75.76.161 - - [28/Jan/2020:06:53:59 -0500] "GET /product/pointed-trowel/ HTTP/1.1" 200 13538 "-" "Mozilla/5.0 (compatible; SeznamBot/3.2; +http://napoveda.seznam.cz/en/seznambot-intro/)"
198.54.125.95 - - [28/Jan/2020:06:56:00 -0500] "POST /wp-cron.php?doing_wp_cron=1580212560.1752328872680664062500 HTTP/1.1" 200 - "https://www.beksolar.com/wp-cron.php?doing_wp_cron=1580212560.1752328872680664062500" "WordPress/5.2.5; https://www.beksolar.com"
197.211.61.97 - - [28/Jan/2020:06:56:00 -0500] "GET /our-team/ HTTP/1.1" 200 12061 "https://www.google.co.uk/" "Mozilla/5.0 (iPhone; CPU iPhone OS 13_3 like Mac OS X) AppleWebKit/605.1.15 (KHTML, like Gecko) Version/13.0.4 Mobile/15E148 Safari/604.1"
197.211.61.97 - - [28/Jan/2020:06:56:00 -0500] "GET /wp-content/plugins/contact-form-7/includes/css/styles.css?ver=5.1.6 HTTP/1.1" 200 649 "https://www.beksolar.com/our-team/" "Mozilla/5.0 (iPhone; CPU iPhone OS 13_3 like Mac OS X) AppleWebKit/605.1.15 (KHTML, like Gecko) Version/13.0.4 Mobile/15E148 Safari/604.1"
197.211.61.97 - - [28/Jan/2020:06:56:00 -0500] "GET /wp-content/plugins/woocommerce/packages/woocommerce-blocks/build/style.css?ver=2.4.5 HTTP/1.1" 200 4290 "https://www.beksolar.com/our-team/" "Mozilla/5.0 (iPhone; CPU iPhone OS 13_3 like Mac OS X) AppleWebKit/605.1.15 (KHTML, like Gecko) Version/13.0.4 Mobile/15E148 Safari/604.1"
197.211.61.97 - - [28/Jan/2020:06:56:00 -0500] "GET /wp-includes/js/jquery/jquery-migrate.min.js?ver=1.4.1 HTTP/1.1" 200 4014 "https://www.beksolar.com/our-team/" "Mozilla/5.0 (iPhone; CPU iPhone OS 13_3 like Mac OS X) AppleWebKit/605.1.15 (KHTML, like Gecko) Version/13.0.4 Mobile/15E148 Safari/604.1"
197.211.61.97 - - [28/Jan/2020:06:56:00 -0500] "GET /wp-content/plugins/essential-grid/public/assets/js/lightbox.js?ver=2.1.6.1 HTTP/1.1" 200 10921 "https://www.beksolar.com/our-team/" "Mozilla/5.0 (iPhone; CPU iPhone OS 13_3 like Mac OS X) AppleWebKit/605.1.15 (KHTML, like Gecko) Version/13.0.4 Mobile/15E148 Safari/604.1"
197.211.61.97 - - [28/Jan/2020:06:56:00 -0500] "GET /wp-content/plugins/woocommerce/assets/css/woocommerce-layout.css?ver=3.8.1 HTTP/1.1" 200 2157 "https://www.beksolar.com/our-team/" "Mozilla/5.0 (iPhone; CPU iPhone OS 13_3 like Mac OS X) AppleWebKit/605.1.15 (KHTML, like Gecko) Version/13.0.4 Mobile/15E148 Safari/604.1"
197.211.61.97 - - [28/Jan/2020:06:56:00 -0500] "GET /wp-content/plugins/woocommerce/assets/css/woocommerce.css?ver=3.8.1 HTTP/1.1" 200 8820 "https://www.beksolar.com/our-team/" "Mozilla/5.0 (iPhone; CPU iPhone OS 13_3 like Mac OS X) AppleWebKit/605.1.15 (KHTML, like Gecko) Version/13.0.4 Mobile/15E148 Safari/604.1"
197.211.61.97 - - [28/Jan/2020:06:56:00 -0500] "GET /wp-content/plugins/woocommerce/assets/css/woocommerce-smallscreen.css?ver=3.8.1 HTTP/1.1" 200 1055 "https://www.beksolar.com/our-team/" "Mozilla/5.0 (iPhone; CPU iPhone OS 13_3 like Mac OS X) AppleWebKit/605.1.15 (KHTML, like Gecko) Version/13.0.4 Mobile/15E148 Safari/604.1"
197.211.61.97 - - [28/Jan/2020:06:56:00 -0500] "GET /wp-content/themes/construction/style.css?ver=5.2.5 HTTP/1.1" 200 17541 "https://www.beksolar.com/our-team/" "Mozilla/5.0 (iPhone; CPU iPhone OS 13_3 like Mac OS X) AppleWebKit/605.1.15 (KHTML, like Gecko) Version/13.0.4 Mobile/15E148 Safari/604.1"
197.211.61.97 - - [28/Jan/2020:06:56:00 -0500] "GET /wp-content/plugins/js_composer/assets/js/vendors/woocommerce-add-to-cart.js?ver=5.3 HTTP/1.1" 200 351 "https://www.beksolar.com/our-team/" "Mozilla/5.0 (iPhone; CPU iPhone OS 13_3 like Mac OS X) AppleWebKit/605.1.15 (KHTML, like Gecko) Version/13.0.4 Mobile/15E148 Safari/604.1"
197.211.61.97 - - [28/Jan/2020:06:56:00 -0500] "GET /wp-content/plugins/woocommerce/assets/js/frontend/add-to-cart.min.js?ver=3.8.1 HTTP/1.1" 200 1017 "https://www.beksolar.com/our-team/" "Mozilla/5.0 (iPhone; CPU iPhone OS 13_3 like Mac OS X) AppleWebKit/605.1.15 (KHTML, like Gecko) Version/13.0.4 Mobile/15E148 Safari/604.1"
197.211.61.97 - - [28/Jan/2020:06:56:00 -0500] "GET /wp-content/plugins/easymega/style.css?ver=5.2.5 HTTP/1.1" 200 3621 "https://www.beksolar.com/our-team/" "Mozilla/5.0 (iPhone; CPU iPhone OS 13_3 like Mac OS X) AppleWebKit/605.1.15 (KHTML, like Gecko) Version/13.0.4 Mobile/15E148 Safari/604.1"
197.211.61.97 - - [28/Jan/2020:06:56:00 -0500] "GET /wp-content/plugins/contact-form-7/includes/js/scripts.js?ver=5.1.6 HTTP/1.1" 200 3993 "https://www.beksolar.com/our-team/" "Mozilla/5.0 (iPhone; CPU iPhone OS 13_3 like Mac OS X) AppleWebKit/605.1.15 (KHTML, like Gecko) Version/13.0.4 Mobile/15E148 Safari/604.1"
197.211.61.97 - - [28/Jan/2020:06:56:00 -0500] "GET /wp-content/plugins/revslider/public/assets/css/settings.css?ver=5.4.6 HTTP/1.1" 200 7127 "https://www.beksolar.com/our-team/" "Mozilla/5.0 (iPhone; CPU iPhone OS 13_3 like Mac OS X) AppleWebKit/605.1.15 (KHTML, like Gecko) Version/13.0.4 Mobile/15E148 Safari/604.1"
197.211.61.97 - - [28/Jan/2020:06:56:00 -0500] "GET /wp-content/plugins/woocommerce/assets/js/jquery-blockui/jquery.blockUI.min.js?ver=2.70 HTTP/1.1" 200 3533 "https://www.beksolar.com/our-team/" "Mozilla/5.0 (iPhone; CPU iPhone OS 13_3 like Mac OS X) AppleWebKit/605.1.15 (KHTML, like Gecko) Version/13.0.4 Mobile/15E148 Safari/604.1"
197.211.61.97 - - [28/Jan/2020:06:56:00 -0500] "GET /wp-content/plugins/woocommerce/assets/js/frontend/woocommerce.min.js?ver=3.8.1 HTTP/1.1" 200 619 "https://www.beksolar.com/our-team/" "Mozilla/5.0 (iPhone; CPU iPhone OS 13_3 like Mac OS X) AppleWebKit/605.1.15 (KHTML, like Gecko) Version/13.0.4 Mobile/15E148 Safari/604.1"
197.211.61.97 - - [28/Jan/2020:06:56:00 -0500] "GET /wp-content/themes/construction/assets/js/theme.js?ver=5.2.5 HTTP/1.1" 200 1863 "https://www.beksolar.com/our-team/" "Mozilla/5.0 (iPhone; CPU iPhone OS 13_3 like Mac OS X) AppleWebKit/605.1.15 (KHTML, like Gecko) Version/13.0.4 Mobile/15E148 Safari/604.1"
197.211.61.97 - - [28/Jan/2020:06:56:00 -0500] "GET /wp-content/plugins/woocommerce/assets/js/js-cookie/js.cookie.min.js?ver=2.1.4 HTTP/1.1" 200 981 "https://www.beksolar.com/our-team/" "Mozilla/5.0 (iPhone; CPU iPhone OS 13_3 like Mac OS X) AppleWebKit/605.1.15 (KHTML, like Gecko) Version/13.0.4 Mobile/15E148 Safari/604.1"
197.211.61.97 - - [28/Jan/2020:06:56:00 -0500] "GET /wp-content/plugins/essential-grid/public/assets/css/settings.css?ver=2.1.6.1 HTTP/1.1" 200 9375 "https://www.beksolar.com/our-team/" "Mozilla/5.0 (iPhone; CPU iPhone OS 13_3 like Mac OS X) AppleWebKit/605.1.15 (KHTML, like Gecko) Version/13.0.4 Mobile/15E148 Safari/604.1"
197.211.61.97 - - [28/Jan/2020:06:56:00 -0500] "GET /wp-includes/js/comment-reply.min.js?ver=5.2.5 HTTP/1.1" 200 1093 "https://www.beksolar.com/our-team/" "Mozilla/5.0 (iPhone; CPU iPhone OS 13_3 like Mac OS X) AppleWebKit/605.1.15 (KHTML, like Gecko) Version/13.0.4 Mobile/15E148 Safari/604.1"
197.211.61.97 - - [28/Jan/2020:06:56:00 -0500] "GET /wp-includes/js/wp-embed.min.js?ver=5.2.5 HTTP/1.1" 200 753 "https://www.beksolar.com/our-team/" "Mozilla/5.0 (iPhone; CPU iPhone OS 13_3 like Mac OS X) AppleWebKit/605.1.15 (KHTML, like Gecko) Version/13.0.4 Mobile/15E148 Safari/604.1"
197.211.61.97 - - [28/Jan/2020:06:56:00 -0500] "GET /wp-content/uploads/2019/03/Beksolar-Logo-2.png HTTP/1.1" 200 9037 "https://www.beksolar.com/our-team/" "Mozilla/5.0 (iPhone; CPU iPhone OS 13_3 like Mac OS X) AppleWebKit/605.1.15 (KHTML, like Gecko) Version/13.0.4 Mobile/15E148 Safari/604.1"
197.211.61.97 - - [28/Jan/2020:06:56:00 -0500] "GET /wp-content/themes/construction/assets/js/modernizr.min.js?ver=2.6.2 HTTP/1.1" 200 4307 "https://www.beksolar.com/our-team/" "Mozilla/5.0 (iPhone; CPU iPhone OS 13_3 like Mac OS X) AppleWebKit/605.1.15 (KHTML, like Gecko) Version/13.0.4 Mobile/15E148 Safari/604.1"
169.159.81.83 - - [28/Jan/2020:07:03:50 -0500] "GET /wp-content/plugins/easymega/style.css?ver=5.2.5 HTTP/1.1" 200 3621 "https://www.beksolar.com/our-team/" "Mozilla/5.0 (iPhone; CPU iPhone OS 13_3 like Mac OS X) AppleWebKit/605.1.15 (KHTML, like Gecko) Version/13.0.4 Mobile/15E148 Safari/604.1"
169.159.81.83 - - [28/Jan/2020:07:03:50 -0500] "GET /wp-content/plugins/woocommerce/packages/woocommerce-blocks/build/style.css?ver=2.4.5 HTTP/1.1" 200 4290 "https://www.beksolar.com/our-team/" "Mozilla/5.0 (iPhone; CPU iPhone OS 13_3 like Mac OS X) AppleWebKit/605.1.15 (KHTML, like Gecko) Version/13.0.4 Mobile/15E148 Safari/604.1"
169.159.81.83 - - [28/Jan/2020:07:03:50 -0500] "GET /wp-content/plugins/woocommerce/assets/js/frontend/add-to-cart.min.js?ver=3.8.1 HTTP/1.1" 200 1017 "https://www.beksolar.com/our-team/" "Mozilla/5.0 (iPhone; CPU iPhone OS 13_3 like Mac OS X) AppleWebKit/605.1.15 (KHTML, like Gecko) Version/13.0.4 Mobile/15E148 Safari/604.1"
169.159.81.83 - - [28/Jan/2020:07:03:50 -0500] "GET /wp-content/plugins/js_composer/assets/js/vendors/woocommerce-add-to-cart.js?ver=5.3 HTTP/1.1" 200 351 "https://www.beksolar.com/our-team/" "Mozilla/5.0 (iPhone; CPU iPhone OS 13_3 like Mac OS X) AppleWebKit/605.1.15 (KHTML, like Gecko) Version/13.0.4 Mobile/15E148 Safari/604.1"
169.159.81.83 - - [28/Jan/2020:07:03:50 -0500] "GET /wp-content/plugins/woocommerce/assets/css/woocommerce-smallscreen.css?ver=3.8.1 HTTP/1.1" 200 1055 "https://www.beksolar.com/our-team/" "Mozilla/5.0 (iPhone; CPU iPhone OS 13_3 like Mac OS X) AppleWebKit/605.1.15 (KHTML, like Gecko) Version/13.0.4 Mobile/15E148 Safari/604.1"
169.159.81.83 - - [28/Jan/2020:07:03:50 -0500] "GET /wp-content/plugins/essential-grid/public/assets/js/lightbox.js?ver=2.1.6.1 HTTP/1.1" 200 10921 "https://www.beksolar.com/our-team/" "Mozilla/5.0 (iPhone; CPU iPhone OS 13_3 like Mac OS X) AppleWebKit/605.1.15 (KHTML, like Gecko) Version/13.0.4 Mobile/15E148 Safari/604.1"
169.159.81.83 - - [28/Jan/2020:07:03:50 -0500] "GET /wp-content/plugins/essential-grid/public/assets/css/settings.css?ver=2.1.6.1 HTTP/1.1" 200 9375 "https://www.beksolar.com/our-team/" "Mozilla/5.0 (iPhone; CPU iPhone OS 13_3 like Mac OS X) AppleWebKit/605.1.15 (KHTML, like Gecko) Version/13.0.4 Mobile/15E148 Safari/604.1"
169.159.81.83 - - [28/Jan/2020:07:03:50 -0500] "GET /wp-content/plugins/revslider/public/assets/css/settings.css?ver=5.4.6 HTTP/1.1" 200 7127 "https://www.beksolar.com/our-team/" "Mozilla/5.0 (iPhone; CPU iPhone OS 13_3 like Mac OS X) AppleWebKit/605.1.15 (KHTML, like Gecko) Version/13.0.4 Mobile/15E148 Safari/604.1"
169.159.81.83 - - [28/Jan/2020:07:03:50 -0500] "GET /wp-content/plugins/woocommerce/assets/css/woocommerce-layout.css?ver=3.8.1 HTTP/1.1" 200 2157 "https://www.beksolar.com/our-team/" "Mozilla/5.0 (iPhone; CPU iPhone OS 13_3 like Mac OS X) AppleWebKit/605.1.15 (KHTML, like Gecko) Version/13.0.4 Mobile/15E148 Safari/604.1"
169.159.81.83 - - [28/Jan/2020:07:03:50 -0500] "GET /wp-content/themes/construction/assets/js/modernizr.min.js?ver=2.6.2 HTTP/1.1" 200 4307 "https://www.beksolar.com/our-team/" "Mozilla/5.0 (iPhone; CPU iPhone OS 13_3 like Mac OS X) AppleWebKit/605.1.15 (KHTML, like Gecko) Version/13.0.4 Mobile/15E148 Safari/604.1"
169.159.81.83 - - [28/Jan/2020:07:03:50 -0500] "GET /wp-content/plugins/woocommerce/assets/css/woocommerce.css?ver=3.8.1 HTTP/1.1" 200 8820 "https://www.beksolar.com/our-team/" "Mozilla/5.0 (iPhone; CPU iPhone OS 13_3 like Mac OS X) AppleWebKit/605.1.15 (KHTML, like Gecko) Version/13.0.4 Mobile/15E148 Safari/604.1"
169.159.81.83 - - [28/Jan/2020:07:03:50 -0500] "GET /wp-content/plugins/woocommerce/assets/js/jquery-blockui/jquery.blockUI.min.js?ver=2.70 HTTP/1.1" 200 3533 "https://www.beksolar.com/our-team/" "Mozilla/5.0 (iPhone; CPU iPhone OS 13_3 like Mac OS X) AppleWebKit/605.1.15 (KHTML, like Gecko) Version/13.0.4 Mobile/15E148 Safari/604.1"
169.159.81.83 - - [28/Jan/2020:07:03:50 -0500] "GET /wp-content/plugins/contact-form-7/includes/js/scripts.js?ver=5.1.6 HTTP/1.1" 200 3993 "https://www.beksolar.com/our-team/" "Mozilla/5.0 (iPhone; CPU iPhone OS 13_3 like Mac OS X) AppleWebKit/605.1.15 (KHTML, like Gecko) Version/13.0.4 Mobile/15E148 Safari/604.1"
169.159.81.83 - - [28/Jan/2020:07:03:50 -0500] "GET /wp-content/plugins/woocommerce/assets/js/js-cookie/js.cookie.min.js?ver=2.1.4 HTTP/1.1" 200 981 "https://www.beksolar.com/our-team/" "Mozilla/5.0 (iPhone; CPU iPhone OS 13_3 like Mac OS X) AppleWebKit/605.1.15 (KHTML, like Gecko) Version/13.0.4 Mobile/15E148 Safari/604.1"
169.159.81.83 - - [28/Jan/2020:07:03:50 -0500] "GET /wp-content/themes/construction/assets/js/libs.js?ver=5.2.5 HTTP/1.1" 200 17592 "https://www.beksolar.com/our-team/" "Mozilla/5.0 (iPhone; CPU iPhone OS 13_3 like Mac OS X) AppleWebKit/605.1.15 (KHTML, like Gecko) Version/13.0.4 Mobile/15E148 Safari/604.1"
169.159.81.83 - - [28/Jan/2020:07:03:50 -0500] "GET /wp-content/themes/construction/style.css?ver=5.2.5 HTTP/1.1" 200 17541 "https://www.beksolar.com/our-team/" "Mozilla/5.0 (iPhone; CPU iPhone OS 13_3 like Mac OS X) AppleWebKit/605.1.15 (KHTML, like Gecko) Version/13.0.4 Mobile/15E148 Safari/604.1"
169.159.81.83 - - [28/Jan/2020:07:03:50 -0500] "GET /wp-includes/js/jquery/jquery.js?ver=1.12.4-wp HTTP/1.1" 200 33776 "https://www.beksolar.com/our-team/" "Mozilla/5.0 (iPhone; CPU iPhone OS 13_3 like Mac OS X) AppleWebKit/605.1.15 (KHTML, like Gecko) Version/13.0.4 Mobile/15E148 Safari/604.1"
169.159.81.83 - - [28/Jan/2020:07:03:50 -0500] "GET /wp-content/plugins/easymega/assets/js/megamenu-wp.js?ver=1.0.1 HTTP/1.1" 200 6002 "https://www.beksolar.com/our-team/" "Mozilla/5.0 (iPhone; CPU iPhone OS 13_3 like Mac OS X) AppleWebKit/605.1.15 (KHTML, like Gecko) Version/13.0.4 Mobile/15E148 Safari/604.1"
169.159.81.83 - - [28/Jan/2020:07:03:50 -0500] "GET /wp-includes/js/jquery/jquery-migrate.min.js?ver=1.4.1 HTTP/1.1" 200 4014 "https://www.beksolar.com/our-team/" "Mozilla/5.0 (iPhone; CPU iPhone OS 13_3 like Mac OS X) AppleWebKit/605.1.15 (KHTML, like Gecko) Version/13.0.4 Mobile/15E148 Safari/604.1"
169.159.81.83 - - [28/Jan/2020:07:03:50 -0500] "GET /wp-content/plugins/revslider/public/assets/js/jquery.themepunch.revolution.min.js?ver=5.4.6 HTTP/1.1" 200 17947 "https://www.beksolar.com/our-team/" "Mozilla/5.0 (iPhone; CPU iPhone OS 13_3 like Mac OS X) AppleWebKit/605.1.15 (KHTML, like Gecko) Version/13.0.4 Mobile/15E148 Safari/604.1"
169.159.81.83 - - [28/Jan/2020:07:03:50 -0500] "GET /wp-content/plugins/essential-grid/public/assets/js/jquery.themepunch.tools.min.js?ver=2.1.6.1 HTTP/1.1" 200 36917 "https://www.beksolar.com/our-team/" "Mozilla/5.0 (iPhone; CPU iPhone OS 13_3 like Mac OS X) AppleWebKit/605.1.15 (KHTML, like Gecko) Version/13.0.4 Mobile/15E148 Safari/604.1"
169.159.81.83 - - [28/Jan/2020:07:03:50 -0500] "GET /wp-content/uploads/so-css/so-css-construction.css?ver=1554399498 HTTP/1.1" 200 78 "https://www.beksolar.com/our-team/" "Mozilla/5.0 (iPhone; CPU iPhone OS 13_3 like Mac OS X) AppleWebKit/605.1.15 (KHTML, like Gecko) Version/13.0.4 Mobile/15E148 Safari/604.1"
169.159.81.83 - - [28/Jan/2020:07:03:50 -0500] "GET /wp-content/plugins/woocommerce/assets/js/frontend/woocommerce.min.js?ver=3.8.1 HTTP/1.1" 200 619 "https://www.beksolar.com/our-team/" "Mozilla/5.0 (iPhone; CPU iPhone OS 13_3 like Mac OS X) AppleWebKit/605.1.15 (KHTML, like Gecko) Version/13.0.4 Mobile/15E148 Safari/604.1"
169.159.81.83 - - [28/Jan/2020:07:03:50 -0500] "GET /wp-includes/js/comment-reply.min.js?ver=5.2.5 HTTP/1.1" 200 1093 "https://www.beksolar.com/our-team/" "Mozilla/5.0 (iPhone; CPU iPhone OS 13_3 like Mac OS X) AppleWebKit/605.1.15 (KHTML, like Gecko) Version/13.0.4 Mobile/15E148 Safari/604.1"
169.159.81.83 - - [28/Jan/2020:07:03:50 -0500] "GET /wp-content/uploads/2019/03/Beksolar-Logo-2.png HTTP/1.1" 200 9037 "https://www.beksolar.com/our-team/" "Mozilla/5.0 (iPhone; CPU iPhone OS 13_3 like Mac OS X) AppleWebKit/605.1.15 (KHTML, like Gecko) Version/13.0.4 Mobile/15E148 Safari/604.1"
197.211.61.97 - - [28/Jan/2020:06:56:00 -0500] "GET /wp-content/plugins/easymega/assets/js/megamenu-wp.js?ver=1.0.1 HTTP/1.1" 200 6002 "https://www.beksolar.com/our-team/" "Mozilla/5.0 (iPhone; CPU iPhone OS 13_3 like Mac OS X) AppleWebKit/605.1.15 (KHTML, like Gecko) Version/13.0.4 Mobile/15E148 Safari/604.1"
197.211.61.97 - - [28/Jan/2020:06:56:00 -0500] "GET /wp-content/themes/construction/assets/js/libs.js?ver=5.2.5 HTTP/1.1" 200 17592 "https://www.beksolar.com/our-team/" "Mozilla/5.0 (iPhone; CPU iPhone OS 13_3 like Mac OS X) AppleWebKit/605.1.15 (KHTML, like Gecko) Version/13.0.4 Mobile/15E148 Safari/604.1"
197.211.61.97 - - [28/Jan/2020:06:56:00 -0500] "GET /wp-content/plugins/revslider/public/assets/js/jquery.themepunch.revolution.min.js?ver=5.4.6 HTTP/1.1" 200 17947 "https://www.beksolar.com/our-team/" "Mozilla/5.0 (iPhone; CPU iPhone OS 13_3 like Mac OS X) AppleWebKit/605.1.15 (KHTML, like Gecko) Version/13.0.4 Mobile/15E148 Safari/604.1"
197.211.61.97 - - [28/Jan/2020:06:56:00 -0500] "GET /wp-includes/js/jquery/jquery.js?ver=1.12.4-wp HTTP/1.1" 200 33776 "https://www.beksolar.com/our-team/" "Mozilla/5.0 (iPhone; CPU iPhone OS 13_3 like Mac OS X) AppleWebKit/605.1.15 (KHTML, like Gecko) Version/13.0.4 Mobile/15E148 Safari/604.1"
197.211.61.97 - - [28/Jan/2020:06:56:00 -0500] "GET /wp-content/plugins/woocommerce/assets/js/frontend/cart-fragments.min.js?ver=3.8.1 HTTP/1.1" 200 1042 "https://www.beksolar.com/our-team/" "Mozilla/5.0 (iPhone; CPU iPhone OS 13_3 like Mac OS X) AppleWebKit/605.1.15 (KHTML, like Gecko) Version/13.0.4 Mobile/15E148 Safari/604.1"
197.211.61.97 - - [28/Jan/2020:06:56:00 -0500] "GET /wp-content/plugins/js_composer/assets/js/dist/js_composer_front.min.js?ver=5.3 HTTP/1.1" 200 5712 "https://www.beksolar.com/our-team/" "Mozilla/5.0 (iPhone; CPU iPhone OS 13_3 like Mac OS X) AppleWebKit/605.1.15 (KHTML, like Gecko) Version/13.0.4 Mobile/15E148 Safari/604.1"
197.211.61.97 - - [28/Jan/2020:06:56:00 -0500] "GET /wp-content/uploads/so-css/so-css-construction.css?ver=1554399498 HTTP/1.1" 200 78 "https://www.beksolar.com/our-team/" "Mozilla/5.0 (iPhone; CPU iPhone OS 13_3 like Mac OS X) AppleWebKit/605.1.15 (KHTML, like Gecko) Version/13.0.4 Mobile/15E148 Safari/604.1"
197.211.61.97 - - [28/Jan/2020:06:56:00 -0500] "GET /wp-content/plugins/js_composer/assets/css/js_composer.min.css?ver=5.3 HTTP/1.1" 200 44903 "https://www.beksolar.com/our-team/" "Mozilla/5.0 (iPhone; CPU iPhone OS 13_3 like Mac OS X) AppleWebKit/605.1.15 (KHTML, like Gecko) Version/13.0.4 Mobile/15E148 Safari/604.1"
197.211.61.97 - - [28/Jan/2020:06:56:00 -0500] "GET /wp-content/plugins/essential-grid/public/assets/js/jquery.themepunch.tools.min.js?ver=2.1.6.1 HTTP/1.1" 200 36917 "https://www.beksolar.com/our-team/" "Mozilla/5.0 (iPhone; CPU iPhone OS 13_3 like Mac OS X) AppleWebKit/605.1.15 (KHTML, like Gecko) Version/13.0.4 Mobile/15E148 Safari/604.1"
169.159.81.83 - - [28/Jan/2020:07:03:50 -0500] "GET /wp-content/themes/construction/assets/js/theme.js?ver=5.2.5 HTTP/1.1" 200 1863 "https://www.beksolar.com/our-team/" "Mozilla/5.0 (iPhone; CPU iPhone OS 13_3 like Mac OS X) AppleWebKit/605.1.15 (KHTML, like Gecko) Version/13.0.4 Mobile/15E148 Safari/604.1"
169.159.81.83 - - [28/Jan/2020:07:03:50 -0500] "GET /wp-includes/js/wp-embed.min.js?ver=5.2.5 HTTP/1.1" 200 753 "https://www.beksolar.com/our-team/" "Mozilla/5.0 (iPhone; CPU iPhone OS 13_3 like Mac OS X) AppleWebKit/605.1.15 (KHTML, like Gecko) Version/13.0.4 Mobile/15E148 Safari/604.1"
169.159.81.83 - - [28/Jan/2020:07:03:50 -0500] "GET /wp-content/plugins/js_composer/assets/js/dist/js_composer_front.min.js?ver=5.3 HTTP/1.1" 200 5712 "https://www.beksolar.com/our-team/" "Mozilla/5.0 (iPhone; CPU iPhone OS 13_3 like Mac OS X) AppleWebKit/605.1.15 (KHTML, like Gecko) Version/13.0.4 Mobile/15E148 Safari/604.1"
169.159.81.83 - - [28/Jan/2020:07:03:50 -0500] "GET /wp-content/plugins/woocommerce/assets/js/frontend/cart-fragments.min.js?ver=3.8.1 HTTP/1.1" 200 1042 "https://www.beksolar.com/our-team/" "Mozilla/5.0 (iPhone; CPU iPhone OS 13_3 like Mac OS X) AppleWebKit/605.1.15 (KHTML, like Gecko) Version/13.0.4 Mobile/15E148 Safari/604.1"
198.54.125.95 - - [28/Jan/2020:07:03:55 -0500] "POST /wp-cron.php?doing_wp_cron=1580213034.9749410152435302734375 HTTP/1.1" 200 - "https://www.beksolar.com/wp-cron.php?doing_wp_cron=1580213034.9749410152435302734375" "WordPress/5.2.5; https://www.beksolar.com"
169.159.81.83 - - [28/Jan/2020:07:03:53 -0500] "POST /?wc-ajax=get_refreshed_fragments HTTP/1.1" 200 480 "https://www.beksolar.com/our-team/" "Mozilla/5.0 (iPhone; CPU iPhone OS 13_3 like Mac OS X) AppleWebKit/605.1.15 (KHTML, like Gecko) Version/13.0.4 Mobile/15E148 Safari/604.1"
169.159.81.83 - - [28/Jan/2020:07:03:55 -0500] "HEAD /wp-content/uploads/2019/03/Beksolar-Logo-2@2x.png HTTP/1.1" 404 - "https://www.beksolar.com/our-team/" "Mozilla/5.0 (iPhone; CPU iPhone OS 13_3 like Mac OS X) AppleWebKit/605.1.15 (KHTML, like Gecko) Version/13.0.4 Mobile/15E148 Safari/604.1"
169.159.81.83 - - [28/Jan/2020:07:03:58 -0500] "GET /wp-content/uploads/2019/03/Beksolar-Favicon.png HTTP/1.1" 200 4613 "https://www.beksolar.com/our-team/" "Mozilla/5.0 (iPhone; CPU iPhone OS 13_3 like Mac OS X) AppleWebKit/605.1.15 (KHTML, like Gecko) Version/13.0.4 Mobile/15E148 Safari/604.1"