XylotrechusZ

XylotrechusZ Shell

: /home/matican/logs/ [ drwx------ ]
Uname: Linux premium72.web-hosting.com 4.18.0-553.44.1.lve.el8.x86_64 #1 SMP Thu Mar 13 14:29:12 UTC 2025 x86_64
Software: LiteSpeed
PHP version: 8.2.29 [ PHP INFO ] PHP os: Linux
Server Ip: 198.54.125.95
Your Ip: 216.73.216.35
User: matican (532) | Group: matican (531)
Safe Mode: OFF
Disable Function:
NONE

name : beksolar.maticanmarketing.com-ssl_log
198.54.125.95 - - [30/Jan/2020:07:18:57 -0500] "POST /wp-cron.php?doing_wp_cron=1580386737.0626809597015380859375 HTTP/1.1" 200 - "https://www.beksolar.com/wp-cron.php?doing_wp_cron=1580386737.0626809597015380859375" "WordPress/5.2.5; https://www.beksolar.com"
40.77.167.175 - - [30/Jan/2020:07:18:55 -0500] "GET /shop/?add-to-cart=60 HTTP/1.1" 200 11387 "-" "Mozilla/5.0 (compatible; bingbot/2.0; +http://www.bing.com/bingbot.htm)"
46.229.168.150 - - [30/Jan/2020:07:35:04 -0500] "GET /robots.txt HTTP/1.1" 200 69 "-" "Mozilla/5.0 (compatible; SemrushBot/6~bl; +http://www.semrush.com/bot.html)"
198.54.125.95 - - [30/Jan/2020:07:35:05 -0500] "POST /wp-cron.php?doing_wp_cron=1580387705.7007780075073242187500 HTTP/1.1" 200 - "https://www.beksolar.com/wp-cron.php?doing_wp_cron=1580387705.7007780075073242187500" "WordPress/5.2.5; https://www.beksolar.com"
37.120.203.71 - - [30/Jan/2020:07:35:04 -0500] "GET /contact-us/ HTTP/1.0" 200 41644 "https://www.beksolar.com/contact-us/" "Mozilla/5.0 (Windows NT 6.3; Win64; x64) AppleWebKit/537.36 (KHTML, like Gecko) Chrome/68.0.3440.84 Safari/537.36"
46.229.168.137 - - [30/Jan/2020:07:35:06 -0500] "GET /our-services/construction-project-management/ HTTP/1.1" 200 10821 "-" "Mozilla/5.0 (compatible; SemrushBot/6~bl; +http://www.semrush.com/bot.html)"
37.120.203.71 - - [30/Jan/2020:07:35:07 -0500] "POST /wp-json/contact-form-7/v1/contact-forms/823/feedback HTTP/1.0" 200 274 "https://www.beksolar.com/contact-us/" "Mozilla/5.0 (Windows NT 6.3; Win64; x64) AppleWebKit/537.36 (KHTML, like Gecko) Chrome/68.0.3440.84 Safari/537.36"
198.54.125.95 - - [30/Jan/2020:07:36:13 -0500] "POST /wp-cron.php?doing_wp_cron=1580387773.5188319683074951171875 HTTP/1.1" 200 - "https://www.beksolar.com/wp-cron.php?doing_wp_cron=1580387773.5188319683074951171875" "WordPress/5.2.5; https://www.beksolar.com"
77.75.78.163 - - [30/Jan/2020:07:36:13 -0500] "GET /robots.txt HTTP/1.1" 200 69 "-" "Mozilla/5.0 (compatible; SeznamBot/3.2; +http://napoveda.seznam.cz/en/seznambot-intro/)"
77.75.78.163 - - [30/Jan/2020:07:36:16 -0500] "GET /shop/?add-to-cart=284 HTTP/1.1" 200 11384 "-" "Mozilla/5.0 (compatible; SeznamBot/3.2; +http://napoveda.seznam.cz/en/seznambot-intro/)"
198.54.125.95 - - [30/Jan/2020:08:18:15 -0500] "POST /wp-cron.php?doing_wp_cron=1580390295.1281349658966064453125 HTTP/1.1" 200 - "https://www.beksolar.com/wp-cron.php?doing_wp_cron=1580390295.1281349658966064453125" "WordPress/5.2.5; https://www.beksolar.com"
54.36.148.225 - - [30/Jan/2020:08:18:14 -0500] "GET /product/multi-tool/?add-to-cart=283 HTTP/1.1" 200 14644 "-" "Mozilla/5.0 (compatible; AhrefsBot/6.1; +http://ahrefs.com/robot/)"
198.54.125.95 - - [30/Jan/2020:08:18:15 -0500] "POST /wp-admin/admin-ajax.php?action=wp_1_wc_privacy_cleanup&nonce=ee727629bb HTTP/1.1" 200 - "https://www.beksolar.com/wp-admin/admin-ajax.php?action=wp_1_wc_privacy_cleanup&nonce=ee727629bb" "WordPress/5.2.5; https://www.beksolar.com"
198.54.125.95 - - [30/Jan/2020:08:21:12 -0500] "POST /wp-cron.php?doing_wp_cron=1580390472.6147708892822265625000 HTTP/1.1" 200 - "https://www.beksolar.com/wp-cron.php?doing_wp_cron=1580390472.6147708892822265625000" "WordPress/5.2.5; https://www.beksolar.com"
207.46.13.6 - - [30/Jan/2020:08:21:11 -0500] "GET /shortcodes/gallery-masonry/ HTTP/1.1" 200 10097 "-" "Mozilla/5.0 (compatible; bingbot/2.0; +http://www.bing.com/bingbot.htm)"
198.54.125.95 - - [30/Jan/2020:08:35:53 -0500] "POST /wp-cron.php?doing_wp_cron=1580391353.8520379066467285156250 HTTP/1.1" 200 - "https://www.beksolar.com/wp-cron.php?doing_wp_cron=1580391353.8520379066467285156250" "WordPress/5.2.5; https://www.beksolar.com"
40.77.167.105 - - [30/Jan/2020:08:35:52 -0500] "GET /product/paint-guns/ HTTP/1.1" 200 13043 "-" "Mozilla/5.0 (compatible; bingbot/2.0; +http://www.bing.com/bingbot.htm)"
66.249.68.28 - - [30/Jan/2020:09:10:58 -0500] "GET /wp-content/plugins/easymega/style.css?ver=5.2.2 HTTP/1.1" 200 3621 "https://www.beksolar.com/our-services/" "Mozilla/5.0 AppleWebKit/537.36 (KHTML, like Gecko; compatible; Googlebot/2.1; +http://www.google.com/bot.html) Chrome/79.0.3945.120 Safari/537.36"
66.249.68.28 - - [30/Jan/2020:09:10:58 -0500] "GET /wp-content/plugins/contact-form-7/includes/css/styles.css?ver=5.1.3 HTTP/1.1" 200 649 "https://www.beksolar.com/our-services/" "Mozilla/5.0 AppleWebKit/537.36 (KHTML, like Gecko; compatible; Googlebot/2.1; +http://www.google.com/bot.html) Chrome/79.0.3945.120 Safari/537.36"
66.249.68.30 - - [30/Jan/2020:09:10:59 -0500] "GET /wp-content/themes/construction/assets/js/libs.js?ver=5.2.2 HTTP/1.1" 200 17592 "https://www.beksolar.com/our-services/" "Mozilla/5.0 AppleWebKit/537.36 (KHTML, like Gecko; compatible; Googlebot/2.1; +http://www.google.com/bot.html) Chrome/79.0.3945.120 Safari/537.36"
66.249.68.30 - - [30/Jan/2020:09:10:59 -0500] "GET /wp-content/themes/construction/style.css?ver=5.2.2 HTTP/1.1" 200 17541 "https://www.beksolar.com/our-services/" "Mozilla/5.0 AppleWebKit/537.36 (KHTML, like Gecko; compatible; Googlebot/2.1; +http://www.google.com/bot.html) Chrome/79.0.3945.120 Safari/537.36"
66.249.68.30 - - [30/Jan/2020:09:11:00 -0500] "GET /wp-content/plugins/contact-form-7/includes/js/scripts.js?ver=5.1.3 HTTP/1.1" 200 3993 "https://www.beksolar.com/our-services/" "Mozilla/5.0 AppleWebKit/537.36 (KHTML, like Gecko; compatible; Googlebot/2.1; +http://www.google.com/bot.html) Chrome/79.0.3945.120 Safari/537.36"
66.249.68.30 - - [30/Jan/2020:09:11:00 -0500] "GET /wp-content/themes/construction/assets/js/theme.js?ver=5.2.2 HTTP/1.1" 200 1863 "https://www.beksolar.com/our-services/" "Mozilla/5.0 AppleWebKit/537.36 (KHTML, like Gecko; compatible; Googlebot/2.1; +http://www.google.com/bot.html) Chrome/79.0.3945.120 Safari/537.36"
66.249.68.30 - - [30/Jan/2020:09:11:02 -0500] "GET /wp-includes/js/comment-reply.min.js?ver=5.2.2 HTTP/1.1" 200 1093 "https://www.beksolar.com/our-services/" "Mozilla/5.0 AppleWebKit/537.36 (KHTML, like Gecko; compatible; Googlebot/2.1; +http://www.google.com/bot.html) Chrome/79.0.3945.120 Safari/537.36"
66.249.68.28 - - [30/Jan/2020:09:11:02 -0500] "GET /wp-includes/js/wp-embed.min.js?ver=5.2.2 HTTP/1.1" 200 753 "https://www.beksolar.com/our-services/" "Mozilla/5.0 AppleWebKit/537.36 (KHTML, like Gecko; compatible; Googlebot/2.1; +http://www.google.com/bot.html) Chrome/79.0.3945.120 Safari/537.36"
66.249.68.30 - - [30/Jan/2020:09:11:03 -0500] "GET /wp-includes/js/wp-emoji-release.min.js?ver=5.2.2 HTTP/1.1" 200 4622 "https://www.beksolar.com/our-services/" "Mozilla/5.0 AppleWebKit/537.36 (KHTML, like Gecko; compatible; Googlebot/2.1; +http://www.google.com/bot.html) Chrome/79.0.3945.120 Safari/537.36"
198.54.125.95 - - [30/Jan/2020:09:11:21 -0500] "POST /wp-cron.php?doing_wp_cron=1580393481.5812230110168457031250 HTTP/1.1" 200 - "https://www.beksolar.com/wp-cron.php?doing_wp_cron=1580393481.5812230110168457031250" "WordPress/5.2.5; https://www.beksolar.com"
51.68.50.3 - - [30/Jan/2020:09:11:20 -0500] "GET / HTTP/1.1" 301 - "-" "Mozilla/5.0 (compatible; Googlebot/2.1; +http://www.google.com/bot.html)"
51.68.50.3 - - [30/Jan/2020:09:11:23 -0500] "GET / HTTP/1.1" 200 17705 "-" "Mozilla/5.0 (compatible; Googlebot/2.1; +http://www.google.com/bot.html)"
198.54.125.95 - - [30/Jan/2020:08:47:00 -0500] "POST /wp-cron.php?doing_wp_cron=1580392020.0941948890686035156250 HTTP/1.1" 200 - "https://www.beksolar.com/wp-cron.php?doing_wp_cron=1580392020.0941948890686035156250" "WordPress/5.2.5; https://www.beksolar.com"
45.44.206.65 - - [30/Jan/2020:08:46:58 -0500] "GET /wp-login.php HTTP/1.1" 200 1108 "http://beksolar.com/wp-login.php" "Mozilla/5.0 (X11; Ubuntu; Linux x86_64; rv:62.0) Gecko/20100101 Firefox/62.0"
45.44.206.65 - - [30/Jan/2020:08:47:22 -0500] "GET /wp-json/wp/v2/users/ HTTP/1.1" 403 595 "http://beksolar.com///wp-json/wp/v2/users/" "Mozilla/5.0 (X11; Ubuntu; Linux x86_64; rv:62.0) Gecko/20100101 Firefox/62.0"
198.54.125.95 - - [30/Jan/2020:08:53:26 -0500] "POST /wp-cron.php?doing_wp_cron=1580392406.2666749954223632812500 HTTP/1.1" 200 - "https://www.beksolar.com/wp-cron.php?doing_wp_cron=1580392406.2666749954223632812500" "WordPress/5.2.5; https://www.beksolar.com"
54.36.150.138 - - [30/Jan/2020:08:53:25 -0500] "GET /product/secure-grip/ HTTP/1.1" 200 13897 "-" "Mozilla/5.0 (compatible; AhrefsBot/6.1; +http://ahrefs.com/robot/)"
198.54.125.95 - - [30/Jan/2020:09:44:33 -0500] "POST /wp-cron.php?doing_wp_cron=1580395473.1029160022735595703125 HTTP/1.1" 200 - "https://www.beksolar.com/wp-cron.php?doing_wp_cron=1580395473.1029160022735595703125" "WordPress/5.2.5; https://www.beksolar.com"
159.89.48.237 - - [30/Jan/2020:09:44:31 -0500] "POST /wp-login.php HTTP/1.1" 200 1241 "-" "Mozilla/5.0 (X11; Ubuntu; Linux x86_64; rv:62.0) Gecko/20100101 Firefox/62.0"
198.54.125.95 - - [30/Jan/2020:09:57:25 -0500] "POST /wp-cron.php?doing_wp_cron=1580396245.4879078865051269531250 HTTP/1.1" 200 - "https://www.beksolar.com/wp-cron.php?doing_wp_cron=1580396245.4879078865051269531250" "WordPress/5.2.5; https://www.beksolar.com"
207.46.13.6 - - [30/Jan/2020:09:57:24 -0500] "GET /product/sander/ HTTP/1.1" 200 13558 "-" "Mozilla/5.0 (compatible; bingbot/2.0; +http://www.bing.com/bingbot.htm)"
198.54.125.95 - - [30/Jan/2020:10:04:28 -0500] "POST /wp-cron.php?doing_wp_cron=1580396668.0005528926849365234375 HTTP/1.1" 200 - "https://www.beksolar.com/wp-cron.php?doing_wp_cron=1580396668.0005528926849365234375" "WordPress/5.2.5; https://www.beksolar.com"
87.98.162.127 - - [30/Jan/2020:10:04:26 -0500] "GET /wp-content/themes/themes.php?wanna_play_with_me HTTP/1.1" 301 - "-" "Mozilla/5.0 (Windows NT 6.1; WOW64) AppleWebKit/537.36 (KHTML, like Gecko) Chrome/41.0.2227.0 Safari/537.36"
87.98.162.127 - - [30/Jan/2020:10:04:29 -0500] "GET /wp-content/themes/themes.php?wanna_play_with_me HTTP/1.1" 404 34251 "-" "Mozilla/5.0 (Windows NT 6.1; WOW64) AppleWebKit/537.36 (KHTML, like Gecko) Chrome/41.0.2227.0 Safari/537.36"
198.54.125.95 - - [30/Jan/2020:10:49:12 -0500] "POST /wp-cron.php?doing_wp_cron=1580399352.4678039550781250000000 HTTP/1.1" 200 - "https://www.beksolar.com/wp-cron.php?doing_wp_cron=1580399352.4678039550781250000000" "WordPress/5.2.5; https://www.beksolar.com"
197.50.65.125 - - [30/Jan/2020:10:49:10 -0500] "GET /wp-login.php HTTP/1.1" 200 2893 "-" "Mozilla/5.0 (Windows NT 5.1; rv:29.0) Gecko/20100101 Firefox/29.0"
197.50.65.125 - - [30/Jan/2020:10:49:13 -0500] "POST /wp-login.php HTTP/1.1" 200 3891 "-" "Mozilla/5.0 (Windows NT 5.1; rv:29.0) Gecko/20100101 Firefox/29.0"
198.54.125.95 - - [30/Jan/2020:10:57:55 -0500] "POST /wp-cron.php?doing_wp_cron=1580399875.3224649429321289062500 HTTP/1.1" 200 - "https://www.beksolar.com/wp-cron.php?doing_wp_cron=1580399875.3224649429321289062500" "WordPress/5.2.5; https://www.beksolar.com"
40.77.167.175 - - [30/Jan/2020:10:57:54 -0500] "GET /news/feed/ HTTP/1.1" 200 402 "-" "Mozilla/5.0 (compatible; bingbot/2.0; +http://www.bing.com/bingbot.htm)"
198.54.125.95 - - [30/Jan/2020:10:59:07 -0500] "POST /wp-cron.php?doing_wp_cron=1580399947.7927539348602294921875 HTTP/1.1" 200 - "https://www.beksolar.com/wp-cron.php?doing_wp_cron=1580399947.7927539348602294921875" "WordPress/5.2.5; https://www.beksolar.com"
185.234.216.20 - - [30/Jan/2020:10:59:07 -0500] "GET /database/print.css HTTP/1.1" 301 - "-" "Mozilla/5.0 (Windows NT 6.3; Win64; x64; rv:66.0) Gecko/20100101 Firefox/66.0"
185.234.216.20 - - [30/Jan/2020:10:59:08 -0500] "GET /database/print.css HTTP/1.1" 404 34250 "-" "Mozilla/5.0 (Windows NT 6.3; Win64; x64; rv:66.0) Gecko/20100101 Firefox/66.0"
185.234.216.20 - - [30/Jan/2020:10:59:08 -0500] "GET /database/print.css HTTP/1.1" 301 - "-" "Mozilla/5.0 (Windows NT 6.3; Win64; x64; rv:66.0) Gecko/20100101 Firefox/66.0"
185.234.216.20 - - [30/Jan/2020:10:59:09 -0500] "GET /database/print.css HTTP/1.1" 404 34250 "-" "Mozilla/5.0 (Windows NT 6.3; Win64; x64; rv:66.0) Gecko/20100101 Firefox/66.0"
185.234.216.20 - - [30/Jan/2020:10:59:10 -0500] "GET /pma/print.css HTTP/1.1" 301 - "-" "Mozilla/5.0 (Windows NT 6.3; Win64; x64; rv:66.0) Gecko/20100101 Firefox/66.0"
185.234.216.20 - - [30/Jan/2020:10:59:10 -0500] "GET /pma/print.css HTTP/1.1" 404 34250 "-" "Mozilla/5.0 (Windows NT 6.3; Win64; x64; rv:66.0) Gecko/20100101 Firefox/66.0"
185.234.216.20 - - [30/Jan/2020:10:59:11 -0500] "GET /pma/print.css HTTP/1.1" 301 - "-" "Mozilla/5.0 (Windows NT 6.3; Win64; x64; rv:66.0) Gecko/20100101 Firefox/66.0"
185.234.216.20 - - [30/Jan/2020:10:59:11 -0500] "GET /pma/print.css HTTP/1.1" 404 34250 "-" "Mozilla/5.0 (Windows NT 6.3; Win64; x64; rv:66.0) Gecko/20100101 Firefox/66.0"
185.234.216.20 - - [30/Jan/2020:10:59:12 -0500] "GET /phpmyadmin/print.css HTTP/1.1" 301 - "-" "Mozilla/5.0 (Windows NT 6.3; Win64; x64; rv:66.0) Gecko/20100101 Firefox/66.0"
185.234.216.20 - - [30/Jan/2020:10:59:13 -0500] "GET /phpmyadmin/print.css HTTP/1.1" 404 34250 "-" "Mozilla/5.0 (Windows NT 6.3; Win64; x64; rv:66.0) Gecko/20100101 Firefox/66.0"
185.234.216.20 - - [30/Jan/2020:10:59:13 -0500] "GET /phpmyadmin/print.css HTTP/1.1" 301 - "-" "Mozilla/5.0 (Windows NT 6.3; Win64; x64; rv:66.0) Gecko/20100101 Firefox/66.0"
185.234.216.20 - - [30/Jan/2020:10:59:14 -0500] "GET /phpmyadmin/print.css HTTP/1.1" 404 34250 "-" "Mozilla/5.0 (Windows NT 6.3; Win64; x64; rv:66.0) Gecko/20100101 Firefox/66.0"
185.234.216.20 - - [30/Jan/2020:10:59:14 -0500] "GET /myadmin/print.css HTTP/1.1" 301 - "-" "Mozilla/5.0 (Windows NT 6.3; Win64; x64; rv:66.0) Gecko/20100101 Firefox/66.0"
185.234.216.20 - - [30/Jan/2020:10:59:15 -0500] "GET /myadmin/print.css HTTP/1.1" 404 34250 "-" "Mozilla/5.0 (Windows NT 6.3; Win64; x64; rv:66.0) Gecko/20100101 Firefox/66.0"
185.234.216.20 - - [30/Jan/2020:10:59:15 -0500] "GET /myadmin/print.css HTTP/1.1" 301 - "-" "Mozilla/5.0 (Windows NT 6.3; Win64; x64; rv:66.0) Gecko/20100101 Firefox/66.0"
185.234.216.20 - - [30/Jan/2020:10:59:16 -0500] "GET /myadmin/print.css HTTP/1.1" 404 34250 "-" "Mozilla/5.0 (Windows NT 6.3; Win64; x64; rv:66.0) Gecko/20100101 Firefox/66.0"
185.234.216.20 - - [30/Jan/2020:10:59:16 -0500] "GET /phpMyAdmin/print.css HTTP/1.1" 301 - "-" "Mozilla/5.0 (Windows NT 6.3; Win64; x64; rv:66.0) Gecko/20100101 Firefox/66.0"
185.234.216.20 - - [30/Jan/2020:10:59:17 -0500] "GET /phpMyAdmin/print.css HTTP/1.1" 404 34250 "-" "Mozilla/5.0 (Windows NT 6.3; Win64; x64; rv:66.0) Gecko/20100101 Firefox/66.0"
185.234.216.20 - - [30/Jan/2020:10:59:17 -0500] "GET /phpMyAdmin/print.css HTTP/1.1" 301 - "-" "Mozilla/5.0 (Windows NT 6.3; Win64; x64; rv:66.0) Gecko/20100101 Firefox/66.0"
185.234.216.20 - - [30/Jan/2020:10:59:18 -0500] "GET /phpMyAdmin/print.css HTTP/1.1" 404 34250 "-" "Mozilla/5.0 (Windows NT 6.3; Win64; x64; rv:66.0) Gecko/20100101 Firefox/66.0"
185.234.216.20 - - [30/Jan/2020:10:59:19 -0500] "GET /mysql/print.css HTTP/1.1" 301 - "-" "Mozilla/5.0 (Windows NT 6.3; Win64; x64; rv:66.0) Gecko/20100101 Firefox/66.0"
185.234.216.20 - - [30/Jan/2020:10:59:19 -0500] "GET /mysql/print.css HTTP/1.1" 404 34250 "-" "Mozilla/5.0 (Windows NT 6.3; Win64; x64; rv:66.0) Gecko/20100101 Firefox/66.0"
185.234.216.20 - - [30/Jan/2020:10:59:20 -0500] "GET /mysql/print.css HTTP/1.1" 301 - "-" "Mozilla/5.0 (Windows NT 6.3; Win64; x64; rv:66.0) Gecko/20100101 Firefox/66.0"
185.234.216.20 - - [30/Jan/2020:10:59:20 -0500] "GET /mysql/print.css HTTP/1.1" 404 34250 "-" "Mozilla/5.0 (Windows NT 6.3; Win64; x64; rv:66.0) Gecko/20100101 Firefox/66.0"
198.54.125.95 - - [30/Jan/2020:12:19:34 -0500] "POST /wp-cron.php?doing_wp_cron=1580404773.4344499111175537109375 HTTP/1.1" 200 - "https://www.beksolar.com/wp-cron.php?doing_wp_cron=1580404773.4344499111175537109375" "WordPress/5.2.5; https://www.beksolar.com"
138.201.121.62 - - [30/Jan/2020:12:19:30 -0500] "GET /wp-login.php HTTP/1.1" 200 1108 "http://beksolar.com/wp-login.php" "Mozilla/5.0 (X11; Ubuntu; Linux x86_64; rv:62.0) Gecko/20100101 Firefox/62.0"
138.201.121.62 - - [30/Jan/2020:12:19:35 -0500] "GET /?author=1 HTTP/1.1" 301 - "http://beksolar.com///?author=1" "Mozilla/5.0 (X11; Ubuntu; Linux x86_64; rv:62.0) Gecko/20100101 Firefox/62.0"
138.201.121.62 - - [30/Jan/2020:12:19:36 -0500] "GET /author/matican1/ HTTP/1.1" 200 9717 "https://beksolar.com/?author=1" "Mozilla/5.0 (X11; Ubuntu; Linux x86_64; rv:62.0) Gecko/20100101 Firefox/62.0"
138.201.121.62 - - [30/Jan/2020:12:19:37 -0500] "GET /wp-json/wp/v2/users/ HTTP/1.1" 403 595 "http://beksolar.com///wp-json/wp/v2/users/" "Mozilla/5.0 (X11; Ubuntu; Linux x86_64; rv:62.0) Gecko/20100101 Firefox/62.0"
138.201.121.62 - - [30/Jan/2020:12:19:39 -0500] "GET /?author=2 HTTP/1.1" 301 - "http://beksolar.com///?author=2" "Mozilla/5.0 (X11; Ubuntu; Linux x86_64; rv:62.0) Gecko/20100101 Firefox/62.0"
138.201.121.62 - - [30/Jan/2020:12:19:40 -0500] "GET /?author=2 HTTP/1.1" 404 34248 "https://beksolar.com/?author=2" "Mozilla/5.0 (X11; Ubuntu; Linux x86_64; rv:62.0) Gecko/20100101 Firefox/62.0"
198.54.125.95 - - [30/Jan/2020:12:21:54 -0500] "POST /wp-cron.php?doing_wp_cron=1580404914.0212531089782714843750 HTTP/1.1" 200 - "https://www.beksolar.com/wp-cron.php?doing_wp_cron=1580404914.0212531089782714843750" "WordPress/5.2.5; https://www.beksolar.com"
54.36.150.41 - - [30/Jan/2020:12:21:52 -0500] "GET /product/new-paint-gun/?add-to-cart=284 HTTP/1.1" 200 13870 "-" "Mozilla/5.0 (compatible; AhrefsBot/6.1; +http://ahrefs.com/robot/)"
34.90.216.175 - - [30/Jan/2020:12:58:06 -0500] "GET /wp-content/uploads/2015/02/1.jpg HTTP/1.1" 200 37500 "-" "Mozilla/5.0 (compatible; tracemyfile/1.0)"
198.54.125.95 - - [30/Jan/2020:13:34:04 -0500] "POST /wp-cron.php?doing_wp_cron=1580409244.6421918869018554687500 HTTP/1.1" 200 - "https://www.beksolar.com/wp-cron.php?doing_wp_cron=1580409244.6421918869018554687500" "WordPress/5.2.5; https://www.beksolar.com"
216.244.66.248 - - [30/Jan/2020:13:34:03 -0500] "GET / HTTP/1.1" 200 92377 "-" "Mozilla/5.0 (compatible; DotBot/1.1; http://www.opensiteexplorer.org/dotbot, help@moz.com)"
198.54.125.95 - - [30/Jan/2020:14:18:19 -0500] "POST /wp-cron.php?doing_wp_cron=1580411899.2892699241638183593750 HTTP/1.1" 200 - "https://www.beksolar.com/wp-cron.php?doing_wp_cron=1580411899.2892699241638183593750" "WordPress/5.2.5; https://www.beksolar.com"
193.106.30.99 - - [30/Jan/2020:14:18:16 -0500] "POST /stats.php HTTP/1.1" 404 34251 "-" "Mozilla/5.0 (Windows NT 6.1; Win64; x64) AppleWebKit/537.36 (KHTML, like Gecko) Chrome/73.0.3683.103 Safari/537.36"
105.112.58.187 - - [30/Jan/2020:14:43:15 -0500] "GET /wp-content/uploads/2019/03/paint-2-600x400.jpg HTTP/1.1" 200 38736 "-" "com.google.android.apps.searchlite/78942 (Linux; U; Android 9; en_GB; SM-A705FN; Build/PPR1.180610.011; Cronet/78.0.3904.96)"
66.249.79.192 - - [30/Jan/2020:15:11:31 -0500] "GET /robots.txt HTTP/1.1" 200 69 "-" "Mozilla/5.0 (compatible; Googlebot/2.1; +http://www.google.com/bot.html)"
66.249.79.192 - - [30/Jan/2020:15:11:34 -0500] "GET / HTTP/1.1" 200 17712 "-" "Mozilla/5.0 (Linux; Android 6.0.1; Nexus 5X Build/MMB29P) AppleWebKit/537.36 (KHTML, like Gecko) Chrome/41.0.2272.96 Mobile Safari/537.36 (compatible; Googlebot/2.1; +http://www.google.com/bot.html)"
198.54.125.95 - - [30/Jan/2020:15:11:33 -0500] "POST /wp-cron.php?doing_wp_cron=1580415093.1338169574737548828125 HTTP/1.1" 200 - "https://www.beksolar.com/wp-cron.php?doing_wp_cron=1580415093.1338169574737548828125" "WordPress/5.2.5; https://www.beksolar.com"
66.249.79.220 - - [30/Jan/2020:15:11:44 -0500] "POST /?wc-ajax=get_refreshed_fragments HTTP/1.1" 200 480 "https://www.beksolar.com/" "Mozilla/5.0 (Linux; Android 6.0.1; Nexus 5X Build/MMB29P) AppleWebKit/537.36 (KHTML, like Gecko) Chrome/79.0.3945.120 Mobile Safari/537.36 (compatible; Googlebot/2.1; +http://www.google.com/bot.html)"
66.249.79.220 - - [30/Jan/2020:15:11:44 -0500] "HEAD /wp-content/uploads/2019/03/CARPORTS-010-600x300@2x.jpg HTTP/1.1" 404 - "https://www.beksolar.com/" "Mozilla/5.0 (Linux; Android 6.0.1; Nexus 5X Build/MMB29P) AppleWebKit/537.36 (KHTML, like Gecko) Chrome/79.0.3945.120 Mobile Safari/537.36 (compatible; Googlebot/2.1; +http://www.google.com/bot.html)"
66.249.79.220 - - [30/Jan/2020:15:11:44 -0500] "HEAD /wp-content/uploads/2019/03/Consultancy-600x300@2x.jpg HTTP/1.1" 404 - "https://www.beksolar.com/" "Mozilla/5.0 (Linux; Android 6.0.1; Nexus 5X Build/MMB29P) AppleWebKit/537.36 (KHTML, like Gecko) Chrome/79.0.3945.120 Mobile Safari/537.36 (compatible; Googlebot/2.1; +http://www.google.com/bot.html)"
66.249.79.222 - - [30/Jan/2020:15:11:45 -0500] "HEAD /wp-content/uploads/2019/03/Solar-Inverter-Feature-600x300@2x.jpg HTTP/1.1" 404 - "https://www.beksolar.com/" "Mozilla/5.0 (Linux; Android 6.0.1; Nexus 5X Build/MMB29P) AppleWebKit/537.36 (KHTML, like Gecko) Chrome/79.0.3945.120 Mobile Safari/537.36 (compatible; Googlebot/2.1; +http://www.google.com/bot.html)"
66.249.79.222 - - [30/Jan/2020:15:11:45 -0500] "HEAD /wp-content/uploads/2019/04/Swimming-Pool-600x300@2x.jpeg HTTP/1.1" 404 - "https://www.beksolar.com/" "Mozilla/5.0 (Linux; Android 6.0.1; Nexus 5X Build/MMB29P) AppleWebKit/537.36 (KHTML, like Gecko) Chrome/79.0.3945.120 Mobile Safari/537.36 (compatible; Googlebot/2.1; +http://www.google.com/bot.html)"
66.249.79.220 - - [30/Jan/2020:15:11:46 -0500] "HEAD /wp-content/uploads/2019/03/paint-2-600x400-600x300@2x.jpg HTTP/1.1" 404 - "https://www.beksolar.com/" "Mozilla/5.0 (Linux; Android 6.0.1; Nexus 5X Build/MMB29P) AppleWebKit/537.36 (KHTML, like Gecko) Chrome/79.0.3945.120 Mobile Safari/537.36 (compatible; Googlebot/2.1; +http://www.google.com/bot.html)"
66.249.79.220 - - [30/Jan/2020:15:11:46 -0500] "HEAD /wp-content/uploads/2019/03/P09-05-13_11.05-600x300@2x.jpg HTTP/1.1" 404 - "https://www.beksolar.com/" "Mozilla/5.0 (Linux; Android 6.0.1; Nexus 5X Build/MMB29P) AppleWebKit/537.36 (KHTML, like Gecko) Chrome/79.0.3945.120 Mobile Safari/537.36 (compatible; Googlebot/2.1; +http://www.google.com/bot.html)"
66.249.79.220 - - [30/Jan/2020:15:11:48 -0500] "HEAD /wp-content/uploads/2019/03/BEKSOLAR-HOUSE-RENOVATION-005-600x300@2x.jpg HTTP/1.1" 404 - "https://www.beksolar.com/" "Mozilla/5.0 (Linux; Android 6.0.1; Nexus 5X Build/MMB29P) AppleWebKit/537.36 (KHTML, like Gecko) Chrome/79.0.3945.120 Mobile Safari/537.36 (compatible; Googlebot/2.1; +http://www.google.com/bot.html)"
66.249.79.220 - - [30/Jan/2020:15:11:48 -0500] "HEAD /wp-content/uploads/2019/03/DESKTOP-008-600x300@2x.jpg HTTP/1.1" 404 - "https://www.beksolar.com/" "Mozilla/5.0 (Linux; Android 6.0.1; Nexus 5X Build/MMB29P) AppleWebKit/537.36 (KHTML, like Gecko) Chrome/79.0.3945.120 Mobile Safari/537.36 (compatible; Googlebot/2.1; +http://www.google.com/bot.html)"
102.81.20.84 - - [30/Jan/2020:15:00:18 -0500] "GET /wp-content/uploads/2019/03/paint-2-600x400.jpg HTTP/1.1" 200 38736 "https://www.google.com/" "Mozilla/5.0 (Linux; Android 8.1.0; TECNO CF8 Build/O11019; wv) AppleWebKit/537.36 (KHTML, like Gecko) Version/4.0 Chrome/77.0.3865.92 Mobile Safari/537.36"
66.249.79.220 - - [30/Jan/2020:15:11:48 -0500] "HEAD /wp-content/uploads/2019/03/Beksolar-Logo-2@2x.png HTTP/1.1" 404 - "https://www.beksolar.com/" "Mozilla/5.0 (Linux; Android 6.0.1; Nexus 5X Build/MMB29P) AppleWebKit/537.36 (KHTML, like Gecko) Chrome/79.0.3945.120 Mobile Safari/537.36 (compatible; Googlebot/2.1; +http://www.google.com/bot.html)"
66.249.79.220 - - [30/Jan/2020:15:11:49 -0500] "HEAD /wp-content/uploads/2019/03/Vehicle-Tracking-600x300@2x.png HTTP/1.1" 404 - "https://www.beksolar.com/" "Mozilla/5.0 (Linux; Android 6.0.1; Nexus 5X Build/MMB29P) AppleWebKit/537.36 (KHTML, like Gecko) Chrome/79.0.3945.120 Mobile Safari/537.36 (compatible; Googlebot/2.1; +http://www.google.com/bot.html)"
198.54.125.95 - - [30/Jan/2020:15:51:50 -0500] "POST /wp-cron.php?doing_wp_cron=1580417510.5138270854949951171875 HTTP/1.1" 200 - "https://www.beksolar.com/wp-cron.php?doing_wp_cron=1580417510.5138270854949951171875" "WordPress/5.2.5; https://www.beksolar.com"
185.112.82.235 - - [30/Jan/2020:15:51:49 -0500] "GET /contact-us/ HTTP/1.0" 200 41644 "https://www.beksolar.com/contact-us/" "Mozilla/5.0 (Windows NT 6.1; Win64; x64) AppleWebKit/537.36 (KHTML, like Gecko) Chrome/66.0.3359.170 Safari/537.36 OPR/53.0.2907.106"
185.112.82.235 - - [30/Jan/2020:15:51:52 -0500] "POST /wp-json/contact-form-7/v1/contact-forms/823/feedback HTTP/1.0" 200 158 "https://www.beksolar.com/contact-us/" "Mozilla/5.0 (Windows NT 6.1; Win64; x64) AppleWebKit/537.36 (KHTML, like Gecko) Chrome/66.0.3359.170 Safari/537.36 OPR/53.0.2907.106"
198.54.125.95 - - [30/Jan/2020:16:09:15 -0500] "POST /wp-cron.php?doing_wp_cron=1580418555.6941928863525390625000 HTTP/1.1" 200 - "https://www.beksolar.com/wp-cron.php?doing_wp_cron=1580418555.6941928863525390625000" "WordPress/5.2.5; https://www.beksolar.com"
84.17.48.99 - - [30/Jan/2020:16:09:14 -0500] "GET / HTTP/1.0" 301 - "https://beksolar.com/" "Mozilla/5.0 (Windows NT 10.0; Win64; x64) AppleWebKit/537.36 (KHTML, like Gecko) Chrome/64.0.3282.140 Safari/537.36 Edge/17.17134"
84.17.48.99 - - [30/Jan/2020:16:09:16 -0500] "GET / HTTP/1.0" 200 92385 "https://www.beksolar.com/" "Mozilla/5.0 (Windows NT 10.0; Win64; x64) AppleWebKit/537.36 (KHTML, like Gecko) Chrome/64.0.3282.140 Safari/537.36 Edge/17.17134"
84.17.48.99 - - [30/Jan/2020:16:09:18 -0500] "GET /contact-us/ HTTP/1.0" 200 41645 "https://www.beksolar.com/contact-us/" "Mozilla/5.0 (Windows NT 10.0; Win64; x64) AppleWebKit/537.36 (KHTML, like Gecko) Chrome/64.0.3282.140 Safari/537.36 Edge/17.17134"
84.17.48.99 - - [30/Jan/2020:16:09:19 -0500] "POST /wp-json/contact-form-7/v1/contact-forms/823/feedback HTTP/1.0" 200 158 "https://www.beksolar.com/contact-us/" "Mozilla/5.0 (Windows NT 10.0; Win64; x64) AppleWebKit/537.36 (KHTML, like Gecko) Chrome/64.0.3282.140 Safari/537.36 Edge/17.17134"
198.54.125.95 - - [30/Jan/2020:17:05:04 -0500] "POST /wp-cron.php?doing_wp_cron=1580421904.7840709686279296875000 HTTP/1.1" 200 - "https://www.beksolar.com/wp-cron.php?doing_wp_cron=1580421904.7840709686279296875000" "WordPress/5.2.5; https://www.beksolar.com"
157.55.39.27 - - [30/Jan/2020:17:05:01 -0500] "GET /robots.txt HTTP/1.1" 200 69 "-" "Mozilla/5.0 (compatible; bingbot/2.0; +http://www.bing.com/bingbot.htm)"
157.55.39.27 - - [30/Jan/2020:17:05:05 -0500] "GET /robots.txt HTTP/1.1" 200 69 "-" "Mozilla/5.0 (compatible; bingbot/2.0; +http://www.bing.com/bingbot.htm)"
198.54.125.95 - - [30/Jan/2020:17:48:49 -0500] "POST /wp-cron.php?doing_wp_cron=1580424529.7853560447692871093750 HTTP/1.1" 200 - "https://www.beksolar.com/wp-cron.php?doing_wp_cron=1580424529.7853560447692871093750" "WordPress/5.2.5; https://www.beksolar.com"
216.244.66.248 - - [30/Jan/2020:17:48:48 -0500] "GET /robots.txt HTTP/1.1" 200 67 "-" "Mozilla/5.0 (compatible; DotBot/1.1; http://www.opensiteexplorer.org/dotbot, help@moz.com)"
198.54.125.95 - - [30/Jan/2020:18:04:00 -0500] "POST /wp-cron.php?doing_wp_cron=1580425440.0034859180450439453125 HTTP/1.1" 200 - "https://www.beksolar.com/wp-cron.php?doing_wp_cron=1580425440.0034859180450439453125" "WordPress/5.2.5; https://www.beksolar.com"
216.244.66.248 - - [30/Jan/2020:18:03:58 -0500] "GET /our-services/vehicle-tracking-and-security/feed/ HTTP/1.1" 200 788 "-" "Mozilla/5.0 (compatible; DotBot/1.1; http://www.opensiteexplorer.org/dotbot, help@moz.com)"
198.54.125.95 - - [30/Jan/2020:18:04:32 -0500] "POST /wp-cron.php?doing_wp_cron=1580425472.1445770263671875000000 HTTP/1.1" 200 - "https://www.beksolar.com/wp-cron.php?doing_wp_cron=1580425472.1445770263671875000000" "WordPress/5.2.5; https://www.beksolar.com"
77.75.78.164 - - [30/Jan/2020:18:04:32 -0500] "GET /robots.txt HTTP/1.1" 200 69 "-" "Mozilla/5.0 (compatible; SeznamBot/3.2; +http://napoveda.seznam.cz/en/seznambot-intro/)"
77.75.78.164 - - [30/Jan/2020:18:04:35 -0500] "GET /product/combination-hammer/ HTTP/1.1" 200 13974 "-" "Mozilla/5.0 (compatible; SeznamBot/3.2; +http://napoveda.seznam.cz/en/seznambot-intro/)"
87.98.162.127 - - [30/Jan/2020:18:08:35 -0500] "GET /wp-includes/wp-tmp.php HTTP/1.1" 200 40 "-" "Mozilla/5.0 (Windows NT 6.1; WOW64) AppleWebKit/537.36 (KHTML, like Gecko) Chrome/41.0.2227.0 Safari/537.36"
198.54.125.95 - - [30/Jan/2020:18:43:55 -0500] "POST /wp-cron.php?doing_wp_cron=1580427835.0058310031890869140625 HTTP/1.1" 200 - "https://www.beksolar.com/wp-cron.php?doing_wp_cron=1580427835.0058310031890869140625" "WordPress/5.2.5; https://www.beksolar.com"
216.244.66.248 - - [30/Jan/2020:18:43:53 -0500] "GET /projects/feed/ HTTP/1.1" 200 730 "-" "Mozilla/5.0 (compatible; DotBot/1.1; http://www.opensiteexplorer.org/dotbot, help@moz.com)"
198.54.125.95 - - [30/Jan/2020:18:58:57 -0500] "POST /wp-cron.php?doing_wp_cron=1580428737.0967319011688232421875 HTTP/1.1" 200 - "https://www.beksolar.com/wp-cron.php?doing_wp_cron=1580428737.0967319011688232421875" "WordPress/5.2.5; https://www.beksolar.com"
209.17.97.42 - - [30/Jan/2020:18:58:56 -0500] "GET / HTTP/1.1" 301 - "-" "Mozilla/5.0 (compatible; Nimbostratus-Bot/v1.3.2; http://cloudsystemnetworks.com)"
198.54.125.95 - - [30/Jan/2020:19:13:59 -0500] "POST /wp-cron.php?doing_wp_cron=1580429639.4070401191711425781250 HTTP/1.1" 200 - "https://www.beksolar.com/wp-cron.php?doing_wp_cron=1580429639.4070401191711425781250" "WordPress/5.2.5; https://www.beksolar.com"
188.165.235.173 - - [30/Jan/2020:19:13:58 -0500] "GET / HTTP/1.1" 301 - "-" "Mozilla/5.0 (X11; Linux x86_64) AppleWebKit/537.36 (KHTML, like Gecko) Chrome/74.0.3729.108 Safari/537.36"
188.165.235.173 - - [30/Jan/2020:19:14:02 -0500] "GET / HTTP/1.1" 200 17711 "-" "Mozilla/5.0 (X11; Linux x86_64) AppleWebKit/537.36 (KHTML, like Gecko) Chrome/74.0.3729.108 Safari/537.36"
198.54.125.95 - - [30/Jan/2020:19:20:25 -0500] "POST /wp-cron.php?doing_wp_cron=1580430025.1366848945617675781250 HTTP/1.1" 200 - "https://www.beksolar.com/wp-cron.php?doing_wp_cron=1580430025.1366848945617675781250" "WordPress/5.2.5; https://www.beksolar.com"
216.244.66.248 - - [30/Jan/2020:19:20:24 -0500] "GET /testimonials/ HTTP/1.1" 200 44436 "-" "Mozilla/5.0 (compatible; DotBot/1.1; http://www.opensiteexplorer.org/dotbot, help@moz.com)"
198.54.125.95 - - [30/Jan/2020:19:31:55 -0500] "POST /wp-cron.php?doing_wp_cron=1580430715.0799140930175781250000 HTTP/1.1" 200 - "https://www.beksolar.com/wp-cron.php?doing_wp_cron=1580430715.0799140930175781250000" "WordPress/5.2.5; https://www.beksolar.com"
54.36.149.38 - - [30/Jan/2020:19:31:53 -0500] "GET /robots.txt HTTP/1.1" 200 69 "-" "Mozilla/5.0 (compatible; AhrefsBot/6.1; +http://ahrefs.com/robot/)"
54.36.150.148 - - [30/Jan/2020:19:31:56 -0500] "GET /product/claw-hammer/?add-to-cart=34 HTTP/1.1" 200 13852 "-" "Mozilla/5.0 (compatible; AhrefsBot/6.1; +http://ahrefs.com/robot/)"
103.244.174.113 - - [30/Jan/2020:19:35:35 -0500] "GET /wp-content/uploads/2019/03/paint-2-600x400.jpg HTTP/1.1" 200 38736 "https://www.google.com.pk/" "Mozilla/5.0 (iPhone; CPU iPhone OS 13_1_3 like Mac OS X) AppleWebKit/605.1.15 (KHTML, like Gecko) Version/13.0.1 Mobile/15E148 Safari/604.1"
198.54.125.95 - - [30/Jan/2020:19:35:45 -0500] "POST /wp-cron.php?doing_wp_cron=1580430945.0647909641265869140625 HTTP/1.1" 200 - "https://www.beksolar.com/wp-cron.php?doing_wp_cron=1580430945.0647909641265869140625" "WordPress/5.2.5; https://www.beksolar.com"
207.46.13.6 - - [30/Jan/2020:19:35:44 -0500] "GET /product/paint-guns/ HTTP/1.1" 200 13042 "-" "Mozilla/5.0 (compatible; bingbot/2.0; +http://www.bing.com/bingbot.htm)"
198.54.125.95 - - [30/Jan/2020:19:48:21 -0500] "POST /wp-cron.php?doing_wp_cron=1580431701.5752179622650146484375 HTTP/1.1" 200 - "https://www.beksolar.com/wp-cron.php?doing_wp_cron=1580431701.5752179622650146484375" "WordPress/5.2.5; https://www.beksolar.com"
77.75.78.160 - - [30/Jan/2020:19:48:20 -0500] "GET /robots.txt HTTP/1.1" 200 69 "-" "Mozilla/5.0 (compatible; SeznamBot/3.2; +http://napoveda.seznam.cz/en/seznambot-intro/)"
198.54.125.95 - - [30/Jan/2020:19:48:26 -0500] "POST /wp-cron.php?doing_wp_cron=1580431706.3204100131988525390625 HTTP/1.1" 200 - "https://www.beksolar.com/wp-cron.php?doing_wp_cron=1580431706.3204100131988525390625" "WordPress/5.2.5; https://www.beksolar.com"
77.75.78.160 - - [30/Jan/2020:19:48:26 -0500] "GET /product/saws/ HTTP/1.1" 200 13043 "-" "Mozilla/5.0 (compatible; SeznamBot/3.2; +http://napoveda.seznam.cz/en/seznambot-intro/)"
198.54.125.95 - - [30/Jan/2020:19:58:25 -0500] "POST /wp-cron.php?doing_wp_cron=1580432305.7726650238037109375000 HTTP/1.1" 200 - "https://www.beksolar.com/wp-cron.php?doing_wp_cron=1580432305.7726650238037109375000" "WordPress/5.2.5; https://www.beksolar.com"
207.46.13.232 - - [30/Jan/2020:19:58:24 -0500] "GET /product/pointed-trowel/ HTTP/1.1" 200 13550 "-" "Mozilla/5.0 (compatible; bingbot/2.0; +http://www.bing.com/bingbot.htm)"
198.54.125.95 - - [30/Jan/2020:20:01:48 -0500] "POST /wp-cron.php?doing_wp_cron=1580432508.3999199867248535156250 HTTP/1.1" 200 - "https://www.beksolar.com/wp-cron.php?doing_wp_cron=1580432508.3999199867248535156250" "WordPress/5.2.5; https://www.beksolar.com"
157.55.39.212 - - [30/Jan/2020:20:01:47 -0500] "GET /post-sitemap.xml HTTP/1.1" 200 299 "-" "Mozilla/5.0 (compatible; bingbot/2.0; +http://www.bing.com/bingbot.htm)"
198.54.125.95 - - [30/Jan/2020:20:30:34 -0500] "POST /wp-cron.php?doing_wp_cron=1580434234.4574210643768310546875 HTTP/1.1" 200 - "https://www.beksolar.com/wp-cron.php?doing_wp_cron=1580434234.4574210643768310546875" "WordPress/5.2.5; https://www.beksolar.com"
54.36.149.93 - - [30/Jan/2020:20:30:33 -0500] "GET /2013/06/07/secure-grip/ HTTP/1.1" 301 - "-" "Mozilla/5.0 (compatible; AhrefsBot/6.1; +http://ahrefs.com/robot/)"
198.54.125.95 - - [30/Jan/2020:20:32:05 -0500] "POST /wp-cron.php?doing_wp_cron=1580434325.1086959838867187500000 HTTP/1.1" 200 - "https://www.beksolar.com/wp-cron.php?doing_wp_cron=1580434325.1086959838867187500000" "WordPress/5.2.5; https://www.beksolar.com"
54.36.150.104 - - [30/Jan/2020:20:32:04 -0500] "GET /product-category/clothing/hoodies/?add-to-cart=60 HTTP/1.1" 200 10507 "-" "Mozilla/5.0 (compatible; AhrefsBot/6.1; +http://ahrefs.com/robot/)"
198.54.125.95 - - [30/Jan/2020:21:11:04 -0500] "POST /wp-cron.php?doing_wp_cron=1580436664.1047010421752929687500 HTTP/1.1" 200 - "https://www.beksolar.com/wp-cron.php?doing_wp_cron=1580436664.1047010421752929687500" "WordPress/5.2.5; https://www.beksolar.com"
207.46.13.6 - - [30/Jan/2020:21:11:02 -0500] "GET /product/paint-guns/ HTTP/1.1" 200 13046 "-" "Mozilla/5.0 (compatible; bingbot/2.0; +http://www.bing.com/bingbot.htm)"
198.54.125.95 - - [30/Jan/2020:21:35:20 -0500] "POST /wp-cron.php?doing_wp_cron=1580438120.5952670574188232421875 HTTP/1.1" 200 - "https://www.beksolar.com/wp-cron.php?doing_wp_cron=1580438120.5952670574188232421875" "WordPress/5.2.5; https://www.beksolar.com"
207.46.13.6 - - [30/Jan/2020:21:35:19 -0500] "GET /product/cordless-oscillating/ HTTP/1.1" 200 13774 "-" "Mozilla/5.0 (compatible; bingbot/2.0; +http://www.bing.com/bingbot.htm)"
198.54.125.95 - - [30/Jan/2020:21:41:04 -0500] "POST /wp-cron.php?doing_wp_cron=1580438464.5892341136932373046875 HTTP/1.1" 200 - "https://www.beksolar.com/wp-cron.php?doing_wp_cron=1580438464.5892341136932373046875" "WordPress/5.2.5; https://www.beksolar.com"
77.75.78.166 - - [30/Jan/2020:21:41:03 -0500] "GET /robots.txt HTTP/1.1" 200 69 "-" "Mozilla/5.0 (compatible; SeznamBot/3.2; +http://napoveda.seznam.cz/en/seznambot-intro/)"
77.75.78.166 - - [30/Jan/2020:21:41:09 -0500] "GET /product/secure-grip/ HTTP/1.1" 200 13896 "-" "Mozilla/5.0 (compatible; SeznamBot/3.2; +http://napoveda.seznam.cz/en/seznambot-intro/)"
198.54.125.95 - - [30/Jan/2020:22:01:51 -0500] "POST /wp-cron.php?doing_wp_cron=1580439711.0859489440917968750000 HTTP/1.1" 200 - "https://www.beksolar.com/wp-cron.php?doing_wp_cron=1580439711.0859489440917968750000" "WordPress/5.2.5; https://www.beksolar.com"
66.249.68.30 - - [30/Jan/2020:22:01:49 -0500] "GET /robots.txt HTTP/1.1" 200 69 "-" "Mozilla/5.0 (compatible; Googlebot/2.1; +http://www.google.com/bot.html)"
66.249.68.28 - - [30/Jan/2020:22:01:51 -0500] "GET /essential_grid-sitemap.xml HTTP/1.1" 200 299 "-" "Mozilla/5.0 (compatible; Googlebot/2.1; +http://www.google.com/bot.html)"
198.54.125.95 - - [30/Jan/2020:22:05:42 -0500] "POST /wp-cron.php?doing_wp_cron=1580439942.3143041133880615234375 HTTP/1.1" 200 - "https://www.beksolar.com/wp-cron.php?doing_wp_cron=1580439942.3143041133880615234375" "WordPress/5.2.5; https://www.beksolar.com"
54.36.148.65 - - [30/Jan/2020:22:05:41 -0500] "GET /product/multi-tool/?add-to-cart=53 HTTP/1.1" 200 14644 "-" "Mozilla/5.0 (compatible; AhrefsBot/6.1; +http://ahrefs.com/robot/)"
198.54.125.95 - - [30/Jan/2020:22:14:46 -0500] "POST /wp-cron.php?doing_wp_cron=1580440486.2750010490417480468750 HTTP/1.1" 200 - "https://www.beksolar.com/wp-cron.php?doing_wp_cron=1580440486.2750010490417480468750" "WordPress/5.2.5; https://www.beksolar.com"
157.55.39.212 - - [30/Jan/2020:22:14:45 -0500] "GET /product/screw-screwdriver/ HTTP/1.1" 200 13686 "-" "Mozilla/5.0 (compatible; bingbot/2.0; +http://www.bing.com/bingbot.htm)"
198.54.125.95 - - [30/Jan/2020:23:19:10 -0500] "POST /wp-cron.php?doing_wp_cron=1580444350.9706470966339111328125 HTTP/1.1" 200 - "https://www.beksolar.com/wp-cron.php?doing_wp_cron=1580444350.9706470966339111328125" "WordPress/5.2.5; https://www.beksolar.com"
84.17.46.27 - - [30/Jan/2020:23:19:09 -0500] "GET /contact-us/ HTTP/1.0" 200 41644 "https://www.beksolar.com/contact-us/" "Mozilla/5.0 (Windows NT 10.0; Win64; x64) AppleWebKit/537.36 (KHTML, like Gecko) Chrome/67.0.3396.87 Safari/537.36 OPR/54.0.2952.64"
84.17.46.27 - - [30/Jan/2020:23:19:12 -0500] "POST /wp-json/contact-form-7/v1/contact-forms/823/feedback HTTP/1.0" 200 158 "https://www.beksolar.com/contact-us/" "Mozilla/5.0 (Windows NT 10.0; Win64; x64) AppleWebKit/537.36 (KHTML, like Gecko) Chrome/67.0.3396.87 Safari/537.36 OPR/54.0.2952.64"
198.54.125.95 - - [30/Jan/2020:23:32:53 -0500] "POST /wp-cron.php?doing_wp_cron=1580445173.4626491069793701171875 HTTP/1.1" 200 - "https://www.beksolar.com/wp-cron.php?doing_wp_cron=1580445173.4626491069793701171875" "WordPress/5.2.5; https://www.beksolar.com"
77.75.79.54 - - [30/Jan/2020:23:32:52 -0500] "GET /robots.txt HTTP/1.1" 200 69 "-" "Mozilla/5.0 (compatible; SeznamBot/3.2; +http://napoveda.seznam.cz/en/seznambot-intro/)"
77.75.79.54 - - [30/Jan/2020:23:32:58 -0500] "GET /product/saws/ HTTP/1.1" 200 13042 "-" "Mozilla/5.0 (compatible; SeznamBot/3.2; +http://napoveda.seznam.cz/en/seznambot-intro/)"
198.54.125.95 - - [30/Jan/2020:23:33:32 -0500] "POST /wp-cron.php?doing_wp_cron=1580445212.2397649288177490234375 HTTP/1.1" 200 - "https://www.beksolar.com/wp-cron.php?doing_wp_cron=1580445212.2397649288177490234375" "WordPress/5.2.5; https://www.beksolar.com"
54.36.149.18 - - [30/Jan/2020:23:33:32 -0500] "GET /robots.txt HTTP/1.1" 200 69 "-" "Mozilla/5.0 (compatible; AhrefsBot/6.1; +http://ahrefs.com/robot/)"
54.36.150.38 - - [30/Jan/2020:23:33:34 -0500] "GET / HTTP/1.1" 301 - "-" "Mozilla/5.0 (compatible; AhrefsBot/6.1; +http://ahrefs.com/robot/)"
198.54.125.95 - - [30/Jan/2020:23:46:45 -0500] "POST /wp-cron.php?doing_wp_cron=1580446005.7914569377899169921875 HTTP/1.1" 200 - "https://www.beksolar.com/wp-cron.php?doing_wp_cron=1580446005.7914569377899169921875" "WordPress/5.2.5; https://www.beksolar.com"
46.229.168.130 - - [30/Jan/2020:23:46:44 -0500] "GET /robots.txt HTTP/1.1" 200 69 "-" "Mozilla/5.0 (compatible; SemrushBot/6~bl; +http://www.semrush.com/bot.html)"
46.229.168.141 - - [30/Jan/2020:23:46:46 -0500] "GET /product-category/music/albums/ HTTP/1.1" 200 10411 "-" "Mozilla/5.0 (compatible; SemrushBot/6~bl; +http://www.semrush.com/bot.html)"
216.244.66.248 - - [30/Jan/2020:23:47:17 -0500] "GET /wp-login.php?action=lostpassword HTTP/1.1" 200 2528 "-" "Mozilla/5.0 (compatible; DotBot/1.1; http://www.opensiteexplorer.org/dotbot, help@moz.com)"
198.54.125.95 - - [31/Jan/2020:00:04:19 -0500] "POST /wp-cron.php?doing_wp_cron=1580447059.9339659214019775390625 HTTP/1.1" 200 - "https://www.beksolar.com/wp-cron.php?doing_wp_cron=1580447059.9339659214019775390625" "WordPress/5.2.5; https://www.beksolar.com"
167.114.210.127 - - [31/Jan/2020:00:04:18 -0500] "GET /wp-login.php HTTP/1.1" 200 1108 "-" "Mozilla/5.0 (X11; Ubuntu; Linux x86_64; rv:62.0) Gecko/20100101 Firefox/62.0"
198.54.125.95 - - [31/Jan/2020:00:07:53 -0500] "POST /wp-cron.php?doing_wp_cron=1580447273.9458739757537841796875 HTTP/1.1" 200 - "https://www.beksolar.com/wp-cron.php?doing_wp_cron=1580447273.9458739757537841796875" "WordPress/5.2.5; https://www.beksolar.com"
77.75.78.168 - - [31/Jan/2020:00:07:52 -0500] "GET /robots.txt HTTP/1.1" 200 69 "-" "Mozilla/5.0 (compatible; SeznamBot/3.2; +http://napoveda.seznam.cz/en/seznambot-intro/)"
77.75.78.168 - - [31/Jan/2020:00:07:58 -0500] "GET /product-category/clothing/ HTTP/1.1" 200 10723 "-" "Mozilla/5.0 (compatible; SeznamBot/3.2; +http://napoveda.seznam.cz/en/seznambot-intro/)"
198.54.125.95 - - [31/Jan/2020:00:20:35 -0500] "POST /wp-cron.php?doing_wp_cron=1580448035.5083949565887451171875 HTTP/1.1" 200 - "https://www.beksolar.com/wp-cron.php?doing_wp_cron=1580448035.5083949565887451171875" "WordPress/5.2.5; https://www.beksolar.com"
40.77.167.142 - - [31/Jan/2020:00:20:34 -0500] "GET /news/ HTTP/1.1" 200 9501 "-" "Mozilla/5.0 (compatible; bingbot/2.0; +http://www.bing.com/bingbot.htm)"
66.249.93.2 - - [31/Jan/2020:00:42:02 -0500] "GET /wp-content/uploads/2019/03/paint-2-600x400.jpg HTTP/1.1" 200 38736 "-" "Mozilla/5.0 (Windows NT 5.1; rv:11.0) Gecko Firefox/11.0 (via ggpht.com GoogleImageProxy)"
198.54.125.95 - - [31/Jan/2020:00:47:41 -0500] "POST /wp-cron.php?doing_wp_cron=1580449661.5348930358886718750000 HTTP/1.1" 200 - "https://www.beksolar.com/wp-cron.php?doing_wp_cron=1580449661.5348930358886718750000" "WordPress/5.2.5; https://www.beksolar.com"
207.46.13.6 - - [31/Jan/2020:00:47:40 -0500] "GET /product/cordless-oscillating/ HTTP/1.1" 200 13762 "-" "Mozilla/5.0 (compatible; bingbot/2.0; +http://www.bing.com/bingbot.htm)"
198.54.125.95 - - [31/Jan/2020:01:03:28 -0500] "POST /wp-cron.php?doing_wp_cron=1580450608.4892389774322509765625 HTTP/1.1" 200 - "https://www.beksolar.com/wp-cron.php?doing_wp_cron=1580450608.4892389774322509765625" "WordPress/5.2.5; https://www.beksolar.com"
54.36.150.80 - - [31/Jan/2020:01:03:27 -0500] "GET /product/measuring-squares/?add-to-cart=284 HTTP/1.1" 200 13132 "-" "Mozilla/5.0 (compatible; AhrefsBot/6.1; +http://ahrefs.com/robot/)"
198.54.125.95 - - [31/Jan/2020:01:16:14 -0500] "POST /wp-cron.php?doing_wp_cron=1580451374.1971349716186523437500 HTTP/1.1" 200 - "https://www.beksolar.com/wp-cron.php?doing_wp_cron=1580451374.1971349716186523437500" "WordPress/5.2.5; https://www.beksolar.com"
216.244.66.248 - - [31/Jan/2020:01:16:13 -0500] "GET /sample-page/feed/ HTTP/1.1" 200 736 "-" "Mozilla/5.0 (compatible; DotBot/1.1; http://www.opensiteexplorer.org/dotbot, help@moz.com)"
198.54.125.95 - - [31/Jan/2020:01:37:15 -0500] "POST /wp-cron.php?doing_wp_cron=1580452635.8977799415588378906250 HTTP/1.1" 200 - "https://www.beksolar.com/wp-cron.php?doing_wp_cron=1580452635.8977799415588378906250" "WordPress/5.2.5; https://www.beksolar.com"
77.75.79.119 - - [31/Jan/2020:01:37:14 -0500] "GET /robots.txt HTTP/1.1" 200 69 "-" "Mozilla/5.0 (compatible; SeznamBot/3.2; +http://napoveda.seznam.cz/en/seznambot-intro/)"
77.75.79.119 - - [31/Jan/2020:01:37:20 -0500] "GET /product/screw-screwdriver/ HTTP/1.1" 200 13684 "-" "Mozilla/5.0 (compatible; SeznamBot/3.2; +http://napoveda.seznam.cz/en/seznambot-intro/)"
198.54.125.95 - - [31/Jan/2020:01:33:28 -0500] "POST /wp-cron.php?doing_wp_cron=1580452408.1009850502014160156250 HTTP/1.1" 200 - "https://www.beksolar.com/wp-cron.php?doing_wp_cron=1580452408.1009850502014160156250" "WordPress/5.2.5; https://www.beksolar.com"
54.36.150.156 - - [31/Jan/2020:01:33:26 -0500] "GET /product/cutting-pliers/?add-to-cart=285 HTTP/1.1" 200 13608 "-" "Mozilla/5.0 (compatible; AhrefsBot/6.1; +http://ahrefs.com/robot/)"
77.75.78.164 - - [31/Jan/2020:03:07:07 -0500] "GET /robots.txt HTTP/1.1" 200 69 "-" "Mozilla/5.0 (compatible; SeznamBot/3.2; +http://napoveda.seznam.cz/en/seznambot-intro/)"
198.54.125.95 - - [31/Jan/2020:03:07:08 -0500] "POST /wp-cron.php?doing_wp_cron=1580458028.6352510452270507812500 HTTP/1.1" 200 - "https://www.beksolar.com/wp-cron.php?doing_wp_cron=1580458028.6352510452270507812500" "WordPress/5.2.5; https://www.beksolar.com"
77.75.78.164 - - [31/Jan/2020:03:07:16 -0500] "GET /product-category/posters/ HTTP/1.1" 200 10551 "-" "Mozilla/5.0 (compatible; SeznamBot/3.2; +http://napoveda.seznam.cz/en/seznambot-intro/)"
198.54.125.95 - - [31/Jan/2020:03:33:02 -0500] "POST /wp-cron.php?doing_wp_cron=1580459582.4230289459228515625000 HTTP/1.1" 200 - "https://www.beksolar.com/wp-cron.php?doing_wp_cron=1580459582.4230289459228515625000" "WordPress/5.2.5; https://www.beksolar.com"
54.36.150.136 - - [31/Jan/2020:03:33:01 -0500] "GET /product-category/music/feed/ HTTP/1.1" 200 1143 "-" "Mozilla/5.0 (compatible; AhrefsBot/6.1; +http://ahrefs.com/robot/)"
198.54.125.95 - - [31/Jan/2020:03:53:16 -0500] "POST /wp-cron.php?doing_wp_cron=1580460796.7889599800109863281250 HTTP/1.1" 200 - "https://www.beksolar.com/wp-cron.php?doing_wp_cron=1580460796.7889599800109863281250" "WordPress/5.2.5; https://www.beksolar.com"
77.75.77.109 - - [31/Jan/2020:03:53:15 -0500] "GET /robots.txt HTTP/1.1" 200 69 "-" "Mozilla/5.0 (compatible; SeznamBot/3.2; +http://napoveda.seznam.cz/en/seznambot-intro/)"
77.75.77.109 - - [31/Jan/2020:03:53:22 -0500] "GET /shop/?add-to-cart=292 HTTP/1.1" 200 11388 "-" "Mozilla/5.0 (compatible; SeznamBot/3.2; +http://napoveda.seznam.cz/en/seznambot-intro/)"
155.93.130.237 - - [31/Jan/2020:04:40:43 -0500] "GET /wp-content/uploads/2019/03/Vehicle-Tracking.png HTTP/1.1" 200 523011 "https://www.google.com/" "Mozilla/5.0 (Windows NT 10.0; Win64; x64) AppleWebKit/537.36 (KHTML, like Gecko) Chrome/79.0.3945.130 Safari/537.36"
198.54.125.95 - - [31/Jan/2020:04:52:58 -0500] "POST /wp-cron.php?doing_wp_cron=1580464378.4065508842468261718750 HTTP/1.1" 200 - "https://www.beksolar.com/wp-cron.php?doing_wp_cron=1580464378.4065508842468261718750" "WordPress/5.2.5; https://www.beksolar.com"
77.75.79.17 - - [31/Jan/2020:04:52:56 -0500] "GET /robots.txt HTTP/1.1" 200 69 "-" "Mozilla/5.0 (compatible; SeznamBot/3.2; +http://napoveda.seznam.cz/en/seznambot-intro/)"
77.75.79.17 - - [31/Jan/2020:04:53:07 -0500] "GET /wp-content/uploads/revslider/Home1Extended/new_slider03.jpg HTTP/1.1" 200 167457 "-" "Mozilla/5.0 (compatible; SeznamBot/3.2; +http://napoveda.seznam.cz/en/seznambot-intro/)"
41.78.82.117 - - [31/Jan/2020:05:08:20 -0500] "GET /wp-content/uploads/2019/03/paint-2-600x400.jpg HTTP/1.1" 200 38736 "https://www.google.com/" "Mozilla/5.0 (Windows NT 6.3; Win64; x64) AppleWebKit/537.36 (KHTML, like Gecko) Chrome/79.0.3945.130 Safari/537.36"
54.36.148.224 - - [31/Jan/2020:05:10:24 -0500] "GET /robots.txt HTTP/1.1" 200 69 "-" "Mozilla/5.0 (compatible; AhrefsBot/6.1; +http://ahrefs.com/robot/)"
198.54.125.95 - - [31/Jan/2020:05:24:28 -0500] "POST /wp-cron.php?doing_wp_cron=1580466268.0118970870971679687500 HTTP/1.1" 200 - "https://www.beksolar.com/wp-cron.php?doing_wp_cron=1580466268.0118970870971679687500" "WordPress/5.2.5; https://www.beksolar.com"
46.229.168.134 - - [31/Jan/2020:05:24:26 -0500] "GET /robots.txt HTTP/1.1" 200 69 "-" "Mozilla/5.0 (compatible; SemrushBot/6~bl; +http://www.semrush.com/bot.html)"
46.229.168.140 - - [31/Jan/2020:05:24:28 -0500] "GET /product/screw-screwdriver/ HTTP/1.1" 200 13699 "-" "Mozilla/5.0 (compatible; SemrushBot/6~bl; +http://www.semrush.com/bot.html)"
198.54.125.95 - - [31/Jan/2020:05:42:54 -0500] "POST /wp-cron.php?doing_wp_cron=1580467374.9609270095825195312500 HTTP/1.1" 200 - "https://www.beksolar.com/wp-cron.php?doing_wp_cron=1580467374.9609270095825195312500" "WordPress/5.2.5; https://www.beksolar.com"
46.229.168.129 - - [31/Jan/2020:05:42:53 -0500] "GET /robots.txt HTTP/1.1" 200 69 "-" "Mozilla/5.0 (compatible; SemrushBot/6~bl; +http://www.semrush.com/bot.html)"
46.229.168.163 - - [31/Jan/2020:05:42:55 -0500] "GET /project-full-width/ HTTP/1.1" 200 9858 "-" "Mozilla/5.0 (compatible; SemrushBot/6~bl; +http://www.semrush.com/bot.html)"
198.54.125.95 - - [31/Jan/2020:06:11:16 -0500] "POST /wp-cron.php?doing_wp_cron=1580469075.9551029205322265625000 HTTP/1.1" 200 - "https://www.beksolar.com/wp-cron.php?doing_wp_cron=1580469075.9551029205322265625000" "WordPress/5.2.5; https://www.beksolar.com"
54.36.149.89 - - [31/Jan/2020:06:11:14 -0500] "GET /contact-us/ HTTP/1.1" 200 10847 "-" "Mozilla/5.0 (compatible; AhrefsBot/6.1; +http://ahrefs.com/robot/)"
198.54.125.95 - - [31/Jan/2020:06:24:56 -0500] "POST /wp-cron.php?doing_wp_cron=1580469896.3831601142883300781250 HTTP/1.1" 200 - "https://www.beksolar.com/wp-cron.php?doing_wp_cron=1580469896.3831601142883300781250" "WordPress/5.2.5; https://www.beksolar.com"
207.46.13.232 - - [31/Jan/2020:06:24:54 -0500] "GET /product/pointed-trowel/ HTTP/1.1" 200 13532 "-" "Mozilla/5.0 (compatible; bingbot/2.0; +http://www.bing.com/bingbot.htm)"
© 2025 XylotrechusZ