197.210.226.211 - - [30/Jan/2020:09:04:21 -0500] "GET /listingo/images/line-bar.jpg HTTP/1.1" 404 53100 "https://www.naijadial.com/account/" "Mozilla/5.0 (Linux; Android 9; Nokia 7 plus Build/PPR1.180610.011; wv) AppleWebKit/537.36 (KHTML, like Gecko) Version/4.0 Chrome/74.0.3729.136 Mobile Safari/537.36 [FB_IAB/FB4A;FBAV/243.0.0.47.108;]"
193.109.85.12 - - [30/Jan/2020:09:04:25 -0500] "POST /wp-admin/admin-ajax.php HTTP/1.1" 200 47 "https://www.naijadial.com/wp-admin/themes.php?page=fw-settings" "Mozilla/5.0 (Windows NT 6.3; Win64; x64) AppleWebKit/537.36 (KHTML, like Gecko) Chrome/79.0.3945.130 Safari/537.36"
197.210.226.211 - - [30/Jan/2020:09:04:51 -0500] "GET /ads-search/ HTTP/1.1" 200 16518 "https://www.naijadial.com/account/" "Mozilla/5.0 (Linux; Android 9; Nokia 7 plus Build/PPR1.180610.011; wv) AppleWebKit/537.36 (KHTML, like Gecko) Version/4.0 Chrome/74.0.3729.136 Mobile Safari/537.36 [FB_IAB/FB4A;FBAV/243.0.0.47.108;]"
197.210.226.211 - - [30/Jan/2020:09:04:54 -0500] "GET /new/wp-content/uploads/2020/01/header.jpg HTTP/1.1" 304 - "https://www.naijadial.com/ads-search/" "Mozilla/5.0 (Linux; Android 9; Nokia 7 plus Build/PPR1.180610.011; wv) AppleWebKit/537.36 (KHTML, like Gecko) Version/4.0 Chrome/74.0.3729.136 Mobile Safari/537.36 [FB_IAB/FB4A;FBAV/243.0.0.47.108;]"
197.210.226.211 - - [30/Jan/2020:09:04:54 -0500] "GET /naijadial/js/maps/markerclusterer.min.js?ver=3.2.2 HTTP/1.1" 304 - "https://www.naijadial.com/ads-search/" "Mozilla/5.0 (Linux; Android 9; Nokia 7 plus Build/PPR1.180610.011; wv) AppleWebKit/537.36 (KHTML, like Gecko) Version/4.0 Chrome/74.0.3729.136 Mobile Safari/537.36 [FB_IAB/FB4A;FBAV/243.0.0.47.108;]"
197.210.226.211 - - [30/Jan/2020:09:04:54 -0500] "GET /naijadial/js/maps/oms.min.js?ver=3.2.2 HTTP/1.1" 304 - "https://www.naijadial.com/ads-search/" "Mozilla/5.0 (Linux; Android 9; Nokia 7 plus Build/PPR1.180610.011; wv) AppleWebKit/537.36 (KHTML, like Gecko) Version/4.0 Chrome/74.0.3729.136 Mobile Safari/537.36 [FB_IAB/FB4A;FBAV/243.0.0.47.108;]"
197.210.226.211 - - [30/Jan/2020:09:04:54 -0500] "GET /naijadial/framework-customizations/extensions/ads/static/js/maps/ad_gmaps.js?ver=1.0 HTTP/1.1" 304 - "https://www.naijadial.com/ads-search/" "Mozilla/5.0 (Linux; Android 9; Nokia 7 plus Build/PPR1.180610.011; wv) AppleWebKit/537.36 (KHTML, like Gecko) Version/4.0 Chrome/74.0.3729.136 Mobile Safari/537.36 [FB_IAB/FB4A;FBAV/243.0.0.47.108;]"
197.210.226.211 - - [30/Jan/2020:09:04:54 -0500] "GET /naijadial/js/maps/infobox.js?ver=3.2.2 HTTP/1.1" 304 - "https://www.naijadial.com/ads-search/" "Mozilla/5.0 (Linux; Android 9; Nokia 7 plus Build/PPR1.180610.011; wv) AppleWebKit/537.36 (KHTML, like Gecko) Version/4.0 Chrome/74.0.3729.136 Mobile Safari/537.36 [FB_IAB/FB4A;FBAV/243.0.0.47.108;]"
197.210.226.211 - - [30/Jan/2020:09:04:54 -0500] "GET /naijadial/js/jquery.sticky-kit.min.js?ver=5.3.2 HTTP/1.1" 304 - "https://www.naijadial.com/ads-search/" "Mozilla/5.0 (Linux; Android 9; Nokia 7 plus Build/PPR1.180610.011; wv) AppleWebKit/537.36 (KHTML, like Gecko) Version/4.0 Chrome/74.0.3729.136 Mobile Safari/537.36 [FB_IAB/FB4A;FBAV/243.0.0.47.108;]"
197.210.226.211 - - [30/Jan/2020:09:04:54 -0500] "GET /listingo/images/line-bar.jpg HTTP/1.1" 404 53100 "https://www.naijadial.com/naijadial/style.css?ver=3.2.2" "Mozilla/5.0 (Linux; Android 9; Nokia 7 plus Build/PPR1.180610.011; wv) AppleWebKit/537.36 (KHTML, like Gecko) Version/4.0 Chrome/74.0.3729.136 Mobile Safari/537.36 [FB_IAB/FB4A;FBAV/243.0.0.47.108;]"
68.65.121.137 - - [30/Jan/2020:09:06:26 -0500] "POST /wp-cron.php?doing_wp_cron=1580393186.6255970001220703125000 HTTP/1.1" 200 - "https://www.naijadial.com/wp-cron.php?doing_wp_cron=1580393186.6255970001220703125000" "WordPress/5.3.2; https://www.naijadial.com"
193.109.85.12 - - [30/Jan/2020:09:06:26 -0500] "POST /wp-admin/admin-ajax.php HTTP/1.1" 200 47 "https://www.naijadial.com/wp-admin/themes.php?page=fw-settings" "Mozilla/5.0 (Windows NT 6.3; Win64; x64) AppleWebKit/537.36 (KHTML, like Gecko) Chrome/79.0.3945.130 Safari/537.36"
68.65.121.137 - - [30/Jan/2020:09:08:29 -0500] "POST /wp-cron.php?doing_wp_cron=1580393309.2418270111083984375000 HTTP/1.1" 200 - "https://www.naijadial.com/wp-cron.php?doing_wp_cron=1580393309.2418270111083984375000" "WordPress/5.3.2; https://www.naijadial.com"
193.109.85.12 - - [30/Jan/2020:09:08:27 -0500] "POST /wp-admin/admin-ajax.php HTTP/1.1" 200 47 "https://www.naijadial.com/wp-admin/themes.php?page=fw-settings" "Mozilla/5.0 (Windows NT 6.3; Win64; x64) AppleWebKit/537.36 (KHTML, like Gecko) Chrome/79.0.3945.130 Safari/537.36"
68.65.121.137 - - [30/Jan/2020:09:10:29 -0500] "POST /wp-cron.php?doing_wp_cron=1580393429.7477459907531738281250 HTTP/1.1" 200 - "https://www.naijadial.com/wp-cron.php?doing_wp_cron=1580393429.7477459907531738281250" "WordPress/5.3.2; https://www.naijadial.com"
193.109.85.12 - - [30/Jan/2020:09:10:29 -0500] "POST /wp-admin/admin-ajax.php HTTP/1.1" 200 47 "https://www.naijadial.com/wp-admin/themes.php?page=fw-settings" "Mozilla/5.0 (Windows NT 6.3; Win64; x64) AppleWebKit/537.36 (KHTML, like Gecko) Chrome/79.0.3945.130 Safari/537.36"
2400:6180:0:d1::4c4:a001 - - [30/Jan/2020:09:11:47 -0500] "GET /wp-login.php HTTP/1.1" 200 4335 "-" "Mozilla/5.0 (X11; Ubuntu; Linux x86_64; rv:62.0) Gecko/20100101 Firefox/62.0"
68.65.121.137 - - [30/Jan/2020:09:11:49 -0500] "POST /wp-cron.php?doing_wp_cron=1580393509.0139360427856445312500 HTTP/1.1" 200 - "https://www.naijadial.com/wp-cron.php?doing_wp_cron=1580393509.0139360427856445312500" "WordPress/5.3.2; https://www.naijadial.com"
2400:6180:0:d1::4c4:a001 - - [30/Jan/2020:09:11:48 -0500] "POST /wp-login.php HTTP/1.1" 200 1908 "-" "Mozilla/5.0 (X11; Ubuntu; Linux x86_64; rv:62.0) Gecko/20100101 Firefox/62.0"
2400:6180:0:d1::4c4:a001 - - [30/Jan/2020:09:11:50 -0500] "POST /xmlrpc.php HTTP/1.1" 200 225 "-" "Mozilla/5.0 (X11; Ubuntu; Linux x86_64; rv:62.0) Gecko/20100101 Firefox/62.0"
68.65.121.137 - - [30/Jan/2020:09:12:28 -0500] "POST /wp-cron.php?doing_wp_cron=1580393548.4925510883331298828125 HTTP/1.1" 200 - "https://www.naijadial.com/wp-cron.php?doing_wp_cron=1580393548.4925510883331298828125" "WordPress/5.3.2; https://www.naijadial.com"
193.109.85.12 - - [30/Jan/2020:09:12:28 -0500] "POST /wp-admin/admin-ajax.php HTTP/1.1" 200 47 "https://www.naijadial.com/wp-admin/themes.php?page=fw-settings" "Mozilla/5.0 (Windows NT 6.3; Win64; x64) AppleWebKit/537.36 (KHTML, like Gecko) Chrome/79.0.3945.130 Safari/537.36"
68.65.121.137 - - [30/Jan/2020:09:14:13 -0500] "POST /wp-cron.php?doing_wp_cron=1580393653.5924201011657714843750 HTTP/1.1" 200 - "https://www.naijadial.com/wp-cron.php?doing_wp_cron=1580393653.5924201011657714843750" "WordPress/5.3.2; https://www.naijadial.com"
66.249.65.103 - - [30/Jan/2020:09:14:13 -0500] "GET /sitemap_index.xml HTTP/1.1" 404 52350 "-" "Mozilla/5.0 (compatible; Googlebot/2.1; +http://www.google.com/bot.html)"
68.65.121.137 - - [30/Jan/2020:09:18:42 -0500] "POST /wp-cron.php?doing_wp_cron=1580393922.6805920600891113281250 HTTP/1.1" 200 - "https://www.naijadial.com/wp-cron.php?doing_wp_cron=1580393922.6805920600891113281250" "WordPress/5.3.2; https://www.naijadial.com"
178.62.9.122 - - [30/Jan/2020:09:18:40 -0500] "GET /wp-login.php HTTP/1.1" 200 1761 "-" "Mozilla/5.0 (X11; Ubuntu; Linux x86_64; rv:62.0) Gecko/20100101 Firefox/62.0"
178.62.9.122 - - [30/Jan/2020:09:18:43 -0500] "POST /wp-login.php HTTP/1.1" 200 4333 "-" "Mozilla/5.0 (X11; Ubuntu; Linux x86_64; rv:62.0) Gecko/20100101 Firefox/62.0"
178.62.9.122 - - [30/Jan/2020:09:18:44 -0500] "POST /xmlrpc.php HTTP/1.1" 200 247 "-" "Mozilla/5.0 (X11; Ubuntu; Linux x86_64; rv:62.0) Gecko/20100101 Firefox/62.0"
68.65.121.137 - - [30/Jan/2020:09:19:25 -0500] "POST /wp-cron.php?doing_wp_cron=1580393965.3758039474487304687500 HTTP/1.1" 200 - "https://www.naijadial.com/wp-cron.php?doing_wp_cron=1580393965.3758039474487304687500" "WordPress/5.3.2; https://www.naijadial.com"
129.205.112.252 - - [30/Jan/2020:09:19:25 -0500] "GET /ads-search/?sortby=&orderby=&showposts=100&keyword=&category=&price_type= HTTP/1.1" 200 17316 "https://www.naijadial.com/ads-search/" "Mozilla/5.0 (Linux; Android 6.0; M5 mini Build/MRA58K) AppleWebKit/537.36 (KHTML, like Gecko) Chrome/53.0.2785.124 Mobile Safari/537.36"
129.205.112.252 - - [30/Jan/2020:09:19:28 -0500] "GET /files/2020/01/NaijaDial-Avatar-100x100.png HTTP/1.1" 304 - "https://www.naijadial.com/ads-search/?sortby=&orderby=&showposts=100&keyword=&category=&price_type=" "Mozilla/5.0 (Linux; Android 6.0; M5 mini Build/MRA58K) AppleWebKit/537.36 (KHTML, like Gecko) Chrome/53.0.2785.124 Mobile Safari/537.36"
129.205.112.252 - - [30/Jan/2020:09:19:31 -0500] "GET /files/2020/01/responsive-web-design-360x240.png HTTP/1.1" 304 - "https://www.naijadial.com/ads-search/?sortby=&orderby=&showposts=100&keyword=&category=&price_type=" "Mozilla/5.0 (Linux; Android 6.0; M5 mini Build/MRA58K) AppleWebKit/537.36 (KHTML, like Gecko) Chrome/53.0.2785.124 Mobile Safari/537.36"
129.205.112.252 - - [30/Jan/2020:09:19:31 -0500] "GET /files/2020/01/Matican-Logo-100x100.png HTTP/1.1" 304 - "https://www.naijadial.com/ads-search/?sortby=&orderby=&showposts=100&keyword=&category=&price_type=" "Mozilla/5.0 (Linux; Android 6.0; M5 mini Build/MRA58K) AppleWebKit/537.36 (KHTML, like Gecko) Chrome/53.0.2785.124 Mobile Safari/537.36"
129.205.112.252 - - [30/Jan/2020:09:19:37 -0500] "GET /listingo/images/line-bar.jpg HTTP/1.1" 404 58022 "https://www.naijadial.com/naijadial/style.css?ver=3.2.2" "Mozilla/5.0 (Linux; Android 6.0; M5 mini Build/MRA58K) AppleWebKit/537.36 (KHTML, like Gecko) Chrome/53.0.2785.124 Mobile Safari/537.36"
129.205.112.252 - - [30/Jan/2020:09:19:39 -0500] "POST /?wc-ajax=get_refreshed_fragments HTTP/1.1" 200 210 "https://www.naijadial.com/ads-search/?sortby=&orderby=&showposts=100&keyword=&category=&price_type=" "Mozilla/5.0 (Linux; Android 6.0; M5 mini Build/MRA58K) AppleWebKit/537.36 (KHTML, like Gecko) Chrome/53.0.2785.124 Mobile Safari/537.36"
129.205.112.252 - - [30/Jan/2020:09:19:41 -0500] "GET /files/2020/01/map.png HTTP/1.1" 304 - "https://www.naijadial.com/ads-search/?sortby=&orderby=&showposts=100&keyword=&category=&price_type=" "Mozilla/5.0 (Linux; Android 6.0; M5 mini Build/MRA58K) AppleWebKit/537.36 (KHTML, like Gecko) Chrome/53.0.2785.124 Mobile Safari/537.36"
129.205.112.252 - - [30/Jan/2020:09:19:54 -0500] "GET /ads-search/apple-touch-icon.png HTTP/1.1" 404 57272 "https://www.naijadial.com/ads-search/?sortby=&orderby=&showposts=100&keyword=&category=&price_type=" "Mozilla/5.0 (Linux; Android 6.0; M5 mini Build/MRA58K) AppleWebKit/537.36 (KHTML, like Gecko) Chrome/53.0.2785.124 Mobile Safari/537.36"
68.65.121.137 - - [30/Jan/2020:09:21:30 -0500] "POST /wp-cron.php?doing_wp_cron=1580394089.9986550807952880859375 HTTP/1.1" 200 - "https://www.naijadial.com/wp-cron.php?doing_wp_cron=1580394089.9986550807952880859375" "WordPress/5.3.2; https://www.naijadial.com"
54.36.148.188 - - [30/Jan/2020:09:21:29 -0500] "GET /provider/lawal-rahmot-modupe/ HTTP/1.1" 404 52350 "-" "Mozilla/5.0 (compatible; AhrefsBot/6.1; +http://ahrefs.com/robot/)"
197.210.226.59 - - [30/Jan/2020:08:48:31 -0500] "GET /files/2019/12/Business-275x152.png HTTP/1.1" 304 - "https://www.naijadial.com/" "Mozilla/5.0 (Linux; Android 8.1.0; TECNO CA8) AppleWebKit/537.36 (KHTML, like Gecko) Chrome/78.0.3904.62 Mobile Safari/537.36"
197.210.226.59 - - [30/Jan/2020:08:48:33 -0500] "GET /files/2020/01/Cleaning-275x152.jpg HTTP/1.1" 304 - "https://www.naijadial.com/" "Mozilla/5.0 (Linux; Android 8.1.0; TECNO CA8) AppleWebKit/537.36 (KHTML, like Gecko) Chrome/78.0.3904.62 Mobile Safari/537.36"
68.65.121.137 - - [30/Jan/2020:08:48:55 -0500] "POST /wp-cron.php?doing_wp_cron=1580392135.5943369865417480468750 HTTP/1.1" 200 - "https://www.naijadial.com/wp-cron.php?doing_wp_cron=1580392135.5943369865417480468750" "WordPress/5.3.2; https://www.naijadial.com"
197.210.226.59 - - [30/Jan/2020:08:48:55 -0500] "GET /listingo/images/line-bar.jpg HTTP/1.1" 404 53100 "https://www.naijadial.com/naijadial/style.css?ver=3.2.2" "Mozilla/5.0 (Linux; Android 8.1.0; TECNO CA8) AppleWebKit/537.36 (KHTML, like Gecko) Chrome/78.0.3904.62 Mobile Safari/537.36"
2400:6180:0:d1::755:4001 - - [30/Jan/2020:08:54:32 -0500] "GET /wp-login.php HTTP/1.1" 200 1964 "-" "Mozilla/5.0 (X11; Ubuntu; Linux x86_64; rv:62.0) Gecko/20100101 Firefox/62.0"
68.65.121.137 - - [30/Jan/2020:08:54:34 -0500] "POST /wp-cron.php?doing_wp_cron=1580392474.5050060749053955078125 HTTP/1.1" 200 - "https://www.naijadial.com/wp-cron.php?doing_wp_cron=1580392474.5050060749053955078125" "WordPress/5.3.2; https://www.naijadial.com"
2400:6180:0:d1::755:4001 - - [30/Jan/2020:08:54:36 -0500] "POST /wp-login.php HTTP/1.1" 200 1835 "-" "Mozilla/5.0 (X11; Ubuntu; Linux x86_64; rv:62.0) Gecko/20100101 Firefox/62.0"
2400:6180:0:d1::755:4001 - - [30/Jan/2020:08:54:38 -0500] "POST /xmlrpc.php HTTP/1.1" 200 225 "-" "Mozilla/5.0 (X11; Ubuntu; Linux x86_64; rv:62.0) Gecko/20100101 Firefox/62.0"
197.210.226.188 - - [30/Jan/2020:08:55:03 -0500] "GET / HTTP/1.1" 200 24589 "https://www.naijadial.com/account/" "Mozilla/5.0 (Linux; Android 8.1.0; TECNO CA8) AppleWebKit/537.36 (KHTML, like Gecko) Chrome/78.0.3904.62 Mobile Safari/537.36"
197.210.226.188 - - [30/Jan/2020:08:55:03 -0500] "GET / HTTP/1.1" 200 24589 "https://www.naijadial.com/account/" "Mozilla/5.0 (Linux; Android 8.1.0; TECNO CA8) AppleWebKit/537.36 (KHTML, like Gecko) Chrome/78.0.3904.62 Mobile Safari/537.36"
68.65.121.137 - - [30/Jan/2020:08:55:12 -0500] "POST /wp-cron.php?doing_wp_cron=1580392512.2624680995941162109375 HTTP/1.1" 200 - "https://www.naijadial.com/wp-cron.php?doing_wp_cron=1580392512.2624680995941162109375" "WordPress/5.3.2; https://www.naijadial.com"
197.210.226.188 - - [30/Jan/2020:08:55:12 -0500] "GET /listingo/images/line-bar.jpg HTTP/1.1" 404 53100 "https://www.naijadial.com/naijadial/style.css?ver=3.2.2" "Mozilla/5.0 (Linux; Android 8.1.0; TECNO CA8) AppleWebKit/537.36 (KHTML, like Gecko) Chrome/78.0.3904.62 Mobile Safari/537.36"
197.210.226.188 - - [30/Jan/2020:08:55:12 -0500] "POST /?wc-ajax=get_refreshed_fragments HTTP/1.1" 200 210 "https://www.naijadial.com/" "Mozilla/5.0 (Linux; Android 8.1.0; TECNO CA8) AppleWebKit/537.36 (KHTML, like Gecko) Chrome/78.0.3904.62 Mobile Safari/537.36"
197.210.226.188 - - [30/Jan/2020:08:55:17 -0500] "GET /apple-touch-icon.png HTTP/1.1" 404 52350 "https://www.naijadial.com/" "Mozilla/5.0 (Linux; Android 8.1.0; TECNO CA8) AppleWebKit/537.36 (KHTML, like Gecko) Chrome/78.0.3904.62 Mobile Safari/537.36"
68.65.121.137 - - [30/Jan/2020:09:26:26 -0500] "POST /wp-cron.php?doing_wp_cron=1580394386.6933419704437255859375 HTTP/1.1" 200 - "https://www.naijadial.com/wp-cron.php?doing_wp_cron=1580394386.6933419704437255859375" "WordPress/5.3.2; https://www.naijadial.com"
197.211.61.107 - - [30/Jan/2020:09:26:24 -0500] "GET /account/ HTTP/1.1" 200 14153 "http://m.facebook.com/" "Mozilla/5.0 (Linux; Android 9; TECNO KB7j Build/PPR1.180610.011; wv) AppleWebKit/537.36 (KHTML, like Gecko) Version/4.0 Chrome/77.0.3865.92 Mobile Safari/537.36 [FB_IAB/FB4A;FBAV/227.0.0.43.158;]"
159.65.185.253 - - [30/Jan/2020:09:26:51 -0500] "GET /wp-login.php HTTP/1.1" 200 4333 "-" "Mozilla/5.0 (X11; Ubuntu; Linux x86_64; rv:62.0) Gecko/20100101 Firefox/62.0"
197.211.61.107 - - [30/Jan/2020:09:26:48 -0500] "POST /?wc-ajax=get_refreshed_fragments HTTP/1.1" 200 210 "https://www.naijadial.com/account/" "Mozilla/5.0 (Linux; Android 9; TECNO KB7j Build/PPR1.180610.011; wv) AppleWebKit/537.36 (KHTML, like Gecko) Version/4.0 Chrome/77.0.3865.92 Mobile Safari/537.36 [FB_IAB/FB4A;FBAV/227.0.0.43.158;]"
197.211.61.107 - - [30/Jan/2020:09:26:48 -0500] "GET /listingo/images/line-bar.jpg HTTP/1.1" 404 53100 "https://www.naijadial.com/naijadial/style.css?ver=3.2.2" "Mozilla/5.0 (Linux; Android 9; TECNO KB7j Build/PPR1.180610.011; wv) AppleWebKit/537.36 (KHTML, like Gecko) Version/4.0 Chrome/77.0.3865.92 Mobile Safari/537.36 [FB_IAB/FB4A;FBAV/227.0.0.43.158;]"
159.65.185.253 - - [30/Jan/2020:09:26:57 -0500] "POST /wp-login.php HTTP/1.1" 401 3595 "-" "Mozilla/5.0 (X11; Ubuntu; Linux x86_64; rv:62.0) Gecko/20100101 Firefox/62.0"
68.65.121.137 - - [30/Jan/2020:09:27:05 -0500] "POST /wp-cron.php?doing_wp_cron=1580394425.6037390232086181640625 HTTP/1.1" 200 - "https://www.naijadial.com/wp-cron.php?doing_wp_cron=1580394425.6037390232086181640625" "WordPress/5.3.2; https://www.naijadial.com"
159.65.185.253 - - [30/Jan/2020:09:27:05 -0500] "POST /xmlrpc.php HTTP/1.1" 200 225 "-" "Mozilla/5.0 (X11; Ubuntu; Linux x86_64; rv:62.0) Gecko/20100101 Firefox/62.0"
66.249.65.105 - - [30/Jan/2020:09:27:25 -0500] "GET /post-sitemap.xml HTTP/1.1" 404 52350 "-" "Mozilla/5.0 (compatible; Googlebot/2.1; +http://www.google.com/bot.html)"
197.211.61.107 - - [30/Jan/2020:09:27:54 -0500] "POST /wp-admin/admin-ajax.php HTTP/1.1" 200 416 "https://www.naijadial.com/account/" "Mozilla/5.0 (Linux; Android 9; TECNO KB7j Build/PPR1.180610.011; wv) AppleWebKit/537.36 (KHTML, like Gecko) Version/4.0 Chrome/77.0.3865.92 Mobile Safari/537.36 [FB_IAB/FB4A;FBAV/227.0.0.43.158;]"
68.65.121.137 - - [30/Jan/2020:09:30:25 -0500] "POST /wp-cron.php?doing_wp_cron=1580394625.1928589344024658203125 HTTP/1.1" 200 - "https://www.naijadial.com/wp-cron.php?doing_wp_cron=1580394625.1928589344024658203125" "WordPress/5.3.2; https://www.naijadial.com"
192.0.118.177 - - [30/Jan/2020:09:30:28 -0500] "POST /xmlrpc.php?for=jetpack&token=QnAj%24o5mLE3EzK%29fA%24kIDJcGKW9yy0rE%3A1%3A1×tamp=1580394628&nonce=ZmCFheDFU5&body-hash=a7rLXx9gFGw0TqZ4g4mBwm1wVsE%3D&signature=ndCMmBsciVxKJ64NaAzuDJLdUHI%3D HTTP/1.1" 200 1606 "https://www.naijadial.com/xmlrpc.php?for=jetpack&token=QnAj%24o5mLE3EzK%29fA%24kIDJcGKW9yy0rE%3A1%3A1×tamp=1580394628&nonce=ZmCFheDFU5&body-hash=a7rLXx9gFGw0TqZ4g4mBwm1wVsE%3D&signature=ndCMmBsciVxKJ64NaAzuDJLdUHI%3D" "Jetpack by WordPress.com"
209.85.238.37 - - [30/Jan/2020:09:30:29 -0500] "GET /files/2019/12/NaijaDial-Logo.png HTTP/1.1" 304 - "http://mail.google.com/" "Mozilla/5.0 (Windows NT 10.0; Win64; x64) AppleWebKit/537.36 (KHTML, like Gecko) Chrome/42.0.2311.135 Safari/537.36 Edge/12.246 Mozilla/5.0"
197.211.61.107 - - [30/Jan/2020:09:30:22 -0500] "POST /wp-admin/admin-ajax.php HTTP/1.1" 200 194 "https://www.naijadial.com/account/" "Mozilla/5.0 (Linux; Android 9; TECNO KB7j Build/PPR1.180610.011; wv) AppleWebKit/537.36 (KHTML, like Gecko) Version/4.0 Chrome/77.0.3865.92 Mobile Safari/537.36 [FB_IAB/FB4A;FBAV/227.0.0.43.158;]"
209.85.238.37 - - [30/Jan/2020:09:30:30 -0500] "GET /files/2020/01/Email-Header.png HTTP/1.1" 304 - "http://mail.google.com/" "Mozilla/5.0 (Windows NT 10.0; Win64; x64) AppleWebKit/537.36 (KHTML, like Gecko) Chrome/42.0.2311.135 Safari/537.36 Edge/12.246 Mozilla/5.0"
209.85.238.37 - - [30/Jan/2020:09:30:30 -0500] "GET /files/2020/01/NaijaDial.png HTTP/1.1" 304 - "http://mail.google.com/" "Mozilla/5.0 (Windows NT 10.0; Win64; x64) AppleWebKit/537.36 (KHTML, like Gecko) Chrome/42.0.2311.135 Safari/537.36 Edge/12.246 Mozilla/5.0"
197.211.61.107 - - [30/Jan/2020:09:30:31 -0500] "GET /dashboard/?ref=settings&identity=118 HTTP/1.1" 200 27538 "https://www.naijadial.com/account/" "Mozilla/5.0 (Linux; Android 9; TECNO KB7j Build/PPR1.180610.011; wv) AppleWebKit/537.36 (KHTML, like Gecko) Version/4.0 Chrome/77.0.3865.92 Mobile Safari/537.36 [FB_IAB/FB4A;FBAV/227.0.0.43.158;]"
197.211.61.107 - - [30/Jan/2020:09:30:33 -0500] "GET /naijadial/css/emoji/emojionearea.min.css?ver=3.2.2 HTTP/1.1" 304 - "https://www.naijadial.com/dashboard/?ref=settings&identity=118" "Mozilla/5.0 (Linux; Android 9; TECNO KB7j Build/PPR1.180610.011; wv) AppleWebKit/537.36 (KHTML, like Gecko) Version/4.0 Chrome/77.0.3865.92 Mobile Safari/537.36 [FB_IAB/FB4A;FBAV/227.0.0.43.158;]"
197.211.61.107 - - [30/Jan/2020:09:30:36 -0500] "GET /naijadial/framework-customizations/extensions/questionsanswers/static/js/fw_ext_questionsanswers_callbacks.js?ver=1.0 HTTP/1.1" 304 - "https://www.naijadial.com/dashboard/?ref=settings&identity=118" "Mozilla/5.0 (Linux; Android 9; TECNO KB7j Build/PPR1.180610.011; wv) AppleWebKit/537.36 (KHTML, like Gecko) Version/4.0 Chrome/77.0.3865.92 Mobile Safari/537.36 [FB_IAB/FB4A;FBAV/227.0.0.43.158;]"
197.211.61.107 - - [30/Jan/2020:09:30:36 -0500] "GET /naijadial/js/linkify/linkify-string.min.js?ver=5.3.2 HTTP/1.1" 304 - "https://www.naijadial.com/dashboard/?ref=settings&identity=118" "Mozilla/5.0 (Linux; Android 9; TECNO KB7j Build/PPR1.180610.011; wv) AppleWebKit/537.36 (KHTML, like Gecko) Version/4.0 Chrome/77.0.3865.92 Mobile Safari/537.36 [FB_IAB/FB4A;FBAV/227.0.0.43.158;]"
197.211.61.107 - - [30/Jan/2020:09:30:36 -0500] "GET /naijadial/framework-customizations/extensions/articles/static/js/fw_ext_articles_callbacks.js?ver=1.0 HTTP/1.1" 304 - "https://www.naijadial.com/dashboard/?ref=settings&identity=118" "Mozilla/5.0 (Linux; Android 9; TECNO KB7j Build/PPR1.180610.011; wv) AppleWebKit/537.36 (KHTML, like Gecko) Version/4.0 Chrome/77.0.3865.92 Mobile Safari/537.36 [FB_IAB/FB4A;FBAV/227.0.0.43.158;]"
197.211.61.107 - - [30/Jan/2020:09:30:36 -0500] "GET /naijadial/js/linkify/linkify.min.js?ver=5.3.2 HTTP/1.1" 304 - "https://www.naijadial.com/dashboard/?ref=settings&identity=118" "Mozilla/5.0 (Linux; Android 9; TECNO KB7j Build/PPR1.180610.011; wv) AppleWebKit/537.36 (KHTML, like Gecko) Version/4.0 Chrome/77.0.3865.92 Mobile Safari/537.36 [FB_IAB/FB4A;FBAV/227.0.0.43.158;]"
197.211.61.107 - - [30/Jan/2020:09:30:36 -0500] "GET /files/2020/01/banner-270x120.png HTTP/1.1" 304 - "https://www.naijadial.com/dashboard/?ref=settings&identity=118" "Mozilla/5.0 (Linux; Android 9; TECNO KB7j Build/PPR1.180610.011; wv) AppleWebKit/537.36 (KHTML, like Gecko) Version/4.0 Chrome/77.0.3865.92 Mobile Safari/537.36 [FB_IAB/FB4A;FBAV/227.0.0.43.158;]"
197.211.61.107 - - [30/Jan/2020:09:30:36 -0500] "GET /naijadial/js/linkify/linkify-jquery.min.js?ver=5.3.2 HTTP/1.1" 304 - "https://www.naijadial.com/dashboard/?ref=settings&identity=118" "Mozilla/5.0 (Linux; Android 9; TECNO KB7j Build/PPR1.180610.011; wv) AppleWebKit/537.36 (KHTML, like Gecko) Version/4.0 Chrome/77.0.3865.92 Mobile Safari/537.36 [FB_IAB/FB4A;FBAV/227.0.0.43.158;]"
197.211.61.107 - - [30/Jan/2020:09:30:36 -0500] "GET /naijadial/js/chat_module.js?ver=5.3.2 HTTP/1.1" 304 - "https://www.naijadial.com/dashboard/?ref=settings&identity=118" "Mozilla/5.0 (Linux; Android 9; TECNO KB7j Build/PPR1.180610.011; wv) AppleWebKit/537.36 (KHTML, like Gecko) Version/4.0 Chrome/77.0.3865.92 Mobile Safari/537.36 [FB_IAB/FB4A;FBAV/227.0.0.43.158;]"
197.211.61.107 - - [30/Jan/2020:09:30:37 -0500] "GET /naijadial/js/emoji/emojionearea.min.js?ver=5.3.2 HTTP/1.1" 304 - "https://www.naijadial.com/dashboard/?ref=settings&identity=118" "Mozilla/5.0 (Linux; Android 9; TECNO KB7j Build/PPR1.180610.011; wv) AppleWebKit/537.36 (KHTML, like Gecko) Version/4.0 Chrome/77.0.3865.92 Mobile Safari/537.36 [FB_IAB/FB4A;FBAV/227.0.0.43.158;]"
197.211.61.107 - - [30/Jan/2020:09:30:37 -0500] "GET /naijadial/js/user-dashboard.js?ver=3.2.2 HTTP/1.1" 304 - "https://www.naijadial.com/dashboard/?ref=settings&identity=118" "Mozilla/5.0 (Linux; Android 9; TECNO KB7j Build/PPR1.180610.011; wv) AppleWebKit/537.36 (KHTML, like Gecko) Version/4.0 Chrome/77.0.3865.92 Mobile Safari/537.36 [FB_IAB/FB4A;FBAV/227.0.0.43.158;]"
197.211.61.107 - - [30/Jan/2020:09:30:37 -0500] "GET /cluder/js/tinymce/langs/wp-langs-en.js?ver=4960-20190918-tadv-5210 HTTP/1.1" 304 - "https://www.naijadial.com/dashboard/?ref=settings&identity=118" "Mozilla/5.0 (Linux; Android 9; TECNO KB7j Build/PPR1.180610.011; wv) AppleWebKit/537.36 (KHTML, like Gecko) Version/4.0 Chrome/77.0.3865.92 Mobile Safari/537.36 [FB_IAB/FB4A;FBAV/227.0.0.43.158;]"
197.211.61.107 - - [30/Jan/2020:09:30:38 -0500] "GET /naijadial/images/geoicon.svg HTTP/1.1" 304 - "https://www.naijadial.com/dashboard/?ref=settings&identity=118" "Mozilla/5.0 (Linux; Android 9; TECNO KB7j Build/PPR1.180610.011; wv) AppleWebKit/537.36 (KHTML, like Gecko) Version/4.0 Chrome/77.0.3865.92 Mobile Safari/537.36 [FB_IAB/FB4A;FBAV/227.0.0.43.158;]"
197.211.61.107 - - [30/Jan/2020:09:30:38 -0500] "GET /listingo/images/line-bar.jpg HTTP/1.1" 404 57557 "https://www.naijadial.com/naijadial/style.css?ver=3.2.2" "Mozilla/5.0 (Linux; Android 9; TECNO KB7j Build/PPR1.180610.011; wv) AppleWebKit/537.36 (KHTML, like Gecko) Version/4.0 Chrome/77.0.3865.92 Mobile Safari/537.36 [FB_IAB/FB4A;FBAV/227.0.0.43.158;]"
197.211.61.107 - - [30/Jan/2020:09:30:42 -0500] "POST /?wc-ajax=get_refreshed_fragments HTTP/1.1" 200 210 "https://www.naijadial.com/dashboard/?ref=settings&identity=118" "Mozilla/5.0 (Linux; Android 9; TECNO KB7j Build/PPR1.180610.011; wv) AppleWebKit/537.36 (KHTML, like Gecko) Version/4.0 Chrome/77.0.3865.92 Mobile Safari/537.36 [FB_IAB/FB4A;FBAV/227.0.0.43.158;]"
197.211.61.107 - - [30/Jan/2020:09:30:43 -0500] "GET /cluder/js/tinymce/themes/modern/theme.min.js?wp-mce-4960-20190918-tadv-5210 HTTP/1.1" 304 - "https://www.naijadial.com/dashboard/?ref=settings&identity=118" "Mozilla/5.0 (Linux; Android 9; TECNO KB7j Build/PPR1.180610.011; wv) AppleWebKit/537.36 (KHTML, like Gecko) Version/4.0 Chrome/77.0.3865.92 Mobile Safari/537.36 [FB_IAB/FB4A;FBAV/227.0.0.43.158;]"
197.211.61.107 - - [30/Jan/2020:09:30:45 -0500] "GET /cnt/plugins/tinymce-advanced/mce/anchor/plugin.min.js?wp-mce-4960-20190918-tadv-5210 HTTP/1.1" 304 - "https://www.naijadial.com/dashboard/?ref=settings&identity=118" "Mozilla/5.0 (Linux; Android 9; TECNO KB7j Build/PPR1.180610.011; wv) AppleWebKit/537.36 (KHTML, like Gecko) Version/4.0 Chrome/77.0.3865.92 Mobile Safari/537.36 [FB_IAB/FB4A;FBAV/227.0.0.43.158;]"
197.211.61.107 - - [30/Jan/2020:09:30:46 -0500] "GET /cnt/plugins/tinymce-advanced/mce/nonbreaking/plugin.min.js?wp-mce-4960-20190918-tadv-5210 HTTP/1.1" 304 - "https://www.naijadial.com/dashboard/?ref=settings&identity=118" "Mozilla/5.0 (Linux; Android 9; TECNO KB7j Build/PPR1.180610.011; wv) AppleWebKit/537.36 (KHTML, like Gecko) Version/4.0 Chrome/77.0.3865.92 Mobile Safari/537.36 [FB_IAB/FB4A;FBAV/227.0.0.43.158;]"
197.211.61.107 - - [30/Jan/2020:09:30:46 -0500] "GET /cnt/plugins/tinymce-advanced/mce/code/plugin.min.js?wp-mce-4960-20190918-tadv-5210 HTTP/1.1" 304 - "https://www.naijadial.com/dashboard/?ref=settings&identity=118" "Mozilla/5.0 (Linux; Android 9; TECNO KB7j Build/PPR1.180610.011; wv) AppleWebKit/537.36 (KHTML, like Gecko) Version/4.0 Chrome/77.0.3865.92 Mobile Safari/537.36 [FB_IAB/FB4A;FBAV/227.0.0.43.158;]"
197.211.61.107 - - [30/Jan/2020:09:30:46 -0500] "GET /cnt/plugins/tinymce-advanced/mce/print/plugin.min.js?wp-mce-4960-20190918-tadv-5210 HTTP/1.1" 304 - "https://www.naijadial.com/dashboard/?ref=settings&identity=118" "Mozilla/5.0 (Linux; Android 9; TECNO KB7j Build/PPR1.180610.011; wv) AppleWebKit/537.36 (KHTML, like Gecko) Version/4.0 Chrome/77.0.3865.92 Mobile Safari/537.36 [FB_IAB/FB4A;FBAV/227.0.0.43.158;]"
197.211.61.107 - - [30/Jan/2020:09:30:46 -0500] "GET /cnt/plugins/tinymce-advanced/mce/insertdatetime/plugin.min.js?wp-mce-4960-20190918-tadv-5210 HTTP/1.1" 304 - "https://www.naijadial.com/dashboard/?ref=settings&identity=118" "Mozilla/5.0 (Linux; Android 9; TECNO KB7j Build/PPR1.180610.011; wv) AppleWebKit/537.36 (KHTML, like Gecko) Version/4.0 Chrome/77.0.3865.92 Mobile Safari/537.36 [FB_IAB/FB4A;FBAV/227.0.0.43.158;]"
197.211.61.107 - - [30/Jan/2020:09:30:47 -0500] "GET /cnt/plugins/tinymce-advanced/mce/searchreplace/plugin.min.js?wp-mce-4960-20190918-tadv-5210 HTTP/1.1" 304 - "https://www.naijadial.com/dashboard/?ref=settings&identity=118" "Mozilla/5.0 (Linux; Android 9; TECNO KB7j Build/PPR1.180610.011; wv) AppleWebKit/537.36 (KHTML, like Gecko) Version/4.0 Chrome/77.0.3865.92 Mobile Safari/537.36 [FB_IAB/FB4A;FBAV/227.0.0.43.158;]"
197.211.61.107 - - [30/Jan/2020:09:30:47 -0500] "GET /cnt/plugins/tinymce-advanced/mce/advlist/plugin.min.js?wp-mce-4960-20190918-tadv-5210 HTTP/1.1" 304 - "https://www.naijadial.com/dashboard/?ref=settings&identity=118" "Mozilla/5.0 (Linux; Android 9; TECNO KB7j Build/PPR1.180610.011; wv) AppleWebKit/537.36 (KHTML, like Gecko) Version/4.0 Chrome/77.0.3865.92 Mobile Safari/537.36 [FB_IAB/FB4A;FBAV/227.0.0.43.158;]"
197.211.61.107 - - [30/Jan/2020:09:30:47 -0500] "GET /cnt/plugins/tinymce-advanced/mce/visualblocks/plugin.min.js?wp-mce-4960-20190918-tadv-5210 HTTP/1.1" 304 - "https://www.naijadial.com/dashboard/?ref=settings&identity=118" "Mozilla/5.0 (Linux; Android 9; TECNO KB7j Build/PPR1.180610.011; wv) AppleWebKit/537.36 (KHTML, like Gecko) Version/4.0 Chrome/77.0.3865.92 Mobile Safari/537.36 [FB_IAB/FB4A;FBAV/227.0.0.43.158;]"
197.211.61.107 - - [30/Jan/2020:09:30:47 -0500] "GET /cnt/plugins/tinymce-advanced/mce/table/plugin.min.js?wp-mce-4960-20190918-tadv-5210 HTTP/1.1" 304 - "https://www.naijadial.com/dashboard/?ref=settings&identity=118" "Mozilla/5.0 (Linux; Android 9; TECNO KB7j Build/PPR1.180610.011; wv) AppleWebKit/537.36 (KHTML, like Gecko) Version/4.0 Chrome/77.0.3865.92 Mobile Safari/537.36 [FB_IAB/FB4A;FBAV/227.0.0.43.158;]"
197.211.61.107 - - [30/Jan/2020:09:30:47 -0500] "GET /cnt/plugins/tinymce-advanced/mce/wptadv/plugin.min.js?wp-mce-4960-20190918-tadv-5210 HTTP/1.1" 304 - "https://www.naijadial.com/dashboard/?ref=settings&identity=118" "Mozilla/5.0 (Linux; Android 9; TECNO KB7j Build/PPR1.180610.011; wv) AppleWebKit/537.36 (KHTML, like Gecko) Version/4.0 Chrome/77.0.3865.92 Mobile Safari/537.36 [FB_IAB/FB4A;FBAV/227.0.0.43.158;]"
197.211.61.107 - - [30/Jan/2020:09:30:47 -0500] "GET /cluder/js/tinymce/plugins/charmap/plugin.min.js?wp-mce-4960-20190918-tadv-5210 HTTP/1.1" 304 - "https://www.naijadial.com/dashboard/?ref=settings&identity=118" "Mozilla/5.0 (Linux; Android 9; TECNO KB7j Build/PPR1.180610.011; wv) AppleWebKit/537.36 (KHTML, like Gecko) Version/4.0 Chrome/77.0.3865.92 Mobile Safari/537.36 [FB_IAB/FB4A;FBAV/227.0.0.43.158;]"
197.211.61.107 - - [30/Jan/2020:09:30:47 -0500] "GET /cluder/js/tinymce/plugins/lists/plugin.min.js?wp-mce-4960-20190918-tadv-5210 HTTP/1.1" 304 - "https://www.naijadial.com/dashboard/?ref=settings&identity=118" "Mozilla/5.0 (Linux; Android 9; TECNO KB7j Build/PPR1.180610.011; wv) AppleWebKit/537.36 (KHTML, like Gecko) Version/4.0 Chrome/77.0.3865.92 Mobile Safari/537.36 [FB_IAB/FB4A;FBAV/227.0.0.43.158;]"
197.211.61.107 - - [30/Jan/2020:09:30:48 -0500] "GET /cluder/js/tinymce/plugins/colorpicker/plugin.min.js?wp-mce-4960-20190918-tadv-5210 HTTP/1.1" 304 - "https://www.naijadial.com/dashboard/?ref=settings&identity=118" "Mozilla/5.0 (Linux; Android 9; TECNO KB7j Build/PPR1.180610.011; wv) AppleWebKit/537.36 (KHTML, like Gecko) Version/4.0 Chrome/77.0.3865.92 Mobile Safari/537.36 [FB_IAB/FB4A;FBAV/227.0.0.43.158;]"
197.211.61.107 - - [30/Jan/2020:09:30:48 -0500] "GET /cluder/js/tinymce/plugins/fullscreen/plugin.min.js?wp-mce-4960-20190918-tadv-5210 HTTP/1.1" 304 - "https://www.naijadial.com/dashboard/?ref=settings&identity=118" "Mozilla/5.0 (Linux; Android 9; TECNO KB7j Build/PPR1.180610.011; wv) AppleWebKit/537.36 (KHTML, like Gecko) Version/4.0 Chrome/77.0.3865.92 Mobile Safari/537.36 [FB_IAB/FB4A;FBAV/227.0.0.43.158;]"
197.211.61.107 - - [30/Jan/2020:09:30:48 -0500] "GET /cluder/js/tinymce/plugins/media/plugin.min.js?wp-mce-4960-20190918-tadv-5210 HTTP/1.1" 304 - "https://www.naijadial.com/dashboard/?ref=settings&identity=118" "Mozilla/5.0 (Linux; Android 9; TECNO KB7j Build/PPR1.180610.011; wv) AppleWebKit/537.36 (KHTML, like Gecko) Version/4.0 Chrome/77.0.3865.92 Mobile Safari/537.36 [FB_IAB/FB4A;FBAV/227.0.0.43.158;]"
197.211.61.107 - - [30/Jan/2020:09:30:48 -0500] "GET /cnt/plugins/tinymce-advanced/mce/visualchars/plugin.min.js?wp-mce-4960-20190918-tadv-5210 HTTP/1.1" 304 - "https://www.naijadial.com/dashboard/?ref=settings&identity=118" "Mozilla/5.0 (Linux; Android 9; TECNO KB7j Build/PPR1.180610.011; wv) AppleWebKit/537.36 (KHTML, like Gecko) Version/4.0 Chrome/77.0.3865.92 Mobile Safari/537.36 [FB_IAB/FB4A;FBAV/227.0.0.43.158;]"
197.211.61.107 - - [30/Jan/2020:09:30:48 -0500] "GET /cluder/js/tinymce/plugins/hr/plugin.min.js?wp-mce-4960-20190918-tadv-5210 HTTP/1.1" 304 - "https://www.naijadial.com/dashboard/?ref=settings&identity=118" "Mozilla/5.0 (Linux; Android 9; TECNO KB7j Build/PPR1.180610.011; wv) AppleWebKit/537.36 (KHTML, like Gecko) Version/4.0 Chrome/77.0.3865.92 Mobile Safari/537.36 [FB_IAB/FB4A;FBAV/227.0.0.43.158;]"
197.211.61.107 - - [30/Jan/2020:09:30:48 -0500] "GET /cluder/js/tinymce/plugins/wordpress/plugin.min.js?wp-mce-4960-20190918-tadv-5210 HTTP/1.1" 304 - "https://www.naijadial.com/dashboard/?ref=settings&identity=118" "Mozilla/5.0 (Linux; Android 9; TECNO KB7j Build/PPR1.180610.011; wv) AppleWebKit/537.36 (KHTML, like Gecko) Version/4.0 Chrome/77.0.3865.92 Mobile Safari/537.36 [FB_IAB/FB4A;FBAV/227.0.0.43.158;]"
197.211.61.107 - - [30/Jan/2020:09:30:48 -0500] "GET /cluder/js/tinymce/plugins/wpautoresize/plugin.min.js?wp-mce-4960-20190918-tadv-5210 HTTP/1.1" 304 - "https://www.naijadial.com/dashboard/?ref=settings&identity=118" "Mozilla/5.0 (Linux; Android 9; TECNO KB7j Build/PPR1.180610.011; wv) AppleWebKit/537.36 (KHTML, like Gecko) Version/4.0 Chrome/77.0.3865.92 Mobile Safari/537.36 [FB_IAB/FB4A;FBAV/227.0.0.43.158;]"
197.211.61.107 - - [30/Jan/2020:09:30:49 -0500] "GET /cluder/js/tinymce/plugins/wpeditimage/plugin.min.js?wp-mce-4960-20190918-tadv-5210 HTTP/1.1" 304 - "https://www.naijadial.com/dashboard/?ref=settings&identity=118" "Mozilla/5.0 (Linux; Android 9; TECNO KB7j Build/PPR1.180610.011; wv) AppleWebKit/537.36 (KHTML, like Gecko) Version/4.0 Chrome/77.0.3865.92 Mobile Safari/537.36 [FB_IAB/FB4A;FBAV/227.0.0.43.158;]"
197.211.61.107 - - [30/Jan/2020:09:30:49 -0500] "GET /cluder/js/tinymce/plugins/tabfocus/plugin.min.js?wp-mce-4960-20190918-tadv-5210 HTTP/1.1" 304 - "https://www.naijadial.com/dashboard/?ref=settings&identity=118" "Mozilla/5.0 (Linux; Android 9; TECNO KB7j Build/PPR1.180610.011; wv) AppleWebKit/537.36 (KHTML, like Gecko) Version/4.0 Chrome/77.0.3865.92 Mobile Safari/537.36 [FB_IAB/FB4A;FBAV/227.0.0.43.158;]"
197.211.61.107 - - [30/Jan/2020:09:30:49 -0500] "GET /cluder/js/tinymce/plugins/paste/plugin.min.js?wp-mce-4960-20190918-tadv-5210 HTTP/1.1" 304 - "https://www.naijadial.com/dashboard/?ref=settings&identity=118" "Mozilla/5.0 (Linux; Android 9; TECNO KB7j Build/PPR1.180610.011; wv) AppleWebKit/537.36 (KHTML, like Gecko) Version/4.0 Chrome/77.0.3865.92 Mobile Safari/537.36 [FB_IAB/FB4A;FBAV/227.0.0.43.158;]"
197.211.61.107 - - [30/Jan/2020:09:30:50 -0500] "GET /cluder/js/tinymce/plugins/textcolor/plugin.min.js?wp-mce-4960-20190918-tadv-5210 HTTP/1.1" 304 - "https://www.naijadial.com/dashboard/?ref=settings&identity=118" "Mozilla/5.0 (Linux; Android 9; TECNO KB7j Build/PPR1.180610.011; wv) AppleWebKit/537.36 (KHTML, like Gecko) Version/4.0 Chrome/77.0.3865.92 Mobile Safari/537.36 [FB_IAB/FB4A;FBAV/227.0.0.43.158;]"
197.211.61.107 - - [30/Jan/2020:09:30:50 -0500] "GET /cluder/js/tinymce/plugins/wpemoji/plugin.min.js?wp-mce-4960-20190918-tadv-5210 HTTP/1.1" 304 - "https://www.naijadial.com/dashboard/?ref=settings&identity=118" "Mozilla/5.0 (Linux; Android 9; TECNO KB7j Build/PPR1.180610.011; wv) AppleWebKit/537.36 (KHTML, like Gecko) Version/4.0 Chrome/77.0.3865.92 Mobile Safari/537.36 [FB_IAB/FB4A;FBAV/227.0.0.43.158;]"
197.211.61.107 - - [30/Jan/2020:09:30:50 -0500] "GET /cluder/js/tinymce/plugins/image/plugin.min.js?wp-mce-4960-20190918-tadv-5210 HTTP/1.1" 304 - "https://www.naijadial.com/dashboard/?ref=settings&identity=118" "Mozilla/5.0 (Linux; Android 9; TECNO KB7j Build/PPR1.180610.011; wv) AppleWebKit/537.36 (KHTML, like Gecko) Version/4.0 Chrome/77.0.3865.92 Mobile Safari/537.36 [FB_IAB/FB4A;FBAV/227.0.0.43.158;]"
197.211.61.107 - - [30/Jan/2020:09:30:50 -0500] "GET /cluder/js/tinymce/plugins/wpdialogs/plugin.min.js?wp-mce-4960-20190918-tadv-5210 HTTP/1.1" 304 - "https://www.naijadial.com/dashboard/?ref=settings&identity=118" "Mozilla/5.0 (Linux; Android 9; TECNO KB7j Build/PPR1.180610.011; wv) AppleWebKit/537.36 (KHTML, like Gecko) Version/4.0 Chrome/77.0.3865.92 Mobile Safari/537.36 [FB_IAB/FB4A;FBAV/227.0.0.43.158;]"
197.211.61.107 - - [30/Jan/2020:09:30:50 -0500] "GET /cluder/js/tinymce/plugins/wpview/plugin.min.js?wp-mce-4960-20190918-tadv-5210 HTTP/1.1" 304 - "https://www.naijadial.com/dashboard/?ref=settings&identity=118" "Mozilla/5.0 (Linux; Android 9; TECNO KB7j Build/PPR1.180610.011; wv) AppleWebKit/537.36 (KHTML, like Gecko) Version/4.0 Chrome/77.0.3865.92 Mobile Safari/537.36 [FB_IAB/FB4A;FBAV/227.0.0.43.158;]"
197.211.61.107 - - [30/Jan/2020:09:30:50 -0500] "GET /cluder/js/tinymce/plugins/wptextpattern/plugin.min.js?wp-mce-4960-20190918-tadv-5210 HTTP/1.1" 304 - "https://www.naijadial.com/dashboard/?ref=settings&identity=118" "Mozilla/5.0 (Linux; Android 9; TECNO KB7j Build/PPR1.180610.011; wv) AppleWebKit/537.36 (KHTML, like Gecko) Version/4.0 Chrome/77.0.3865.92 Mobile Safari/537.36 [FB_IAB/FB4A;FBAV/227.0.0.43.158;]"
197.211.61.107 - - [30/Jan/2020:09:30:50 -0500] "GET /cluder/js/tinymce/plugins/wpgallery/plugin.min.js?wp-mce-4960-20190918-tadv-5210 HTTP/1.1" 304 - "https://www.naijadial.com/dashboard/?ref=settings&identity=118" "Mozilla/5.0 (Linux; Android 9; TECNO KB7j Build/PPR1.180610.011; wv) AppleWebKit/537.36 (KHTML, like Gecko) Version/4.0 Chrome/77.0.3865.92 Mobile Safari/537.36 [FB_IAB/FB4A;FBAV/227.0.0.43.158;]"
197.211.61.107 - - [30/Jan/2020:09:30:51 -0500] "GET /cluder/js/tinymce/plugins/wplink/plugin.min.js?wp-mce-4960-20190918-tadv-5210 HTTP/1.1" 304 - "https://www.naijadial.com/dashboard/?ref=settings&identity=118" "Mozilla/5.0 (Linux; Android 9; TECNO KB7j Build/PPR1.180610.011; wv) AppleWebKit/537.36 (KHTML, like Gecko) Version/4.0 Chrome/77.0.3865.92 Mobile Safari/537.36 [FB_IAB/FB4A;FBAV/227.0.0.43.158;]"
197.211.61.107 - - [30/Jan/2020:09:30:52 -0500] "GET /cluder/js/tinymce/skins/lightgray/skin.min.css?wp-mce-4960-20190918-tadv-5210 HTTP/1.1" 304 - "https://www.naijadial.com/dashboard/?ref=settings&identity=118" "Mozilla/5.0 (Linux; Android 9; TECNO KB7j Build/PPR1.180610.011; wv) AppleWebKit/537.36 (KHTML, like Gecko) Version/4.0 Chrome/77.0.3865.92 Mobile Safari/537.36 [FB_IAB/FB4A;FBAV/227.0.0.43.158;]"
68.65.121.137 - - [30/Jan/2020:09:37:45 -0500] "POST /wp-cron.php?doing_wp_cron=1580395064.9948890209197998046875 HTTP/1.1" 200 - "https://www.naijadial.com/wp-cron.php?doing_wp_cron=1580395064.9948890209197998046875" "WordPress/5.3.2; https://www.naijadial.com"
197.211.61.107 - - [30/Jan/2020:09:37:43 -0500] "GET /?key=a191a033a2c3f744dadd48001cc6d6fd&verifyemail=peboytheking@gmail.com HTTP/1.1" 301 - "-" "Mozilla/5.0 (Linux; Android 9; TECNO KB7j) AppleWebKit/537.36 (KHTML, like Gecko) Chrome/77.0.3865.92 Mobile Safari/537.36"
197.211.61.107 - - [30/Jan/2020:09:37:47 -0500] "GET /?key=a191a033a2c3f744dadd48001cc6d6fd&verifyemail=peboytheking%40gmail.com HTTP/1.1" 200 24649 "-" "Mozilla/5.0 (Linux; Android 9; TECNO KB7j) AppleWebKit/537.36 (KHTML, like Gecko) Chrome/77.0.3865.92 Mobile Safari/537.36"
197.211.61.107 - - [30/Jan/2020:09:30:53 -0500] "GET /cluder/js/tinymce/skins/wordpress/wp-content.css?ver=5.3.2&wp-mce-4960-20190918-tadv-5210 HTTP/1.1" 304 - "https://www.naijadial.com/dashboard/?ref=settings&identity=118" "Mozilla/5.0 (Linux; Android 9; TECNO KB7j Build/PPR1.180610.011; wv) AppleWebKit/537.36 (KHTML, like Gecko) Version/4.0 Chrome/77.0.3865.92 Mobile Safari/537.36 [FB_IAB/FB4A;FBAV/227.0.0.43.158;]"
197.211.61.107 - - [30/Jan/2020:09:30:53 -0500] "GET /cluder/js/tinymce/skins/lightgray/fonts/tinymce.woff HTTP/1.1" 304 - "https://www.naijadial.com/cluder/js/tinymce/skins/lightgray/skin.min.css?wp-mce-4960-20190918-tadv-5210" "Mozilla/5.0 (Linux; Android 9; TECNO KB7j Build/PPR1.180610.011; wv) AppleWebKit/537.36 (KHTML, like Gecko) Version/4.0 Chrome/77.0.3865.92 Mobile Safari/537.36 [FB_IAB/FB4A;FBAV/227.0.0.43.158;]"
197.211.61.107 - - [30/Jan/2020:09:30:53 -0500] "GET /cluder/js/tinymce/skins/lightgray/content.min.css?wp-mce-4960-20190918-tadv-5210 HTTP/1.1" 304 - "https://www.naijadial.com/dashboard/?ref=settings&identity=118" "Mozilla/5.0 (Linux; Android 9; TECNO KB7j Build/PPR1.180610.011; wv) AppleWebKit/537.36 (KHTML, like Gecko) Version/4.0 Chrome/77.0.3865.92 Mobile Safari/537.36 [FB_IAB/FB4A;FBAV/227.0.0.43.158;]"
197.211.61.107 - - [30/Jan/2020:09:30:53 -0500] "GET /cluder/css/dashicons.min.css?ver=5.3.2&wp-mce-4960-20190918-tadv-5210 HTTP/1.1" 304 - "https://www.naijadial.com/dashboard/?ref=settings&identity=118" "Mozilla/5.0 (Linux; Android 9; TECNO KB7j Build/PPR1.180610.011; wv) AppleWebKit/537.36 (KHTML, like Gecko) Version/4.0 Chrome/77.0.3865.92 Mobile Safari/537.36 [FB_IAB/FB4A;FBAV/227.0.0.43.158;]"
66.249.93.73 - - [30/Jan/2020:09:32:49 -0500] "GET /files/2020/01/NaijaDial.png HTTP/1.1" 304 - "-" "Mozilla/5.0 (Windows NT 5.1; rv:11.0) Gecko Firefox/11.0 (via ggpht.com GoogleImageProxy)"
66.249.93.72 - - [30/Jan/2020:09:32:54 -0500] "GET /files/2020/01/Email-Header.png HTTP/1.1" 304 - "-" "Mozilla/5.0 (Windows NT 5.1; rv:11.0) Gecko Firefox/11.0 (via ggpht.com GoogleImageProxy)"
66.249.93.71 - - [30/Jan/2020:09:32:54 -0500] "GET /files/2019/12/NaijaDial-Logo.png HTTP/1.1" 304 - "-" "Mozilla/5.0 (Windows NT 5.1; rv:11.0) Gecko Firefox/11.0 (via ggpht.com GoogleImageProxy)"
68.65.121.137 - - [30/Jan/2020:09:34:51 -0500] "POST /wp-cron.php?doing_wp_cron=1580394891.0943720340728759765625 HTTP/1.1" 200 - "https://www.naijadial.com/wp-cron.php?doing_wp_cron=1580394891.0943720340728759765625" "WordPress/5.3.2; https://www.naijadial.com"
197.211.61.107 - - [30/Jan/2020:09:34:49 -0500] "GET /dashboard/?ref=settings&identity=118 HTTP/1.1" 200 27539 "https://www.naijadial.com/account/" "Mozilla/5.0 (Linux; Android 9; TECNO KB7j Build/PPR1.180610.011; wv) AppleWebKit/537.36 (KHTML, like Gecko) Version/4.0 Chrome/77.0.3865.92 Mobile Safari/537.36 [FB_IAB/FB4A;FBAV/227.0.0.43.158;]"
197.211.61.107 - - [30/Jan/2020:09:34:56 -0500] "GET /listingo/images/line-bar.jpg HTTP/1.1" 404 57557 "https://www.naijadial.com/naijadial/style.css?ver=3.2.2" "Mozilla/5.0 (Linux; Android 9; TECNO KB7j Build/PPR1.180610.011; wv) AppleWebKit/537.36 (KHTML, like Gecko) Version/4.0 Chrome/77.0.3865.92 Mobile Safari/537.36 [FB_IAB/FB4A;FBAV/227.0.0.43.158;]"
68.65.121.137 - - [30/Jan/2020:09:35:06 -0500] "POST /wp-cron.php?doing_wp_cron=1580394906.5804429054260253906250 HTTP/1.1" 200 - "https://www.naijadial.com/wp-cron.php?doing_wp_cron=1580394906.5804429054260253906250" "WordPress/5.3.2; https://www.naijadial.com"
2404:9400:3:0:216:3eff:fee0:6935 - - [30/Jan/2020:09:35:06 -0500] "GET /wp-login.php HTTP/1.1" 200 1761 "-" "Mozilla/5.0 (X11; Ubuntu; Linux x86_64; rv:62.0) Gecko/20100101 Firefox/62.0"
2404:9400:3:0:216:3eff:fee0:6935 - - [30/Jan/2020:09:35:07 -0500] "POST /wp-login.php HTTP/1.1" 200 1835 "-" "Mozilla/5.0 (X11; Ubuntu; Linux x86_64; rv:62.0) Gecko/20100101 Firefox/62.0"
2404:9400:3:0:216:3eff:fee0:6935 - - [30/Jan/2020:09:35:09 -0500] "POST /xmlrpc.php HTTP/1.1" 200 225 "-" "Mozilla/5.0 (X11; Ubuntu; Linux x86_64; rv:62.0) Gecko/20100101 Firefox/62.0"
197.211.61.107 - - [30/Jan/2020:09:38:17 -0500] "GET /files/2020/01/Child-Care-275x152.jpg HTTP/1.1" 304 - "https://www.naijadial.com/?key=a191a033a2c3f744dadd48001cc6d6fd&verifyemail=peboytheking%40gmail.com" "Mozilla/5.0 (Linux; Android 9; TECNO KB7j) AppleWebKit/537.36 (KHTML, like Gecko) Chrome/77.0.3865.92 Mobile Safari/537.36"
197.211.61.107 - - [30/Jan/2020:09:38:17 -0500] "GET /files/2020/01/Adex-92x92.jpg HTTP/1.1" 304 - "https://www.naijadial.com/?key=a191a033a2c3f744dadd48001cc6d6fd&verifyemail=peboytheking%40gmail.com" "Mozilla/5.0 (Linux; Android 9; TECNO KB7j) AppleWebKit/537.36 (KHTML, like Gecko) Chrome/77.0.3865.92 Mobile Safari/537.36"
197.211.61.107 - - [30/Jan/2020:09:38:17 -0500] "GET /files/2020/01/Professional-275x152.jpg HTTP/1.1" 304 - "https://www.naijadial.com/?key=a191a033a2c3f744dadd48001cc6d6fd&verifyemail=peboytheking%40gmail.com" "Mozilla/5.0 (Linux; Android 9; TECNO KB7j) AppleWebKit/537.36 (KHTML, like Gecko) Chrome/77.0.3865.92 Mobile Safari/537.36"
197.211.61.107 - - [30/Jan/2020:09:38:17 -0500] "GET /files/2020/01/Food-275x152.jpg HTTP/1.1" 304 - "https://www.naijadial.com/?key=a191a033a2c3f744dadd48001cc6d6fd&verifyemail=peboytheking%40gmail.com" "Mozilla/5.0 (Linux; Android 9; TECNO KB7j) AppleWebKit/537.36 (KHTML, like Gecko) Chrome/77.0.3865.92 Mobile Safari/537.36"
197.211.61.107 - - [30/Jan/2020:09:38:17 -0500] "GET /files/2020/01/Construction-275x152.jpg HTTP/1.1" 304 - "https://www.naijadial.com/?key=a191a033a2c3f744dadd48001cc6d6fd&verifyemail=peboytheking%40gmail.com" "Mozilla/5.0 (Linux; Android 9; TECNO KB7j) AppleWebKit/537.36 (KHTML, like Gecko) Chrome/77.0.3865.92 Mobile Safari/537.36"
197.211.61.107 - - [30/Jan/2020:09:38:17 -0500] "GET /files/2020/01/training-275x152.jpg HTTP/1.1" 304 - "https://www.naijadial.com/?key=a191a033a2c3f744dadd48001cc6d6fd&verifyemail=peboytheking%40gmail.com" "Mozilla/5.0 (Linux; Android 9; TECNO KB7j) AppleWebKit/537.36 (KHTML, like Gecko) Chrome/77.0.3865.92 Mobile Safari/537.36"
68.65.121.137 - - [30/Jan/2020:09:38:19 -0500] "POST /wp-cron.php?doing_wp_cron=1580395099.4546198844909667968750 HTTP/1.1" 200 - "https://www.naijadial.com/wp-cron.php?doing_wp_cron=1580395099.4546198844909667968750" "WordPress/5.3.2; https://www.naijadial.com"
197.211.61.107 - - [30/Jan/2020:09:38:19 -0500] "GET /listingo/images/line-bar.jpg HTTP/1.1" 404 53100 "https://www.naijadial.com/naijadial/style.css?ver=3.2.2" "Mozilla/5.0 (Linux; Android 9; TECNO KB7j) AppleWebKit/537.36 (KHTML, like Gecko) Chrome/77.0.3865.92 Mobile Safari/537.36"
68.65.121.137 - - [30/Jan/2020:09:42:18 -0500] "POST /wp-cron.php?doing_wp_cron=1580395338.8187899589538574218750 HTTP/1.1" 200 - "https://www.naijadial.com/wp-cron.php?doing_wp_cron=1580395338.8187899589538574218750" "WordPress/5.3.2; https://www.naijadial.com"
132.148.240.164 - - [30/Jan/2020:09:42:16 -0500] "GET /wp-login.php HTTP/1.1" 200 1964 "-" "Mozilla/5.0 (X11; Ubuntu; Linux x86_64; rv:62.0) Gecko/20100101 Firefox/62.0"
132.148.240.164 - - [30/Jan/2020:09:42:20 -0500] "POST /wp-login.php HTTP/1.1" 200 4335 "-" "Mozilla/5.0 (X11; Ubuntu; Linux x86_64; rv:62.0) Gecko/20100101 Firefox/62.0"
132.148.240.164 - - [30/Jan/2020:09:42:21 -0500] "POST /xmlrpc.php HTTP/1.1" 200 249 "-" "Mozilla/5.0 (X11; Ubuntu; Linux x86_64; rv:62.0) Gecko/20100101 Firefox/62.0"
105.112.177.145 - - [30/Jan/2020:09:42:59 -0500] "GET / HTTP/1.1" 200 24588 "-" "Mozilla/5.0 (Linux; Android 7.0; TECNO CA6) AppleWebKit/537.36 (KHTML, like Gecko) Chrome/73.0.3683.90 Mobile Safari/537.36"
68.65.121.137 - - [30/Jan/2020:09:43:09 -0500] "POST /wp-cron.php?doing_wp_cron=1580395388.8921730518341064453125 HTTP/1.1" 200 - "https://www.naijadial.com/wp-cron.php?doing_wp_cron=1580395388.8921730518341064453125" "WordPress/5.3.2; https://www.naijadial.com"
105.112.177.145 - - [30/Jan/2020:09:43:08 -0500] "GET /listingo/images/line-bar.jpg HTTP/1.1" 404 53100 "https://www.naijadial.com/naijadial/style.css?ver=3.2.2" "Mozilla/5.0 (Linux; Android 7.0; TECNO CA6) AppleWebKit/537.36 (KHTML, like Gecko) Chrome/73.0.3683.90 Mobile Safari/537.36"
68.65.121.137 - - [30/Jan/2020:09:48:42 -0500] "POST /wp-cron.php?doing_wp_cron=1580395722.3994469642639160156250 HTTP/1.1" 200 - "https://www.naijadial.com/wp-cron.php?doing_wp_cron=1580395722.3994469642639160156250" "WordPress/5.3.2; https://www.naijadial.com"
107.181.177.135 - - [30/Jan/2020:09:48:40 -0500] "GET /wp-admin/users.php?paged=2 HTTP/1.1" 200 47177 "https://www.naijadial.com/wp-admin/users.php" "Mozilla/5.0 (Windows NT 6.3; Win64; x64) AppleWebKit/537.36 (KHTML, like Gecko) Chrome/79.0.3945.130 Safari/537.36"
68.65.121.137 - - [30/Jan/2020:09:49:09 -0500] "POST /wp-cron.php?doing_wp_cron=1580395748.9468069076538085937500 HTTP/1.1" 200 - "https://www.naijadial.com/wp-cron.php?doing_wp_cron=1580395748.9468069076538085937500" "WordPress/5.3.2; https://www.naijadial.com"
107.181.177.135 - - [30/Jan/2020:09:49:08 -0500] "GET /wp-json/jetpack/v4/jitm?message_path=wp%3Ausers%3Aadmin_notices&query=paged%253D2&_wpnonce=8f1d28b7d0 HTTP/1.1" 200 2 "https://www.naijadial.com/wp-admin/users.php?paged=2" "Mozilla/5.0 (Windows NT 6.3; Win64; x64) AppleWebKit/537.36 (KHTML, like Gecko) Chrome/79.0.3945.130 Safari/537.36"
107.181.177.135 - - [30/Jan/2020:09:49:24 -0500] "GET /wp-admin/users.php?paged=1 HTTP/1.1" 200 47138 "https://www.naijadial.com/wp-admin/users.php?paged=2" "Mozilla/5.0 (Windows NT 6.3; Win64; x64) AppleWebKit/537.36 (KHTML, like Gecko) Chrome/79.0.3945.130 Safari/537.36"
107.181.177.135 - - [30/Jan/2020:09:49:27 -0500] "GET /cnt/plugins/vc-extensions-bundle/css/admin_icon.css?ver=5.3.2 HTTP/1.1" 304 - "https://www.naijadial.com/wp-admin/users.php?paged=1" "Mozilla/5.0 (Windows NT 6.3; Win64; x64) AppleWebKit/537.36 (KHTML, like Gecko) Chrome/79.0.3945.130 Safari/537.36"
107.181.177.135 - - [30/Jan/2020:09:49:27 -0500] "GET /naijadial/css/chosen.css?ver=3.2.2 HTTP/1.1" 304 - "https://www.naijadial.com/wp-admin/users.php?paged=1" "Mozilla/5.0 (Windows NT 6.3; Win64; x64) AppleWebKit/537.36 (KHTML, like Gecko) Chrome/79.0.3945.130 Safari/537.36"
107.181.177.135 - - [30/Jan/2020:09:49:27 -0500] "GET /naijadial/css/linearicons.css?ver=3.2.2 HTTP/1.1" 304 - "https://www.naijadial.com/wp-admin/users.php?paged=1" "Mozilla/5.0 (Windows NT 6.3; Win64; x64) AppleWebKit/537.36 (KHTML, like Gecko) Chrome/79.0.3945.130 Safari/537.36"
107.181.177.135 - - [30/Jan/2020:09:49:27 -0500] "GET /naijadial/css/datetimepicker.css?ver=3.2.2 HTTP/1.1" 304 - "https://www.naijadial.com/wp-admin/users.php?paged=1" "Mozilla/5.0 (Windows NT 6.3; Win64; x64) AppleWebKit/537.36 (KHTML, like Gecko) Chrome/79.0.3945.130 Safari/537.36"
107.181.177.135 - - [30/Jan/2020:09:49:27 -0500] "GET /cnt/plugins/jetpack/vendor/automattic/jetpack-jitm/assets/jetpack-admin-jitm.min.css?ver=1.0-201243242 HTTP/1.1" 304 - "https://www.naijadial.com/wp-admin/users.php?paged=1" "Mozilla/5.0 (Windows NT 6.3; Win64; x64) AppleWebKit/537.36 (KHTML, like Gecko) Chrome/79.0.3945.130 Safari/537.36"
