68.65.121.137 - - [30/Jan/2020:19:06:06 -0500] "POST /wp-cron.php?doing_wp_cron=1580429166.5123710632324218750000 HTTP/1.1" 200 - "https://www.naijadial.com/wp-cron.php?doing_wp_cron=1580429166.5123710632324218750000" "WordPress/5.3.2; https://www.naijadial.com"
41.190.3.148 - - [30/Jan/2020:19:06:06 -0500] "GET /listingo/images/line-bar.jpg HTTP/1.1" 404 53100 "https://www.naijadial.com/naijadial/style.css?ver=3.2.2" "Mozilla/5.0 (Linux; Android 7.0; TECNO WX3P Build/NRD90M) AppleWebKit/537.36 (KHTML, like Gecko) Chrome/69.0.3497.100 Mobile Safari/537.36"
41.190.3.148 - - [30/Jan/2020:19:06:10 -0500] "GET /files/2020/01/map.png HTTP/1.1" 304 - "https://www.naijadial.com/ads-search/" "Mozilla/5.0 (Linux; Android 7.0; TECNO WX3P Build/NRD90M) AppleWebKit/537.36 (KHTML, like Gecko) Chrome/69.0.3497.100 Mobile Safari/537.36"
41.190.3.148 - - [30/Jan/2020:19:06:11 -0500] "GET /ads-search/apple-touch-icon.png HTTP/1.1" 404 52350 "https://www.naijadial.com/ads-search/" "Mozilla/5.0 (Linux; Android 7.0; TECNO WX3P Build/NRD90M) AppleWebKit/537.36 (KHTML, like Gecko) Chrome/69.0.3497.100 Mobile Safari/537.36"
41.190.3.148 - - [30/Jan/2020:19:06:34 -0500] "GET /job-listing/ HTTP/1.1" 200 19166 "https://www.naijadial.com/ads-search/" "Mozilla/5.0 (Linux; Android 7.0; TECNO WX3P Build/NRD90M) AppleWebKit/537.36 (KHTML, like Gecko) Chrome/69.0.3497.100 Mobile Safari/537.36"
41.190.3.148 - - [30/Jan/2020:19:06:44 -0500] "GET /job-listing/apple-touch-icon.png HTTP/1.1" 404 52350 "https://www.naijadial.com/job-listing/" "Mozilla/5.0 (Linux; Android 7.0; TECNO WX3P Build/NRD90M) AppleWebKit/537.36 (KHTML, like Gecko) Chrome/69.0.3497.100 Mobile Safari/537.36"
41.190.3.148 - - [30/Jan/2020:19:06:55 -0500] "GET /account/ HTTP/1.1" 200 14157 "https://www.naijadial.com/job-listing/" "Mozilla/5.0 (Linux; Android 7.0; TECNO WX3P Build/NRD90M) AppleWebKit/537.36 (KHTML, like Gecko) Chrome/69.0.3497.100 Mobile Safari/537.36"
41.190.3.148 - - [30/Jan/2020:19:06:59 -0500] "GET /listingo/images/line-bar.jpg HTTP/1.1" 404 53100 "https://www.naijadial.com/naijadial/style.css?ver=3.2.2" "Mozilla/5.0 (Linux; Android 7.0; TECNO WX3P Build/NRD90M) AppleWebKit/537.36 (KHTML, like Gecko) Chrome/69.0.3497.100 Mobile Safari/537.36"
192.0.118.208 - - [30/Jan/2020:19:08:25 -0500] "POST /xmlrpc.php?for=jetpack&token=QnAj%24o5mLE3EzK%29fA%24kIDJcGKW9yy0rE%3A1%3A1×tamp=1580429305&nonce=cug1KZOJis&body-hash=jtnBiotPBVtiU40FB5HH4%2FjFHTM%3D&signature=eAzMGph5EMTyMpDenSbOXLVFQkg%3D HTTP/1.1" 200 1555 "https://www.naijadial.com/xmlrpc.php?for=jetpack&token=QnAj%24o5mLE3EzK%29fA%24kIDJcGKW9yy0rE%3A1%3A1×tamp=1580429305&nonce=cug1KZOJis&body-hash=jtnBiotPBVtiU40FB5HH4%2FjFHTM%3D&signature=eAzMGph5EMTyMpDenSbOXLVFQkg%3D" "Jetpack by WordPress.com"
41.190.3.148 - - [30/Jan/2020:19:08:22 -0500] "POST /wp-admin/admin-ajax.php HTTP/1.1" 200 194 "https://www.naijadial.com/account/" "Mozilla/5.0 (Linux; Android 7.0; TECNO WX3P Build/NRD90M) AppleWebKit/537.36 (KHTML, like Gecko) Chrome/69.0.3497.100 Mobile Safari/537.36"
41.190.3.148 - - [30/Jan/2020:19:08:29 -0500] "GET /dashboard/?ref=settings&identity=129 HTTP/1.1" 200 17276 "https://www.naijadial.com/account/" "Mozilla/5.0 (Linux; Android 7.0; TECNO WX3P Build/NRD90M) AppleWebKit/537.36 (KHTML, like Gecko) Chrome/69.0.3497.100 Mobile Safari/537.36"
41.190.3.148 - - [30/Jan/2020:19:08:32 -0500] "GET /naijadial/css/emoji/emojionearea.min.css?ver=3.2.2 HTTP/1.1" 304 - "https://www.naijadial.com/dashboard/?ref=settings&identity=129" "Mozilla/5.0 (Linux; Android 7.0; TECNO WX3P Build/NRD90M) AppleWebKit/537.36 (KHTML, like Gecko) Chrome/69.0.3497.100 Mobile Safari/537.36"
41.190.3.148 - - [30/Jan/2020:19:08:32 -0500] "GET /files/2020/01/NaijaDial-Avatar-100x100.png HTTP/1.1" 304 - "https://www.naijadial.com/dashboard/?ref=settings&identity=129" "Mozilla/5.0 (Linux; Android 7.0; TECNO WX3P Build/NRD90M) AppleWebKit/537.36 (KHTML, like Gecko) Chrome/69.0.3497.100 Mobile Safari/537.36"
41.190.3.148 - - [30/Jan/2020:19:08:32 -0500] "GET /naijadial/framework-customizations/extensions/articles/static/js/fw_ext_articles_callbacks.js?ver=1.0 HTTP/1.1" 304 - "https://www.naijadial.com/dashboard/?ref=settings&identity=129" "Mozilla/5.0 (Linux; Android 7.0; TECNO WX3P Build/NRD90M) AppleWebKit/537.36 (KHTML, like Gecko) Chrome/69.0.3497.100 Mobile Safari/537.36"
41.190.3.148 - - [30/Jan/2020:19:08:33 -0500] "GET /naijadial/framework-customizations/extensions/questionsanswers/static/js/fw_ext_questionsanswers_callbacks.js?ver=1.0 HTTP/1.1" 304 - "https://www.naijadial.com/dashboard/?ref=settings&identity=129" "Mozilla/5.0 (Linux; Android 7.0; TECNO WX3P Build/NRD90M) AppleWebKit/537.36 (KHTML, like Gecko) Chrome/69.0.3497.100 Mobile Safari/537.36"
41.190.3.148 - - [30/Jan/2020:19:08:33 -0500] "GET /naijadial/js/linkify/linkify.min.js?ver=5.3.2 HTTP/1.1" 304 - "https://www.naijadial.com/dashboard/?ref=settings&identity=129" "Mozilla/5.0 (Linux; Android 7.0; TECNO WX3P Build/NRD90M) AppleWebKit/537.36 (KHTML, like Gecko) Chrome/69.0.3497.100 Mobile Safari/537.36"
41.190.3.148 - - [30/Jan/2020:19:08:33 -0500] "GET /files/2020/01/banner-270x120.png HTTP/1.1" 304 - "https://www.naijadial.com/dashboard/?ref=settings&identity=129" "Mozilla/5.0 (Linux; Android 7.0; TECNO WX3P Build/NRD90M) AppleWebKit/537.36 (KHTML, like Gecko) Chrome/69.0.3497.100 Mobile Safari/537.36"
41.190.3.148 - - [30/Jan/2020:19:08:33 -0500] "GET /naijadial/js/linkify/linkify-string.min.js?ver=5.3.2 HTTP/1.1" 304 - "https://www.naijadial.com/dashboard/?ref=settings&identity=129" "Mozilla/5.0 (Linux; Android 7.0; TECNO WX3P Build/NRD90M) AppleWebKit/537.36 (KHTML, like Gecko) Chrome/69.0.3497.100 Mobile Safari/537.36"
41.190.3.148 - - [30/Jan/2020:19:08:33 -0500] "GET /naijadial/images/geoicon.svg HTTP/1.1" 304 - "https://www.naijadial.com/dashboard/?ref=settings&identity=129" "Mozilla/5.0 (Linux; Android 7.0; TECNO WX3P Build/NRD90M) AppleWebKit/537.36 (KHTML, like Gecko) Chrome/69.0.3497.100 Mobile Safari/537.36"
41.190.3.148 - - [30/Jan/2020:19:08:33 -0500] "GET /naijadial/js/emoji/emojionearea.min.js?ver=5.3.2 HTTP/1.1" 304 - "https://www.naijadial.com/dashboard/?ref=settings&identity=129" "Mozilla/5.0 (Linux; Android 7.0; TECNO WX3P Build/NRD90M) AppleWebKit/537.36 (KHTML, like Gecko) Chrome/69.0.3497.100 Mobile Safari/537.36"
41.190.3.148 - - [30/Jan/2020:19:08:33 -0500] "GET /naijadial/js/linkify/linkify-jquery.min.js?ver=5.3.2 HTTP/1.1" 304 - "https://www.naijadial.com/dashboard/?ref=settings&identity=129" "Mozilla/5.0 (Linux; Android 7.0; TECNO WX3P Build/NRD90M) AppleWebKit/537.36 (KHTML, like Gecko) Chrome/69.0.3497.100 Mobile Safari/537.36"
41.190.3.148 - - [30/Jan/2020:19:08:33 -0500] "GET /naijadial/js/chat_module.js?ver=5.3.2 HTTP/1.1" 304 - "https://www.naijadial.com/dashboard/?ref=settings&identity=129" "Mozilla/5.0 (Linux; Android 7.0; TECNO WX3P Build/NRD90M) AppleWebKit/537.36 (KHTML, like Gecko) Chrome/69.0.3497.100 Mobile Safari/537.36"
41.190.3.148 - - [30/Jan/2020:19:08:34 -0500] "GET /naijadial/js/user-dashboard.js?ver=3.2.2 HTTP/1.1" 304 - "https://www.naijadial.com/dashboard/?ref=settings&identity=129" "Mozilla/5.0 (Linux; Android 7.0; TECNO WX3P Build/NRD90M) AppleWebKit/537.36 (KHTML, like Gecko) Chrome/69.0.3497.100 Mobile Safari/537.36"
41.190.3.148 - - [30/Jan/2020:19:08:34 -0500] "GET /listingo/images/line-bar.jpg HTTP/1.1" 404 55949 "https://www.naijadial.com/naijadial/style.css?ver=3.2.2" "Mozilla/5.0 (Linux; Android 7.0; TECNO WX3P Build/NRD90M) AppleWebKit/537.36 (KHTML, like Gecko) Chrome/69.0.3497.100 Mobile Safari/537.36"
54.36.150.32 - - [30/Jan/2020:19:08:34 -0500] "GET /pricing/ HTTP/1.1" 200 13298 "-" "Mozilla/5.0 (compatible; AhrefsBot/6.1; +http://ahrefs.com/robot/)"
41.190.3.148 - - [30/Jan/2020:19:08:40 -0500] "GET /dashboard/apple-touch-icon.png HTTP/1.1" 404 55199 "https://www.naijadial.com/dashboard/?ref=settings&identity=129" "Mozilla/5.0 (Linux; Android 7.0; TECNO WX3P Build/NRD90M) AppleWebKit/537.36 (KHTML, like Gecko) Chrome/69.0.3497.100 Mobile Safari/537.36"
68.65.121.137 - - [30/Jan/2020:19:09:21 -0500] "POST /wp-cron.php?doing_wp_cron=1580429361.2685830593109130859375 HTTP/1.1" 200 - "https://www.naijadial.com/wp-cron.php?doing_wp_cron=1580429361.2685830593109130859375" "WordPress/5.3.2; https://www.naijadial.com"
41.190.3.148 - - [30/Jan/2020:19:09:21 -0500] "POST /wp-admin/admin-ajax.php HTTP/1.1" 200 1493 "https://www.naijadial.com/dashboard/?ref=settings&identity=129" "Mozilla/5.0 (Linux; Android 7.0; TECNO WX3P Build/NRD90M) AppleWebKit/537.36 (KHTML, like Gecko) Chrome/69.0.3497.100 Mobile Safari/537.36"
68.65.121.137 - - [30/Jan/2020:19:10:36 -0500] "POST /wp-cron.php?doing_wp_cron=1580429436.8337221145629882812500 HTTP/1.1" 200 - "https://www.naijadial.com/wp-cron.php?doing_wp_cron=1580429436.8337221145629882812500" "WordPress/5.3.2; https://www.naijadial.com"
41.190.3.148 - - [30/Jan/2020:19:10:36 -0500] "GET /dashboard/?ref=security_settings&identity=129 HTTP/1.1" 200 15311 "https://www.naijadial.com/dashboard/?ref=settings&identity=129" "Mozilla/5.0 (Linux; Android 7.0; TECNO WX3P Build/NRD90M) AppleWebKit/537.36 (KHTML, like Gecko) Chrome/69.0.3497.100 Mobile Safari/537.36"
41.190.3.148 - - [30/Jan/2020:19:06:36 -0500] "GET /new/wp-content/uploads/2020/01/JOBS.png HTTP/1.1" 304 - "https://www.naijadial.com/job-listing/" "Mozilla/5.0 (Linux; Android 7.0; TECNO WX3P Build/NRD90M) AppleWebKit/537.36 (KHTML, like Gecko) Chrome/69.0.3497.100 Mobile Safari/537.36"
41.190.3.148 - - [30/Jan/2020:19:06:38 -0500] "GET /listingo/images/line-bar.jpg HTTP/1.1" 404 53100 "https://www.naijadial.com/naijadial/style.css?ver=3.2.2" "Mozilla/5.0 (Linux; Android 7.0; TECNO WX3P Build/NRD90M) AppleWebKit/537.36 (KHTML, like Gecko) Chrome/69.0.3497.100 Mobile Safari/537.36"
68.65.121.137 - - [30/Jan/2020:19:16:44 -0500] "POST /wp-cron.php?doing_wp_cron=1580429803.9240980148315429687500 HTTP/1.1" 200 - "https://www.naijadial.com/wp-cron.php?doing_wp_cron=1580429803.9240980148315429687500" "WordPress/5.3.2; https://www.naijadial.com"
51.255.170.202 - - [30/Jan/2020:19:16:41 -0500] "GET /wp-login.php HTTP/1.1" 200 1761 "-" "Mozilla/5.0 (X11; Ubuntu; Linux x86_64; rv:62.0) Gecko/20100101 Firefox/62.0"
51.255.170.202 - - [30/Jan/2020:19:16:45 -0500] "POST /wp-login.php HTTP/1.1" 200 4333 "-" "Mozilla/5.0 (X11; Ubuntu; Linux x86_64; rv:62.0) Gecko/20100101 Firefox/62.0"
51.255.170.202 - - [30/Jan/2020:19:16:46 -0500] "POST /xmlrpc.php HTTP/1.1" 200 248 "-" "Mozilla/5.0 (X11; Ubuntu; Linux x86_64; rv:62.0) Gecko/20100101 Firefox/62.0"
68.65.121.137 - - [30/Jan/2020:19:17:29 -0500] "POST /wp-cron.php?doing_wp_cron=1580429849.0497140884399414062500 HTTP/1.1" 200 - "https://www.naijadial.com/wp-cron.php?doing_wp_cron=1580429849.0497140884399414062500" "WordPress/5.3.2; https://www.naijadial.com"
66.102.8.136 - - [30/Jan/2020:19:17:28 -0500] "GET /?key=4425ab44d2f8142e5a03d820eba2a589&verifyemail=makmiyiglobalbizconcept@gmail.com HTTP/1.1" 301 - "-" "Mozilla/5.0 (Windows NT 10.0; Win64; x64) AppleWebKit/537.36 (KHTML, like Gecko) Chrome/78.0.3904.108 Safari/537.36"
66.102.8.136 - - [30/Jan/2020:19:17:29 -0500] "GET /?key=4425ab44d2f8142e5a03d820eba2a589&verifyemail=makmiyiglobalbizconcept%40gmail.com HTTP/1.1" 200 24592 "-" "Mozilla/5.0 (Windows NT 10.0; Win64; x64) AppleWebKit/537.36 (KHTML, like Gecko) Chrome/78.0.3904.108 Safari/537.36"
66.102.8.136 - - [30/Jan/2020:19:17:31 -0500] "GET /cnt/plugins/gd-bbpress-toolbox/templates/default/css/widgets.min.css?ver=5.2.1.712 HTTP/1.1" 304 - "https://www.naijadial.com/?key=4425ab44d2f8142e5a03d820eba2a589&verifyemail=makmiyiglobalbizconcept%40gmail.com" "Mozilla/5.0 (Windows NT 10.0; Win64; x64) AppleWebKit/537.36 (KHTML, like Gecko) Chrome/78.0.3904.108 Safari/537.36"
66.102.8.136 - - [30/Jan/2020:19:17:31 -0500] "GET /cnt/plugins/js_composer/assets/css/js_composer.min.css?ver=6.0.5 HTTP/1.1" 304 - "https://www.naijadial.com/?key=4425ab44d2f8142e5a03d820eba2a589&verifyemail=makmiyiglobalbizconcept%40gmail.com" "Mozilla/5.0 (Windows NT 10.0; Win64; x64) AppleWebKit/537.36 (KHTML, like Gecko) Chrome/78.0.3904.108 Safari/537.36"
66.102.8.134 - - [30/Jan/2020:19:17:31 -0500] "GET /naijadial/css/normalize.css?ver=3.2.2 HTTP/1.1" 304 - "https://www.naijadial.com/?key=4425ab44d2f8142e5a03d820eba2a589&verifyemail=makmiyiglobalbizconcept%40gmail.com" "Mozilla/5.0 (Windows NT 10.0; Win64; x64) AppleWebKit/537.36 (KHTML, like Gecko) Chrome/78.0.3904.108 Safari/537.36"
66.102.8.138 - - [30/Jan/2020:19:17:31 -0500] "GET /cnt/plugins/js_composer/assets/lib/bower/font-awesome/css/font-awesome.min.css?ver=6.0.5 HTTP/1.1" 304 - "https://www.naijadial.com/?key=4425ab44d2f8142e5a03d820eba2a589&verifyemail=makmiyiglobalbizconcept%40gmail.com" "Mozilla/5.0 (Windows NT 10.0; Win64; x64) AppleWebKit/537.36 (KHTML, like Gecko) Chrome/78.0.3904.108 Safari/537.36"
66.102.8.134 - - [30/Jan/2020:19:17:31 -0500] "GET /cnt/plugins/contact-form-7/includes/css/styles.css?ver=5.1.6 HTTP/1.1" 304 - "https://www.naijadial.com/?key=4425ab44d2f8142e5a03d820eba2a589&verifyemail=makmiyiglobalbizconcept%40gmail.com" "Mozilla/5.0 (Windows NT 10.0; Win64; x64) AppleWebKit/537.36 (KHTML, like Gecko) Chrome/78.0.3904.108 Safari/537.36"
66.102.8.136 - - [30/Jan/2020:19:17:31 -0500] "GET /cnt/plugins/mega-addons-for-visual-composer/css/ihover.css?ver=5.3.2 HTTP/1.1" 304 - "https://www.naijadial.com/?key=4425ab44d2f8142e5a03d820eba2a589&verifyemail=makmiyiglobalbizconcept%40gmail.com" "Mozilla/5.0 (Windows NT 10.0; Win64; x64) AppleWebKit/537.36 (KHTML, like Gecko) Chrome/78.0.3904.108 Safari/537.36"
66.102.8.134 - - [30/Jan/2020:19:17:31 -0500] "GET /cnt/plugins/unyson/framework/extensions/breadcrumbs/static/css/style.css?ver=5.3.2 HTTP/1.1" 304 - "https://www.naijadial.com/?key=4425ab44d2f8142e5a03d820eba2a589&verifyemail=makmiyiglobalbizconcept%40gmail.com" "Mozilla/5.0 (Windows NT 10.0; Win64; x64) AppleWebKit/537.36 (KHTML, like Gecko) Chrome/78.0.3904.108 Safari/537.36"
66.102.8.136 - - [30/Jan/2020:19:17:31 -0500] "GET /naijadial/css/bootstrap.min.css?ver=3.2.2 HTTP/1.1" 304 - "https://www.naijadial.com/?key=4425ab44d2f8142e5a03d820eba2a589&verifyemail=makmiyiglobalbizconcept%40gmail.com" "Mozilla/5.0 (Windows NT 10.0; Win64; x64) AppleWebKit/537.36 (KHTML, like Gecko) Chrome/78.0.3904.108 Safari/537.36"
66.102.8.134 - - [30/Jan/2020:19:17:31 -0500] "GET /cnt/plugins/unyson/framework/extensions/builder/static/css/frontend-grid.css?ver=1.2.11 HTTP/1.1" 304 - "https://www.naijadial.com/?key=4425ab44d2f8142e5a03d820eba2a589&verifyemail=makmiyiglobalbizconcept%40gmail.com" "Mozilla/5.0 (Windows NT 10.0; Win64; x64) AppleWebKit/537.36 (KHTML, like Gecko) Chrome/78.0.3904.108 Safari/537.36"
66.102.8.136 - - [30/Jan/2020:19:17:31 -0500] "GET /cnt/plugins/bbpress/templates/default/css/bbpress.min.css?ver=2.6.3 HTTP/1.1" 304 - "https://www.naijadial.com/?key=4425ab44d2f8142e5a03d820eba2a589&verifyemail=makmiyiglobalbizconcept%40gmail.com" "Mozilla/5.0 (Windows NT 10.0; Win64; x64) AppleWebKit/537.36 (KHTML, like Gecko) Chrome/78.0.3904.108 Safari/537.36"
66.102.8.134 - - [30/Jan/2020:19:17:31 -0500] "GET /naijadial/css/chosen.css?ver=3.2.2 HTTP/1.1" 304 - "https://www.naijadial.com/?key=4425ab44d2f8142e5a03d820eba2a589&verifyemail=makmiyiglobalbizconcept%40gmail.com" "Mozilla/5.0 (Windows NT 10.0; Win64; x64) AppleWebKit/537.36 (KHTML, like Gecko) Chrome/78.0.3904.108 Safari/537.36"
66.102.8.138 - - [30/Jan/2020:19:17:31 -0500] "GET /naijadial/style.css?ver=3.2.2 HTTP/1.1" 304 - "https://www.naijadial.com/?key=4425ab44d2f8142e5a03d820eba2a589&verifyemail=makmiyiglobalbizconcept%40gmail.com" "Mozilla/5.0 (Windows NT 10.0; Win64; x64) AppleWebKit/537.36 (KHTML, like Gecko) Chrome/78.0.3904.108 Safari/537.36"
66.102.8.136 - - [30/Jan/2020:19:17:31 -0500] "GET /naijadial/css/owl.theme.default.min.css?ver=3.2.2 HTTP/1.1" 304 - "https://www.naijadial.com/?key=4425ab44d2f8142e5a03d820eba2a589&verifyemail=makmiyiglobalbizconcept%40gmail.com" "Mozilla/5.0 (Windows NT 10.0; Win64; x64) AppleWebKit/537.36 (KHTML, like Gecko) Chrome/78.0.3904.108 Safari/537.36"
66.102.8.136 - - [30/Jan/2020:19:17:31 -0500] "GET /cnt/plugins/mega-addons-for-visual-composer/css/style.css?ver=5.3.2 HTTP/1.1" 304 - "https://www.naijadial.com/?key=4425ab44d2f8142e5a03d820eba2a589&verifyemail=makmiyiglobalbizconcept%40gmail.com" "Mozilla/5.0 (Windows NT 10.0; Win64; x64) AppleWebKit/537.36 (KHTML, like Gecko) Chrome/78.0.3904.108 Safari/537.36"
66.102.8.136 - - [30/Jan/2020:19:17:31 -0500] "GET /naijadial/css/prettyPhoto.css?ver=3.2.2 HTTP/1.1" 304 - "https://www.naijadial.com/?key=4425ab44d2f8142e5a03d820eba2a589&verifyemail=makmiyiglobalbizconcept%40gmail.com" "Mozilla/5.0 (Windows NT 10.0; Win64; x64) AppleWebKit/537.36 (KHTML, like Gecko) Chrome/78.0.3904.108 Safari/537.36"
66.102.8.134 - - [30/Jan/2020:19:17:31 -0500] "GET /cnt/plugins/unyson/framework/extensions/forms/static/css/frontend.css?ver=2.7.22 HTTP/1.1" 304 - "https://www.naijadial.com/?key=4425ab44d2f8142e5a03d820eba2a589&verifyemail=makmiyiglobalbizconcept%40gmail.com" "Mozilla/5.0 (Windows NT 10.0; Win64; x64) AppleWebKit/537.36 (KHTML, like Gecko) Chrome/78.0.3904.108 Safari/537.36"
66.102.8.135 - - [30/Jan/2020:19:17:31 -0500] "GET /cnt/plugins/revslider/public/assets/css/rs6.css?ver=6.0.7 HTTP/1.1" 304 - "https://www.naijadial.com/?key=4425ab44d2f8142e5a03d820eba2a589&verifyemail=makmiyiglobalbizconcept%40gmail.com" "Mozilla/5.0 (Windows NT 10.0; Win64; x64) AppleWebKit/537.36 (KHTML, like Gecko) Chrome/78.0.3904.108 Safari/537.36"
66.102.8.138 - - [30/Jan/2020:19:17:31 -0500] "GET /cnt/plugins/vc-extensions-bundle/css/admin_icon.css?ver=5.3.2 HTTP/1.1" 304 - "https://www.naijadial.com/?key=4425ab44d2f8142e5a03d820eba2a589&verifyemail=makmiyiglobalbizconcept%40gmail.com" "Mozilla/5.0 (Windows NT 10.0; Win64; x64) AppleWebKit/537.36 (KHTML, like Gecko) Chrome/78.0.3904.108 Safari/537.36"
66.102.8.136 - - [30/Jan/2020:19:17:31 -0500] "GET /naijadial/css/color.css?ver=3.2.2 HTTP/1.1" 304 - "https://www.naijadial.com/?key=4425ab44d2f8142e5a03d820eba2a589&verifyemail=makmiyiglobalbizconcept%40gmail.com" "Mozilla/5.0 (Windows NT 10.0; Win64; x64) AppleWebKit/537.36 (KHTML, like Gecko) Chrome/78.0.3904.108 Safari/537.36"
66.102.8.134 - - [30/Jan/2020:19:17:31 -0500] "GET /naijadial/css/datetimepicker.css?ver=3.2.2 HTTP/1.1" 304 - "https://www.naijadial.com/?key=4425ab44d2f8142e5a03d820eba2a589&verifyemail=makmiyiglobalbizconcept%40gmail.com" "Mozilla/5.0 (Windows NT 10.0; Win64; x64) AppleWebKit/537.36 (KHTML, like Gecko) Chrome/78.0.3904.108 Safari/537.36"
66.102.8.136 - - [30/Jan/2020:19:17:31 -0500] "GET /naijadial/css/jquery.countdown.css?ver=3.2.2 HTTP/1.1" 304 - "https://www.naijadial.com/?key=4425ab44d2f8142e5a03d820eba2a589&verifyemail=makmiyiglobalbizconcept%40gmail.com" "Mozilla/5.0 (Windows NT 10.0; Win64; x64) AppleWebKit/537.36 (KHTML, like Gecko) Chrome/78.0.3904.108 Safari/537.36"
66.102.8.136 - - [30/Jan/2020:19:17:31 -0500] "GET /cnt/plugins/bbp-style-pack/css/bspstyle.css?ver=4.3.8 HTTP/1.1" 304 - "https://www.naijadial.com/?key=4425ab44d2f8142e5a03d820eba2a589&verifyemail=makmiyiglobalbizconcept%40gmail.com" "Mozilla/5.0 (Windows NT 10.0; Win64; x64) AppleWebKit/537.36 (KHTML, like Gecko) Chrome/78.0.3904.108 Safari/537.36"
66.102.8.136 - - [30/Jan/2020:19:17:31 -0500] "GET /naijadial/css/jquery-ui.css?ver=3.2.2 HTTP/1.1" 304 - "https://www.naijadial.com/?key=4425ab44d2f8142e5a03d820eba2a589&verifyemail=makmiyiglobalbizconcept%40gmail.com" "Mozilla/5.0 (Windows NT 10.0; Win64; x64) AppleWebKit/537.36 (KHTML, like Gecko) Chrome/78.0.3904.108 Safari/537.36"
66.102.8.136 - - [30/Jan/2020:19:17:31 -0500] "GET /naijadial/css/typo.css?ver=3.2.2 HTTP/1.1" 304 - "https://www.naijadial.com/?key=4425ab44d2f8142e5a03d820eba2a589&verifyemail=makmiyiglobalbizconcept%40gmail.com" "Mozilla/5.0 (Windows NT 10.0; Win64; x64) AppleWebKit/537.36 (KHTML, like Gecko) Chrome/78.0.3904.108 Safari/537.36"
66.102.8.134 - - [30/Jan/2020:19:17:31 -0500] "GET /naijadial/css/scrollbar.css?ver=3.2.2 HTTP/1.1" 304 - "https://www.naijadial.com/?key=4425ab44d2f8142e5a03d820eba2a589&verifyemail=makmiyiglobalbizconcept%40gmail.com" "Mozilla/5.0 (Windows NT 10.0; Win64; x64) AppleWebKit/537.36 (KHTML, like Gecko) Chrome/78.0.3904.108 Safari/537.36"
66.102.8.136 - - [30/Jan/2020:19:17:31 -0500] "GET /naijadial/css/owl.carousel.min.css?ver=3.2.2 HTTP/1.1" 304 - "https://www.naijadial.com/?key=4425ab44d2f8142e5a03d820eba2a589&verifyemail=makmiyiglobalbizconcept%40gmail.com" "Mozilla/5.0 (Windows NT 10.0; Win64; x64) AppleWebKit/537.36 (KHTML, like Gecko) Chrome/78.0.3904.108 Safari/537.36"
66.102.8.134 - - [30/Jan/2020:19:17:31 -0500] "GET /naijadial/css/transitions.css?ver=3.2.2 HTTP/1.1" 304 - "https://www.naijadial.com/?key=4425ab44d2f8142e5a03d820eba2a589&verifyemail=makmiyiglobalbizconcept%40gmail.com" "Mozilla/5.0 (Windows NT 10.0; Win64; x64) AppleWebKit/537.36 (KHTML, like Gecko) Chrome/78.0.3904.108 Safari/537.36"
66.102.8.138 - - [30/Jan/2020:19:17:31 -0500] "GET /cnt/plugins/mega-addons-for-visual-composer/css/font-awesome/css/font-awesome.css?ver=5.3.2 HTTP/1.1" 304 - "https://www.naijadial.com/?key=4425ab44d2f8142e5a03d820eba2a589&verifyemail=makmiyiglobalbizconcept%40gmail.com" "Mozilla/5.0 (Windows NT 10.0; Win64; x64) AppleWebKit/537.36 (KHTML, like Gecko) Chrome/78.0.3904.108 Safari/537.36"
66.102.8.134 - - [30/Jan/2020:19:17:31 -0500] "GET /naijadial/css/chat_module.css?ver=3.2.2 HTTP/1.1" 304 - "https://www.naijadial.com/?key=4425ab44d2f8142e5a03d820eba2a589&verifyemail=makmiyiglobalbizconcept%40gmail.com" "Mozilla/5.0 (Windows NT 10.0; Win64; x64) AppleWebKit/537.36 (KHTML, like Gecko) Chrome/78.0.3904.108 Safari/537.36"
66.102.8.136 - - [30/Jan/2020:19:17:31 -0500] "GET /naijadial/css/responsive.css?ver=3.2.2 HTTP/1.1" 304 - "https://www.naijadial.com/?key=4425ab44d2f8142e5a03d820eba2a589&verifyemail=makmiyiglobalbizconcept%40gmail.com" "Mozilla/5.0 (Windows NT 10.0; Win64; x64) AppleWebKit/537.36 (KHTML, like Gecko) Chrome/78.0.3904.108 Safari/537.36"
66.102.8.138 - - [30/Jan/2020:19:17:31 -0500] "GET /files/so-css/so-css-listingo.css?ver=1580144791 HTTP/1.1" 304 - "https://www.naijadial.com/?key=4425ab44d2f8142e5a03d820eba2a589&verifyemail=makmiyiglobalbizconcept%40gmail.com" "Mozilla/5.0 (Windows NT 10.0; Win64; x64) AppleWebKit/537.36 (KHTML, like Gecko) Chrome/78.0.3904.108 Safari/537.36"
66.102.8.136 - - [30/Jan/2020:19:17:31 -0500] "GET /cnt/plugins/unyson/framework/static/libs/lnr/css/lnr.css?ver=2.7.22 HTTP/1.1" 304 - "https://www.naijadial.com/?key=4425ab44d2f8142e5a03d820eba2a589&verifyemail=makmiyiglobalbizconcept%40gmail.com" "Mozilla/5.0 (Windows NT 10.0; Win64; x64) AppleWebKit/537.36 (KHTML, like Gecko) Chrome/78.0.3904.108 Safari/537.36"
66.102.8.136 - - [30/Jan/2020:19:17:31 -0500] "GET /cnt/plugins/unyson/framework/static/libs/entypo/css/entypo.css?ver=2.7.22 HTTP/1.1" 304 - "https://www.naijadial.com/?key=4425ab44d2f8142e5a03d820eba2a589&verifyemail=makmiyiglobalbizconcept%40gmail.com" "Mozilla/5.0 (Windows NT 10.0; Win64; x64) AppleWebKit/537.36 (KHTML, like Gecko) Chrome/78.0.3904.108 Safari/537.36"
66.102.8.138 - - [30/Jan/2020:19:17:31 -0500] "GET /naijadial/css/linearicons.css?ver=3.2.2 HTTP/1.1" 304 - "https://www.naijadial.com/?key=4425ab44d2f8142e5a03d820eba2a589&verifyemail=makmiyiglobalbizconcept%40gmail.com" "Mozilla/5.0 (Windows NT 10.0; Win64; x64) AppleWebKit/537.36 (KHTML, like Gecko) Chrome/78.0.3904.108 Safari/537.36"
66.102.8.134 - - [30/Jan/2020:19:17:31 -0500] "GET /cnt/plugins/unyson/framework/static/libs/font-awesome/css/font-awesome.min.css?ver=2.7.22 HTTP/1.1" 304 - "https://www.naijadial.com/?key=4425ab44d2f8142e5a03d820eba2a589&verifyemail=makmiyiglobalbizconcept%40gmail.com" "Mozilla/5.0 (Windows NT 10.0; Win64; x64) AppleWebKit/537.36 (KHTML, like Gecko) Chrome/78.0.3904.108 Safari/537.36"
66.102.8.136 - - [30/Jan/2020:19:17:31 -0500] "GET /cnt/plugins/revslider/public/assets/js/rs6.min.js?ver=6.0.7 HTTP/1.1" 304 - "https://www.naijadial.com/?key=4425ab44d2f8142e5a03d820eba2a589&verifyemail=makmiyiglobalbizconcept%40gmail.com" "Mozilla/5.0 (Windows NT 10.0; Win64; x64) AppleWebKit/537.36 (KHTML, like Gecko) Chrome/78.0.3904.108 Safari/537.36"
66.102.8.134 - - [30/Jan/2020:19:17:31 -0500] "GET /cnt/plugins/vc-extensions-bundle/flipbox/css/style.css?ver=5.3.2 HTTP/1.1" 304 - "https://www.naijadial.com/?key=4425ab44d2f8142e5a03d820eba2a589&verifyemail=makmiyiglobalbizconcept%40gmail.com" "Mozilla/5.0 (Windows NT 10.0; Win64; x64) AppleWebKit/537.36 (KHTML, like Gecko) Chrome/78.0.3904.108 Safari/537.36"
66.102.8.134 - - [30/Jan/2020:19:17:31 -0500] "GET /naijadial/js/appear.js?ver=5.3.2 HTTP/1.1" 304 - "https://www.naijadial.com/?key=4425ab44d2f8142e5a03d820eba2a589&verifyemail=makmiyiglobalbizconcept%40gmail.com" "Mozilla/5.0 (Windows NT 10.0; Win64; x64) AppleWebKit/537.36 (KHTML, like Gecko) Chrome/78.0.3904.108 Safari/537.36"
66.102.8.136 - - [30/Jan/2020:19:17:31 -0500] "GET /naijadial/js/vendor/modernizr-2.8.3-respond-1.4.2.min.js?ver=3.2.2 HTTP/1.1" 304 - "https://www.naijadial.com/?key=4425ab44d2f8142e5a03d820eba2a589&verifyemail=makmiyiglobalbizconcept%40gmail.com" "Mozilla/5.0 (Windows NT 10.0; Win64; x64) AppleWebKit/537.36 (KHTML, like Gecko) Chrome/78.0.3904.108 Safari/537.36"
66.102.8.136 - - [30/Jan/2020:19:17:31 -0500] "GET /cnt/plugins/revslider/public/assets/js/revolution.tools.min.js?ver=6.0 HTTP/1.1" 304 - "https://www.naijadial.com/?key=4425ab44d2f8142e5a03d820eba2a589&verifyemail=makmiyiglobalbizconcept%40gmail.com" "Mozilla/5.0 (Windows NT 10.0; Win64; x64) AppleWebKit/537.36 (KHTML, like Gecko) Chrome/78.0.3904.108 Safari/537.36"
66.102.8.138 - - [30/Jan/2020:19:17:31 -0500] "GET /cnt/plugins/unyson/framework/static/js/fw-form-helpers.js?ver=5.3.2 HTTP/1.1" 304 - "https://www.naijadial.com/?key=4425ab44d2f8142e5a03d820eba2a589&verifyemail=makmiyiglobalbizconcept%40gmail.com" "Mozilla/5.0 (Windows NT 10.0; Win64; x64) AppleWebKit/537.36 (KHTML, like Gecko) Chrome/78.0.3904.108 Safari/537.36"
66.102.8.138 - - [30/Jan/2020:19:17:31 -0500] "GET /cnt/plugins/contact-form-7/includes/js/scripts.js?ver=5.1.6 HTTP/1.1" 304 - "https://www.naijadial.com/?key=4425ab44d2f8142e5a03d820eba2a589&verifyemail=makmiyiglobalbizconcept%40gmail.com" "Mozilla/5.0 (Windows NT 10.0; Win64; x64) AppleWebKit/537.36 (KHTML, like Gecko) Chrome/78.0.3904.108 Safari/537.36"
66.102.8.134 - - [30/Jan/2020:19:17:31 -0500] "GET /naijadial/js/vendor/bootstrap.min.js?ver=3.2.2 HTTP/1.1" 304 - "https://www.naijadial.com/?key=4425ab44d2f8142e5a03d820eba2a589&verifyemail=makmiyiglobalbizconcept%40gmail.com" "Mozilla/5.0 (Windows NT 10.0; Win64; x64) AppleWebKit/537.36 (KHTML, like Gecko) Chrome/78.0.3904.108 Safari/537.36"
66.102.8.134 - - [30/Jan/2020:19:17:31 -0500] "GET /naijadial/js/listingo_callbacks.js?ver=3.2.2 HTTP/1.1" 304 - "https://www.naijadial.com/?key=4425ab44d2f8142e5a03d820eba2a589&verifyemail=makmiyiglobalbizconcept%40gmail.com" "Mozilla/5.0 (Windows NT 10.0; Win64; x64) AppleWebKit/537.36 (KHTML, like Gecko) Chrome/78.0.3904.108 Safari/537.36"
66.102.8.136 - - [30/Jan/2020:19:17:31 -0500] "GET /naijadial/js/owl.carousel.min.js?ver=3.2.2 HTTP/1.1" 304 - "https://www.naijadial.com/?key=4425ab44d2f8142e5a03d820eba2a589&verifyemail=makmiyiglobalbizconcept%40gmail.com" "Mozilla/5.0 (Windows NT 10.0; Win64; x64) AppleWebKit/537.36 (KHTML, like Gecko) Chrome/78.0.3904.108 Safari/537.36"
66.102.8.136 - - [30/Jan/2020:19:17:31 -0500] "GET /cnt/plugins/unyson/framework/static/libs/linecons/css/linecons.css?ver=2.7.22 HTTP/1.1" 304 - "https://www.naijadial.com/?key=4425ab44d2f8142e5a03d820eba2a589&verifyemail=makmiyiglobalbizconcept%40gmail.com" "Mozilla/5.0 (Windows NT 10.0; Win64; x64) AppleWebKit/537.36 (KHTML, like Gecko) Chrome/78.0.3904.108 Safari/537.36"
66.102.8.138 - - [30/Jan/2020:19:17:31 -0500] "GET /naijadial/css/pogoslider.css?ver=3.2.2 HTTP/1.1" 304 - "https://www.naijadial.com/?key=4425ab44d2f8142e5a03d820eba2a589&verifyemail=makmiyiglobalbizconcept%40gmail.com" "Mozilla/5.0 (Windows NT 10.0; Win64; x64) AppleWebKit/537.36 (KHTML, like Gecko) Chrome/78.0.3904.108 Safari/537.36"
66.102.8.138 - - [30/Jan/2020:19:17:31 -0500] "GET /cnt/plugins/unyson/framework/static/libs/typcn/css/typcn.css?ver=2.7.22 HTTP/1.1" 304 - "https://www.naijadial.com/?key=4425ab44d2f8142e5a03d820eba2a589&verifyemail=makmiyiglobalbizconcept%40gmail.com" "Mozilla/5.0 (Windows NT 10.0; Win64; x64) AppleWebKit/537.36 (KHTML, like Gecko) Chrome/78.0.3904.108 Safari/537.36"
66.102.8.138 - - [30/Jan/2020:19:17:31 -0500] "GET /cnt/plugins/mega-addons-for-visual-composer/js/script.js?ver=5.3.2 HTTP/1.1" 304 - "https://www.naijadial.com/?key=4425ab44d2f8142e5a03d820eba2a589&verifyemail=makmiyiglobalbizconcept%40gmail.com" "Mozilla/5.0 (Windows NT 10.0; Win64; x64) AppleWebKit/537.36 (KHTML, like Gecko) Chrome/78.0.3904.108 Safari/537.36"
66.102.8.136 - - [30/Jan/2020:19:17:31 -0500] "GET /naijadial/js/datetimepicker.js?ver=3.2.2 HTTP/1.1" 304 - "https://www.naijadial.com/?key=4425ab44d2f8142e5a03d820eba2a589&verifyemail=makmiyiglobalbizconcept%40gmail.com" "Mozilla/5.0 (Windows NT 10.0; Win64; x64) AppleWebKit/537.36 (KHTML, like Gecko) Chrome/78.0.3904.108 Safari/537.36"
66.102.8.138 - - [30/Jan/2020:19:17:31 -0500] "GET /cnt/plugins/unyson/framework/static/libs/unycon/unycon.css?ver=2.7.22 HTTP/1.1" 304 - "https://www.naijadial.com/?key=4425ab44d2f8142e5a03d820eba2a589&verifyemail=makmiyiglobalbizconcept%40gmail.com" "Mozilla/5.0 (Windows NT 10.0; Win64; x64) AppleWebKit/537.36 (KHTML, like Gecko) Chrome/78.0.3904.108 Safari/537.36"
66.102.8.134 - - [30/Jan/2020:19:17:31 -0500] "GET /naijadial/js/gmap3.min.js?ver=5.3.2 HTTP/1.1" 304 - "https://www.naijadial.com/?key=4425ab44d2f8142e5a03d820eba2a589&verifyemail=makmiyiglobalbizconcept%40gmail.com" "Mozilla/5.0 (Windows NT 10.0; Win64; x64) AppleWebKit/537.36 (KHTML, like Gecko) Chrome/78.0.3904.108 Safari/537.36"
66.102.8.138 - - [30/Jan/2020:19:17:31 -0500] "GET /cnt/plugins/js_composer/assets/js/vendors/woocommerce-add-to-cart.js?ver=6.0.5 HTTP/1.1" 304 - "https://www.naijadial.com/?key=4425ab44d2f8142e5a03d820eba2a589&verifyemail=makmiyiglobalbizconcept%40gmail.com" "Mozilla/5.0 (Windows NT 10.0; Win64; x64) AppleWebKit/537.36 (KHTML, like Gecko) Chrome/78.0.3904.108 Safari/537.36"
66.102.8.134 - - [30/Jan/2020:19:17:31 -0500] "GET /naijadial/js/jquery.auto-complete.js?ver=3.2.2 HTTP/1.1" 304 - "https://www.naijadial.com/?key=4425ab44d2f8142e5a03d820eba2a589&verifyemail=makmiyiglobalbizconcept%40gmail.com" "Mozilla/5.0 (Windows NT 10.0; Win64; x64) AppleWebKit/537.36 (KHTML, like Gecko) Chrome/78.0.3904.108 Safari/537.36"
66.102.8.136 - - [30/Jan/2020:19:17:31 -0500] "GET /naijadial/js/chosen.jquery.js?ver=3.2.2 HTTP/1.1" 304 - "https://www.naijadial.com/?key=4425ab44d2f8142e5a03d820eba2a589&verifyemail=makmiyiglobalbizconcept%40gmail.com" "Mozilla/5.0 (Windows NT 10.0; Win64; x64) AppleWebKit/537.36 (KHTML, like Gecko) Chrome/78.0.3904.108 Safari/537.36"
66.102.8.136 - - [30/Jan/2020:19:17:31 -0500] "GET /naijadial/framework-customizations/extensions/ads/static/js/fw_ext_ads_callbacks.js?ver=1.0 HTTP/1.1" 304 - "https://www.naijadial.com/?key=4425ab44d2f8142e5a03d820eba2a589&verifyemail=makmiyiglobalbizconcept%40gmail.com" "Mozilla/5.0 (Windows NT 10.0; Win64; x64) AppleWebKit/537.36 (KHTML, like Gecko) Chrome/78.0.3904.108 Safari/537.36"
66.102.8.138 - - [30/Jan/2020:19:17:31 -0500] "GET /naijadial/js/jquery.countdown.js?ver=3.2.2 HTTP/1.1" 304 - "https://www.naijadial.com/?key=4425ab44d2f8142e5a03d820eba2a589&verifyemail=makmiyiglobalbizconcept%40gmail.com" "Mozilla/5.0 (Windows NT 10.0; Win64; x64) AppleWebKit/537.36 (KHTML, like Gecko) Chrome/78.0.3904.108 Safari/537.36"
66.102.8.138 - - [30/Jan/2020:19:17:31 -0500] "GET /naijadial/js/scrollbar.min.js?ver=3.2.2 HTTP/1.1" 304 - "https://www.naijadial.com/?key=4425ab44d2f8142e5a03d820eba2a589&verifyemail=makmiyiglobalbizconcept%40gmail.com" "Mozilla/5.0 (Windows NT 10.0; Win64; x64) AppleWebKit/537.36 (KHTML, like Gecko) Chrome/78.0.3904.108 Safari/537.36"
66.102.8.135 - - [30/Jan/2020:19:17:31 -0500] "GET /naijadial/js/countTo.js?ver=5.3.2 HTTP/1.1" 304 - "https://www.naijadial.com/?key=4425ab44d2f8142e5a03d820eba2a589&verifyemail=makmiyiglobalbizconcept%40gmail.com" "Mozilla/5.0 (Windows NT 10.0; Win64; x64) AppleWebKit/537.36 (KHTML, like Gecko) Chrome/78.0.3904.108 Safari/537.36"
66.102.8.134 - - [30/Jan/2020:19:17:31 -0500] "GET /naijadial/js/parallax.js?ver=5.3.2 HTTP/1.1" 304 - "https://www.naijadial.com/?key=4425ab44d2f8142e5a03d820eba2a589&verifyemail=makmiyiglobalbizconcept%40gmail.com" "Mozilla/5.0 (Windows NT 10.0; Win64; x64) AppleWebKit/537.36 (KHTML, like Gecko) Chrome/78.0.3904.108 Safari/537.36"
66.102.8.138 - - [30/Jan/2020:19:17:31 -0500] "GET /naijadial/js/listingo_maps.js?ver=3.2.2 HTTP/1.1" 304 - "https://www.naijadial.com/?key=4425ab44d2f8142e5a03d820eba2a589&verifyemail=makmiyiglobalbizconcept%40gmail.com" "Mozilla/5.0 (Windows NT 10.0; Win64; x64) AppleWebKit/537.36 (KHTML, like Gecko) Chrome/78.0.3904.108 Safari/537.36"
66.102.8.138 - - [30/Jan/2020:19:17:31 -0500] "GET /cnt/plugins/vc-extensions-bundle/flipbox/js/init.min.js?ver=5.3.2 HTTP/1.1" 304 - "https://www.naijadial.com/?key=4425ab44d2f8142e5a03d820eba2a589&verifyemail=makmiyiglobalbizconcept%40gmail.com" "Mozilla/5.0 (Windows NT 10.0; Win64; x64) AppleWebKit/537.36 (KHTML, like Gecko) Chrome/78.0.3904.108 Safari/537.36"
66.102.8.134 - - [30/Jan/2020:19:17:31 -0500] "GET /files/2020/01/Fashion-275x152.jpg HTTP/1.1" 304 - "https://www.naijadial.com/?key=4425ab44d2f8142e5a03d820eba2a589&verifyemail=makmiyiglobalbizconcept%40gmail.com" "Mozilla/5.0 (Windows NT 10.0; Win64; x64) AppleWebKit/537.36 (KHTML, like Gecko) Chrome/78.0.3904.108 Safari/537.36"
66.102.8.138 - - [30/Jan/2020:19:17:31 -0500] "GET /cnt/plugins/js_composer/assets/js/dist/js_composer_front.min.js?ver=6.0.5 HTTP/1.1" 304 - "https://www.naijadial.com/?key=4425ab44d2f8142e5a03d820eba2a589&verifyemail=makmiyiglobalbizconcept%40gmail.com" "Mozilla/5.0 (Windows NT 10.0; Win64; x64) AppleWebKit/537.36 (KHTML, like Gecko) Chrome/78.0.3904.108 Safari/537.36"
66.102.8.134 - - [30/Jan/2020:19:17:31 -0500] "GET /files/2020/01/NaijaDial-Avatar-92x92.png HTTP/1.1" 304 - "https://www.naijadial.com/?key=4425ab44d2f8142e5a03d820eba2a589&verifyemail=makmiyiglobalbizconcept%40gmail.com" "Mozilla/5.0 (Windows NT 10.0; Win64; x64) AppleWebKit/537.36 (KHTML, like Gecko) Chrome/78.0.3904.108 Safari/537.36"
66.102.8.136 - - [30/Jan/2020:19:17:31 -0500] "GET /cluder/js/wp-emoji-release.min.js?ver=5.3.2 HTTP/1.1" 304 - "https://www.naijadial.com/?key=4425ab44d2f8142e5a03d820eba2a589&verifyemail=makmiyiglobalbizconcept%40gmail.com" "Mozilla/5.0 (Windows NT 10.0; Win64; x64) AppleWebKit/537.36 (KHTML, like Gecko) Chrome/78.0.3904.108 Safari/537.36"
66.102.8.134 - - [30/Jan/2020:19:17:31 -0500] "GET /files/2020/01/Child-Care-275x152.jpg HTTP/1.1" 304 - "https://www.naijadial.com/?key=4425ab44d2f8142e5a03d820eba2a589&verifyemail=makmiyiglobalbizconcept%40gmail.com" "Mozilla/5.0 (Windows NT 10.0; Win64; x64) AppleWebKit/537.36 (KHTML, like Gecko) Chrome/78.0.3904.108 Safari/537.36"
66.102.8.136 - - [30/Jan/2020:19:17:31 -0500] "GET /files/2020/01/Construction-275x152.jpg HTTP/1.1" 304 - "https://www.naijadial.com/?key=4425ab44d2f8142e5a03d820eba2a589&verifyemail=makmiyiglobalbizconcept%40gmail.com" "Mozilla/5.0 (Windows NT 10.0; Win64; x64) AppleWebKit/537.36 (KHTML, like Gecko) Chrome/78.0.3904.108 Safari/537.36"
66.102.8.134 - - [30/Jan/2020:19:17:31 -0500] "GET /files/2020/01/Adex-92x92.jpg HTTP/1.1" 304 - "https://www.naijadial.com/?key=4425ab44d2f8142e5a03d820eba2a589&verifyemail=makmiyiglobalbizconcept%40gmail.com" "Mozilla/5.0 (Windows NT 10.0; Win64; x64) AppleWebKit/537.36 (KHTML, like Gecko) Chrome/78.0.3904.108 Safari/537.36"
66.102.8.136 - - [30/Jan/2020:19:17:31 -0500] "GET /files/2020/01/Food-275x152.jpg HTTP/1.1" 304 - "https://www.naijadial.com/?key=4425ab44d2f8142e5a03d820eba2a589&verifyemail=makmiyiglobalbizconcept%40gmail.com" "Mozilla/5.0 (Windows NT 10.0; Win64; x64) AppleWebKit/537.36 (KHTML, like Gecko) Chrome/78.0.3904.108 Safari/537.36"
66.102.8.134 - - [30/Jan/2020:19:17:31 -0500] "GET /files/2020/01/Professional-275x152.jpg HTTP/1.1" 304 - "https://www.naijadial.com/?key=4425ab44d2f8142e5a03d820eba2a589&verifyemail=makmiyiglobalbizconcept%40gmail.com" "Mozilla/5.0 (Windows NT 10.0; Win64; x64) AppleWebKit/537.36 (KHTML, like Gecko) Chrome/78.0.3904.108 Safari/537.36"
66.102.8.138 - - [30/Jan/2020:19:17:31 -0500] "GET /files/2019/12/Business-275x152.png HTTP/1.1" 304 - "https://www.naijadial.com/?key=4425ab44d2f8142e5a03d820eba2a589&verifyemail=makmiyiglobalbizconcept%40gmail.com" "Mozilla/5.0 (Windows NT 10.0; Win64; x64) AppleWebKit/537.36 (KHTML, like Gecko) Chrome/78.0.3904.108 Safari/537.36"
66.102.8.136 - - [30/Jan/2020:19:17:31 -0500] "GET /files/2020/01/Cleaning-275x152.jpg HTTP/1.1" 304 - "https://www.naijadial.com/?key=4425ab44d2f8142e5a03d820eba2a589&verifyemail=makmiyiglobalbizconcept%40gmail.com" "Mozilla/5.0 (Windows NT 10.0; Win64; x64) AppleWebKit/537.36 (KHTML, like Gecko) Chrome/78.0.3904.108 Safari/537.36"
66.102.8.134 - - [30/Jan/2020:19:17:31 -0500] "GET /files/2020/01/NaijaDial-Logo.png HTTP/1.1" 304 - "https://www.naijadial.com/?key=4425ab44d2f8142e5a03d820eba2a589&verifyemail=makmiyiglobalbizconcept%40gmail.com" "Mozilla/5.0 (Windows NT 10.0; Win64; x64) AppleWebKit/537.36 (KHTML, like Gecko) Chrome/78.0.3904.108 Safari/537.36"
66.102.8.134 - - [30/Jan/2020:19:17:31 -0500] "GET /files/2020/01/Matican-Logo-100x100.png HTTP/1.1" 304 - "https://www.naijadial.com/?key=4425ab44d2f8142e5a03d820eba2a589&verifyemail=makmiyiglobalbizconcept%40gmail.com" "Mozilla/5.0 (Windows NT 10.0; Win64; x64) AppleWebKit/537.36 (KHTML, like Gecko) Chrome/78.0.3904.108 Safari/537.36"
66.102.8.136 - - [30/Jan/2020:19:17:31 -0500] "GET /files/2020/01/training-275x152.jpg HTTP/1.1" 304 - "https://www.naijadial.com/?key=4425ab44d2f8142e5a03d820eba2a589&verifyemail=makmiyiglobalbizconcept%40gmail.com" "Mozilla/5.0 (Windows NT 10.0; Win64; x64) AppleWebKit/537.36 (KHTML, like Gecko) Chrome/78.0.3904.108 Safari/537.36"
66.102.8.138 - - [30/Jan/2020:19:17:31 -0500] "GET /files/2020/01/responsive-web-design-360x240.png HTTP/1.1" 304 - "https://www.naijadial.com/?key=4425ab44d2f8142e5a03d820eba2a589&verifyemail=makmiyiglobalbizconcept%40gmail.com" "Mozilla/5.0 (Windows NT 10.0; Win64; x64) AppleWebKit/537.36 (KHTML, like Gecko) Chrome/78.0.3904.108 Safari/537.36"
66.102.8.138 - - [30/Jan/2020:19:17:31 -0500] "GET /files/2019/12/NaijaDial-Logo.png HTTP/1.1" 304 - "https://www.naijadial.com/?key=4425ab44d2f8142e5a03d820eba2a589&verifyemail=makmiyiglobalbizconcept%40gmail.com" "Mozilla/5.0 (Windows NT 10.0; Win64; x64) AppleWebKit/537.36 (KHTML, like Gecko) Chrome/78.0.3904.108 Safari/537.36"
66.102.8.138 - - [30/Jan/2020:19:17:31 -0500] "GET /naijadial/js/pogoslider.js?ver=5.3.2 HTTP/1.1" 304 - "https://www.naijadial.com/?key=4425ab44d2f8142e5a03d820eba2a589&verifyemail=makmiyiglobalbizconcept%40gmail.com" "Mozilla/5.0 (Windows NT 10.0; Win64; x64) AppleWebKit/537.36 (KHTML, like Gecko) Chrome/78.0.3904.108 Safari/537.36"
66.102.8.136 - - [30/Jan/2020:19:17:32 -0500] "GET /files/2020/01/Events-Header.png HTTP/1.1" 304 - "https://www.naijadial.com/?key=4425ab44d2f8142e5a03d820eba2a589&verifyemail=makmiyiglobalbizconcept%40gmail.com" "Mozilla/5.0 (Windows NT 10.0; Win64; x64) AppleWebKit/537.36 (KHTML, like Gecko) Chrome/78.0.3904.108 Safari/537.36"
66.102.8.136 - - [30/Jan/2020:19:17:32 -0500] "GET /files/2019/12/Business.png HTTP/1.1" 304 - "https://www.naijadial.com/?key=4425ab44d2f8142e5a03d820eba2a589&verifyemail=makmiyiglobalbizconcept%40gmail.com" "Mozilla/5.0 (Windows NT 10.0; Win64; x64) AppleWebKit/537.36 (KHTML, like Gecko) Chrome/78.0.3904.108 Safari/537.36"
66.102.8.138 - - [30/Jan/2020:19:17:32 -0500] "GET /files/2020/01/banner.png HTTP/1.1" 304 - "https://www.naijadial.com/?key=4425ab44d2f8142e5a03d820eba2a589&verifyemail=makmiyiglobalbizconcept%40gmail.com" "Mozilla/5.0 (Windows NT 10.0; Win64; x64) AppleWebKit/537.36 (KHTML, like Gecko) Chrome/78.0.3904.108 Safari/537.36"
66.102.8.134 - - [30/Jan/2020:19:17:32 -0500] "GET /files/2020/01/Real-Estate.png HTTP/1.1" 304 - "https://www.naijadial.com/?key=4425ab44d2f8142e5a03d820eba2a589&verifyemail=makmiyiglobalbizconcept%40gmail.com" "Mozilla/5.0 (Windows NT 10.0; Win64; x64) AppleWebKit/537.36 (KHTML, like Gecko) Chrome/78.0.3904.108 Safari/537.36"
66.102.8.138 - - [30/Jan/2020:19:17:32 -0500] "GET /files/2020/01/Construction.jpg HTTP/1.1" 304 - "https://www.naijadial.com/?key=4425ab44d2f8142e5a03d820eba2a589&verifyemail=makmiyiglobalbizconcept%40gmail.com" "Mozilla/5.0 (Windows NT 10.0; Win64; x64) AppleWebKit/537.36 (KHTML, like Gecko) Chrome/78.0.3904.108 Safari/537.36"
66.102.8.138 - - [30/Jan/2020:19:17:32 -0500] "GET /files/2020/01/Professional.jpg HTTP/1.1" 304 - "https://www.naijadial.com/?key=4425ab44d2f8142e5a03d820eba2a589&verifyemail=makmiyiglobalbizconcept%40gmail.com" "Mozilla/5.0 (Windows NT 10.0; Win64; x64) AppleWebKit/537.36 (KHTML, like Gecko) Chrome/78.0.3904.108 Safari/537.36"
66.102.8.134 - - [30/Jan/2020:19:17:32 -0500] "GET /files/2020/01/Cleaning.jpg HTTP/1.1" 304 - "https://www.naijadial.com/?key=4425ab44d2f8142e5a03d820eba2a589&verifyemail=makmiyiglobalbizconcept%40gmail.com" "Mozilla/5.0 (Windows NT 10.0; Win64; x64) AppleWebKit/537.36 (KHTML, like Gecko) Chrome/78.0.3904.108 Safari/537.36"
66.102.8.134 - - [30/Jan/2020:19:17:32 -0500] "GET /files/2020/01/Food.jpg HTTP/1.1" 304 - "https://www.naijadial.com/?key=4425ab44d2f8142e5a03d820eba2a589&verifyemail=makmiyiglobalbizconcept%40gmail.com" "Mozilla/5.0 (Windows NT 10.0; Win64; x64) AppleWebKit/537.36 (KHTML, like Gecko) Chrome/78.0.3904.108 Safari/537.36"
66.102.8.134 - - [30/Jan/2020:19:17:32 -0500] "GET /files/2020/01/Health-1.jpg HTTP/1.1" 304 - "https://www.naijadial.com/?key=4425ab44d2f8142e5a03d820eba2a589&verifyemail=makmiyiglobalbizconcept%40gmail.com" "Mozilla/5.0 (Windows NT 10.0; Win64; x64) AppleWebKit/537.36 (KHTML, like Gecko) Chrome/78.0.3904.108 Safari/537.36"
66.102.8.134 - - [30/Jan/2020:19:17:32 -0500] "GET /naijadial/images/slider-border.png HTTP/1.1" 304 - "https://www.naijadial.com/naijadial/style.css?ver=3.2.2" "Mozilla/5.0 (Windows NT 10.0; Win64; x64) AppleWebKit/537.36 (KHTML, like Gecko) Chrome/78.0.3904.108 Safari/537.36"
66.102.8.136 - - [30/Jan/2020:19:17:32 -0500] "GET /files/2020/01/Automotives.png HTTP/1.1" 304 - "https://www.naijadial.com/?key=4425ab44d2f8142e5a03d820eba2a589&verifyemail=makmiyiglobalbizconcept%40gmail.com" "Mozilla/5.0 (Windows NT 10.0; Win64; x64) AppleWebKit/537.36 (KHTML, like Gecko) Chrome/78.0.3904.108 Safari/537.36"
66.102.8.134 - - [30/Jan/2020:19:17:32 -0500] "GET /cluder/js/dist/vendor/wp-polyfill-formdata.min.js?ver=3.0.12 HTTP/1.1" 304 - "https://www.naijadial.com/?key=4425ab44d2f8142e5a03d820eba2a589&verifyemail=makmiyiglobalbizconcept%40gmail.com" "Mozilla/5.0 (Windows NT 10.0; Win64; x64) AppleWebKit/537.36 (KHTML, like Gecko) Chrome/78.0.3904.108 Safari/537.36"
66.102.8.136 - - [30/Jan/2020:19:17:32 -0500] "GET /files/2020/01/Fashion.jpg HTTP/1.1" 304 - "https://www.naijadial.com/?key=4425ab44d2f8142e5a03d820eba2a589&verifyemail=makmiyiglobalbizconcept%40gmail.com" "Mozilla/5.0 (Windows NT 10.0; Win64; x64) AppleWebKit/537.36 (KHTML, like Gecko) Chrome/78.0.3904.108 Safari/537.36"
66.102.8.138 - - [30/Jan/2020:19:17:32 -0500] "GET /files/2020/01/Child-Care.jpg HTTP/1.1" 304 - "https://www.naijadial.com/?key=4425ab44d2f8142e5a03d820eba2a589&verifyemail=makmiyiglobalbizconcept%40gmail.com" "Mozilla/5.0 (Windows NT 10.0; Win64; x64) AppleWebKit/537.36 (KHTML, like Gecko) Chrome/78.0.3904.108 Safari/537.36"
66.102.8.134 - - [30/Jan/2020:19:17:32 -0500] "GET /cnt/plugins/unyson/framework/static/libs/font-awesome/fonts/fontawesome-webfont.woff2?v=4.7.0 HTTP/1.1" 304 - "https://www.naijadial.com/cnt/plugins/unyson/framework/static/libs/font-awesome/css/font-awesome.min.css?ver=2.7.22" "Mozilla/5.0 (Windows NT 10.0; Win64; x64) AppleWebKit/537.36 (KHTML, like Gecko) Chrome/78.0.3904.108 Safari/537.36"
66.102.8.134 - - [30/Jan/2020:19:17:32 -0500] "GET /files/2020/01/Repair.jpg HTTP/1.1" 304 - "https://www.naijadial.com/?key=4425ab44d2f8142e5a03d820eba2a589&verifyemail=makmiyiglobalbizconcept%40gmail.com" "Mozilla/5.0 (Windows NT 10.0; Win64; x64) AppleWebKit/537.36 (KHTML, like Gecko) Chrome/78.0.3904.108 Safari/537.36"
66.102.8.134 - - [30/Jan/2020:19:17:32 -0500] "GET /files/2020/01/training.jpg HTTP/1.1" 304 - "https://www.naijadial.com/?key=4425ab44d2f8142e5a03d820eba2a589&verifyemail=makmiyiglobalbizconcept%40gmail.com" "Mozilla/5.0 (Windows NT 10.0; Win64; x64) AppleWebKit/537.36 (KHTML, like Gecko) Chrome/78.0.3904.108 Safari/537.36"
41.190.3.148 - - [30/Jan/2020:19:10:42 -0500] "GET /listingo/images/line-bar.jpg HTTP/1.1" 404 55949 "https://www.naijadial.com/naijadial/style.css?ver=3.2.2" "Mozilla/5.0 (Linux; Android 7.0; TECNO WX3P Build/NRD90M) AppleWebKit/537.36 (KHTML, like Gecko) Chrome/69.0.3497.100 Mobile Safari/537.36"
68.65.121.137 - - [30/Jan/2020:19:13:24 -0500] "POST /wp-cron.php?doing_wp_cron=1580429604.1433720588684082031250 HTTP/1.1" 200 - "https://www.naijadial.com/wp-cron.php?doing_wp_cron=1580429604.1433720588684082031250" "WordPress/5.3.2; https://www.naijadial.com"
168.253.117.108 - - [30/Jan/2020:19:13:22 -0500] "GET / HTTP/1.1" 200 24591 "-" "Mozilla/5.0 (Linux; Android 9; SM-A205F) AppleWebKit/537.36 (KHTML, like Gecko) Chrome/79.0.3945.136 Mobile Safari/537.36"
168.253.117.108 - - [30/Jan/2020:19:13:33 -0500] "POST /?wc-ajax=get_refreshed_fragments HTTP/1.1" 200 210 "https://www.naijadial.com/" "Mozilla/5.0 (Linux; Android 9; SM-A205F) AppleWebKit/537.36 (KHTML, like Gecko) Chrome/79.0.3945.136 Mobile Safari/537.36"
168.253.117.108 - - [30/Jan/2020:19:13:36 -0500] "GET /listingo/images/line-bar.jpg HTTP/1.1" 404 53100 "https://www.naijadial.com/naijadial/style.css?ver=3.2.2" "Mozilla/5.0 (Linux; Android 9; SM-A205F) AppleWebKit/537.36 (KHTML, like Gecko) Chrome/79.0.3945.136 Mobile Safari/537.36"
168.253.117.108 - - [30/Jan/2020:19:13:42 -0500] "GET /apple-touch-icon.png HTTP/1.1" 404 52350 "https://www.naijadial.com/" "Mozilla/5.0 (Linux; Android 9; SM-A205F) AppleWebKit/537.36 (KHTML, like Gecko) Chrome/79.0.3945.136 Mobile Safari/537.36"
66.102.8.134 - - [30/Jan/2020:19:17:32 -0500] "GET /files/2020/01/Transportation-and-Travel.jpg HTTP/1.1" 304 - "https://www.naijadial.com/?key=4425ab44d2f8142e5a03d820eba2a589&verifyemail=makmiyiglobalbizconcept%40gmail.com" "Mozilla/5.0 (Windows NT 10.0; Win64; x64) AppleWebKit/537.36 (KHTML, like Gecko) Chrome/78.0.3904.108 Safari/537.36"
66.102.8.138 - - [30/Jan/2020:19:17:32 -0500] "GET /files/2020/01/General-Labour.jpg HTTP/1.1" 304 - "https://www.naijadial.com/?key=4425ab44d2f8142e5a03d820eba2a589&verifyemail=makmiyiglobalbizconcept%40gmail.com" "Mozilla/5.0 (Windows NT 10.0; Win64; x64) AppleWebKit/537.36 (KHTML, like Gecko) Chrome/78.0.3904.108 Safari/537.36"
66.102.8.136 - - [30/Jan/2020:19:17:32 -0500] "GET /files/2020/01/Beauty-and-Personal-Care.jpg HTTP/1.1" 304 - "https://www.naijadial.com/?key=4425ab44d2f8142e5a03d820eba2a589&verifyemail=makmiyiglobalbizconcept%40gmail.com" "Mozilla/5.0 (Windows NT 10.0; Win64; x64) AppleWebKit/537.36 (KHTML, like Gecko) Chrome/78.0.3904.108 Safari/537.36"
66.102.8.138 - - [30/Jan/2020:19:17:32 -0500] "GET /listingo/images/line-bar.jpg HTTP/1.1" 404 53100 "https://www.naijadial.com/naijadial/style.css?ver=3.2.2" "Mozilla/5.0 (Windows NT 10.0; Win64; x64) AppleWebKit/537.36 (KHTML, like Gecko) Chrome/78.0.3904.108 Safari/537.36"
66.102.8.134 - - [30/Jan/2020:19:17:33 -0500] "GET /files/2020/01/jOB.png HTTP/1.1" 304 - "https://www.naijadial.com/?key=4425ab44d2f8142e5a03d820eba2a589&verifyemail=makmiyiglobalbizconcept%40gmail.com" "Mozilla/5.0 (Windows NT 10.0; Win64; x64) AppleWebKit/537.36 (KHTML, like Gecko) Chrome/78.0.3904.108 Safari/537.36"
66.102.8.136 - - [30/Jan/2020:19:17:33 -0500] "GET /files/2020/01/105245014_megaphone_976alamy.jpg HTTP/1.1" 304 - "https://www.naijadial.com/?key=4425ab44d2f8142e5a03d820eba2a589&verifyemail=makmiyiglobalbizconcept%40gmail.com" "Mozilla/5.0 (Windows NT 10.0; Win64; x64) AppleWebKit/537.36 (KHTML, like Gecko) Chrome/78.0.3904.108 Safari/537.36"
66.102.8.136 - - [30/Jan/2020:19:17:33 -0500] "GET /files/2020/01/FORUM.png HTTP/1.1" 304 - "https://www.naijadial.com/?key=4425ab44d2f8142e5a03d820eba2a589&verifyemail=makmiyiglobalbizconcept%40gmail.com" "Mozilla/5.0 (Windows NT 10.0; Win64; x64) AppleWebKit/537.36 (KHTML, like Gecko) Chrome/78.0.3904.108 Safari/537.36"
66.102.8.134 - - [30/Jan/2020:19:17:33 -0500] "POST /?wc-ajax=get_refreshed_fragments HTTP/1.1" 200 210 "https://www.naijadial.com/?key=4425ab44d2f8142e5a03d820eba2a589&verifyemail=makmiyiglobalbizconcept%40gmail.com" "Mozilla/5.0 (Windows NT 10.0; Win64; x64) AppleWebKit/537.36 (KHTML, like Gecko) Chrome/78.0.3904.108 Safari/537.36"
68.65.121.137 - - [30/Jan/2020:19:19:08 -0500] "POST /wp-cron.php?doing_wp_cron=1580429948.7595629692077636718750 HTTP/1.1" 200 - "https://www.naijadial.com/wp-cron.php?doing_wp_cron=1580429948.7595629692077636718750" "WordPress/5.3.2; https://www.naijadial.com"
2a03:2880:ff:8::face:b00c - - [30/Jan/2020:19:19:08 -0500] "GET /files_up/2019/03/NaijaDial-Logo.png HTTP/1.1" 404 53100 "-" "facebookexternalhit/1.1 (+http://www.facebook.com/externalhit_uatext.php)"
41.190.3.148 - - [30/Jan/2020:19:19:36 -0500] "GET /?key=eb7809d0a7d5758544a73f4f9a3bba3f&verifyemail=usmanfalalu01@hotmail.com HTTP/1.1" 301 - "https://outlook.live.com/" "Mozilla/5.0 (Linux; Android 7.0; TECNO WX3P Build/NRD90M) AppleWebKit/537.36 (KHTML, like Gecko) Chrome/69.0.3497.100 Mobile Safari/537.36"
