193.109.85.12 - - [30/Jan/2020:07:45:03 -0500] "GET /listingo/images/line-bar.jpg HTTP/1.1" 404 56697 "https://www.naijadial.com/naijadial/style.css?ver=3.2.2" "Mozilla/5.0 (Windows NT 6.3; Win64; x64) AppleWebKit/537.36 (KHTML, like Gecko) Chrome/79.0.3945.130 Safari/537.36"
68.65.121.137 - - [30/Jan/2020:07:55:25 -0500] "POST /wp-cron.php?doing_wp_cron=1580388925.1124200820922851562500 HTTP/1.1" 200 - "https://www.naijadial.com/wp-cron.php?doing_wp_cron=1580388925.1124200820922851562500" "WordPress/5.3.2; https://www.naijadial.com"
193.109.85.12 - - [30/Jan/2020:07:55:24 -0500] "POST /wp-admin/admin-ajax.php HTTP/1.1" 200 47 "https://www.naijadial.com/wp-admin/users.php" "Mozilla/5.0 (Windows NT 6.3; Win64; x64) AppleWebKit/537.36 (KHTML, like Gecko) Chrome/79.0.3945.130 Safari/537.36"
193.109.85.12 - - [30/Jan/2020:07:56:02 -0500] "POST /wp-admin/admin-ajax.php HTTP/1.1" 200 47 "https://www.naijadial.com/wp-admin/edit.php?post_type=sp_ads" "Mozilla/5.0 (Windows NT 6.3; Win64; x64) AppleWebKit/537.36 (KHTML, like Gecko) Chrome/79.0.3945.130 Safari/537.36"
68.65.121.137 - - [30/Jan/2020:07:56:28 -0500] "POST /wp-cron.php?doing_wp_cron=1580388988.3962221145629882812500 HTTP/1.1" 200 - "https://www.naijadial.com/wp-cron.php?doing_wp_cron=1580388988.3962221145629882812500" "WordPress/5.3.2; https://www.naijadial.com"
193.109.85.12 - - [30/Jan/2020:07:56:28 -0500] "POST /wp-admin/admin-ajax.php HTTP/1.1" 200 47 "https://www.naijadial.com/wp-admin/users.php" "Mozilla/5.0 (Windows NT 6.3; Win64; x64) AppleWebKit/537.36 (KHTML, like Gecko) Chrome/79.0.3945.130 Safari/537.36"
68.65.121.137 - - [30/Jan/2020:07:56:29 -0500] "POST /wp-cron.php?doing_wp_cron=1580388989.4259018898010253906250 HTTP/1.1" 200 - "https://www.naijadial.com/wp-cron.php?doing_wp_cron=1580388989.4259018898010253906250" "WordPress/5.3.2; https://www.naijadial.com"
193.109.85.12 - - [30/Jan/2020:07:56:28 -0500] "POST /wp-admin/admin-ajax.php HTTP/1.1" 200 47 "https://www.naijadial.com/wp-admin/edit.php?post_type=sp_ads" "Mozilla/5.0 (Windows NT 6.3; Win64; x64) AppleWebKit/537.36 (KHTML, like Gecko) Chrome/79.0.3945.130 Safari/537.36"
193.109.85.12 - - [30/Jan/2020:07:56:29 -0500] "POST /wp-admin/admin-ajax.php HTTP/1.1" 200 47 "https://www.naijadial.com/wp-admin/themes.php?page=fw-settings" "Mozilla/5.0 (Windows NT 6.3; Win64; x64) AppleWebKit/537.36 (KHTML, like Gecko) Chrome/79.0.3945.130 Safari/537.36"
193.109.85.12 - - [30/Jan/2020:07:56:42 -0500] "GET /wp-admin/edit.php?post_type=sp_ads HTTP/1.1" 200 45313 "https://www.naijadial.com/wp-admin/themes.php?page=fw-settings" "Mozilla/5.0 (Windows NT 6.3; Win64; x64) AppleWebKit/537.36 (KHTML, like Gecko) Chrome/79.0.3945.130 Safari/537.36"
193.109.85.12 - - [30/Jan/2020:07:56:44 -0500] "GET /cnt/plugins/listingo_core/admin/css/system-admin.css?ver=3.2.1 HTTP/1.1" 304 - "https://www.naijadial.com/wp-admin/edit.php?post_type=sp_ads" "Mozilla/5.0 (Windows NT 6.3; Win64; x64) AppleWebKit/537.36 (KHTML, like Gecko) Chrome/79.0.3945.130 Safari/537.36"
193.109.85.12 - - [30/Jan/2020:07:56:44 -0500] "GET /cnt/plugins/duplicator/assets/css/global_admin_style.css?ver=1.3.24 HTTP/1.1" 304 - "https://www.naijadial.com/wp-admin/edit.php?post_type=sp_ads" "Mozilla/5.0 (Windows NT 6.3; Win64; x64) AppleWebKit/537.36 (KHTML, like Gecko) Chrome/79.0.3945.130 Safari/537.36"
193.109.85.12 - - [30/Jan/2020:07:56:45 -0500] "GET /cnt/plugins/revslider/admin/assets/css/tp-color-picker.css?ver=6.0.7 HTTP/1.1" 304 - "https://www.naijadial.com/wp-admin/edit.php?post_type=sp_ads" "Mozilla/5.0 (Windows NT 6.3; Win64; x64) AppleWebKit/537.36 (KHTML, like Gecko) Chrome/79.0.3945.130 Safari/537.36"
193.109.85.12 - - [30/Jan/2020:07:56:45 -0500] "GET /cnt/plugins/mega-addons-for-visual-composer/lib/style.css?ver=5.3.2 HTTP/1.1" 304 - "https://www.naijadial.com/wp-admin/edit.php?post_type=sp_ads" "Mozilla/5.0 (Windows NT 6.3; Win64; x64) AppleWebKit/537.36 (KHTML, like Gecko) Chrome/79.0.3945.130 Safari/537.36"
193.109.85.12 - - [30/Jan/2020:07:56:46 -0500] "GET /cnt/plugins/bbp-style-pack/css/bsp_test.css?ver=5.3.2 HTTP/1.1" 304 - "https://www.naijadial.com/wp-admin/edit.php?post_type=sp_ads" "Mozilla/5.0 (Windows NT 6.3; Win64; x64) AppleWebKit/537.36 (KHTML, like Gecko) Chrome/79.0.3945.130 Safari/537.36"
193.109.85.12 - - [30/Jan/2020:07:56:46 -0500] "GET /naijadial/css/font-awesome.min.css?ver=3.2.2 HTTP/1.1" 304 - "https://www.naijadial.com/wp-admin/edit.php?post_type=sp_ads" "Mozilla/5.0 (Windows NT 6.3; Win64; x64) AppleWebKit/537.36 (KHTML, like Gecko) Chrome/79.0.3945.130 Safari/537.36"
193.109.85.12 - - [30/Jan/2020:07:56:47 -0500] "GET /naijadial/admin/css/admin-style.css?ver=3.2.2 HTTP/1.1" 304 - "https://www.naijadial.com/wp-admin/edit.php?post_type=sp_ads" "Mozilla/5.0 (Windows NT 6.3; Win64; x64) AppleWebKit/537.36 (KHTML, like Gecko) Chrome/79.0.3945.130 Safari/537.36"
193.109.85.12 - - [30/Jan/2020:07:56:47 -0500] "GET /cnt/plugins/unyson/framework/core/components/extensions/manager/static/unyson-font-icon/style.css?ver=2.7.22 HTTP/1.1" 304 - "https://www.naijadial.com/wp-admin/edit.php?post_type=sp_ads" "Mozilla/5.0 (Windows NT 6.3; Win64; x64) AppleWebKit/537.36 (KHTML, like Gecko) Chrome/79.0.3945.130 Safari/537.36"
193.109.85.12 - - [30/Jan/2020:07:56:47 -0500] "GET /cnt/plugins/unyson/framework/extensions/shortcodes/extensions/wp-shortcodes/static/css/styles.css?ver=2.7.22 HTTP/1.1" 304 - "https://www.naijadial.com/wp-admin/edit.php?post_type=sp_ads" "Mozilla/5.0 (Windows NT 6.3; Win64; x64) AppleWebKit/537.36 (KHTML, like Gecko) Chrome/79.0.3945.130 Safari/537.36"
193.109.85.12 - - [30/Jan/2020:07:56:48 -0500] "GET /cnt/plugins/bbpress/includes/admin/assets/css/admin.min.css?ver=2.6.3 HTTP/1.1" 304 - "https://www.naijadial.com/wp-admin/edit.php?post_type=sp_ads" "Mozilla/5.0 (Windows NT 6.3; Win64; x64) AppleWebKit/537.36 (KHTML, like Gecko) Chrome/79.0.3945.130 Safari/537.36"
193.109.85.12 - - [30/Jan/2020:07:56:48 -0500] "GET /cnt/plugins/brizy/admin/static/css/style.css?ver=1.0.112 HTTP/1.1" 304 - "https://www.naijadial.com/wp-admin/edit.php?post_type=sp_ads" "Mozilla/5.0 (Windows NT 6.3; Win64; x64) AppleWebKit/537.36 (KHTML, like Gecko) Chrome/79.0.3945.130 Safari/537.36"
193.109.85.12 - - [30/Jan/2020:07:56:48 -0500] "GET /wp-admin/users.php HTTP/1.1" 200 47099 "https://www.naijadial.com/wp-admin/users.php" "Mozilla/5.0 (Windows NT 6.3; Win64; x64) AppleWebKit/537.36 (KHTML, like Gecko) Chrome/79.0.3945.130 Safari/537.36"
193.109.85.12 - - [30/Jan/2020:07:56:49 -0500] "GET /naijadial/admin/js/admin_functions.js?ver=3.2.2 HTTP/1.1" 304 - "https://www.naijadial.com/wp-admin/edit.php?post_type=sp_ads" "Mozilla/5.0 (Windows NT 6.3; Win64; x64) AppleWebKit/537.36 (KHTML, like Gecko) Chrome/79.0.3945.130 Safari/537.36"
193.109.85.12 - - [30/Jan/2020:07:56:49 -0500] "GET /cnt/plugins/listingo_core/admin/js/functions.js?ver=3.2.1 HTTP/1.1" 304 - "https://www.naijadial.com/wp-admin/edit.php?post_type=sp_ads" "Mozilla/5.0 (Windows NT 6.3; Win64; x64) AppleWebKit/537.36 (KHTML, like Gecko) Chrome/79.0.3945.130 Safari/537.36"
193.109.85.12 - - [30/Jan/2020:07:56:49 -0500] "GET /cnt/plugins/unyson/framework/static/js/fw-events.js?ver=2.7.22 HTTP/1.1" 304 - "https://www.naijadial.com/wp-admin/edit.php?post_type=sp_ads" "Mozilla/5.0 (Windows NT 6.3; Win64; x64) AppleWebKit/537.36 (KHTML, like Gecko) Chrome/79.0.3945.130 Safari/537.36"
193.109.85.12 - - [30/Jan/2020:07:56:51 -0500] "GET / HTTP/1.1" 200 25251 "https://www.naijadial.com/wp-admin/options-general.php?page=tawkto_plugin" "Mozilla/5.0 (Windows NT 6.3; Win64; x64) AppleWebKit/537.36 (KHTML, like Gecko) Chrome/79.0.3945.130 Safari/537.36"
193.109.85.12 - - [30/Jan/2020:07:56:52 -0500] "GET /cnt/plugins/unyson/framework/static/libs/qtip/jquery.qtip.min.js?ver=2.7.22 HTTP/1.1" 304 - "https://www.naijadial.com/wp-admin/edit.php?post_type=sp_ads" "Mozilla/5.0 (Windows NT 6.3; Win64; x64) AppleWebKit/537.36 (KHTML, like Gecko) Chrome/79.0.3945.130 Safari/537.36"
193.109.85.12 - - [30/Jan/2020:07:56:52 -0500] "GET /cnt/plugins/unyson/framework/static/js/fw.js?ver=2.7.22 HTTP/1.1" 304 - "https://www.naijadial.com/wp-admin/edit.php?post_type=sp_ads" "Mozilla/5.0 (Windows NT 6.3; Win64; x64) AppleWebKit/537.36 (KHTML, like Gecko) Chrome/79.0.3945.130 Safari/537.36"
193.109.85.12 - - [30/Jan/2020:07:56:54 -0500] "GET /cnt/plugins/unyson/framework/extensions/shortcodes/static/js/load-shortcodes-data.js?ver=1.3.31 HTTP/1.1" 304 - "https://www.naijadial.com/wp-admin/edit.php?post_type=sp_ads" "Mozilla/5.0 (Windows NT 6.3; Win64; x64) AppleWebKit/537.36 (KHTML, like Gecko) Chrome/79.0.3945.130 Safari/537.36"
193.109.85.12 - - [30/Jan/2020:07:56:54 -0500] "GET /cnt/plugins/brizy/admin/static/js/featured-image.js?ver=1.0.112 HTTP/1.1" 304 - "https://www.naijadial.com/wp-admin/edit.php?post_type=sp_ads" "Mozilla/5.0 (Windows NT 6.3; Win64; x64) AppleWebKit/537.36 (KHTML, like Gecko) Chrome/79.0.3945.130 Safari/537.36"
193.109.85.12 - - [30/Jan/2020:07:56:54 -0500] "GET /cnt/plugins/brizy/admin/static/js/script.js?ver=1.0.112 HTTP/1.1" 304 - "https://www.naijadial.com/wp-admin/edit.php?post_type=sp_ads" "Mozilla/5.0 (Windows NT 6.3; Win64; x64) AppleWebKit/537.36 (KHTML, like Gecko) Chrome/79.0.3945.130 Safari/537.36"
193.109.85.12 - - [30/Jan/2020:07:56:55 -0500] "GET /listingo/images/line-bar.jpg HTTP/1.1" 404 56697 "https://www.naijadial.com/naijadial/style.css?ver=3.2.2" "Mozilla/5.0 (Windows NT 6.3; Win64; x64) AppleWebKit/537.36 (KHTML, like Gecko) Chrome/79.0.3945.130 Safari/537.36"
193.109.85.12 - - [30/Jan/2020:07:56:56 -0500] "GET /cnt/plugins/brizy/admin/static/img/brizy-logo.svg HTTP/1.1" 200 502 "https://www.naijadial.com/wp-admin/edit.php?post_type=sp_ads" "Mozilla/5.0 (Windows NT 6.3; Win64; x64) AppleWebKit/537.36 (KHTML, like Gecko) Chrome/79.0.3945.130 Safari/537.36"
193.109.85.12 - - [30/Jan/2020:07:56:56 -0500] "GET /cnt/plugins/js_composer/assets/vc/logo/wpb-logo-white_32.svg HTTP/1.1" 200 778 "https://www.naijadial.com/wp-admin/edit.php?post_type=sp_ads" "Mozilla/5.0 (Windows NT 6.3; Win64; x64) AppleWebKit/537.36 (KHTML, like Gecko) Chrome/79.0.3945.130 Safari/537.36"
193.109.85.12 - - [30/Jan/2020:07:56:56 -0500] "GET /wp-json/jetpack/v4/jitm?message_path=wp%3Ausers%3Aadmin_notices&query=&_wpnonce=8f1d28b7d0 HTTP/1.1" 200 2 "https://www.naijadial.com/wp-admin/users.php" "Mozilla/5.0 (Windows NT 6.3; Win64; x64) AppleWebKit/537.36 (KHTML, like Gecko) Chrome/79.0.3945.130 Safari/537.36"
193.109.85.12 - - [30/Jan/2020:07:56:56 -0500] "GET /cnt/plugins/loginizer/loginizer-200.png HTTP/1.1" 200 13939 "https://www.naijadial.com/wp-admin/edit.php?post_type=sp_ads" "Mozilla/5.0 (Windows NT 6.3; Win64; x64) AppleWebKit/537.36 (KHTML, like Gecko) Chrome/79.0.3945.130 Safari/537.36"
193.109.85.12 - - [30/Jan/2020:07:56:57 -0500] "GET /cnt/plugins/brizy/admin/static/img/logo.svg HTTP/1.1" 200 490 "https://www.naijadial.com/wp-admin/edit.php?post_type=sp_ads" "Mozilla/5.0 (Windows NT 6.3; Win64; x64) AppleWebKit/537.36 (KHTML, like Gecko) Chrome/79.0.3945.130 Safari/537.36"
193.109.85.12 - - [30/Jan/2020:07:56:56 -0500] "POST /wp-admin/admin-ajax.php HTTP/1.1" 200 47 "https://www.naijadial.com/wp-admin/edit.php?post_type=sp_ads" "Mozilla/5.0 (Windows NT 6.3; Win64; x64) AppleWebKit/537.36 (KHTML, like Gecko) Chrome/79.0.3945.130 Safari/537.36"
193.109.85.12 - - [30/Jan/2020:07:56:56 -0500] "GET /wp-json/jetpack/v4/jitm?message_path=wp%3Aedit-sp_ads%3Aadmin_notices&query=post_type%253Dsp_ads&_wpnonce=8f1d28b7d0 HTTP/1.1" 200 2 "https://www.naijadial.com/wp-admin/edit.php?post_type=sp_ads" "Mozilla/5.0 (Windows NT 6.3; Win64; x64) AppleWebKit/537.36 (KHTML, like Gecko) Chrome/79.0.3945.130 Safari/537.36"
193.109.85.12 - - [30/Jan/2020:07:57:17 -0500] "GET /cluder/js/thickbox/loadingAnimation.gif HTTP/1.1" 200 15238 "https://www.naijadial.com/wp-admin/edit.php?post_type=sp_ads" "Mozilla/5.0 (Windows NT 6.3; Win64; x64) AppleWebKit/537.36 (KHTML, like Gecko) Chrome/79.0.3945.130 Safari/537.36"
68.65.121.137 - - [30/Jan/2020:07:58:59 -0500] "POST /wp-cron.php?doing_wp_cron=1580389139.3189558982849121093750 HTTP/1.1" 200 - "https://www.naijadial.com/wp-cron.php?doing_wp_cron=1580389139.3189558982849121093750" "WordPress/5.3.2; https://www.naijadial.com"
193.109.85.12 - - [30/Jan/2020:07:58:57 -0500] "POST /wp-admin/admin-ajax.php HTTP/1.1" 200 47 "https://www.naijadial.com/wp-admin/edit.php?post_type=sp_ads" "Mozilla/5.0 (Windows NT 6.3; Win64; x64) AppleWebKit/537.36 (KHTML, like Gecko) Chrome/79.0.3945.130 Safari/537.36"
68.65.121.137 - - [30/Jan/2020:07:59:00 -0500] "POST /wp-cron.php?doing_wp_cron=1580389140.7272670269012451171875 HTTP/1.1" 200 - "https://www.naijadial.com/wp-cron.php?doing_wp_cron=1580389140.7272670269012451171875" "WordPress/5.3.2; https://www.naijadial.com"
193.109.85.12 - - [30/Jan/2020:07:58:57 -0500] "POST /wp-admin/admin-ajax.php HTTP/1.1" 200 47 "https://www.naijadial.com/wp-admin/users.php" "Mozilla/5.0 (Windows NT 6.3; Win64; x64) AppleWebKit/537.36 (KHTML, like Gecko) Chrome/79.0.3945.130 Safari/537.36"
68.65.121.137 - - [30/Jan/2020:08:00:56 -0500] "POST /wp-cron.php?doing_wp_cron=1580389256.1621460914611816406250 HTTP/1.1" 200 - "https://www.naijadial.com/wp-cron.php?doing_wp_cron=1580389256.1621460914611816406250" "WordPress/5.3.2; https://www.naijadial.com"
197.211.61.110 - - [30/Jan/2020:08:00:55 -0500] "GET /account/ HTTP/1.1" 200 14156 "-" "Mozilla/5.0 (Linux; Android 8.1.0; TECNO B1p) AppleWebKit/537.36 (KHTML, like Gecko) Chrome/71.0.3578.99 Mobile Safari/537.36"
193.109.85.12 - - [30/Jan/2020:08:00:59 -0500] "POST /wp-admin/admin-ajax.php HTTP/1.1" 200 47 "https://www.naijadial.com/wp-admin/users.php" "Mozilla/5.0 (Windows NT 6.3; Win64; x64) AppleWebKit/537.36 (KHTML, like Gecko) Chrome/79.0.3945.130 Safari/537.36"
193.109.85.12 - - [30/Jan/2020:08:00:59 -0500] "POST /wp-admin/admin-ajax.php HTTP/1.1" 200 47 "https://www.naijadial.com/wp-admin/edit.php?post_type=sp_ads" "Mozilla/5.0 (Windows NT 6.3; Win64; x64) AppleWebKit/537.36 (KHTML, like Gecko) Chrome/79.0.3945.130 Safari/537.36"
54.36.150.140 - - [30/Jan/2020:08:01:01 -0500] "GET /providers-category/carpenter/feed/ HTTP/1.1" 200 484 "-" "Mozilla/5.0 (compatible; AhrefsBot/6.1; +http://ahrefs.com/robot/)"
68.65.121.137 - - [30/Jan/2020:08:01:16 -0500] "POST /wp-cron.php?doing_wp_cron=1580389276.1046330928802490234375 HTTP/1.1" 200 - "https://www.naijadial.com/wp-cron.php?doing_wp_cron=1580389276.1046330928802490234375" "WordPress/5.3.2; https://www.naijadial.com"
197.211.61.110 - - [30/Jan/2020:08:01:15 -0500] "GET /listingo/images/line-bar.jpg HTTP/1.1" 404 53100 "https://www.naijadial.com/naijadial/style.css?ver=3.2.2" "Mozilla/5.0 (Linux; Android 8.1.0; TECNO B1p) AppleWebKit/537.36 (KHTML, like Gecko) Chrome/71.0.3578.99 Mobile Safari/537.36"
198.199.120.42 - - [30/Jan/2020:08:01:30 -0500] "GET /wp-login.php HTTP/1.1" 200 1761 "-" "Mozilla/5.0 (X11; Ubuntu; Linux x86_64; rv:62.0) Gecko/20100101 Firefox/62.0"
198.199.120.42 - - [30/Jan/2020:08:01:36 -0500] "POST /wp-login.php HTTP/1.1" 401 3595 "-" "Mozilla/5.0 (X11; Ubuntu; Linux x86_64; rv:62.0) Gecko/20100101 Firefox/62.0"
198.199.120.42 - - [30/Jan/2020:08:01:37 -0500] "POST /xmlrpc.php HTTP/1.1" 200 225 "-" "Mozilla/5.0 (X11; Ubuntu; Linux x86_64; rv:62.0) Gecko/20100101 Firefox/62.0"
197.211.61.110 - - [30/Jan/2020:08:01:51 -0500] "GET /account/apple-touch-icon.png HTTP/1.1" 404 52350 "https://www.naijadial.com/account/" "Mozilla/5.0 (Linux; Android 8.1.0; TECNO B1p) AppleWebKit/537.36 (KHTML, like Gecko) Chrome/71.0.3578.99 Mobile Safari/537.36"
68.65.121.137 - - [30/Jan/2020:08:03:00 -0500] "POST /wp-cron.php?doing_wp_cron=1580389380.0991189479827880859375 HTTP/1.1" 200 - "https://www.naijadial.com/wp-cron.php?doing_wp_cron=1580389380.0991189479827880859375" "WordPress/5.3.2; https://www.naijadial.com"
68.65.121.137 - - [30/Jan/2020:08:05:35 -0500] "POST /wp-cron.php?doing_wp_cron=1580389534.7106781005859375000000 HTTP/1.1" 200 - "https://www.naijadial.com/wp-cron.php?doing_wp_cron=1580389534.7106781005859375000000" "WordPress/5.3.2; https://www.naijadial.com"
193.109.85.12 - - [30/Jan/2020:08:05:28 -0500] "POST /wp-admin/admin-ajax.php HTTP/1.1" 200 47 "https://www.naijadial.com/wp-admin/users.php" "Mozilla/5.0 (Windows NT 6.3; Win64; x64) AppleWebKit/537.36 (KHTML, like Gecko) Chrome/79.0.3945.130 Safari/537.36"
68.65.121.137 - - [30/Jan/2020:08:06:21 -0500] "POST /wp-cron.php?doing_wp_cron=1580389581.4095370769500732421875 HTTP/1.1" 200 - "https://www.naijadial.com/wp-cron.php?doing_wp_cron=1580389581.4095370769500732421875" "WordPress/5.3.2; https://www.naijadial.com"
193.109.85.12 - - [30/Jan/2020:08:06:21 -0500] "POST /wp-admin/admin-ajax.php HTTP/1.1" 200 47 "https://www.naijadial.com/wp-admin/users.php" "Mozilla/5.0 (Windows NT 6.3; Win64; x64) AppleWebKit/537.36 (KHTML, like Gecko) Chrome/79.0.3945.130 Safari/537.36"
197.210.71.28 - - [30/Jan/2020:08:06:56 -0500] "GET /account/ HTTP/1.1" 200 14156 "-" "Mozilla/5.0 (Linux; Android 8.1.0; Infinix X606B) AppleWebKit/537.36 (KHTML, like Gecko) Chrome/75.0.3770.101 Mobile Safari/537.36"
193.109.85.12 - - [30/Jan/2020:08:07:03 -0500] "POST /wp-admin/admin-ajax.php HTTP/1.1" 200 47 "https://www.naijadial.com/wp-admin/edit.php?post_type=sp_ads" "Mozilla/5.0 (Windows NT 6.3; Win64; x64) AppleWebKit/537.36 (KHTML, like Gecko) Chrome/79.0.3945.130 Safari/537.36"
197.210.71.28 - - [30/Jan/2020:08:07:04 -0500] "GET /listingo/images/line-bar.jpg HTTP/1.1" 404 53100 "https://www.naijadial.com/naijadial/style.css?ver=3.2.2" "Mozilla/5.0 (Linux; Android 8.1.0; Infinix X606B) AppleWebKit/537.36 (KHTML, like Gecko) Chrome/75.0.3770.101 Mobile Safari/537.36"
68.65.121.137 - - [30/Jan/2020:08:07:06 -0500] "POST /wp-cron.php?doing_wp_cron=1580389626.7878339290618896484375 HTTP/1.1" 200 - "https://www.naijadial.com/wp-cron.php?doing_wp_cron=1580389626.7878339290618896484375" "WordPress/5.3.2; https://www.naijadial.com"
193.109.85.12 - - [30/Jan/2020:08:07:06 -0500] "GET /wp-admin/users.php?paged=2 HTTP/1.1" 200 47182 "https://www.naijadial.com/wp-admin/users.php" "Mozilla/5.0 (Windows NT 6.3; Win64; x64) AppleWebKit/537.36 (KHTML, like Gecko) Chrome/79.0.3945.130 Safari/537.36"
197.210.71.28 - - [30/Jan/2020:08:07:07 -0500] "POST /?wc-ajax=get_refreshed_fragments HTTP/1.1" 200 210 "https://www.naijadial.com/account/" "Mozilla/5.0 (Linux; Android 8.1.0; Infinix X606B) AppleWebKit/537.36 (KHTML, like Gecko) Chrome/75.0.3770.101 Mobile Safari/537.36"
197.210.71.28 - - [30/Jan/2020:08:07:08 -0500] "GET /account/apple-touch-icon.png HTTP/1.1" 404 52350 "https://www.naijadial.com/account/" "Mozilla/5.0 (Linux; Android 8.1.0; Infinix X606B) AppleWebKit/537.36 (KHTML, like Gecko) Chrome/75.0.3770.101 Mobile Safari/537.36"
193.109.85.12 - - [30/Jan/2020:08:07:14 -0500] "GET /wp-json/jetpack/v4/jitm?message_path=wp%3Ausers%3Aadmin_notices&query=paged%253D2&_wpnonce=8f1d28b7d0 HTTP/1.1" 200 2 "https://www.naijadial.com/wp-admin/users.php?paged=2" "Mozilla/5.0 (Windows NT 6.3; Win64; x64) AppleWebKit/537.36 (KHTML, like Gecko) Chrome/79.0.3945.130 Safari/537.36"
193.109.85.12 - - [30/Jan/2020:08:07:32 -0500] "GET /wp-admin/users.php?paged=3 HTTP/1.1" 200 47578 "https://www.naijadial.com/wp-admin/users.php?paged=2" "Mozilla/5.0 (Windows NT 6.3; Win64; x64) AppleWebKit/537.36 (KHTML, like Gecko) Chrome/79.0.3945.130 Safari/537.36"
193.109.85.12 - - [30/Jan/2020:08:07:46 -0500] "GET /wp-json/jetpack/v4/jitm?message_path=wp%3Ausers%3Aadmin_notices&query=paged%253D3&_wpnonce=8f1d28b7d0 HTTP/1.1" 200 2 "https://www.naijadial.com/wp-admin/users.php?paged=3" "Mozilla/5.0 (Windows NT 6.3; Win64; x64) AppleWebKit/537.36 (KHTML, like Gecko) Chrome/79.0.3945.130 Safari/537.36"
68.65.121.137 - - [30/Jan/2020:08:08:13 -0500] "POST /wp-cron.php?doing_wp_cron=1580389692.8942430019378662109375 HTTP/1.1" 200 - "https://www.naijadial.com/wp-cron.php?doing_wp_cron=1580389692.8942430019378662109375" "WordPress/5.3.2; https://www.naijadial.com"
193.109.85.12 - - [30/Jan/2020:08:08:12 -0500] "GET /wp-admin/profile.php?wp_http_referer=%2Fwp-admin%2Fusers.php%3Fpaged%3D3 HTTP/1.1" 200 59304 "https://www.naijadial.com/wp-admin/users.php?paged=3" "Mozilla/5.0 (Windows NT 6.3; Win64; x64) AppleWebKit/537.36 (KHTML, like Gecko) Chrome/79.0.3945.130 Safari/537.36"
193.109.85.12 - - [30/Jan/2020:08:08:26 -0500] "GET /wp-json/jetpack/v4/jitm?message_path=wp%3Aprofile%3Aadmin_notices&query=wp_http_referer%253D%25252Fwp-admin%25252Fusers.php%25253Fpaged%25253D3&_wpnonce=8f1d28b7d0 HTTP/1.1" 200 2 "https://www.naijadial.com/wp-admin/profile.php?wp_http_referer=%2Fwp-admin%2Fusers.php%3Fpaged%3D3" "Mozilla/5.0 (Windows NT 6.3; Win64; x64) AppleWebKit/537.36 (KHTML, like Gecko) Chrome/79.0.3945.130 Safari/537.36"
193.109.85.12 - - [30/Jan/2020:08:09:04 -0500] "POST /wp-admin/admin-ajax.php HTTP/1.1" 200 47 "https://www.naijadial.com/wp-admin/edit.php?post_type=sp_ads" "Mozilla/5.0 (Windows NT 6.3; Win64; x64) AppleWebKit/537.36 (KHTML, like Gecko) Chrome/79.0.3945.130 Safari/537.36"
68.65.121.137 - - [30/Jan/2020:08:10:31 -0500] "POST /wp-cron.php?doing_wp_cron=1580389831.6685290336608886718750 HTTP/1.1" 200 - "https://www.naijadial.com/wp-cron.php?doing_wp_cron=1580389831.6685290336608886718750" "WordPress/5.3.2; https://www.naijadial.com"
164.132.195.231 - - [30/Jan/2020:08:10:31 -0500] "GET /wp-login.php HTTP/1.1" 200 1966 "-" "Mozilla/5.0 (X11; Ubuntu; Linux x86_64; rv:62.0) Gecko/20100101 Firefox/62.0"
164.132.195.231 - - [30/Jan/2020:08:10:32 -0500] "POST /wp-login.php HTTP/1.1" 200 4336 "-" "Mozilla/5.0 (X11; Ubuntu; Linux x86_64; rv:62.0) Gecko/20100101 Firefox/62.0"
164.132.195.231 - - [30/Jan/2020:08:10:33 -0500] "POST /xmlrpc.php HTTP/1.1" 200 249 "-" "Mozilla/5.0 (X11; Ubuntu; Linux x86_64; rv:62.0) Gecko/20100101 Firefox/62.0"
68.65.121.137 - - [30/Jan/2020:08:11:06 -0500] "POST /wp-cron.php?doing_wp_cron=1580389865.9821050167083740234375 HTTP/1.1" 200 - "https://www.naijadial.com/wp-cron.php?doing_wp_cron=1580389865.9821050167083740234375" "WordPress/5.3.2; https://www.naijadial.com"
193.109.85.12 - - [30/Jan/2020:08:11:05 -0500] "POST /wp-admin/admin-ajax.php HTTP/1.1" 200 47 "https://www.naijadial.com/wp-admin/edit.php?post_type=sp_ads" "Mozilla/5.0 (Windows NT 6.3; Win64; x64) AppleWebKit/537.36 (KHTML, like Gecko) Chrome/79.0.3945.130 Safari/537.36"
68.65.121.137 - - [30/Jan/2020:08:13:06 -0500] "POST /wp-cron.php?doing_wp_cron=1580389985.9673459529876708984375 HTTP/1.1" 200 - "https://www.naijadial.com/wp-cron.php?doing_wp_cron=1580389985.9673459529876708984375" "WordPress/5.3.2; https://www.naijadial.com"
193.109.85.12 - - [30/Jan/2020:08:13:05 -0500] "POST /wp-admin/admin-ajax.php HTTP/1.1" 200 47 "https://www.naijadial.com/wp-admin/edit.php?post_type=sp_ads" "Mozilla/5.0 (Windows NT 6.3; Win64; x64) AppleWebKit/537.36 (KHTML, like Gecko) Chrome/79.0.3945.130 Safari/537.36"
68.65.121.137 - - [30/Jan/2020:08:14:08 -0500] "POST /wp-cron.php?doing_wp_cron=1580390048.3097369670867919921875 HTTP/1.1" 200 - "https://www.naijadial.com/wp-cron.php?doing_wp_cron=1580390048.3097369670867919921875" "WordPress/5.3.2; https://www.naijadial.com"
192.0.116.49 - - [30/Jan/2020:08:14:10 -0500] "POST /xmlrpc.php?for=jetpack&token=QnAj%24o5mLE3EzK%29fA%24kIDJcGKW9yy0rE%3A1%3A1×tamp=1580390050&nonce=7BVx5osjHU&body-hash=MIoEve8gCKcTMIOjlpxHdCUbDNs%3D&signature=xzvPehiqmClXIeQyFFysHnfdfgU%3D HTTP/1.1" 200 1560 "https://www.naijadial.com/xmlrpc.php?for=jetpack&token=QnAj%24o5mLE3EzK%29fA%24kIDJcGKW9yy0rE%3A1%3A1×tamp=1580390050&nonce=7BVx5osjHU&body-hash=MIoEve8gCKcTMIOjlpxHdCUbDNs%3D&signature=xzvPehiqmClXIeQyFFysHnfdfgU%3D" "Jetpack by WordPress.com"
41.203.73.249 - - [30/Jan/2020:07:12:33 -0500] "GET /listingo/images/line-bar.jpg HTTP/1.1" 404 55954 "https://www.naijadial.com/naijadial/style.css?ver=3.2.2" "Mozilla/5.0 (Linux; Android 7.1.1; GIONEE S10 lite) AppleWebKit/537.36 (KHTML, like Gecko) Chrome/78.0.3904.108 Mobile Safari/537.36"
41.203.73.249 - - [30/Jan/2020:07:12:35 -0500] "GET /files/2020/01/map.png HTTP/1.1" 304 - "https://www.naijadial.com/ads-search/" "Mozilla/5.0 (Linux; Android 7.1.1; GIONEE S10 lite) AppleWebKit/537.36 (KHTML, like Gecko) Chrome/78.0.3904.108 Mobile Safari/537.36"
41.203.73.249 - - [30/Jan/2020:07:12:37 -0500] "GET /ads-search/apple-touch-icon.png HTTP/1.1" 404 55204 "https://www.naijadial.com/ads-search/" "Mozilla/5.0 (Linux; Android 7.1.1; GIONEE S10 lite) AppleWebKit/537.36 (KHTML, like Gecko) Chrome/78.0.3904.108 Mobile Safari/537.36"
41.203.73.249 - - [30/Jan/2020:07:13:00 -0500] "GET /ads-search/?sortby=&orderby=&showposts=&keyword=&category=education-institute&price_type= HTTP/1.1" 200 16270 "https://www.naijadial.com/ads-search/" "Mozilla/5.0 (Linux; Android 7.1.1; GIONEE S10 lite) AppleWebKit/537.36 (KHTML, like Gecko) Chrome/78.0.3904.108 Mobile Safari/537.36"
41.203.73.249 - - [30/Jan/2020:07:13:03 -0500] "GET /listingo/images/line-bar.jpg HTTP/1.1" 404 55954 "https://www.naijadial.com/naijadial/style.css?ver=3.2.2" "Mozilla/5.0 (Linux; Android 7.1.1; GIONEE S10 lite) AppleWebKit/537.36 (KHTML, like Gecko) Chrome/78.0.3904.108 Mobile Safari/537.36"
68.65.121.137 - - [30/Jan/2020:07:13:58 -0500] "POST /wp-cron.php?doing_wp_cron=1580386438.1730549335479736328125 HTTP/1.1" 200 - "https://www.naijadial.com/wp-cron.php?doing_wp_cron=1580386438.1730549335479736328125" "WordPress/5.3.2; https://www.naijadial.com"
193.109.85.12 - - [30/Jan/2020:07:13:57 -0500] "POST /wp-admin/admin-ajax.php HTTP/1.1" 200 98 "https://www.naijadial.com/wp-admin/post.php?post=1242&action=edit" "Mozilla/5.0 (Windows NT 6.3; Win64; x64) AppleWebKit/537.36 (KHTML, like Gecko) Chrome/79.0.3945.130 Safari/537.36"
68.65.121.137 - - [30/Jan/2020:07:14:31 -0500] "POST /wp-cron.php?doing_wp_cron=1580386471.4903891086578369140625 HTTP/1.1" 200 - "https://www.naijadial.com/wp-cron.php?doing_wp_cron=1580386471.4903891086578369140625" "WordPress/5.3.2; https://www.naijadial.com"
64.202.184.249 - - [30/Jan/2020:07:14:30 -0500] "GET /wp-login.php HTTP/1.1" 200 1761 "-" "Mozilla/5.0 (X11; Ubuntu; Linux x86_64; rv:62.0) Gecko/20100101 Firefox/62.0"
64.202.184.249 - - [30/Jan/2020:07:14:32 -0500] "POST /wp-login.php HTTP/1.1" 200 4334 "-" "Mozilla/5.0 (X11; Ubuntu; Linux x86_64; rv:62.0) Gecko/20100101 Firefox/62.0"
64.202.184.249 - - [30/Jan/2020:07:14:33 -0500] "POST /xmlrpc.php HTTP/1.1" 200 248 "-" "Mozilla/5.0 (X11; Ubuntu; Linux x86_64; rv:62.0) Gecko/20100101 Firefox/62.0"
193.109.85.12 - - [30/Jan/2020:08:02:59 -0500] "POST /wp-admin/admin-ajax.php HTTP/1.1" 200 47 "https://www.naijadial.com/wp-admin/edit.php?post_type=sp_ads" "Mozilla/5.0 (Windows NT 6.3; Win64; x64) AppleWebKit/537.36 (KHTML, like Gecko) Chrome/79.0.3945.130 Safari/537.36"
68.65.121.137 - - [30/Jan/2020:08:03:01 -0500] "POST /wp-cron.php?doing_wp_cron=1580389381.1931850910186767578125 HTTP/1.1" 200 - "https://www.naijadial.com/wp-cron.php?doing_wp_cron=1580389381.1931850910186767578125" "WordPress/5.3.2; https://www.naijadial.com"
193.109.85.12 - - [30/Jan/2020:08:02:59 -0500] "POST /wp-admin/admin-ajax.php HTTP/1.1" 200 47 "https://www.naijadial.com/wp-admin/users.php" "Mozilla/5.0 (Windows NT 6.3; Win64; x64) AppleWebKit/537.36 (KHTML, like Gecko) Chrome/79.0.3945.130 Safari/537.36"
68.65.121.137 - - [30/Jan/2020:08:04:13 -0500] "POST /wp-cron.php?doing_wp_cron=1580389453.4208309650421142578125 HTTP/1.1" 200 - "https://www.naijadial.com/wp-cron.php?doing_wp_cron=1580389453.4208309650421142578125" "WordPress/5.3.2; https://www.naijadial.com"
193.109.85.12 - - [30/Jan/2020:08:04:13 -0500] "GET /wp-admin/users.php HTTP/1.1" 200 47107 "https://www.naijadial.com/wp-admin/users.php" "Mozilla/5.0 (Windows NT 6.3; Win64; x64) AppleWebKit/537.36 (KHTML, like Gecko) Chrome/79.0.3945.130 Safari/537.36"
68.65.121.137 - - [30/Jan/2020:08:04:14 -0500] "POST /wp-cron.php?doing_wp_cron=1580389454.6414880752563476562500 HTTP/1.1" 200 - "https://www.naijadial.com/wp-cron.php?doing_wp_cron=1580389454.6414880752563476562500" "WordPress/5.3.2; https://www.naijadial.com"
193.109.85.12 - - [30/Jan/2020:08:04:13 -0500] "POST /wp-admin/admin-ajax.php HTTP/1.1" 200 47 "https://www.naijadial.com/wp-admin/users.php" "Mozilla/5.0 (Windows NT 6.3; Win64; x64) AppleWebKit/537.36 (KHTML, like Gecko) Chrome/79.0.3945.130 Safari/537.36"
193.109.85.12 - - [30/Jan/2020:08:04:19 -0500] "GET /wp-json/jetpack/v4/jitm?message_path=wp%3Ausers%3Aadmin_notices&query=&_wpnonce=8f1d28b7d0 HTTP/1.1" 200 2 "https://www.naijadial.com/wp-admin/users.php" "Mozilla/5.0 (Windows NT 6.3; Win64; x64) AppleWebKit/537.36 (KHTML, like Gecko) Chrome/79.0.3945.130 Safari/537.36"
193.109.85.12 - - [30/Jan/2020:08:05:00 -0500] "POST /wp-admin/admin-ajax.php HTTP/1.1" 200 47 "https://www.naijadial.com/wp-admin/edit.php?post_type=sp_ads" "Mozilla/5.0 (Windows NT 6.3; Win64; x64) AppleWebKit/537.36 (KHTML, like Gecko) Chrome/79.0.3945.130 Safari/537.36"
192.0.116.206 - - [30/Jan/2020:08:15:19 -0500] "POST /xmlrpc.php?for=jetpack&token=dr%23kHI93z%28%25xtrkK1YO0Fv%5EAUFORVt%26r%3A1%3A0×tamp=1580390116&nonce=fX78jLJbMV&body-hash=KMQ5a2beOd4X2RtkpU9Y7OmeZE0%3D&signature=QDz2oYzqjglN3MyNF%2BLStF7xpL8%3D HTTP/1.1" 200 613 "https://www.naijadial.com/xmlrpc.php?for=jetpack&token=dr%23kHI93z%28%25xtrkK1YO0Fv%5EAUFORVt%26r%3A1%3A0×tamp=1580390116&nonce=fX78jLJbMV&body-hash=KMQ5a2beOd4X2RtkpU9Y7OmeZE0%3D&signature=QDz2oYzqjglN3MyNF%2BLStF7xpL8%3D" "Jetpack by WordPress.com"
197.210.71.28 - - [30/Jan/2020:08:15:22 -0500] "GET /listingo/images/line-bar.jpg HTTP/1.1" 404 55941 "https://www.naijadial.com/naijadial/style.css?ver=3.2.2" "Mozilla/5.0 (Linux; Android 8.1.0; Infinix X606B) AppleWebKit/537.36 (KHTML, like Gecko) Chrome/75.0.3770.101 Mobile Safari/537.36"
197.210.71.28 - - [30/Jan/2020:08:15:37 -0500] "GET /apple-touch-icon.png HTTP/1.1" 404 55191 "https://www.naijadial.com/?key=8fbd5c4976dc3908bc1134e28bd7061d&verifyemail=abigailtimothy7%40gmail.com" "Mozilla/5.0 (Linux; Android 8.1.0; Infinix X606B) AppleWebKit/537.36 (KHTML, like Gecko) Chrome/75.0.3770.101 Mobile Safari/537.36"
68.65.121.137 - - [30/Jan/2020:08:17:06 -0500] "POST /wp-cron.php?doing_wp_cron=1580390226.5735070705413818359375 HTTP/1.1" 200 - "https://www.naijadial.com/wp-cron.php?doing_wp_cron=1580390226.5735070705413818359375" "WordPress/5.3.2; https://www.naijadial.com"
193.109.85.12 - - [30/Jan/2020:08:17:06 -0500] "POST /wp-admin/admin-ajax.php HTTP/1.1" 200 47 "https://www.naijadial.com/wp-admin/edit.php?post_type=sp_ads" "Mozilla/5.0 (Windows NT 6.3; Win64; x64) AppleWebKit/537.36 (KHTML, like Gecko) Chrome/79.0.3945.130 Safari/537.36"
193.109.85.12 - - [30/Jan/2020:08:17:27 -0500] "POST /wp-admin/admin-ajax.php HTTP/1.1" 200 47 "https://www.naijadial.com/wp-admin/edit.php?post_type=sp_ads" "Mozilla/5.0 (Windows NT 6.3; Win64; x64) AppleWebKit/537.36 (KHTML, like Gecko) Chrome/79.0.3945.130 Safari/537.36"
193.109.85.12 - - [30/Jan/2020:08:17:35 -0500] "GET /wp-admin/themes.php?page=fw-settings HTTP/1.1" 200 209765 "https://www.naijadial.com/wp-admin/edit.php?post_type=sp_ads" "Mozilla/5.0 (Windows NT 6.3; Win64; x64) AppleWebKit/537.36 (KHTML, like Gecko) Chrome/79.0.3945.130 Safari/537.36"
193.109.85.12 - - [30/Jan/2020:08:17:39 -0500] "GET /wp-admin/users.php HTTP/1.1" 200 47110 "https://www.naijadial.com/wp-admin/edit.php?post_type=sp_ads" "Mozilla/5.0 (Windows NT 6.3; Win64; x64) AppleWebKit/537.36 (KHTML, like Gecko) Chrome/79.0.3945.130 Safari/537.36"
193.109.85.12 - - [30/Jan/2020:08:17:42 -0500] "POST /wp-admin/admin-ajax.php HTTP/1.1" 200 47 "https://www.naijadial.com/wp-admin/edit.php?post_type=sp_ads" "Mozilla/5.0 (Windows NT 6.3; Win64; x64) AppleWebKit/537.36 (KHTML, like Gecko) Chrome/79.0.3945.130 Safari/537.36"
193.109.85.12 - - [30/Jan/2020:08:17:51 -0500] "POST /wp-admin/admin-ajax.php HTTP/1.1" 200 47 "https://www.naijadial.com/wp-admin/themes.php?page=fw-settings" "Mozilla/5.0 (Windows NT 6.3; Win64; x64) AppleWebKit/537.36 (KHTML, like Gecko) Chrome/79.0.3945.130 Safari/537.36"
193.109.85.12 - - [30/Jan/2020:08:17:54 -0500] "POST /wp-admin/admin-ajax.php HTTP/1.1" 200 50449 "https://www.naijadial.com/wp-admin/themes.php?page=fw-settings" "Mozilla/5.0 (Windows NT 6.3; Win64; x64) AppleWebKit/537.36 (KHTML, like Gecko) Chrome/79.0.3945.130 Safari/537.36"
193.109.85.12 - - [30/Jan/2020:08:17:54 -0500] "GET /wp-json/jetpack/v4/jitm?message_path=wp%3Aappearance_page_fw-settings%3Aadmin_notices&query=page%253Dfw-settings&_wpnonce=8f1d28b7d0 HTTP/1.1" 200 2 "https://www.naijadial.com/wp-admin/themes.php?page=fw-settings" "Mozilla/5.0 (Windows NT 6.3; Win64; x64) AppleWebKit/537.36 (KHTML, like Gecko) Chrome/79.0.3945.130 Safari/537.36"
193.109.85.12 - - [30/Jan/2020:08:17:54 -0500] "POST /wp-admin/admin-ajax.php HTTP/1.1" 200 67 "https://www.naijadial.com/wp-admin/themes.php?page=fw-settings" "Mozilla/5.0 (Windows NT 6.3; Win64; x64) AppleWebKit/537.36 (KHTML, like Gecko) Chrome/79.0.3945.130 Safari/537.36"
197.210.71.28 - - [30/Jan/2020:08:14:08 -0500] "POST /wp-admin/admin-ajax.php HTTP/1.1" 200 194 "https://www.naijadial.com/account/" "Mozilla/5.0 (Linux; Android 8.1.0; Infinix X606B) AppleWebKit/537.36 (KHTML, like Gecko) Chrome/75.0.3770.101 Mobile Safari/537.36"
209.85.238.41 - - [30/Jan/2020:08:14:13 -0500] "GET /files/2020/01/Email-Header.png HTTP/1.1" 200 139744 "http://mail.google.com/" "Mozilla/5.0 (Windows NT 10.0; Win64; x64) AppleWebKit/537.36 (KHTML, like Gecko) Chrome/42.0.2311.135 Safari/537.36 Edge/12.246 Mozilla/5.0"
197.210.71.28 - - [30/Jan/2020:08:14:13 -0500] "GET /dashboard/?ref=settings&identity=117 HTTP/1.1" 200 17267 "https://www.naijadial.com/account/" "Mozilla/5.0 (Linux; Android 8.1.0; Infinix X606B) AppleWebKit/537.36 (KHTML, like Gecko) Chrome/75.0.3770.101 Mobile Safari/537.36"
197.210.71.28 - - [30/Jan/2020:08:14:18 -0500] "GET /listingo/images/line-bar.jpg HTTP/1.1" 404 55941 "https://www.naijadial.com/naijadial/style.css?ver=3.2.2" "Mozilla/5.0 (Linux; Android 8.1.0; Infinix X606B) AppleWebKit/537.36 (KHTML, like Gecko) Chrome/75.0.3770.101 Mobile Safari/537.36"
68.65.121.137 - - [30/Jan/2020:08:14:57 -0500] "POST /wp-cron.php?doing_wp_cron=1580390097.5885529518127441406250 HTTP/1.1" 200 - "https://www.naijadial.com/wp-cron.php?doing_wp_cron=1580390097.5885529518127441406250" "WordPress/5.3.2; https://www.naijadial.com"
197.210.71.28 - - [30/Jan/2020:08:14:57 -0500] "GET /?key=8fbd5c4976dc3908bc1134e28bd7061d&verifyemail=abigailtimothy7@gmail.com HTTP/1.1" 301 - "android-app://com.google.android.gm" "Mozilla/5.0 (Linux; Android 8.1.0; Infinix X606B) AppleWebKit/537.36 (KHTML, like Gecko) Chrome/75.0.3770.101 Mobile Safari/537.36"
197.210.71.28 - - [30/Jan/2020:08:14:59 -0500] "GET /?key=8fbd5c4976dc3908bc1134e28bd7061d&verifyemail=abigailtimothy7%40gmail.com HTTP/1.1" 200 25192 "android-app://com.google.android.gm" "Mozilla/5.0 (Linux; Android 8.1.0; Infinix X606B) AppleWebKit/537.36 (KHTML, like Gecko) Chrome/75.0.3770.101 Mobile Safari/537.36"
193.109.85.12 - - [30/Jan/2020:08:15:04 -0500] "POST /wp-admin/admin-ajax.php HTTP/1.1" 200 47 "https://www.naijadial.com/wp-admin/edit.php?post_type=sp_ads" "Mozilla/5.0 (Windows NT 6.3; Win64; x64) AppleWebKit/537.36 (KHTML, like Gecko) Chrome/79.0.3945.130 Safari/537.36"
197.210.71.28 - - [30/Jan/2020:08:15:11 -0500] "POST /?wc-ajax=get_refreshed_fragments HTTP/1.1" 200 210 "https://www.naijadial.com/?key=8fbd5c4976dc3908bc1134e28bd7061d&verifyemail=abigailtimothy7%40gmail.com" "Mozilla/5.0 (Linux; Android 8.1.0; Infinix X606B) AppleWebKit/537.36 (KHTML, like Gecko) Chrome/75.0.3770.101 Mobile Safari/537.36"
68.65.121.137 - - [30/Jan/2020:08:15:12 -0500] "POST /wp-cron.php?doing_wp_cron=1580390111.9545829296112060546875 HTTP/1.1" 200 - "https://www.naijadial.com/wp-cron.php?doing_wp_cron=1580390111.9545829296112060546875" "WordPress/5.3.2; https://www.naijadial.com"
193.109.85.12 - - [30/Jan/2020:08:17:56 -0500] "GET /wp-json/jetpack/v4/jitm?message_path=wp%3Ausers%3Aadmin_notices&query=&_wpnonce=8f1d28b7d0 HTTP/1.1" 200 2 "https://www.naijadial.com/wp-admin/users.php" "Mozilla/5.0 (Windows NT 6.3; Win64; x64) AppleWebKit/537.36 (KHTML, like Gecko) Chrome/79.0.3945.130 Safari/537.36"
193.109.85.12 - - [30/Jan/2020:08:18:00 -0500] "POST /wp-admin/admin-ajax.php HTTP/1.1" 200 11243 "https://www.naijadial.com/wp-admin/themes.php?page=fw-settings" "Mozilla/5.0 (Windows NT 6.3; Win64; x64) AppleWebKit/537.36 (KHTML, like Gecko) Chrome/79.0.3945.130 Safari/537.36"
68.65.121.137 - - [30/Jan/2020:08:18:56 -0500] "POST /wp-cron.php?doing_wp_cron=1580390336.2431819438934326171875 HTTP/1.1" 200 - "https://www.naijadial.com/wp-cron.php?doing_wp_cron=1580390336.2431819438934326171875" "WordPress/5.3.2; https://www.naijadial.com"
193.109.85.12 - - [30/Jan/2020:08:18:56 -0500] "POST /wp-admin/admin-ajax.php HTTP/1.1" 200 47 "https://www.naijadial.com/wp-admin/themes.php?page=fw-settings" "Mozilla/5.0 (Windows NT 6.3; Win64; x64) AppleWebKit/537.36 (KHTML, like Gecko) Chrome/79.0.3945.130 Safari/537.36"
68.65.121.137 - - [30/Jan/2020:08:19:11 -0500] "POST /wp-cron.php?doing_wp_cron=1580390351.1778569221496582031250 HTTP/1.1" 200 - "https://www.naijadial.com/wp-cron.php?doing_wp_cron=1580390351.1778569221496582031250" "WordPress/5.3.2; https://www.naijadial.com"
193.109.85.12 - - [30/Jan/2020:08:19:11 -0500] "POST /wp-admin/admin-ajax.php HTTP/1.1" 200 47 "https://www.naijadial.com/wp-admin/users.php" "Mozilla/5.0 (Windows NT 6.3; Win64; x64) AppleWebKit/537.36 (KHTML, like Gecko) Chrome/79.0.3945.130 Safari/537.36"
193.109.85.12 - - [30/Jan/2020:08:19:17 -0500] "GET /wp-admin/users.php?paged=2 HTTP/1.1" 200 47159 "https://www.naijadial.com/wp-admin/users.php" "Mozilla/5.0 (Windows NT 6.3; Win64; x64) AppleWebKit/537.36 (KHTML, like Gecko) Chrome/79.0.3945.130 Safari/537.36"
193.109.85.12 - - [30/Jan/2020:08:19:20 -0500] "GET /files/2020/01/NaijaDial-Avatar-92x92.png HTTP/1.1" 304 - "https://www.naijadial.com/wp-admin/users.php?paged=2" "Mozilla/5.0 (Windows NT 6.3; Win64; x64) AppleWebKit/537.36 (KHTML, like Gecko) Chrome/79.0.3945.130 Safari/537.36"
193.109.85.12 - - [30/Jan/2020:08:19:21 -0500] "GET /wp-json/jetpack/v4/jitm?message_path=wp%3Ausers%3Aadmin_notices&query=paged%253D2&_wpnonce=8f1d28b7d0 HTTP/1.1" 200 2 "https://www.naijadial.com/wp-admin/users.php?paged=2" "Mozilla/5.0 (Windows NT 6.3; Win64; x64) AppleWebKit/537.36 (KHTML, like Gecko) Chrome/79.0.3945.130 Safari/537.36"
193.109.85.12 - - [30/Jan/2020:08:19:55 -0500] "POST /wp-admin/admin-ajax.php HTTP/1.1" 200 47 "https://www.naijadial.com/wp-admin/themes.php?page=fw-settings" "Mozilla/5.0 (Windows NT 6.3; Win64; x64) AppleWebKit/537.36 (KHTML, like Gecko) Chrome/79.0.3945.130 Safari/537.36"
68.65.121.137 - - [30/Jan/2020:08:20:22 -0500] "POST /wp-cron.php?doing_wp_cron=1580390422.8432779312133789062500 HTTP/1.1" 200 - "https://www.naijadial.com/wp-cron.php?doing_wp_cron=1580390422.8432779312133789062500" "WordPress/5.3.2; https://www.naijadial.com"
193.109.85.12 - - [30/Jan/2020:08:20:22 -0500] "POST /wp-admin/admin-ajax.php HTTP/1.1" 200 47 "https://www.naijadial.com/wp-admin/users.php?paged=2" "Mozilla/5.0 (Windows NT 6.3; Win64; x64) AppleWebKit/537.36 (KHTML, like Gecko) Chrome/79.0.3945.130 Safari/537.36"
138.68.57.207 - - [30/Jan/2020:08:20:32 -0500] "GET /wp-login.php HTTP/1.1" 200 4334 "-" "Mozilla/5.0 (X11; Ubuntu; Linux x86_64; rv:62.0) Gecko/20100101 Firefox/62.0"
138.68.57.207 - - [30/Jan/2020:08:20:33 -0500] "POST /wp-login.php HTTP/1.1" 401 3595 "-" "Mozilla/5.0 (X11; Ubuntu; Linux x86_64; rv:62.0) Gecko/20100101 Firefox/62.0"
138.68.57.207 - - [30/Jan/2020:08:20:33 -0500] "POST /xmlrpc.php HTTP/1.1" 200 225 "-" "Mozilla/5.0 (X11; Ubuntu; Linux x86_64; rv:62.0) Gecko/20100101 Firefox/62.0"
193.109.85.12 - - [30/Jan/2020:08:20:56 -0500] "POST /wp-admin/admin-ajax.php HTTP/1.1" 200 47 "https://www.naijadial.com/wp-admin/themes.php?page=fw-settings" "Mozilla/5.0 (Windows NT 6.3; Win64; x64) AppleWebKit/537.36 (KHTML, like Gecko) Chrome/79.0.3945.130 Safari/537.36"
68.65.121.137 - - [30/Jan/2020:08:21:40 -0500] "POST /wp-cron.php?doing_wp_cron=1580390500.6329739093780517578125 HTTP/1.1" 200 - "https://www.naijadial.com/wp-cron.php?doing_wp_cron=1580390500.6329739093780517578125" "WordPress/5.3.2; https://www.naijadial.com"
197.210.71.28 - - [30/Jan/2020:08:21:40 -0500] "GET /dashboard/apple-touch-icon.png HTTP/1.1" 404 55191 "https://www.naijadial.com/dashboard/?ref=settings&identity=117" "Mozilla/5.0 (Linux; Android 8.1.0; Infinix X606B) AppleWebKit/537.36 (KHTML, like Gecko) Chrome/75.0.3770.101 Mobile Safari/537.36"
197.210.71.28 - - [30/Jan/2020:08:21:59 -0500] "GET /dashboard/?ref=settings&identity=117 HTTP/1.1" 200 17143 "-" "Mozilla/5.0 (Linux; Android 8.1.0; Infinix X606B) AppleWebKit/537.36 (KHTML, like Gecko) Chrome/75.0.3770.101 Mobile Safari/537.36"
68.65.121.137 - - [30/Jan/2020:08:22:05 -0500] "POST /wp-cron.php?doing_wp_cron=1580390525.2914149761199951171875 HTTP/1.1" 200 - "https://www.naijadial.com/wp-cron.php?doing_wp_cron=1580390525.2914149761199951171875" "WordPress/5.3.2; https://www.naijadial.com"
197.210.71.28 - - [30/Jan/2020:08:22:05 -0500] "GET /listingo/images/line-bar.jpg HTTP/1.1" 404 55941 "https://www.naijadial.com/naijadial/style.css?ver=3.2.2" "Mozilla/5.0 (Linux; Android 8.1.0; Infinix X606B) AppleWebKit/537.36 (KHTML, like Gecko) Chrome/75.0.3770.101 Mobile Safari/537.36"
197.210.71.28 - - [30/Jan/2020:08:22:09 -0500] "POST /?wc-ajax=get_refreshed_fragments HTTP/1.1" 200 210 "https://www.naijadial.com/dashboard/?ref=settings&identity=117" "Mozilla/5.0 (Linux; Android 8.1.0; Infinix X606B) AppleWebKit/537.36 (KHTML, like Gecko) Chrome/75.0.3770.101 Mobile Safari/537.36"
193.109.85.12 - - [30/Jan/2020:08:22:24 -0500] "POST /wp-admin/admin-ajax.php HTTP/1.1" 200 47 "https://www.naijadial.com/wp-admin/users.php?paged=2" "Mozilla/5.0 (Windows NT 6.3; Win64; x64) AppleWebKit/537.36 (KHTML, like Gecko) Chrome/79.0.3945.130 Safari/537.36"
68.65.121.137 - - [30/Jan/2020:08:22:44 -0500] "POST /wp-cron.php?doing_wp_cron=1580390564.0550930500030517578125 HTTP/1.1" 200 - "https://www.naijadial.com/wp-cron.php?doing_wp_cron=1580390564.0550930500030517578125" "WordPress/5.3.2; https://www.naijadial.com"
197.210.71.28 - - [30/Jan/2020:08:22:43 -0500] "GET /dashboard/?ref=settings&identity=117 HTTP/1.1" 200 17143 "https://www.naijadial.com/dashboard/?ref=settings&identity=117" "Mozilla/5.0 (Linux; Android 8.1.0; Infinix X606B) AppleWebKit/537.36 (KHTML, like Gecko) Chrome/75.0.3770.101 Mobile Safari/537.36"
197.210.71.28 - - [30/Jan/2020:08:22:48 -0500] "GET /listingo/images/line-bar.jpg HTTP/1.1" 404 55941 "https://www.naijadial.com/naijadial/style.css?ver=3.2.2" "Mozilla/5.0 (Linux; Android 8.1.0; Infinix X606B) AppleWebKit/537.36 (KHTML, like Gecko) Chrome/75.0.3770.101 Mobile Safari/537.36"
193.109.85.12 - - [30/Jan/2020:08:22:55 -0500] "POST /wp-admin/admin-ajax.php HTTP/1.1" 200 47 "https://www.naijadial.com/wp-admin/themes.php?page=fw-settings" "Mozilla/5.0 (Windows NT 6.3; Win64; x64) AppleWebKit/537.36 (KHTML, like Gecko) Chrome/79.0.3945.130 Safari/537.36"
68.65.121.137 - - [30/Jan/2020:08:23:44 -0500] "POST /wp-cron.php?doing_wp_cron=1580390624.4211869239807128906250 HTTP/1.1" 200 - "https://www.naijadial.com/wp-cron.php?doing_wp_cron=1580390624.4211869239807128906250" "WordPress/5.3.2; https://www.naijadial.com"
197.210.71.28 - - [30/Jan/2020:08:23:44 -0500] "POST /wp-admin/admin-ajax.php HTTP/1.1" 200 1493 "https://www.naijadial.com/dashboard/?ref=settings&identity=117" "Mozilla/5.0 (Linux; Android 8.1.0; Infinix X606B) AppleWebKit/537.36 (KHTML, like Gecko) Chrome/75.0.3770.101 Mobile Safari/537.36"
68.65.121.137 - - [30/Jan/2020:08:24:27 -0500] "POST /wp-cron.php?doing_wp_cron=1580390667.6734890937805175781250 HTTP/1.1" 200 - "https://www.naijadial.com/wp-cron.php?doing_wp_cron=1580390667.6734890937805175781250" "WordPress/5.3.2; https://www.naijadial.com"
193.109.85.12 - - [30/Jan/2020:08:24:27 -0500] "POST /wp-admin/admin-ajax.php HTTP/1.1" 200 47 "https://www.naijadial.com/wp-admin/users.php?paged=2" "Mozilla/5.0 (Windows NT 6.3; Win64; x64) AppleWebKit/537.36 (KHTML, like Gecko) Chrome/79.0.3945.130 Safari/537.36"
193.109.85.12 - - [30/Jan/2020:08:24:55 -0500] "POST /wp-admin/admin-ajax.php HTTP/1.1" 200 47 "https://www.naijadial.com/wp-admin/themes.php?page=fw-settings" "Mozilla/5.0 (Windows NT 6.3; Win64; x64) AppleWebKit/537.36 (KHTML, like Gecko) Chrome/79.0.3945.130 Safari/537.36"
197.210.71.28 - - [30/Jan/2020:08:24:55 -0500] "POST /wp-admin/admin-ajax.php HTTP/1.1" 200 453 "https://www.naijadial.com/dashboard/?ref=settings&identity=117" "Mozilla/5.0 (Linux; Android 8.1.0; Infinix X606B) AppleWebKit/537.36 (KHTML, like Gecko) Chrome/75.0.3770.101 Mobile Safari/537.36"
40.77.167.51 - - [30/Jan/2020:08:25:00 -0500] "GET /sf_articles-sitemap.xml HTTP/1.1" 404 52350 "-" "Mozilla/5.0 (compatible; bingbot/2.0; +http://www.bing.com/bingbot.htm)"
68.65.121.137 - - [30/Jan/2020:08:26:08 -0500] "POST /wp-cron.php?doing_wp_cron=1580390768.3884770870208740234375 HTTP/1.1" 200 - "https://www.naijadial.com/wp-cron.php?doing_wp_cron=1580390768.3884770870208740234375" "WordPress/5.3.2; https://www.naijadial.com"
197.210.71.28 - - [30/Jan/2020:08:26:02 -0500] "POST /wp-admin/admin-ajax.php?action=listingo_image_uploader&nonce=6cb4d8bea7 HTTP/1.1" 200 189 "https://www.naijadial.com/dashboard/?ref=settings&identity=117" "Mozilla/5.0 (Linux; Android 8.1.0; Infinix X606B) AppleWebKit/537.36 (KHTML, like Gecko) Chrome/75.0.3770.101 Mobile Safari/537.36"
197.210.71.28 - - [30/Jan/2020:08:26:19 -0500] "GET /files/2020/01/IMG_20200128_150231_708-150x150.jpg HTTP/1.1" 200 5053 "https://www.naijadial.com/dashboard/?ref=settings&identity=117" "Mozilla/5.0 (Linux; Android 8.1.0; Infinix X606B) AppleWebKit/537.36 (KHTML, like Gecko) Chrome/75.0.3770.101 Mobile Safari/537.36"
193.109.85.12 - - [30/Jan/2020:08:26:26 -0500] "POST /wp-admin/admin-ajax.php HTTP/1.1" 200 47 "https://www.naijadial.com/wp-admin/users.php?paged=2" "Mozilla/5.0 (Windows NT 6.3; Win64; x64) AppleWebKit/537.36 (KHTML, like Gecko) Chrome/79.0.3945.130 Safari/537.36"
197.210.71.28 - - [30/Jan/2020:08:26:22 -0500] "POST /wp-admin/admin-ajax.php?action=listingo_image_uploader&nonce=6cb4d8bea7 HTTP/1.1" 200 190 "https://www.naijadial.com/dashboard/?ref=settings&identity=117" "Mozilla/5.0 (Linux; Android 8.1.0; Infinix X606B) AppleWebKit/537.36 (KHTML, like Gecko) Chrome/75.0.3770.101 Mobile Safari/537.36"
197.210.71.28 - - [30/Jan/2020:08:26:32 -0500] "GET /files/2020/01/IMG_20200127_181829_450-150x150.jpg HTTP/1.1" 200 4943 "https://www.naijadial.com/dashboard/?ref=settings&identity=117" "Mozilla/5.0 (Linux; Android 8.1.0; Infinix X606B) AppleWebKit/537.36 (KHTML, like Gecko) Chrome/75.0.3770.101 Mobile Safari/537.36"
197.210.71.28 - - [30/Jan/2020:08:26:34 -0500] "POST /wp-admin/admin-ajax.php?action=listingo_image_uploader&nonce=6cb4d8bea7 HTTP/1.1" 200 191 "https://www.naijadial.com/dashboard/?ref=settings&identity=117" "Mozilla/5.0 (Linux; Android 8.1.0; Infinix X606B) AppleWebKit/537.36 (KHTML, like Gecko) Chrome/75.0.3770.101 Mobile Safari/537.36"
197.210.71.28 - - [30/Jan/2020:08:26:45 -0500] "GET /files/2020/01/IMG_20200127_085358_344-150x150.jpg HTTP/1.1" 200 4820 "https://www.naijadial.com/dashboard/?ref=settings&identity=117" "Mozilla/5.0 (Linux; Android 8.1.0; Infinix X606B) AppleWebKit/537.36 (KHTML, like Gecko) Chrome/75.0.3770.101 Mobile Safari/537.36"
197.210.71.28 - - [30/Jan/2020:08:26:47 -0500] "POST /wp-admin/admin-ajax.php?action=listingo_image_uploader&nonce=6cb4d8bea7 HTTP/1.1" 200 190 "https://www.naijadial.com/dashboard/?ref=settings&identity=117" "Mozilla/5.0 (Linux; Android 8.1.0; Infinix X606B) AppleWebKit/537.36 (KHTML, like Gecko) Chrome/75.0.3770.101 Mobile Safari/537.36"
197.210.71.28 - - [30/Jan/2020:08:26:57 -0500] "GET /files/2020/01/IMG_20200121_091718_658-150x150.jpg HTTP/1.1" 200 6846 "https://www.naijadial.com/dashboard/?ref=settings&identity=117" "Mozilla/5.0 (Linux; Android 8.1.0; Infinix X606B) AppleWebKit/537.36 (KHTML, like Gecko) Chrome/75.0.3770.101 Mobile Safari/537.36"
193.109.85.12 - - [30/Jan/2020:08:26:56 -0500] "POST /wp-admin/admin-ajax.php HTTP/1.1" 200 47 "https://www.naijadial.com/wp-admin/themes.php?page=fw-settings" "Mozilla/5.0 (Windows NT 6.3; Win64; x64) AppleWebKit/537.36 (KHTML, like Gecko) Chrome/79.0.3945.130 Safari/537.36"
197.210.71.28 - - [30/Jan/2020:08:26:57 -0500] "POST /wp-admin/admin-ajax.php?action=listingo_image_uploader&nonce=6cb4d8bea7 HTTP/1.1" 200 190 "https://www.naijadial.com/dashboard/?ref=settings&identity=117" "Mozilla/5.0 (Linux; Android 8.1.0; Infinix X606B) AppleWebKit/537.36 (KHTML, like Gecko) Chrome/75.0.3770.101 Mobile Safari/537.36"
68.65.121.137 - - [30/Jan/2020:08:27:24 -0500] "POST /wp-cron.php?doing_wp_cron=1580390844.1896970272064208984375 HTTP/1.1" 200 - "https://www.naijadial.com/wp-cron.php?doing_wp_cron=1580390844.1896970272064208984375" "WordPress/5.3.2; https://www.naijadial.com"
154.118.76.104 - - [30/Jan/2020:08:27:24 -0500] "GET / HTTP/1.1" 200 24587 "https://www.naijadial.com/find/?sortby=&orderby=&showposts=&keyword=Emmanuel&geo=&lat=&long=&location=&category=&lang=&view=&country=&city=&gender=" "Mozilla/5.0 (Linux; Android 8.1.0; DUB-LX1) AppleWebKit/537.36 (KHTML, like Gecko) Chrome/79.0.3945.136 Mobile Safari/537.36"
154.118.76.104 - - [30/Jan/2020:08:27:29 -0500] "GET /about HTTP/1.1" 301 - "-" "Mozilla/5.0 (Linux; Android 8.1.0; DUB-LX1) AppleWebKit/537.36 (KHTML, like Gecko) Chrome/79.0.3945.136 Mobile Safari/537.36"
154.118.76.104 - - [30/Jan/2020:08:27:30 -0500] "POST /?wc-ajax=get_refreshed_fragments HTTP/1.1" 200 2401 "https://www.naijadial.com/" "Mozilla/5.0 (Linux; Android 8.1.0; DUB-LX1) AppleWebKit/537.36 (KHTML, like Gecko) Chrome/79.0.3945.136 Mobile Safari/537.36"
154.118.76.104 - - [30/Jan/2020:08:27:30 -0500] "GET /about/ HTTP/1.1" 200 14724 "-" "Mozilla/5.0 (Linux; Android 8.1.0; DUB-LX1) AppleWebKit/537.36 (KHTML, like Gecko) Chrome/79.0.3945.136 Mobile Safari/537.36"
