197.210.62.7 - - [30/Jan/2020:17:18:27 -0500] "GET /cnt/plugins/unyson/framework/extensions/forms/static/css/frontend.css?ver=2.7.22 HTTP/1.1" 304 - "https://www.naijadial.com/account/" "Mozilla/5.0 (Linux; Android 9; Infinix X626B Build/PPR1.180610.011; wv) AppleWebKit/537.36 (KHTML, like Gecko) Version/4.0 Chrome/79.0.3945.93 Mobile Safari/537.36 [FB_IAB/FB4A;FBAV/254.0.0.37.125;]"
197.210.62.7 - - [30/Jan/2020:17:18:27 -0500] "GET /cnt/plugins/mega-addons-for-visual-composer/css/style.css?ver=5.3.2 HTTP/1.1" 304 - "https://www.naijadial.com/account/" "Mozilla/5.0 (Linux; Android 9; Infinix X626B Build/PPR1.180610.011; wv) AppleWebKit/537.36 (KHTML, like Gecko) Version/4.0 Chrome/79.0.3945.93 Mobile Safari/537.36 [FB_IAB/FB4A;FBAV/254.0.0.37.125;]"
197.210.62.7 - - [30/Jan/2020:17:18:27 -0500] "GET /naijadial/css/transitions.css?ver=3.2.2 HTTP/1.1" 200 1476 "https://www.naijadial.com/account/" "Mozilla/5.0 (Linux; Android 9; Infinix X626B Build/PPR1.180610.011; wv) AppleWebKit/537.36 (KHTML, like Gecko) Version/4.0 Chrome/79.0.3945.93 Mobile Safari/537.36 [FB_IAB/FB4A;FBAV/254.0.0.37.125;]"
197.210.62.7 - - [30/Jan/2020:17:18:27 -0500] "GET /naijadial/css/prettyPhoto.css?ver=3.2.2 HTTP/1.1" 304 - "https://www.naijadial.com/account/" "Mozilla/5.0 (Linux; Android 9; Infinix X626B Build/PPR1.180610.011; wv) AppleWebKit/537.36 (KHTML, like Gecko) Version/4.0 Chrome/79.0.3945.93 Mobile Safari/537.36 [FB_IAB/FB4A;FBAV/254.0.0.37.125;]"
197.210.62.7 - - [30/Jan/2020:17:18:27 -0500] "GET /naijadial/css/normalize.css?ver=3.2.2 HTTP/1.1" 304 - "https://www.naijadial.com/account/" "Mozilla/5.0 (Linux; Android 9; Infinix X626B Build/PPR1.180610.011; wv) AppleWebKit/537.36 (KHTML, like Gecko) Version/4.0 Chrome/79.0.3945.93 Mobile Safari/537.36 [FB_IAB/FB4A;FBAV/254.0.0.37.125;]"
197.210.62.7 - - [30/Jan/2020:17:18:27 -0500] "GET /naijadial/css/scrollbar.css?ver=3.2.2 HTTP/1.1" 304 - "https://www.naijadial.com/account/" "Mozilla/5.0 (Linux; Android 9; Infinix X626B Build/PPR1.180610.011; wv) AppleWebKit/537.36 (KHTML, like Gecko) Version/4.0 Chrome/79.0.3945.93 Mobile Safari/537.36 [FB_IAB/FB4A;FBAV/254.0.0.37.125;]"
197.210.62.7 - - [30/Jan/2020:17:18:27 -0500] "GET /naijadial/css/jquery-ui.css?ver=3.2.2 HTTP/1.1" 304 - "https://www.naijadial.com/account/" "Mozilla/5.0 (Linux; Android 9; Infinix X626B Build/PPR1.180610.011; wv) AppleWebKit/537.36 (KHTML, like Gecko) Version/4.0 Chrome/79.0.3945.93 Mobile Safari/537.36 [FB_IAB/FB4A;FBAV/254.0.0.37.125;]"
197.210.62.7 - - [30/Jan/2020:17:18:27 -0500] "GET /naijadial/css/color.css?ver=3.2.2 HTTP/1.1" 304 - "https://www.naijadial.com/account/" "Mozilla/5.0 (Linux; Android 9; Infinix X626B Build/PPR1.180610.011; wv) AppleWebKit/537.36 (KHTML, like Gecko) Version/4.0 Chrome/79.0.3945.93 Mobile Safari/537.36 [FB_IAB/FB4A;FBAV/254.0.0.37.125;]"
197.210.62.7 - - [30/Jan/2020:17:18:27 -0500] "GET /cnt/plugins/js_composer/assets/css/js_composer.min.css?ver=6.0.5 HTTP/1.1" 304 - "https://www.naijadial.com/account/" "Mozilla/5.0 (Linux; Android 9; Infinix X626B Build/PPR1.180610.011; wv) AppleWebKit/537.36 (KHTML, like Gecko) Version/4.0 Chrome/79.0.3945.93 Mobile Safari/537.36 [FB_IAB/FB4A;FBAV/254.0.0.37.125;]"
197.210.62.7 - - [30/Jan/2020:17:18:27 -0500] "GET /naijadial/css/linearicons.css?ver=3.2.2 HTTP/1.1" 304 - "https://www.naijadial.com/account/" "Mozilla/5.0 (Linux; Android 9; Infinix X626B Build/PPR1.180610.011; wv) AppleWebKit/537.36 (KHTML, like Gecko) Version/4.0 Chrome/79.0.3945.93 Mobile Safari/537.36 [FB_IAB/FB4A;FBAV/254.0.0.37.125;]"
197.210.62.7 - - [30/Jan/2020:17:18:27 -0500] "GET /naijadial/css/owl.theme.default.min.css?ver=3.2.2 HTTP/1.1" 304 - "https://www.naijadial.com/account/" "Mozilla/5.0 (Linux; Android 9; Infinix X626B Build/PPR1.180610.011; wv) AppleWebKit/537.36 (KHTML, like Gecko) Version/4.0 Chrome/79.0.3945.93 Mobile Safari/537.36 [FB_IAB/FB4A;FBAV/254.0.0.37.125;]"
197.210.62.7 - - [30/Jan/2020:17:18:27 -0500] "GET /naijadial/css/owl.carousel.min.css?ver=3.2.2 HTTP/1.1" 304 - "https://www.naijadial.com/account/" "Mozilla/5.0 (Linux; Android 9; Infinix X626B Build/PPR1.180610.011; wv) AppleWebKit/537.36 (KHTML, like Gecko) Version/4.0 Chrome/79.0.3945.93 Mobile Safari/537.36 [FB_IAB/FB4A;FBAV/254.0.0.37.125;]"
197.210.62.7 - - [30/Jan/2020:17:18:27 -0500] "GET /naijadial/css/bootstrap.min.css?ver=3.2.2 HTTP/1.1" 304 - "https://www.naijadial.com/account/" "Mozilla/5.0 (Linux; Android 9; Infinix X626B Build/PPR1.180610.011; wv) AppleWebKit/537.36 (KHTML, like Gecko) Version/4.0 Chrome/79.0.3945.93 Mobile Safari/537.36 [FB_IAB/FB4A;FBAV/254.0.0.37.125;]"
197.210.62.7 - - [30/Jan/2020:17:18:27 -0500] "GET /cnt/plugins/listingo_core/public/js/system-public.js?ver=3.2.1 HTTP/1.1" 200 1605 "https://www.naijadial.com/account/" "Mozilla/5.0 (Linux; Android 9; Infinix X626B Build/PPR1.180610.011; wv) AppleWebKit/537.36 (KHTML, like Gecko) Version/4.0 Chrome/79.0.3945.93 Mobile Safari/537.36 [FB_IAB/FB4A;FBAV/254.0.0.37.125;]"
197.210.62.7 - - [30/Jan/2020:17:18:27 -0500] "GET /naijadial/css/chat_module.css?ver=3.2.2 HTTP/1.1" 304 - "https://www.naijadial.com/account/" "Mozilla/5.0 (Linux; Android 9; Infinix X626B Build/PPR1.180610.011; wv) AppleWebKit/537.36 (KHTML, like Gecko) Version/4.0 Chrome/79.0.3945.93 Mobile Safari/537.36 [FB_IAB/FB4A;FBAV/254.0.0.37.125;]"
197.210.62.7 - - [30/Jan/2020:17:18:27 -0500] "GET /naijadial/css/typo.css?ver=3.2.2 HTTP/1.1" 304 - "https://www.naijadial.com/account/" "Mozilla/5.0 (Linux; Android 9; Infinix X626B Build/PPR1.180610.011; wv) AppleWebKit/537.36 (KHTML, like Gecko) Version/4.0 Chrome/79.0.3945.93 Mobile Safari/537.36 [FB_IAB/FB4A;FBAV/254.0.0.37.125;]"
197.210.62.7 - - [30/Jan/2020:17:18:27 -0500] "GET /cnt/plugins/revslider/public/assets/js/rs6.min.js?ver=6.0.7 HTTP/1.1" 304 - "https://www.naijadial.com/account/" "Mozilla/5.0 (Linux; Android 9; Infinix X626B Build/PPR1.180610.011; wv) AppleWebKit/537.36 (KHTML, like Gecko) Version/4.0 Chrome/79.0.3945.93 Mobile Safari/537.36 [FB_IAB/FB4A;FBAV/254.0.0.37.125;]"
197.210.62.7 - - [30/Jan/2020:17:18:27 -0500] "GET /cnt/plugins/revslider/public/assets/js/revolution.tools.min.js?ver=6.0 HTTP/1.1" 304 - "https://www.naijadial.com/account/" "Mozilla/5.0 (Linux; Android 9; Infinix X626B Build/PPR1.180610.011; wv) AppleWebKit/537.36 (KHTML, like Gecko) Version/4.0 Chrome/79.0.3945.93 Mobile Safari/537.36 [FB_IAB/FB4A;FBAV/254.0.0.37.125;]"
197.210.62.7 - - [30/Jan/2020:17:18:27 -0500] "GET /naijadial/css/chosen.css?ver=3.2.2 HTTP/1.1" 200 2142 "https://www.naijadial.com/account/" "Mozilla/5.0 (Linux; Android 9; Infinix X626B Build/PPR1.180610.011; wv) AppleWebKit/537.36 (KHTML, like Gecko) Version/4.0 Chrome/79.0.3945.93 Mobile Safari/537.36 [FB_IAB/FB4A;FBAV/254.0.0.37.125;]"
197.210.62.7 - - [30/Jan/2020:17:18:27 -0500] "GET /naijadial/style.css?ver=3.2.2 HTTP/1.1" 304 - "https://www.naijadial.com/account/" "Mozilla/5.0 (Linux; Android 9; Infinix X626B Build/PPR1.180610.011; wv) AppleWebKit/537.36 (KHTML, like Gecko) Version/4.0 Chrome/79.0.3945.93 Mobile Safari/537.36 [FB_IAB/FB4A;FBAV/254.0.0.37.125;]"
197.210.62.7 - - [30/Jan/2020:17:18:27 -0500] "GET /naijadial/css/responsive.css?ver=3.2.2 HTTP/1.1" 200 12539 "https://www.naijadial.com/account/" "Mozilla/5.0 (Linux; Android 9; Infinix X626B Build/PPR1.180610.011; wv) AppleWebKit/537.36 (KHTML, like Gecko) Version/4.0 Chrome/79.0.3945.93 Mobile Safari/537.36 [FB_IAB/FB4A;FBAV/254.0.0.37.125;]"
197.210.62.7 - - [30/Jan/2020:17:18:27 -0500] "GET /cnt/plugins/mega-addons-for-visual-composer/js/script.js?ver=5.3.2 HTTP/1.1" 304 - "https://www.naijadial.com/account/" "Mozilla/5.0 (Linux; Android 9; Infinix X626B Build/PPR1.180610.011; wv) AppleWebKit/537.36 (KHTML, like Gecko) Version/4.0 Chrome/79.0.3945.93 Mobile Safari/537.36 [FB_IAB/FB4A;FBAV/254.0.0.37.125;]"
197.210.62.7 - - [30/Jan/2020:17:18:27 -0500] "GET /naijadial/css/datetimepicker.css?ver=3.2.2 HTTP/1.1" 304 - "https://www.naijadial.com/account/" "Mozilla/5.0 (Linux; Android 9; Infinix X626B Build/PPR1.180610.011; wv) AppleWebKit/537.36 (KHTML, like Gecko) Version/4.0 Chrome/79.0.3945.93 Mobile Safari/537.36 [FB_IAB/FB4A;FBAV/254.0.0.37.125;]"
197.210.62.7 - - [30/Jan/2020:17:18:27 -0500] "GET /naijadial/css/jquery.countdown.css?ver=3.2.2 HTTP/1.1" 304 - "https://www.naijadial.com/account/" "Mozilla/5.0 (Linux; Android 9; Infinix X626B Build/PPR1.180610.011; wv) AppleWebKit/537.36 (KHTML, like Gecko) Version/4.0 Chrome/79.0.3945.93 Mobile Safari/537.36 [FB_IAB/FB4A;FBAV/254.0.0.37.125;]"
197.210.62.7 - - [30/Jan/2020:17:18:27 -0500] "GET /naijadial/js/vendor/modernizr-2.8.3-respond-1.4.2.min.js?ver=3.2.2 HTTP/1.1" 304 - "https://www.naijadial.com/account/" "Mozilla/5.0 (Linux; Android 9; Infinix X626B Build/PPR1.180610.011; wv) AppleWebKit/537.36 (KHTML, like Gecko) Version/4.0 Chrome/79.0.3945.93 Mobile Safari/537.36 [FB_IAB/FB4A;FBAV/254.0.0.37.125;]"
197.210.62.7 - - [30/Jan/2020:17:18:27 -0500] "GET /naijadial/js/countTo.js?ver=5.3.2 HTTP/1.1" 304 - "https://www.naijadial.com/account/" "Mozilla/5.0 (Linux; Android 9; Infinix X626B Build/PPR1.180610.011; wv) AppleWebKit/537.36 (KHTML, like Gecko) Version/4.0 Chrome/79.0.3945.93 Mobile Safari/537.36 [FB_IAB/FB4A;FBAV/254.0.0.37.125;]"
197.210.62.7 - - [30/Jan/2020:17:18:27 -0500] "GET /cnt/plugins/js_composer/assets/js/vendors/woocommerce-add-to-cart.js?ver=6.0.5 HTTP/1.1" 304 - "https://www.naijadial.com/account/" "Mozilla/5.0 (Linux; Android 9; Infinix X626B Build/PPR1.180610.011; wv) AppleWebKit/537.36 (KHTML, like Gecko) Version/4.0 Chrome/79.0.3945.93 Mobile Safari/537.36 [FB_IAB/FB4A;FBAV/254.0.0.37.125;]"
197.210.62.7 - - [30/Jan/2020:17:18:27 -0500] "GET /naijadial/js/appear.js?ver=5.3.2 HTTP/1.1" 304 - "https://www.naijadial.com/account/" "Mozilla/5.0 (Linux; Android 9; Infinix X626B Build/PPR1.180610.011; wv) AppleWebKit/537.36 (KHTML, like Gecko) Version/4.0 Chrome/79.0.3945.93 Mobile Safari/537.36 [FB_IAB/FB4A;FBAV/254.0.0.37.125;]"
197.210.62.7 - - [30/Jan/2020:17:18:27 -0500] "GET /cnt/plugins/unyson/framework/static/js/fw-form-helpers.js?ver=5.3.2 HTTP/1.1" 304 - "https://www.naijadial.com/account/" "Mozilla/5.0 (Linux; Android 9; Infinix X626B Build/PPR1.180610.011; wv) AppleWebKit/537.36 (KHTML, like Gecko) Version/4.0 Chrome/79.0.3945.93 Mobile Safari/537.36 [FB_IAB/FB4A;FBAV/254.0.0.37.125;]"
197.210.62.7 - - [30/Jan/2020:17:18:27 -0500] "GET /files/2019/12/NaijaDial-Logo.png HTTP/1.1" 304 - "https://www.naijadial.com/account/" "Mozilla/5.0 (Linux; Android 9; Infinix X626B Build/PPR1.180610.011; wv) AppleWebKit/537.36 (KHTML, like Gecko) Version/4.0 Chrome/79.0.3945.93 Mobile Safari/537.36 [FB_IAB/FB4A;FBAV/254.0.0.37.125;]"
197.210.62.7 - - [30/Jan/2020:17:18:28 -0500] "GET /files/so-css/so-css-listingo.css?ver=1580144791 HTTP/1.1" 200 1074 "https://www.naijadial.com/account/" "Mozilla/5.0 (Linux; Android 9; Infinix X626B Build/PPR1.180610.011; wv) AppleWebKit/537.36 (KHTML, like Gecko) Version/4.0 Chrome/79.0.3945.93 Mobile Safari/537.36 [FB_IAB/FB4A;FBAV/254.0.0.37.125;]"
197.210.62.7 - - [30/Jan/2020:17:18:28 -0500] "GET /cnt/plugins/unyson/framework/static/libs/linecons/css/linecons.css?ver=2.7.22 HTTP/1.1" 304 - "https://www.naijadial.com/account/" "Mozilla/5.0 (Linux; Android 9; Infinix X626B Build/PPR1.180610.011; wv) AppleWebKit/537.36 (KHTML, like Gecko) Version/4.0 Chrome/79.0.3945.93 Mobile Safari/537.36 [FB_IAB/FB4A;FBAV/254.0.0.37.125;]"
197.210.62.7 - - [30/Jan/2020:17:18:29 -0500] "GET /cnt/plugins/unyson/framework/static/libs/font-awesome/css/font-awesome.min.css?ver=2.7.22 HTTP/1.1" 304 - "https://www.naijadial.com/account/" "Mozilla/5.0 (Linux; Android 9; Infinix X626B Build/PPR1.180610.011; wv) AppleWebKit/537.36 (KHTML, like Gecko) Version/4.0 Chrome/79.0.3945.93 Mobile Safari/537.36 [FB_IAB/FB4A;FBAV/254.0.0.37.125;]"
197.210.62.7 - - [30/Jan/2020:17:18:29 -0500] "GET /naijadial/js/vendor/bootstrap.min.js?ver=3.2.2 HTTP/1.1" 200 9838 "https://www.naijadial.com/account/" "Mozilla/5.0 (Linux; Android 9; Infinix X626B Build/PPR1.180610.011; wv) AppleWebKit/537.36 (KHTML, like Gecko) Version/4.0 Chrome/79.0.3945.93 Mobile Safari/537.36 [FB_IAB/FB4A;FBAV/254.0.0.37.125;]"
197.210.62.7 - - [30/Jan/2020:17:18:29 -0500] "GET /cnt/plugins/unyson/framework/static/libs/typcn/css/typcn.css?ver=2.7.22 HTTP/1.1" 304 - "https://www.naijadial.com/account/" "Mozilla/5.0 (Linux; Android 9; Infinix X626B Build/PPR1.180610.011; wv) AppleWebKit/537.36 (KHTML, like Gecko) Version/4.0 Chrome/79.0.3945.93 Mobile Safari/537.36 [FB_IAB/FB4A;FBAV/254.0.0.37.125;]"
197.210.62.7 - - [30/Jan/2020:17:18:29 -0500] "GET /cnt/plugins/contact-form-7/includes/js/scripts.js?ver=5.1.6 HTTP/1.1" 304 - "https://www.naijadial.com/account/" "Mozilla/5.0 (Linux; Android 9; Infinix X626B Build/PPR1.180610.011; wv) AppleWebKit/537.36 (KHTML, like Gecko) Version/4.0 Chrome/79.0.3945.93 Mobile Safari/537.36 [FB_IAB/FB4A;FBAV/254.0.0.37.125;]"
197.210.62.7 - - [30/Jan/2020:17:18:29 -0500] "GET /cnt/plugins/unyson/framework/static/libs/lnr/css/lnr.css?ver=2.7.22 HTTP/1.1" 304 - "https://www.naijadial.com/account/" "Mozilla/5.0 (Linux; Android 9; Infinix X626B Build/PPR1.180610.011; wv) AppleWebKit/537.36 (KHTML, like Gecko) Version/4.0 Chrome/79.0.3945.93 Mobile Safari/537.36 [FB_IAB/FB4A;FBAV/254.0.0.37.125;]"
197.210.62.7 - - [30/Jan/2020:17:18:29 -0500] "GET /naijadial/js/gmap3.min.js?ver=5.3.2 HTTP/1.1" 304 - "https://www.naijadial.com/account/" "Mozilla/5.0 (Linux; Android 9; Infinix X626B Build/PPR1.180610.011; wv) AppleWebKit/537.36 (KHTML, like Gecko) Version/4.0 Chrome/79.0.3945.93 Mobile Safari/537.36 [FB_IAB/FB4A;FBAV/254.0.0.37.125;]"
197.210.62.7 - - [30/Jan/2020:17:18:29 -0500] "GET /naijadial/js/owl.carousel.min.js?ver=3.2.2 HTTP/1.1" 200 10584 "https://www.naijadial.com/account/" "Mozilla/5.0 (Linux; Android 9; Infinix X626B Build/PPR1.180610.011; wv) AppleWebKit/537.36 (KHTML, like Gecko) Version/4.0 Chrome/79.0.3945.93 Mobile Safari/537.36 [FB_IAB/FB4A;FBAV/254.0.0.37.125;]"
197.210.62.7 - - [30/Jan/2020:17:18:29 -0500] "GET /cnt/plugins/unyson/framework/static/libs/entypo/css/entypo.css?ver=2.7.22 HTTP/1.1" 304 - "https://www.naijadial.com/account/" "Mozilla/5.0 (Linux; Android 9; Infinix X626B Build/PPR1.180610.011; wv) AppleWebKit/537.36 (KHTML, like Gecko) Version/4.0 Chrome/79.0.3945.93 Mobile Safari/537.36 [FB_IAB/FB4A;FBAV/254.0.0.37.125;]"
197.210.62.7 - - [30/Jan/2020:17:18:29 -0500] "GET /naijadial/js/scrollbar.min.js?ver=3.2.2 HTTP/1.1" 304 - "https://www.naijadial.com/account/" "Mozilla/5.0 (Linux; Android 9; Infinix X626B Build/PPR1.180610.011; wv) AppleWebKit/537.36 (KHTML, like Gecko) Version/4.0 Chrome/79.0.3945.93 Mobile Safari/537.36 [FB_IAB/FB4A;FBAV/254.0.0.37.125;]"
197.210.62.7 - - [30/Jan/2020:17:18:29 -0500] "GET /naijadial/js/jquery.countdown.js?ver=3.2.2 HTTP/1.1" 304 - "https://www.naijadial.com/account/" "Mozilla/5.0 (Linux; Android 9; Infinix X626B Build/PPR1.180610.011; wv) AppleWebKit/537.36 (KHTML, like Gecko) Version/4.0 Chrome/79.0.3945.93 Mobile Safari/537.36 [FB_IAB/FB4A;FBAV/254.0.0.37.125;]"
197.210.62.7 - - [30/Jan/2020:17:18:29 -0500] "GET /cnt/plugins/unyson/framework/static/libs/unycon/unycon.css?ver=2.7.22 HTTP/1.1" 304 - "https://www.naijadial.com/account/" "Mozilla/5.0 (Linux; Android 9; Infinix X626B Build/PPR1.180610.011; wv) AppleWebKit/537.36 (KHTML, like Gecko) Version/4.0 Chrome/79.0.3945.93 Mobile Safari/537.36 [FB_IAB/FB4A;FBAV/254.0.0.37.125;]"
197.210.62.7 - - [30/Jan/2020:17:18:29 -0500] "GET /naijadial/js/datetimepicker.js?ver=3.2.2 HTTP/1.1" 304 - "https://www.naijadial.com/account/" "Mozilla/5.0 (Linux; Android 9; Infinix X626B Build/PPR1.180610.011; wv) AppleWebKit/537.36 (KHTML, like Gecko) Version/4.0 Chrome/79.0.3945.93 Mobile Safari/537.36 [FB_IAB/FB4A;FBAV/254.0.0.37.125;]"
197.210.62.7 - - [30/Jan/2020:17:18:29 -0500] "GET /naijadial/js/chosen.jquery.js?ver=3.2.2 HTTP/1.1" 304 - "https://www.naijadial.com/account/" "Mozilla/5.0 (Linux; Android 9; Infinix X626B Build/PPR1.180610.011; wv) AppleWebKit/537.36 (KHTML, like Gecko) Version/4.0 Chrome/79.0.3945.93 Mobile Safari/537.36 [FB_IAB/FB4A;FBAV/254.0.0.37.125;]"
197.210.62.7 - - [30/Jan/2020:17:18:29 -0500] "GET /naijadial/js/listingo_callbacks.js?ver=3.2.2 HTTP/1.1" 304 - "https://www.naijadial.com/account/" "Mozilla/5.0 (Linux; Android 9; Infinix X626B Build/PPR1.180610.011; wv) AppleWebKit/537.36 (KHTML, like Gecko) Version/4.0 Chrome/79.0.3945.93 Mobile Safari/537.36 [FB_IAB/FB4A;FBAV/254.0.0.37.125;]"
197.210.62.7 - - [30/Jan/2020:17:18:29 -0500] "GET /cluder/js/wp-emoji-release.min.js?ver=5.3.2 HTTP/1.1" 200 4626 "https://www.naijadial.com/account/" "Mozilla/5.0 (Linux; Android 9; Infinix X626B Build/PPR1.180610.011; wv) AppleWebKit/537.36 (KHTML, like Gecko) Version/4.0 Chrome/79.0.3945.93 Mobile Safari/537.36 [FB_IAB/FB4A;FBAV/254.0.0.37.125;]"
197.210.62.7 - - [30/Jan/2020:17:18:29 -0500] "GET /naijadial/js/tipso.min.js?ver=5.3.2 HTTP/1.1" 304 - "https://www.naijadial.com/account/" "Mozilla/5.0 (Linux; Android 9; Infinix X626B Build/PPR1.180610.011; wv) AppleWebKit/537.36 (KHTML, like Gecko) Version/4.0 Chrome/79.0.3945.93 Mobile Safari/537.36 [FB_IAB/FB4A;FBAV/254.0.0.37.125;]"
197.210.62.7 - - [30/Jan/2020:17:18:29 -0500] "GET /naijadial/js/jquery.auto-complete.js?ver=3.2.2 HTTP/1.1" 304 - "https://www.naijadial.com/account/" "Mozilla/5.0 (Linux; Android 9; Infinix X626B Build/PPR1.180610.011; wv) AppleWebKit/537.36 (KHTML, like Gecko) Version/4.0 Chrome/79.0.3945.93 Mobile Safari/537.36 [FB_IAB/FB4A;FBAV/254.0.0.37.125;]"
197.210.62.7 - - [30/Jan/2020:17:18:29 -0500] "GET /cnt/plugins/js_composer/assets/js/dist/js_composer_front.min.js?ver=6.0.5 HTTP/1.1" 304 - "https://www.naijadial.com/account/" "Mozilla/5.0 (Linux; Android 9; Infinix X626B Build/PPR1.180610.011; wv) AppleWebKit/537.36 (KHTML, like Gecko) Version/4.0 Chrome/79.0.3945.93 Mobile Safari/537.36 [FB_IAB/FB4A;FBAV/254.0.0.37.125;]"
197.210.62.7 - - [30/Jan/2020:17:18:29 -0500] "GET /naijadial/js/parallax.js?ver=5.3.2 HTTP/1.1" 304 - "https://www.naijadial.com/account/" "Mozilla/5.0 (Linux; Android 9; Infinix X626B Build/PPR1.180610.011; wv) AppleWebKit/537.36 (KHTML, like Gecko) Version/4.0 Chrome/79.0.3945.93 Mobile Safari/537.36 [FB_IAB/FB4A;FBAV/254.0.0.37.125;]"
197.210.62.7 - - [30/Jan/2020:17:18:29 -0500] "GET /files/2020/01/NaijaDial-Logo.png HTTP/1.1" 304 - "https://www.naijadial.com/account/" "Mozilla/5.0 (Linux; Android 9; Infinix X626B Build/PPR1.180610.011; wv) AppleWebKit/537.36 (KHTML, like Gecko) Version/4.0 Chrome/79.0.3945.93 Mobile Safari/537.36 [FB_IAB/FB4A;FBAV/254.0.0.37.125;]"
197.210.62.7 - - [30/Jan/2020:17:18:29 -0500] "GET /naijadial/fonts/Linearicons-Free.woff2?w118d HTTP/1.1" 304 - "https://www.naijadial.com/naijadial/css/linearicons.css?ver=3.2.2" "Mozilla/5.0 (Linux; Android 9; Infinix X626B Build/PPR1.180610.011; wv) AppleWebKit/537.36 (KHTML, like Gecko) Version/4.0 Chrome/79.0.3945.93 Mobile Safari/537.36 [FB_IAB/FB4A;FBAV/254.0.0.37.125;]"
197.210.62.7 - - [30/Jan/2020:17:18:29 -0500] "GET /cnt/plugins/js_composer/assets/lib/bower/font-awesome/fonts/fontawesome-webfont.woff2?v=4.7.0 HTTP/1.1" 304 - "https://www.naijadial.com/cnt/plugins/js_composer/assets/lib/bower/font-awesome/css/font-awesome.min.css?ver=6.0.5" "Mozilla/5.0 (Linux; Android 9; Infinix X626B Build/PPR1.180610.011; wv) AppleWebKit/537.36 (KHTML, like Gecko) Version/4.0 Chrome/79.0.3945.93 Mobile Safari/537.36 [FB_IAB/FB4A;FBAV/254.0.0.37.125;]"
197.210.62.7 - - [30/Jan/2020:17:18:29 -0500] "GET /cnt/plugins/unyson/framework/static/libs/font-awesome/fonts/fontawesome-webfont.woff2?v=4.7.0 HTTP/1.1" 200 77160 "https://www.naijadial.com/cnt/plugins/unyson/framework/static/libs/font-awesome/css/font-awesome.min.css?ver=2.7.22" "Mozilla/5.0 (Linux; Android 9; Infinix X626B Build/PPR1.180610.011; wv) AppleWebKit/537.36 (KHTML, like Gecko) Version/4.0 Chrome/79.0.3945.93 Mobile Safari/537.36 [FB_IAB/FB4A;FBAV/254.0.0.37.125;]"
197.210.62.7 - - [30/Jan/2020:17:18:29 -0500] "GET /listingo/images/line-bar.jpg HTTP/1.1" 404 53100 "https://www.naijadial.com/naijadial/style.css?ver=3.2.2" "Mozilla/5.0 (Linux; Android 9; Infinix X626B Build/PPR1.180610.011; wv) AppleWebKit/537.36 (KHTML, like Gecko) Version/4.0 Chrome/79.0.3945.93 Mobile Safari/537.36 [FB_IAB/FB4A;FBAV/254.0.0.37.125;]"
197.210.62.7 - - [30/Jan/2020:17:18:30 -0500] "POST /?wc-ajax=get_refreshed_fragments HTTP/1.1" 200 210 "https://www.naijadial.com/account/" "Mozilla/5.0 (Linux; Android 9; Infinix X626B Build/PPR1.180610.011; wv) AppleWebKit/537.36 (KHTML, like Gecko) Version/4.0 Chrome/79.0.3945.93 Mobile Safari/537.36 [FB_IAB/FB4A;FBAV/254.0.0.37.125;]"
197.210.62.7 - - [30/Jan/2020:17:18:31 -0500] "GET /favicon.ico HTTP/1.1" 200 - "https://www.naijadial.com/account/" "Mozilla/5.0 (Linux; Android 9; Infinix X626B Build/PPR1.180610.011; wv) AppleWebKit/537.36 (KHTML, like Gecko) Version/4.0 Chrome/79.0.3945.93 Mobile Safari/537.36 [FB_IAB/FB4A;FBAV/254.0.0.37.125;]"
197.210.62.7 - - [30/Jan/2020:17:18:53 -0500] "GET /listingo/images/line-bar.jpg HTTP/1.1" 404 53100 "https://www.naijadial.com/account/" "Mozilla/5.0 (Linux; Android 9; Infinix X626B Build/PPR1.180610.011; wv) AppleWebKit/537.36 (KHTML, like Gecko) Version/4.0 Chrome/79.0.3945.93 Mobile Safari/537.36 [FB_IAB/FB4A;FBAV/254.0.0.37.125;]"
68.65.121.137 - - [30/Jan/2020:17:19:18 -0500] "POST /wp-cron.php?doing_wp_cron=1580422757.9541840553283691406250 HTTP/1.1" 200 - "https://www.naijadial.com/wp-cron.php?doing_wp_cron=1580422757.9541840553283691406250" "WordPress/5.3.2; https://www.naijadial.com"
197.210.62.7 - - [30/Jan/2020:17:19:16 -0500] "GET /account/ HTTP/1.1" 200 14155 "http://m.facebook.com/" "Mozilla/5.0 (Linux; Android 9; Infinix X626B Build/PPR1.180610.011; wv) AppleWebKit/537.36 (KHTML, like Gecko) Version/4.0 Chrome/79.0.3945.93 Mobile Safari/537.36 [FB_IAB/FB4A;FBAV/254.0.0.37.125;]"
197.210.62.7 - - [30/Jan/2020:17:19:21 -0500] "GET /listingo/images/line-bar.jpg HTTP/1.1" 404 53100 "https://www.naijadial.com/naijadial/style.css?ver=3.2.2" "Mozilla/5.0 (Linux; Android 9; Infinix X626B Build/PPR1.180610.011; wv) AppleWebKit/537.36 (KHTML, like Gecko) Version/4.0 Chrome/79.0.3945.93 Mobile Safari/537.36 [FB_IAB/FB4A;FBAV/254.0.0.37.125;]"
197.210.62.7 - - [30/Jan/2020:17:19:22 -0500] "POST /?wc-ajax=get_refreshed_fragments HTTP/1.1" 200 210 "https://www.naijadial.com/account/" "Mozilla/5.0 (Linux; Android 9; Infinix X626B Build/PPR1.180610.011; wv) AppleWebKit/537.36 (KHTML, like Gecko) Version/4.0 Chrome/79.0.3945.93 Mobile Safari/537.36 [FB_IAB/FB4A;FBAV/254.0.0.37.125;]"
197.210.62.7 - - [30/Jan/2020:17:19:28 -0500] "GET /listingo/images/line-bar.jpg HTTP/1.1" 404 53100 "https://www.naijadial.com/account/" "Mozilla/5.0 (Linux; Android 9; Infinix X626B Build/PPR1.180610.011; wv) AppleWebKit/537.36 (KHTML, like Gecko) Version/4.0 Chrome/79.0.3945.93 Mobile Safari/537.36 [FB_IAB/FB4A;FBAV/254.0.0.37.125;]"
5.39.74.233 - - [30/Jan/2020:17:16:18 -0500] "GET /wp-login.php HTTP/1.1" 200 1761 "-" "Mozilla/5.0 (X11; Ubuntu; Linux x86_64; rv:62.0) Gecko/20100101 Firefox/62.0"
68.65.121.137 - - [30/Jan/2020:17:16:20 -0500] "POST /wp-cron.php?doing_wp_cron=1580422580.1692819595336914062500 HTTP/1.1" 200 - "https://www.naijadial.com/wp-cron.php?doing_wp_cron=1580422580.1692819595336914062500" "WordPress/5.3.2; https://www.naijadial.com"
5.39.74.233 - - [30/Jan/2020:17:16:21 -0500] "POST /wp-login.php HTTP/1.1" 401 3595 "-" "Mozilla/5.0 (X11; Ubuntu; Linux x86_64; rv:62.0) Gecko/20100101 Firefox/62.0"
5.39.74.233 - - [30/Jan/2020:17:16:22 -0500] "POST /xmlrpc.php HTTP/1.1" 200 225 "-" "Mozilla/5.0 (X11; Ubuntu; Linux x86_64; rv:62.0) Gecko/20100101 Firefox/62.0"
197.210.62.7 - - [30/Jan/2020:17:19:53 -0500] "POST /wp-admin/admin-ajax.php HTTP/1.1" 200 276 "https://www.naijadial.com/account/" "Mozilla/5.0 (Linux; Android 9; Infinix X626B Build/PPR1.180610.011; wv) AppleWebKit/537.36 (KHTML, like Gecko) Version/4.0 Chrome/79.0.3945.93 Mobile Safari/537.36 [FB_IAB/FB4A;FBAV/254.0.0.37.125;]"
68.65.121.137 - - [30/Jan/2020:17:20:29 -0500] "POST /wp-cron.php?doing_wp_cron=1580422829.0198149681091308593750 HTTP/1.1" 200 - "https://www.naijadial.com/wp-cron.php?doing_wp_cron=1580422829.0198149681091308593750" "WordPress/5.3.2; https://www.naijadial.com"
197.210.62.7 - - [30/Jan/2020:17:20:28 -0500] "POST /wp-admin/admin-ajax.php HTTP/1.1" 200 318 "https://www.naijadial.com/account/" "Mozilla/5.0 (Linux; Android 9; Infinix X626B Build/PPR1.180610.011; wv) AppleWebKit/537.36 (KHTML, like Gecko) Version/4.0 Chrome/79.0.3945.93 Mobile Safari/537.36 [FB_IAB/FB4A;FBAV/254.0.0.37.125;]"
197.210.62.7 - - [30/Jan/2020:17:20:36 -0500] "POST /wp-admin/admin-ajax.php HTTP/1.1" 200 276 "https://www.naijadial.com/account/" "Mozilla/5.0 (Linux; Android 9; Infinix X626B Build/PPR1.180610.011; wv) AppleWebKit/537.36 (KHTML, like Gecko) Version/4.0 Chrome/79.0.3945.93 Mobile Safari/537.36 [FB_IAB/FB4A;FBAV/254.0.0.37.125;]"
68.65.121.137 - - [30/Jan/2020:17:22:45 -0500] "POST /wp-cron.php?doing_wp_cron=1580422964.8199579715728759765625 HTTP/1.1" 200 - "https://www.naijadial.com/wp-cron.php?doing_wp_cron=1580422964.8199579715728759765625" "WordPress/5.3.2; https://www.naijadial.com"
197.210.62.7 - - [30/Jan/2020:17:22:43 -0500] "GET /terms-and-conditions/ HTTP/1.1" 200 13880 "https://www.naijadial.com/account/" "Mozilla/5.0 (Linux; Android 9; Infinix X626B Build/PPR1.180610.011; wv) AppleWebKit/537.36 (KHTML, like Gecko) Version/4.0 Chrome/79.0.3945.93 Mobile Safari/537.36 [FB_IAB/FB4A;FBAV/254.0.0.37.125;]"
197.210.62.7 - - [30/Jan/2020:17:22:46 -0500] "POST /wp-admin/admin-ajax.php HTTP/1.1" 200 72 "https://www.naijadial.com/account/" "Mozilla/5.0 (Linux; Android 9; Infinix X626B Build/PPR1.180610.011; wv) AppleWebKit/537.36 (KHTML, like Gecko) Version/4.0 Chrome/79.0.3945.93 Mobile Safari/537.36 [FB_IAB/FB4A;FBAV/254.0.0.37.125;]"
197.210.62.7 - - [30/Jan/2020:17:22:47 -0500] "GET /listingo/images/line-bar.jpg HTTP/1.1" 404 53100 "https://www.naijadial.com/naijadial/style.css?ver=3.2.2" "Mozilla/5.0 (Linux; Android 9; Infinix X626B Build/PPR1.180610.011; wv) AppleWebKit/537.36 (KHTML, like Gecko) Version/4.0 Chrome/79.0.3945.93 Mobile Safari/537.36 [FB_IAB/FB4A;FBAV/254.0.0.37.125;]"
68.65.121.137 - - [30/Jan/2020:17:23:17 -0500] "POST /wp-cron.php?doing_wp_cron=1580422996.7273359298706054687500 HTTP/1.1" 200 - "https://www.naijadial.com/wp-cron.php?doing_wp_cron=1580422996.7273359298706054687500" "WordPress/5.3.2; https://www.naijadial.com"
197.210.62.7 - - [30/Jan/2020:17:23:16 -0500] "GET /account/ HTTP/1.1" 200 14155 "https://www.naijadial.com/terms-and-conditions/" "Mozilla/5.0 (Linux; Android 9; Infinix X626B Build/PPR1.180610.011; wv) AppleWebKit/537.36 (KHTML, like Gecko) Version/4.0 Chrome/79.0.3945.93 Mobile Safari/537.36 [FB_IAB/FB4A;FBAV/254.0.0.37.125;]"
197.210.62.7 - - [30/Jan/2020:17:23:19 -0500] "GET /listingo/images/line-bar.jpg HTTP/1.1" 404 53100 "https://www.naijadial.com/naijadial/style.css?ver=3.2.2" "Mozilla/5.0 (Linux; Android 9; Infinix X626B Build/PPR1.180610.011; wv) AppleWebKit/537.36 (KHTML, like Gecko) Version/4.0 Chrome/79.0.3945.93 Mobile Safari/537.36 [FB_IAB/FB4A;FBAV/254.0.0.37.125;]"
77.75.76.163 - - [30/Jan/2020:17:23:33 -0500] "GET /robots.txt HTTP/1.1" 200 69 "-" "Mozilla/5.0 (compatible; SeznamBot/3.2; +http://napoveda.seznam.cz/en/seznambot-intro/)"
2a02:598:bbbb:2::8113 - - [30/Jan/2020:17:23:36 -0500] "GET /providers-category/optician/ HTTP/1.1" 404 52350 "-" "Mozilla/5.0 (compatible; SeznamBot/3.2; +http://napoveda.seznam.cz/en/seznambot-intro/)"
197.210.62.7 - - [30/Jan/2020:17:24:47 -0500] "POST /wp-admin/admin-ajax.php HTTP/1.1" 200 94 "https://www.naijadial.com/account/" "Mozilla/5.0 (Linux; Android 9; Infinix X626B Build/PPR1.180610.011; wv) AppleWebKit/537.36 (KHTML, like Gecko) Version/4.0 Chrome/79.0.3945.93 Mobile Safari/537.36 [FB_IAB/FB4A;FBAV/254.0.0.37.125;]"
68.65.121.137 - - [30/Jan/2020:17:25:30 -0500] "POST /wp-cron.php?doing_wp_cron=1580423130.1713030338287353515625 HTTP/1.1" 200 - "https://www.naijadial.com/wp-cron.php?doing_wp_cron=1580423130.1713030338287353515625" "WordPress/5.3.2; https://www.naijadial.com"
197.210.62.7 - - [30/Jan/2020:17:25:29 -0500] "POST /wp-admin/admin-ajax.php HTTP/1.1" 200 94 "https://www.naijadial.com/account/" "Mozilla/5.0 (Linux; Android 9; Infinix X626B Build/PPR1.180610.011; wv) AppleWebKit/537.36 (KHTML, like Gecko) Version/4.0 Chrome/79.0.3945.93 Mobile Safari/537.36 [FB_IAB/FB4A;FBAV/254.0.0.37.125;]"
197.210.62.7 - - [30/Jan/2020:17:25:50 -0500] "GET /terms-and-conditions/ HTTP/1.1" 200 13880 "https://www.naijadial.com/account/" "Mozilla/5.0 (Linux; Android 9; Infinix X626B Build/PPR1.180610.011; wv) AppleWebKit/537.36 (KHTML, like Gecko) Version/4.0 Chrome/79.0.3945.93 Mobile Safari/537.36 [FB_IAB/FB4A;FBAV/254.0.0.37.125;]"
197.210.62.7 - - [30/Jan/2020:17:25:52 -0500] "GET /account/ HTTP/1.1" 200 14155 "http://m.facebook.com/" "Mozilla/5.0 (Linux; Android 9; Infinix X626B Build/PPR1.180610.011; wv) AppleWebKit/537.36 (KHTML, like Gecko) Version/4.0 Chrome/79.0.3945.93 Mobile Safari/537.36 [FB_IAB/FB4A;FBAV/254.0.0.37.125;]"
197.210.62.7 - - [30/Jan/2020:17:25:55 -0500] "GET /listingo/images/line-bar.jpg HTTP/1.1" 404 53100 "https://www.naijadial.com/naijadial/style.css?ver=3.2.2" "Mozilla/5.0 (Linux; Android 9; Infinix X626B Build/PPR1.180610.011; wv) AppleWebKit/537.36 (KHTML, like Gecko) Version/4.0 Chrome/79.0.3945.93 Mobile Safari/537.36 [FB_IAB/FB4A;FBAV/254.0.0.37.125;]"
105.112.59.104 - - [30/Jan/2020:17:26:00 -0500] "GET /account/ HTTP/1.1" 200 14155 "http://m.facebook.com/" "Mozilla/5.0 (Linux; Android 8.0.0; Infinix X608 Build/OPR1.170623.032; wv) AppleWebKit/537.36 (KHTML, like Gecko) Version/4.0 Chrome/78.0.3904.96 Mobile Safari/537.36 [FB_IAB/FB4A;FBAV/244.0.0.43.118;]"
105.112.59.104 - - [30/Jan/2020:17:26:02 -0500] "GET /cnt/plugins/vc-extensions-bundle/css/admin_icon.css?ver=5.3.2 HTTP/1.1" 304 - "https://www.naijadial.com/account/" "Mozilla/5.0 (Linux; Android 8.0.0; Infinix X608 Build/OPR1.170623.032; wv) AppleWebKit/537.36 (KHTML, like Gecko) Version/4.0 Chrome/78.0.3904.96 Mobile Safari/537.36 [FB_IAB/FB4A;FBAV/244.0.0.43.118;]"
105.112.59.104 - - [30/Jan/2020:17:26:02 -0500] "GET /cnt/plugins/gd-bbpress-toolbox/templates/default/css/widgets.min.css?ver=5.2.1.712 HTTP/1.1" 304 - "https://www.naijadial.com/account/" "Mozilla/5.0 (Linux; Android 8.0.0; Infinix X608 Build/OPR1.170623.032; wv) AppleWebKit/537.36 (KHTML, like Gecko) Version/4.0 Chrome/78.0.3904.96 Mobile Safari/537.36 [FB_IAB/FB4A;FBAV/244.0.0.43.118;]"
105.112.59.104 - - [30/Jan/2020:17:26:03 -0500] "GET /cnt/plugins/bbpress/templates/default/css/bbpress.min.css?ver=2.6.3 HTTP/1.1" 304 - "https://www.naijadial.com/account/" "Mozilla/5.0 (Linux; Android 8.0.0; Infinix X608 Build/OPR1.170623.032; wv) AppleWebKit/537.36 (KHTML, like Gecko) Version/4.0 Chrome/78.0.3904.96 Mobile Safari/537.36 [FB_IAB/FB4A;FBAV/244.0.0.43.118;]"
68.65.121.137 - - [30/Jan/2020:17:24:20 -0500] "POST /wp-cron.php?doing_wp_cron=1580423059.8299040794372558593750 HTTP/1.1" 200 - "https://www.naijadial.com/wp-cron.php?doing_wp_cron=1580423059.8299040794372558593750" "WordPress/5.3.2; https://www.naijadial.com"
197.210.62.7 - - [30/Jan/2020:17:24:19 -0500] "POST /wp-admin/admin-ajax.php HTTP/1.1" 200 94 "https://www.naijadial.com/account/" "Mozilla/5.0 (Linux; Android 9; Infinix X626B Build/PPR1.180610.011; wv) AppleWebKit/537.36 (KHTML, like Gecko) Version/4.0 Chrome/79.0.3945.93 Mobile Safari/537.36 [FB_IAB/FB4A;FBAV/254.0.0.37.125;]"
68.65.121.137 - - [30/Jan/2020:17:36:34 -0500] "POST /wp-cron.php?doing_wp_cron=1580423793.8171389102935791015625 HTTP/1.1" 200 - "https://www.naijadial.com/wp-cron.php?doing_wp_cron=1580423793.8171389102935791015625" "WordPress/5.3.2; https://www.naijadial.com"
2604:a880:2:d0::19c0:d001 - - [30/Jan/2020:17:36:31 -0500] "GET /wp-login.php HTTP/1.1" 200 1761 "-" "Mozilla/5.0 (X11; Ubuntu; Linux x86_64; rv:62.0) Gecko/20100101 Firefox/62.0"
2604:a880:2:d0::19c0:d001 - - [30/Jan/2020:17:36:39 -0500] "POST /wp-login.php HTTP/1.1" 200 1835 "-" "Mozilla/5.0 (X11; Ubuntu; Linux x86_64; rv:62.0) Gecko/20100101 Firefox/62.0"
2604:a880:2:d0::19c0:d001 - - [30/Jan/2020:17:36:41 -0500] "POST /xmlrpc.php HTTP/1.1" 200 225 "-" "Mozilla/5.0 (X11; Ubuntu; Linux x86_64; rv:62.0) Gecko/20100101 Firefox/62.0"
68.65.121.137 - - [30/Jan/2020:17:39:15 -0500] "POST /wp-cron.php?doing_wp_cron=1580423954.8665471076965332031250 HTTP/1.1" 200 - "https://www.naijadial.com/wp-cron.php?doing_wp_cron=1580423954.8665471076965332031250" "WordPress/5.3.2; https://www.naijadial.com"
197.210.84.239 - - [30/Jan/2020:17:39:13 -0500] "GET /account/ HTTP/1.1" 200 14154 "-" "Mozilla/5.0 (Linux; Android 8.1.0; itel W5001P) AppleWebKit/537.36 (KHTML, like Gecko) Chrome/70.0.3538.110 Mobile Safari/537.36"
68.65.121.137 - - [30/Jan/2020:17:44:11 -0500] "POST /wp-cron.php?doing_wp_cron=1580424251.1544690132141113281250 HTTP/1.1" 200 - "https://www.naijadial.com/wp-cron.php?doing_wp_cron=1580424251.1544690132141113281250" "WordPress/5.3.2; https://www.naijadial.com"
197.210.174.231 - - [30/Jan/2020:17:44:09 -0500] "GET /account/ HTTP/1.1" 200 14154 "-" "Mozilla/5.0 (Linux; Android 5.1; M5 mini) AppleWebKit/537.36 (KHTML, like Gecko) Chrome/79.0.3945.116 Mobile Safari/537.36"
197.210.174.231 - - [30/Jan/2020:17:44:14 -0500] "GET /cnt/plugins/mega-addons-for-visual-composer/css/font-awesome/css/font-awesome.css?ver=5.3.2 HTTP/1.1" 200 7439 "https://www.naijadial.com/account/" "Mozilla/5.0 (Linux; Android 5.1; M5 mini) AppleWebKit/537.36 (KHTML, like Gecko) Chrome/79.0.3945.116 Mobile Safari/537.36"
197.210.174.231 - - [30/Jan/2020:17:44:14 -0500] "GET /cnt/plugins/unyson/framework/extensions/builder/static/css/frontend-grid.css?ver=1.2.11 HTTP/1.1" 200 1961 "https://www.naijadial.com/account/" "Mozilla/5.0 (Linux; Android 5.1; M5 mini) AppleWebKit/537.36 (KHTML, like Gecko) Chrome/79.0.3945.116 Mobile Safari/537.36"
197.210.174.231 - - [30/Jan/2020:17:44:14 -0500] "GET /naijadial/css/transitions.css?ver=3.2.2 HTTP/1.1" 200 1476 "https://www.naijadial.com/account/" "Mozilla/5.0 (Linux; Android 5.1; M5 mini) AppleWebKit/537.36 (KHTML, like Gecko) Chrome/79.0.3945.116 Mobile Safari/537.36"
197.210.174.231 - - [30/Jan/2020:17:44:14 -0500] "GET /naijadial/css/chosen.css?ver=3.2.2 HTTP/1.1" 200 2142 "https://www.naijadial.com/account/" "Mozilla/5.0 (Linux; Android 5.1; M5 mini) AppleWebKit/537.36 (KHTML, like Gecko) Chrome/79.0.3945.116 Mobile Safari/537.36"
197.210.174.231 - - [30/Jan/2020:17:44:14 -0500] "GET /files/so-css/so-css-listingo.css?ver=1580144791 HTTP/1.1" 200 1074 "https://www.naijadial.com/account/" "Mozilla/5.0 (Linux; Android 5.1; M5 mini) AppleWebKit/537.36 (KHTML, like Gecko) Chrome/79.0.3945.116 Mobile Safari/537.36"
197.210.174.231 - - [30/Jan/2020:17:44:14 -0500] "GET /cnt/plugins/listingo_core/public/js/system-public.js?ver=3.2.1 HTTP/1.1" 200 1605 "https://www.naijadial.com/account/" "Mozilla/5.0 (Linux; Android 5.1; M5 mini) AppleWebKit/537.36 (KHTML, like Gecko) Chrome/79.0.3945.116 Mobile Safari/537.36"
197.210.174.231 - - [30/Jan/2020:17:44:14 -0500] "GET /naijadial/css/responsive.css?ver=3.2.2 HTTP/1.1" 200 12539 "https://www.naijadial.com/account/" "Mozilla/5.0 (Linux; Android 5.1; M5 mini) AppleWebKit/537.36 (KHTML, like Gecko) Chrome/79.0.3945.116 Mobile Safari/537.36"
197.210.174.231 - - [30/Jan/2020:17:44:14 -0500] "GET /naijadial/js/vendor/bootstrap.min.js?ver=3.2.2 HTTP/1.1" 200 9838 "https://www.naijadial.com/account/" "Mozilla/5.0 (Linux; Android 5.1; M5 mini) AppleWebKit/537.36 (KHTML, like Gecko) Chrome/79.0.3945.116 Mobile Safari/537.36"
197.210.174.231 - - [30/Jan/2020:17:44:14 -0500] "GET /naijadial/js/owl.carousel.min.js?ver=3.2.2 HTTP/1.1" 200 10584 "https://www.naijadial.com/account/" "Mozilla/5.0 (Linux; Android 5.1; M5 mini) AppleWebKit/537.36 (KHTML, like Gecko) Chrome/79.0.3945.116 Mobile Safari/537.36"
197.210.174.231 - - [30/Jan/2020:17:44:15 -0500] "GET /cluder/js/wp-emoji-release.min.js?ver=5.3.2 HTTP/1.1" 200 4626 "https://www.naijadial.com/account/" "Mozilla/5.0 (Linux; Android 5.1; M5 mini) AppleWebKit/537.36 (KHTML, like Gecko) Chrome/79.0.3945.116 Mobile Safari/537.36"
197.210.174.231 - - [30/Jan/2020:17:44:17 -0500] "GET /cnt/plugins/unyson/framework/static/libs/font-awesome/fonts/fontawesome-webfont.woff2?v=4.7.0 HTTP/1.1" 200 77160 "https://www.naijadial.com/cnt/plugins/unyson/framework/static/libs/font-awesome/css/font-awesome.min.css?ver=2.7.22" "Mozilla/5.0 (Linux; Android 5.1; M5 mini) AppleWebKit/537.36 (KHTML, like Gecko) Chrome/79.0.3945.116 Mobile Safari/537.36"
197.210.174.231 - - [30/Jan/2020:17:44:17 -0500] "GET /listingo/images/line-bar.jpg HTTP/1.1" 404 53100 "https://www.naijadial.com/naijadial/style.css?ver=3.2.2" "Mozilla/5.0 (Linux; Android 5.1; M5 mini) AppleWebKit/537.36 (KHTML, like Gecko) Chrome/79.0.3945.116 Mobile Safari/537.36"
197.210.174.231 - - [30/Jan/2020:17:44:18 -0500] "POST /?wc-ajax=get_refreshed_fragments HTTP/1.1" 200 210 "https://www.naijadial.com/account/" "Mozilla/5.0 (Linux; Android 5.1; M5 mini) AppleWebKit/537.36 (KHTML, like Gecko) Chrome/79.0.3945.116 Mobile Safari/537.36"
197.210.174.231 - - [30/Jan/2020:17:44:20 -0500] "GET /account/apple-touch-icon.png HTTP/1.1" 404 52350 "https://www.naijadial.com/account/" "Mozilla/5.0 (Linux; Android 5.1; M5 mini) AppleWebKit/537.36 (KHTML, like Gecko) Chrome/79.0.3945.116 Mobile Safari/537.36"
68.65.121.137 - - [30/Jan/2020:17:49:44 -0500] "POST /wp-cron.php?doing_wp_cron=1580424584.3730750083923339843750 HTTP/1.1" 200 - "https://www.naijadial.com/wp-cron.php?doing_wp_cron=1580424584.3730750083923339843750" "WordPress/5.3.2; https://www.naijadial.com"
197.211.57.244 - - [30/Jan/2020:17:49:42 -0500] "GET /account/ HTTP/1.1" 200 14154 "http://m.facebook.com/" "Mozilla/5.0 (Linux; Android 6.0; F106 Build/MRA58K; wv) AppleWebKit/537.36 (KHTML, like Gecko) Version/4.0 Chrome/50.0.2661.86 Mobile Safari/537.36[FBAN/EMA;FBLC/en_US;FBAV/85.0.0.10.176;]"
68.65.121.137 - - [30/Jan/2020:17:50:30 -0500] "POST /wp-cron.php?doing_wp_cron=1580424630.6496689319610595703125 HTTP/1.1" 200 - "https://www.naijadial.com/wp-cron.php?doing_wp_cron=1580424630.6496689319610595703125" "WordPress/5.3.2; https://www.naijadial.com"
197.211.57.244 - - [30/Jan/2020:17:50:30 -0500] "GET /listingo/images/line-bar.jpg HTTP/1.1" 404 53100 "https://www.naijadial.com/naijadial/style.css?ver=3.2.2" "Mozilla/5.0 (Linux; Android 6.0; F106 Build/MRA58K; wv) AppleWebKit/537.36 (KHTML, like Gecko) Version/4.0 Chrome/50.0.2661.86 Mobile Safari/537.36[FBAN/EMA;FBLC/en_US;FBAV/85.0.0.10.176;]"
197.211.57.244 - - [30/Jan/2020:17:50:31 -0500] "POST /?wc-ajax=get_refreshed_fragments HTTP/1.1" 200 210 "https://www.naijadial.com/account/" "Mozilla/5.0 (Linux; Android 6.0; F106 Build/MRA58K; wv) AppleWebKit/537.36 (KHTML, like Gecko) Version/4.0 Chrome/50.0.2661.86 Mobile Safari/537.36[FBAN/EMA;FBLC/en_US;FBAV/85.0.0.10.176;]"
68.65.121.137 - - [30/Jan/2020:17:55:05 -0500] "POST /wp-cron.php?doing_wp_cron=1580424904.8631429672241210937500 HTTP/1.1" 200 - "https://www.naijadial.com/wp-cron.php?doing_wp_cron=1580424904.8631429672241210937500" "WordPress/5.3.2; https://www.naijadial.com"
192.0.116.49 - - [30/Jan/2020:17:55:07 -0500] "POST /xmlrpc.php?for=jetpack&token=QnAj%24o5mLE3EzK%29fA%24kIDJcGKW9yy0rE%3A1%3A1×tamp=1580424907&nonce=zMrD8NAo5J&body-hash=AIQy5fxY%2FwslcSDv2k7J2DNTHRo%3D&signature=%2FMqoSUJ%2BVvq00Ct0CXGKfqLSE4Q%3D HTTP/1.1" 200 1565 "https://www.naijadial.com/xmlrpc.php?for=jetpack&token=QnAj%24o5mLE3EzK%29fA%24kIDJcGKW9yy0rE%3A1%3A1×tamp=1580424907&nonce=zMrD8NAo5J&body-hash=AIQy5fxY%2FwslcSDv2k7J2DNTHRo%3D&signature=%2FMqoSUJ%2BVvq00Ct0CXGKfqLSE4Q%3D" "Jetpack by WordPress.com"
66.249.89.70 - - [30/Jan/2020:17:55:09 -0500] "GET /files/2020/01/Email-Header.png HTTP/1.1" 200 139744 "http://mail.google.com/" "Mozilla/5.0 (Windows NT 10.0; Win64; x64) AppleWebKit/537.36 (KHTML, like Gecko) Chrome/42.0.2311.135 Safari/537.36 Edge/12.246 Mozilla/5.0"
66.249.89.69 - - [30/Jan/2020:17:55:09 -0500] "GET /files/2020/01/NaijaDial.png HTTP/1.1" 200 8268 "http://mail.google.com/" "Mozilla/5.0 (Windows NT 10.0; Win64; x64) AppleWebKit/537.36 (KHTML, like Gecko) Chrome/42.0.2311.135 Safari/537.36 Edge/12.246 Mozilla/5.0"
66.249.89.70 - - [30/Jan/2020:17:55:09 -0500] "GET /files/2019/12/NaijaDial-Logo.png HTTP/1.1" 304 - "http://mail.google.com/" "Mozilla/5.0 (Windows NT 10.0; Win64; x64) AppleWebKit/537.36 (KHTML, like Gecko) Chrome/42.0.2311.135 Safari/537.36 Edge/12.246 Mozilla/5.0"
197.211.57.244 - - [30/Jan/2020:17:55:02 -0500] "POST /wp-admin/admin-ajax.php HTTP/1.1" 200 194 "https://www.naijadial.com/account/" "Mozilla/5.0 (Linux; Android 6.0; F106 Build/MRA58K; wv) AppleWebKit/537.36 (KHTML, like Gecko) Version/4.0 Chrome/50.0.2661.86 Mobile Safari/537.36[FBAN/EMA;FBLC/en_US;FBAV/85.0.0.10.176;]"
197.211.57.244 - - [30/Jan/2020:17:55:12 -0500] "GET /dashboard/?ref=settings&identity=128 HTTP/1.1" 200 17282 "https://www.naijadial.com/account/" "Mozilla/5.0 (Linux; Android 6.0; F106 Build/MRA58K; wv) AppleWebKit/537.36 (KHTML, like Gecko) Version/4.0 Chrome/50.0.2661.86 Mobile Safari/537.36[FBAN/EMA;FBLC/en_US;FBAV/85.0.0.10.176;]"
197.211.57.244 - - [30/Jan/2020:17:55:18 -0500] "GET /listingo/images/line-bar.jpg HTTP/1.1" 404 55942 "https://www.naijadial.com/naijadial/style.css?ver=3.2.2" "Mozilla/5.0 (Linux; Android 6.0; F106 Build/MRA58K; wv) AppleWebKit/537.36 (KHTML, like Gecko) Version/4.0 Chrome/50.0.2661.86 Mobile Safari/537.36[FBAN/EMA;FBLC/en_US;FBAV/85.0.0.10.176;]"
68.65.121.137 - - [30/Jan/2020:17:55:12 -0500] "POST /wp-cron.php?doing_wp_cron=1580424912.4076778888702392578125 HTTP/1.1" 200 - "https://www.naijadial.com/wp-cron.php?doing_wp_cron=1580424912.4076778888702392578125" "WordPress/5.3.2; https://www.naijadial.com"
197.211.57.244 - - [30/Jan/2020:17:55:21 -0500] "POST /?wc-ajax=get_refreshed_fragments HTTP/1.1" 200 210 "https://www.naijadial.com/dashboard/?ref=settings&identity=128" "Mozilla/5.0 (Linux; Android 6.0; F106 Build/MRA58K; wv) AppleWebKit/537.36 (KHTML, like Gecko) Version/4.0 Chrome/50.0.2661.86 Mobile Safari/537.36[FBAN/EMA;FBLC/en_US;FBAV/85.0.0.10.176;]"
164.132.195.231 - - [30/Jan/2020:17:55:45 -0500] "GET /wp-login.php HTTP/1.1" 200 4333 "-" "Mozilla/5.0 (X11; Ubuntu; Linux x86_64; rv:62.0) Gecko/20100101 Firefox/62.0"
164.132.195.231 - - [30/Jan/2020:17:55:46 -0500] "POST /wp-login.php HTTP/1.1" 200 4336 "-" "Mozilla/5.0 (X11; Ubuntu; Linux x86_64; rv:62.0) Gecko/20100101 Firefox/62.0"
164.132.195.231 - - [30/Jan/2020:17:55:47 -0500] "POST /xmlrpc.php HTTP/1.1" 200 249 "-" "Mozilla/5.0 (X11; Ubuntu; Linux x86_64; rv:62.0) Gecko/20100101 Firefox/62.0"
68.65.121.137 - - [30/Jan/2020:18:10:51 -0500] "POST /wp-cron.php?doing_wp_cron=1580425851.0370690822601318359375 HTTP/1.1" 200 - "https://www.naijadial.com/wp-cron.php?doing_wp_cron=1580425851.0370690822601318359375" "WordPress/5.3.2; https://www.naijadial.com"
66.249.64.132 - - [30/Jan/2020:18:10:49 -0500] "GET /robots.txt HTTP/1.1" 200 69 "-" "Mozilla/5.0 (compatible; Googlebot/2.1; +http://www.google.com/bot.html)"
66.249.64.135 - - [30/Jan/2020:18:10:52 -0500] "GET /addons/sf-booking//assets/booking-calendar/booking_calendar.min.css HTTP/1.1" 301 - "https://www.naijadial.com/provider/oyeniyi-mustapha-adeniyi/" "Mozilla/5.0 (Linux; Android 6.0.1; Nexus 5X Build/MMB29P) AppleWebKit/537.36 (KHTML, like Gecko) Chrome/79.0.3945.120 Mobile Safari/537.36 (compatible; Googlebot/2.1; +http://www.google.com/bot.html)"
66.249.64.132 - - [30/Jan/2020:18:10:52 -0500] "GET /addons/sf-booking//assets/gmap/marker-clusterer.js HTTP/1.1" 301 - "https://www.naijadial.com/provider/oyeniyi-mustapha-adeniyi/" "Mozilla/5.0 (Linux; Android 6.0.1; Nexus 5X Build/MMB29P) AppleWebKit/537.36 (KHTML, like Gecko) Chrome/79.0.3945.120 Mobile Safari/537.36 (compatible; Googlebot/2.1; +http://www.google.com/bot.html)"
66.249.64.135 - - [30/Jan/2020:18:10:53 -0500] "GET /addons/sf-booking//assets/gmap/gmapfunctions.js HTTP/1.1" 301 - "https://www.naijadial.com/provider/oyeniyi-mustapha-adeniyi/" "Mozilla/5.0 (Linux; Android 6.0.1; Nexus 5X Build/MMB29P) AppleWebKit/537.36 (KHTML, like Gecko) Chrome/79.0.3945.120 Mobile Safari/537.36 (compatible; Googlebot/2.1; +http://www.google.com/bot.html)"
66.249.64.137 - - [30/Jan/2020:18:10:53 -0500] "GET /addons/sf-booking//assets/bootstrap-calendar/calendar.css HTTP/1.1" 301 - "https://www.naijadial.com/provider/oyeniyi-mustapha-adeniyi/" "Mozilla/5.0 (Linux; Android 6.0.1; Nexus 5X Build/MMB29P) AppleWebKit/537.36 (KHTML, like Gecko) Chrome/79.0.3945.120 Mobile Safari/537.36 (compatible; Googlebot/2.1; +http://www.google.com/bot.html)"
66.249.64.135 - - [30/Jan/2020:18:10:53 -0500] "GET /addons/sf-booking/assets/gmap/marker-clusterer.js HTTP/1.1" 404 53100 "https://www.naijadial.com/provider/oyeniyi-mustapha-adeniyi/" "Mozilla/5.0 (Linux; Android 6.0.1; Nexus 5X Build/MMB29P) AppleWebKit/537.36 (KHTML, like Gecko) Chrome/79.0.3945.120 Mobile Safari/537.36 (compatible; Googlebot/2.1; +http://www.google.com/bot.html)"
66.249.64.135 - - [30/Jan/2020:18:10:53 -0500] "GET /addons/sf-booking/assets/gmap/gmapfunctions.js HTTP/1.1" 404 53100 "https://www.naijadial.com/provider/oyeniyi-mustapha-adeniyi/" "Mozilla/5.0 (Linux; Android 6.0.1; Nexus 5X Build/MMB29P) AppleWebKit/537.36 (KHTML, like Gecko) Chrome/79.0.3945.120 Mobile Safari/537.36 (compatible; Googlebot/2.1; +http://www.google.com/bot.html)"
66.249.64.135 - - [30/Jan/2020:18:10:53 -0500] "GET /addons/sf-booking/assets/bootstrap-calendar/calendar.css HTTP/1.1" 404 53100 "https://www.naijadial.com/provider/oyeniyi-mustapha-adeniyi/" "Mozilla/5.0 (Linux; Android 6.0.1; Nexus 5X Build/MMB29P) AppleWebKit/537.36 (KHTML, like Gecko) Chrome/79.0.3945.120 Mobile Safari/537.36 (compatible; Googlebot/2.1; +http://www.google.com/bot.html)"
66.249.64.135 - - [30/Jan/2020:18:10:54 -0500] "GET /addons/sf-booking//assets/gmap/markerinfo.js HTTP/1.1" 301 - "https://www.naijadial.com/provider/oyeniyi-mustapha-adeniyi/" "Mozilla/5.0 (Linux; Android 6.0.1; Nexus 5X Build/MMB29P) AppleWebKit/537.36 (KHTML, like Gecko) Chrome/79.0.3945.120 Mobile Safari/537.36 (compatible; Googlebot/2.1; +http://www.google.com/bot.html)"
66.249.64.135 - - [30/Jan/2020:18:10:54 -0500] "GET /addons/sf-booking//assets/gmap/modernizr.js HTTP/1.1" 301 - "https://www.naijadial.com/provider/oyeniyi-mustapha-adeniyi/" "Mozilla/5.0 (Linux; Android 6.0.1; Nexus 5X Build/MMB29P) AppleWebKit/537.36 (KHTML, like Gecko) Chrome/79.0.3945.120 Mobile Safari/537.36 (compatible; Googlebot/2.1; +http://www.google.com/bot.html)"
66.249.64.135 - - [30/Jan/2020:18:10:54 -0500] "GET /addons/sf-booking/assets/gmap/markerinfo.js HTTP/1.1" 404 53100 "https://www.naijadial.com/provider/oyeniyi-mustapha-adeniyi/" "Mozilla/5.0 (Linux; Android 6.0.1; Nexus 5X Build/MMB29P) AppleWebKit/537.36 (KHTML, like Gecko) Chrome/79.0.3945.120 Mobile Safari/537.36 (compatible; Googlebot/2.1; +http://www.google.com/bot.html)"
66.249.64.135 - - [30/Jan/2020:18:10:54 -0500] "GET /addons/sf-booking/assets/gmap/modernizr.js HTTP/1.1" 404 53100 "https://www.naijadial.com/provider/oyeniyi-mustapha-adeniyi/" "Mozilla/5.0 (Linux; Android 6.0.1; Nexus 5X Build/MMB29P) AppleWebKit/537.36 (KHTML, like Gecko) Chrome/79.0.3945.120 Mobile Safari/537.36 (compatible; Googlebot/2.1; +http://www.google.com/bot.html)"
66.249.64.135 - - [30/Jan/2020:18:10:55 -0500] "GET /addons/sf-booking//assets/gmap/marker-spider.js HTTP/1.1" 301 - "https://www.naijadial.com/provider/oyeniyi-mustapha-adeniyi/" "Mozilla/5.0 (Linux; Android 6.0.1; Nexus 5X Build/MMB29P) AppleWebKit/537.36 (KHTML, like Gecko) Chrome/79.0.3945.120 Mobile Safari/537.36 (compatible; Googlebot/2.1; +http://www.google.com/bot.html)"
66.249.64.132 - - [30/Jan/2020:18:10:55 -0500] "GET /addons/sf-booking//assets/gmap/richmarker-compiled.js HTTP/1.1" 301 - "https://www.naijadial.com/provider/oyeniyi-mustapha-adeniyi/" "Mozilla/5.0 (Linux; Android 6.0.1; Nexus 5X Build/MMB29P) AppleWebKit/537.36 (KHTML, like Gecko) Chrome/79.0.3945.120 Mobile Safari/537.36 (compatible; Googlebot/2.1; +http://www.google.com/bot.html)"
66.249.64.135 - - [30/Jan/2020:18:10:55 -0500] "GET /addons/sf-booking/assets/gmap/marker-spider.js HTTP/1.1" 404 53100 "https://www.naijadial.com/provider/oyeniyi-mustapha-adeniyi/" "Mozilla/5.0 (Linux; Android 6.0.1; Nexus 5X Build/MMB29P) AppleWebKit/537.36 (KHTML, like Gecko) Chrome/79.0.3945.120 Mobile Safari/537.36 (compatible; Googlebot/2.1; +http://www.google.com/bot.html)"
66.249.64.132 - - [30/Jan/2020:18:10:56 -0500] "GET /addons/sf-booking/assets/gmap/richmarker-compiled.js HTTP/1.1" 404 53100 "https://www.naijadial.com/provider/oyeniyi-mustapha-adeniyi/" "Mozilla/5.0 (Linux; Android 6.0.1; Nexus 5X Build/MMB29P) AppleWebKit/537.36 (KHTML, like Gecko) Chrome/79.0.3945.120 Mobile Safari/537.36 (compatible; Googlebot/2.1; +http://www.google.com/bot.html)"
66.249.64.132 - - [30/Jan/2020:18:10:56 -0500] "GET /addons/sf-booking//assets/booking-calendar/booking_calendar_expand.js HTTP/1.1" 301 - "https://www.naijadial.com/provider/oyeniyi-mustapha-adeniyi/" "Mozilla/5.0 (Linux; Android 6.0.1; Nexus 5X Build/MMB29P) AppleWebKit/537.36 (KHTML, like Gecko) Chrome/79.0.3945.120 Mobile Safari/537.36 (compatible; Googlebot/2.1; +http://www.google.com/bot.html)"
66.249.64.135 - - [30/Jan/2020:18:10:56 -0500] "GET /addons/sf-booking//js/jquery.bootstrap.wizard.js HTTP/1.1" 301 - "https://www.naijadial.com/provider/oyeniyi-mustapha-adeniyi/" "Mozilla/5.0 (Linux; Android 6.0.1; Nexus 5X Build/MMB29P) AppleWebKit/537.36 (KHTML, like Gecko) Chrome/79.0.3945.120 Mobile Safari/537.36 (compatible; Googlebot/2.1; +http://www.google.com/bot.html)"
