154.118.76.104 - - [31/Jan/2020:03:52:41 -0500] "GET /cnt/plugins/listingo_vc_shortcodes//vc_custom/shortcodes/sp-counter/images/screenshot.png HTTP/1.1" 304 - "https://www.naijadial.com/wp-admin/post.php?post=1242&action=edit" "Mozilla/5.0 (Windows NT 6.3; Win64; x64) AppleWebKit/537.36 (KHTML, like Gecko) Chrome/79.0.3945.130 Safari/537.36"
154.118.76.104 - - [31/Jan/2020:03:52:42 -0500] "GET /cnt/plugins/listingo_vc_shortcodes//vc_custom/shortcodes/sp-featured-banner/images/screenshot.png HTTP/1.1" 304 - "https://www.naijadial.com/wp-admin/post.php?post=1242&action=edit" "Mozilla/5.0 (Windows NT 6.3; Win64; x64) AppleWebKit/537.36 (KHTML, like Gecko) Chrome/79.0.3945.130 Safari/537.36"
154.118.76.104 - - [31/Jan/2020:03:52:42 -0500] "GET /cnt/plugins/listingo_vc_shortcodes//vc_custom/shortcodes/sp-gallery/images/screenshot.png HTTP/1.1" 304 - "https://www.naijadial.com/wp-admin/post.php?post=1242&action=edit" "Mozilla/5.0 (Windows NT 6.3; Win64; x64) AppleWebKit/537.36 (KHTML, like Gecko) Chrome/79.0.3945.130 Safari/537.36"
154.118.76.104 - - [31/Jan/2020:03:52:42 -0500] "GET /cnt/plugins/listingo_vc_shortcodes//vc_custom/shortcodes/sp-google-map/images/screenshot.png HTTP/1.1" 304 - "https://www.naijadial.com/wp-admin/post.php?post=1242&action=edit" "Mozilla/5.0 (Windows NT 6.3; Win64; x64) AppleWebKit/537.36 (KHTML, like Gecko) Chrome/79.0.3945.130 Safari/537.36"
154.118.76.104 - - [31/Jan/2020:03:52:43 -0500] "GET /cnt/plugins/listingo_vc_shortcodes//vc_custom/shortcodes/sp-home-slider/images/screenshot.png HTTP/1.1" 304 - "https://www.naijadial.com/wp-admin/post.php?post=1242&action=edit" "Mozilla/5.0 (Windows NT 6.3; Win64; x64) AppleWebKit/537.36 (KHTML, like Gecko) Chrome/79.0.3945.130 Safari/537.36"
154.118.76.104 - - [31/Jan/2020:03:52:43 -0500] "GET /cnt/plugins/listingo_vc_shortcodes//vc_custom/shortcodes/sp-section-heading/images/screenshot.png HTTP/1.1" 304 - "https://www.naijadial.com/wp-admin/post.php?post=1242&action=edit" "Mozilla/5.0 (Windows NT 6.3; Win64; x64) AppleWebKit/537.36 (KHTML, like Gecko) Chrome/79.0.3945.130 Safari/537.36"
154.118.76.104 - - [31/Jan/2020:03:52:43 -0500] "GET /cnt/plugins/listingo_vc_shortcodes//vc_custom/shortcodes/sp-search-form/images/screenshot.png HTTP/1.1" 304 - "https://www.naijadial.com/wp-admin/post.php?post=1242&action=edit" "Mozilla/5.0 (Windows NT 6.3; Win64; x64) AppleWebKit/537.36 (KHTML, like Gecko) Chrome/79.0.3945.130 Safari/537.36"
154.118.76.104 - - [31/Jan/2020:03:52:44 -0500] "GET /cnt/plugins/listingo_vc_shortcodes//vc_custom/shortcodes/sp-partners/images/screenshot.png HTTP/1.1" 304 - "https://www.naijadial.com/wp-admin/post.php?post=1242&action=edit" "Mozilla/5.0 (Windows NT 6.3; Win64; x64) AppleWebKit/537.36 (KHTML, like Gecko) Chrome/79.0.3945.130 Safari/537.36"
154.118.76.104 - - [31/Jan/2020:03:52:45 -0500] "GET /cnt/plugins/listingo_vc_shortcodes//vc_custom/shortcodes/sp-post-questions/images/screenshot.png HTTP/1.1" 304 - "https://www.naijadial.com/wp-admin/post.php?post=1242&action=edit" "Mozilla/5.0 (Windows NT 6.3; Win64; x64) AppleWebKit/537.36 (KHTML, like Gecko) Chrome/79.0.3945.130 Safari/537.36"
154.118.76.104 - - [31/Jan/2020:03:52:45 -0500] "GET /cnt/plugins/listingo_vc_shortcodes//vc_custom/shortcodes/sp-recent-question-slider/images/screenshot.png HTTP/1.1" 304 - "https://www.naijadial.com/wp-admin/post.php?post=1242&action=edit" "Mozilla/5.0 (Windows NT 6.3; Win64; x64) AppleWebKit/537.36 (KHTML, like Gecko) Chrome/79.0.3945.130 Safari/537.36"
154.118.76.104 - - [31/Jan/2020:03:52:45 -0500] "GET /cnt/plugins/listingo_vc_shortcodes//vc_custom/shortcodes/sp-recent-questions/images/screenshot.png HTTP/1.1" 304 - "https://www.naijadial.com/wp-admin/post.php?post=1242&action=edit" "Mozilla/5.0 (Windows NT 6.3; Win64; x64) AppleWebKit/537.36 (KHTML, like Gecko) Chrome/79.0.3945.130 Safari/537.36"
154.118.76.104 - - [31/Jan/2020:03:52:46 -0500] "GET /cnt/plugins/listingo_vc_shortcodes//vc_custom/shortcodes/sp-search-question/images/screenshot.png HTTP/1.1" 304 - "https://www.naijadial.com/wp-admin/post.php?post=1242&action=edit" "Mozilla/5.0 (Windows NT 6.3; Win64; x64) AppleWebKit/537.36 (KHTML, like Gecko) Chrome/79.0.3945.130 Safari/537.36"
154.118.76.104 - - [31/Jan/2020:03:52:46 -0500] "GET /cnt/plugins/listingo_vc_shortcodes//vc_custom/shortcodes/sp-search-form-3/images/screenshot.png HTTP/1.1" 304 - "https://www.naijadial.com/wp-admin/post.php?post=1242&action=edit" "Mozilla/5.0 (Windows NT 6.3; Win64; x64) AppleWebKit/537.36 (KHTML, like Gecko) Chrome/79.0.3945.130 Safari/537.36"
154.118.76.104 - - [31/Jan/2020:03:52:46 -0500] "GET /cnt/plugins/listingo_vc_shortcodes//vc_custom/shortcodes/sp-section-heading-v2/images/screenshot.png HTTP/1.1" 304 - "https://www.naijadial.com/wp-admin/post.php?post=1242&action=edit" "Mozilla/5.0 (Windows NT 6.3; Win64; x64) AppleWebKit/537.36 (KHTML, like Gecko) Chrome/79.0.3945.130 Safari/537.36"
154.118.76.104 - - [31/Jan/2020:03:52:47 -0500] "GET /cnt/plugins/listingo_vc_shortcodes//vc_custom/shortcodes/sp-service-providers/images/screenshot.png HTTP/1.1" 304 - "https://www.naijadial.com/wp-admin/post.php?post=1242&action=edit" "Mozilla/5.0 (Windows NT 6.3; Win64; x64) AppleWebKit/537.36 (KHTML, like Gecko) Chrome/79.0.3945.130 Safari/537.36"
154.118.76.104 - - [31/Jan/2020:03:52:47 -0500] "GET /cnt/plugins/listingo_vc_shortcodes//vc_custom/shortcodes/sp-service-providers-v2/images/screenshot.png HTTP/1.1" 304 - "https://www.naijadial.com/wp-admin/post.php?post=1242&action=edit" "Mozilla/5.0 (Windows NT 6.3; Win64; x64) AppleWebKit/537.36 (KHTML, like Gecko) Chrome/79.0.3945.130 Safari/537.36"
154.118.76.104 - - [31/Jan/2020:03:52:47 -0500] "GET /cnt/plugins/listingo_vc_shortcodes//vc_custom/shortcodes/sp-services/images/screenshot.png HTTP/1.1" 304 - "https://www.naijadial.com/wp-admin/post.php?post=1242&action=edit" "Mozilla/5.0 (Windows NT 6.3; Win64; x64) AppleWebKit/537.36 (KHTML, like Gecko) Chrome/79.0.3945.130 Safari/537.36"
154.118.76.104 - - [31/Jan/2020:03:52:48 -0500] "GET /cnt/plugins/listingo_vc_shortcodes//vc_custom/shortcodes/sp-slider/images/screenshot.png HTTP/1.1" 304 - "https://www.naijadial.com/wp-admin/post.php?post=1242&action=edit" "Mozilla/5.0 (Windows NT 6.3; Win64; x64) AppleWebKit/537.36 (KHTML, like Gecko) Chrome/79.0.3945.130 Safari/537.36"
154.118.76.104 - - [31/Jan/2020:03:52:48 -0500] "GET /cnt/plugins/listingo_vc_shortcodes//vc_custom/shortcodes/sp-sponser-slider/images/screenshot.png HTTP/1.1" 304 - "https://www.naijadial.com/wp-admin/post.php?post=1242&action=edit" "Mozilla/5.0 (Windows NT 6.3; Win64; x64) AppleWebKit/537.36 (KHTML, like Gecko) Chrome/79.0.3945.130 Safari/537.36"
154.118.76.104 - - [31/Jan/2020:03:52:48 -0500] "GET /cnt/plugins/listingo_vc_shortcodes//vc_custom/shortcodes/sp-testimonials/images/screenshot.png HTTP/1.1" 304 - "https://www.naijadial.com/wp-admin/post.php?post=1242&action=edit" "Mozilla/5.0 (Windows NT 6.3; Win64; x64) AppleWebKit/537.36 (KHTML, like Gecko) Chrome/79.0.3945.130 Safari/537.36"
154.118.76.104 - - [31/Jan/2020:03:52:49 -0500] "GET /cnt/plugins/listingo_vc_shortcodes//vc_custom/shortcodes/sp-testimonials-slider/images/screenshot.png HTTP/1.1" 304 - "https://www.naijadial.com/wp-admin/post.php?post=1242&action=edit" "Mozilla/5.0 (Windows NT 6.3; Win64; x64) AppleWebKit/537.36 (KHTML, like Gecko) Chrome/79.0.3945.130 Safari/537.36"
154.118.76.104 - - [31/Jan/2020:03:52:49 -0500] "GET /cnt/plugins/listingo_vc_shortcodes//vc_custom/shortcodes/sp-timeline/images/screenshot.png HTTP/1.1" 304 - "https://www.naijadial.com/wp-admin/post.php?post=1242&action=edit" "Mozilla/5.0 (Windows NT 6.3; Win64; x64) AppleWebKit/537.36 (KHTML, like Gecko) Chrome/79.0.3945.130 Safari/537.36"
154.118.76.104 - - [31/Jan/2020:03:52:49 -0500] "GET /cnt/plugins/listingo_vc_shortcodes//vc_custom/shortcodes/sp-top-categories/images/screenshot.png HTTP/1.1" 304 - "https://www.naijadial.com/wp-admin/post.php?post=1242&action=edit" "Mozilla/5.0 (Windows NT 6.3; Win64; x64) AppleWebKit/537.36 (KHTML, like Gecko) Chrome/79.0.3945.130 Safari/537.36"
154.118.76.104 - - [31/Jan/2020:03:52:50 -0500] "GET /cnt/plugins/listingo_vc_shortcodes//vc_custom/shortcodes/sp-video/images/screenshot.png HTTP/1.1" 304 - "https://www.naijadial.com/wp-admin/post.php?post=1242&action=edit" "Mozilla/5.0 (Windows NT 6.3; Win64; x64) AppleWebKit/537.36 (KHTML, like Gecko) Chrome/79.0.3945.130 Safari/537.36"
154.118.76.104 - - [31/Jan/2020:03:52:50 -0500] "GET /cnt/plugins/mega-addons-for-visual-composer/icons/infobanner.png HTTP/1.1" 304 - "https://www.naijadial.com/wp-admin/post.php?post=1242&action=edit" "Mozilla/5.0 (Windows NT 6.3; Win64; x64) AppleWebKit/537.36 (KHTML, like Gecko) Chrome/79.0.3945.130 Safari/537.36"
154.118.76.104 - - [31/Jan/2020:03:52:50 -0500] "GET /cnt/plugins/mega-addons-for-visual-composer/icons/ihe.png HTTP/1.1" 304 - "https://www.naijadial.com/wp-admin/post.php?post=1242&action=edit" "Mozilla/5.0 (Windows NT 6.3; Win64; x64) AppleWebKit/537.36 (KHTML, like Gecko) Chrome/79.0.3945.130 Safari/537.36"
154.118.76.104 - - [31/Jan/2020:03:52:51 -0500] "GET /cnt/plugins/mega-addons-for-visual-composer/icons/price.png HTTP/1.1" 304 - "https://www.naijadial.com/wp-admin/post.php?post=1242&action=edit" "Mozilla/5.0 (Windows NT 6.3; Win64; x64) AppleWebKit/537.36 (KHTML, like Gecko) Chrome/79.0.3945.130 Safari/537.36"
154.118.76.104 - - [31/Jan/2020:03:52:51 -0500] "GET /cnt/plugins/mega-addons-for-visual-composer/icons/advanceprice.png HTTP/1.1" 304 - "https://www.naijadial.com/wp-admin/post.php?post=1242&action=edit" "Mozilla/5.0 (Windows NT 6.3; Win64; x64) AppleWebKit/537.36 (KHTML, like Gecko) Chrome/79.0.3945.130 Safari/537.36"
154.118.76.104 - - [31/Jan/2020:03:52:51 -0500] "GET /cnt/plugins/mega-addons-for-visual-composer/icons/infobox.png HTTP/1.1" 304 - "https://www.naijadial.com/wp-admin/post.php?post=1242&action=edit" "Mozilla/5.0 (Windows NT 6.3; Win64; x64) AppleWebKit/537.36 (KHTML, like Gecko) Chrome/79.0.3945.130 Safari/537.36"
154.118.76.104 - - [31/Jan/2020:03:52:52 -0500] "GET /cnt/plugins/mega-addons-for-visual-composer/icons/hoverbutton.png HTTP/1.1" 304 - "https://www.naijadial.com/wp-admin/post.php?post=1242&action=edit" "Mozilla/5.0 (Windows NT 6.3; Win64; x64) AppleWebKit/537.36 (KHTML, like Gecko) Chrome/79.0.3945.130 Safari/537.36"
154.118.76.104 - - [31/Jan/2020:03:52:52 -0500] "GET /cnt/plugins/mega-addons-for-visual-composer/icons/memberprofile.png HTTP/1.1" 304 - "https://www.naijadial.com/wp-admin/post.php?post=1242&action=edit" "Mozilla/5.0 (Windows NT 6.3; Win64; x64) AppleWebKit/537.36 (KHTML, like Gecko) Chrome/79.0.3945.130 Safari/537.36"
154.118.76.104 - - [31/Jan/2020:03:52:52 -0500] "GET /cnt/plugins/mega-addons-for-visual-composer/icons/counter.png HTTP/1.1" 304 - "https://www.naijadial.com/wp-admin/post.php?post=1242&action=edit" "Mozilla/5.0 (Windows NT 6.3; Win64; x64) AppleWebKit/537.36 (KHTML, like Gecko) Chrome/79.0.3945.130 Safari/537.36"
154.118.76.104 - - [31/Jan/2020:03:52:53 -0500] "GET /cnt/plugins/mega-addons-for-visual-composer/icons/countdown.png HTTP/1.1" 304 - "https://www.naijadial.com/wp-admin/post.php?post=1242&action=edit" "Mozilla/5.0 (Windows NT 6.3; Win64; x64) AppleWebKit/537.36 (KHTML, like Gecko) Chrome/79.0.3945.130 Safari/537.36"
154.118.76.104 - - [31/Jan/2020:03:52:53 -0500] "GET /cnt/plugins/mega-addons-for-visual-composer/icons/flipbox.png HTTP/1.1" 304 - "https://www.naijadial.com/wp-admin/post.php?post=1242&action=edit" "Mozilla/5.0 (Windows NT 6.3; Win64; x64) AppleWebKit/537.36 (KHTML, like Gecko) Chrome/79.0.3945.130 Safari/537.36"
154.118.76.104 - - [31/Jan/2020:03:52:53 -0500] "GET /cnt/plugins/mega-addons-for-visual-composer/icons/timeline.png HTTP/1.1" 304 - "https://www.naijadial.com/wp-admin/post.php?post=1242&action=edit" "Mozilla/5.0 (Windows NT 6.3; Win64; x64) AppleWebKit/537.36 (KHTML, like Gecko) Chrome/79.0.3945.130 Safari/537.36"
154.118.76.104 - - [31/Jan/2020:03:52:54 -0500] "GET /cnt/plugins/mega-addons-for-visual-composer/icons/social.png HTTP/1.1" 304 - "https://www.naijadial.com/wp-admin/post.php?post=1242&action=edit" "Mozilla/5.0 (Windows NT 6.3; Win64; x64) AppleWebKit/537.36 (KHTML, like Gecko) Chrome/79.0.3945.130 Safari/537.36"
154.118.76.104 - - [31/Jan/2020:03:52:54 -0500] "GET /cnt/plugins/mega-addons-for-visual-composer/icons/creativelink.png HTTP/1.1" 304 - "https://www.naijadial.com/wp-admin/post.php?post=1242&action=edit" "Mozilla/5.0 (Windows NT 6.3; Win64; x64) AppleWebKit/537.36 (KHTML, like Gecko) Chrome/79.0.3945.130 Safari/537.36"
154.118.76.104 - - [31/Jan/2020:03:52:54 -0500] "GET /cnt/plugins/mega-addons-for-visual-composer/icons/texttype.png HTTP/1.1" 304 - "https://www.naijadial.com/wp-admin/post.php?post=1242&action=edit" "Mozilla/5.0 (Windows NT 6.3; Win64; x64) AppleWebKit/537.36 (KHTML, like Gecko) Chrome/79.0.3945.130 Safari/537.36"
154.118.76.104 - - [31/Jan/2020:03:52:55 -0500] "GET /cnt/plugins/mega-addons-for-visual-composer/icons/popup.png HTTP/1.1" 304 - "https://www.naijadial.com/wp-admin/post.php?post=1242&action=edit" "Mozilla/5.0 (Windows NT 6.3; Win64; x64) AppleWebKit/537.36 (KHTML, like Gecko) Chrome/79.0.3945.130 Safari/537.36"
154.118.76.104 - - [31/Jan/2020:03:52:55 -0500] "GET /cnt/plugins/mega-addons-for-visual-composer/icons/int-banner.png HTTP/1.1" 304 - "https://www.naijadial.com/wp-admin/post.php?post=1242&action=edit" "Mozilla/5.0 (Windows NT 6.3; Win64; x64) AppleWebKit/537.36 (KHTML, like Gecko) Chrome/79.0.3945.130 Safari/537.36"
154.118.76.104 - - [31/Jan/2020:03:52:55 -0500] "GET /cnt/plugins/mega-addons-for-visual-composer/icons/infolist.png HTTP/1.1" 304 - "https://www.naijadial.com/wp-admin/post.php?post=1242&action=edit" "Mozilla/5.0 (Windows NT 6.3; Win64; x64) AppleWebKit/537.36 (KHTML, like Gecko) Chrome/79.0.3945.130 Safari/537.36"
154.118.76.104 - - [31/Jan/2020:03:52:55 -0500] "GET /cnt/plugins/mega-addons-for-visual-composer/icons/trend.png HTTP/1.1" 304 - "https://www.naijadial.com/wp-admin/post.php?post=1242&action=edit" "Mozilla/5.0 (Windows NT 6.3; Win64; x64) AppleWebKit/537.36 (KHTML, like Gecko) Chrome/79.0.3945.130 Safari/537.36"
154.118.76.104 - - [31/Jan/2020:03:52:56 -0500] "GET /cnt/plugins/mega-addons-for-visual-composer/icons/icon.png HTTP/1.1" 304 - "https://www.naijadial.com/wp-admin/post.php?post=1242&action=edit" "Mozilla/5.0 (Windows NT 6.3; Win64; x64) AppleWebKit/537.36 (KHTML, like Gecko) Chrome/79.0.3945.130 Safari/537.36"
154.118.76.104 - - [31/Jan/2020:03:52:56 -0500] "GET /cnt/plugins/mega-addons-for-visual-composer/icons/testimonial.png HTTP/1.1" 304 - "https://www.naijadial.com/wp-admin/post.php?post=1242&action=edit" "Mozilla/5.0 (Windows NT 6.3; Win64; x64) AppleWebKit/537.36 (KHTML, like Gecko) Chrome/79.0.3945.130 Safari/537.36"
154.118.76.104 - - [31/Jan/2020:03:52:57 -0500] "GET /cnt/plugins/mega-addons-for-visual-composer/icons/carousal-slider.png HTTP/1.1" 304 - "https://www.naijadial.com/wp-admin/post.php?post=1242&action=edit" "Mozilla/5.0 (Windows NT 6.3; Win64; x64) AppleWebKit/537.36 (KHTML, like Gecko) Chrome/79.0.3945.130 Safari/537.36"
154.118.76.104 - - [31/Jan/2020:03:52:57 -0500] "GET /cnt/plugins/mega-addons-for-visual-composer/icons/heading.png HTTP/1.1" 304 - "https://www.naijadial.com/wp-admin/post.php?post=1242&action=edit" "Mozilla/5.0 (Windows NT 6.3; Win64; x64) AppleWebKit/537.36 (KHTML, like Gecko) Chrome/79.0.3945.130 Safari/537.36"
154.118.76.104 - - [31/Jan/2020:03:52:58 -0500] "GET /cnt/plugins/mega-addons-for-visual-composer/icons/creatives.png HTTP/1.1" 304 - "https://www.naijadial.com/wp-admin/post.php?post=1242&action=edit" "Mozilla/5.0 (Windows NT 6.3; Win64; x64) AppleWebKit/537.36 (KHTML, like Gecko) Chrome/79.0.3945.130 Safari/537.36"
154.118.76.104 - - [31/Jan/2020:03:52:58 -0500] "GET /cnt/plugins/mega-addons-for-visual-composer/icons/accordions.png HTTP/1.1" 304 - "https://www.naijadial.com/wp-admin/post.php?post=1242&action=edit" "Mozilla/5.0 (Windows NT 6.3; Win64; x64) AppleWebKit/537.36 (KHTML, like Gecko) Chrome/79.0.3945.130 Safari/537.36"
154.118.76.104 - - [31/Jan/2020:03:52:58 -0500] "GET /cnt/plugins/mega-addons-for-visual-composer/icons/img-swap.png HTTP/1.1" 304 - "https://www.naijadial.com/wp-admin/post.php?post=1242&action=edit" "Mozilla/5.0 (Windows NT 6.3; Win64; x64) AppleWebKit/537.36 (KHTML, like Gecko) Chrome/79.0.3945.130 Safari/537.36"
154.118.76.104 - - [31/Jan/2020:03:52:58 -0500] "GET /cnt/plugins/mega-addons-for-visual-composer/icons/infocircle.png HTTP/1.1" 304 - "https://www.naijadial.com/wp-admin/post.php?post=1242&action=edit" "Mozilla/5.0 (Windows NT 6.3; Win64; x64) AppleWebKit/537.36 (KHTML, like Gecko) Chrome/79.0.3945.130 Safari/537.36"
154.118.76.104 - - [31/Jan/2020:03:52:59 -0500] "GET /cnt/plugins/revslider/admin/assets/images/rs6_number_2x.png HTTP/1.1" 304 - "https://www.naijadial.com/cnt/plugins/revslider/admin/assets/css/basics.css?ver=6.0.7" "Mozilla/5.0 (Windows NT 6.3; Win64; x64) AppleWebKit/537.36 (KHTML, like Gecko) Chrome/79.0.3945.130 Safari/537.36"
68.65.121.137 - - [31/Jan/2020:03:54:17 -0500] "POST /wp-cron.php?doing_wp_cron=1580460857.8437800407409667968750 HTTP/1.1" 200 - "https://www.naijadial.com/wp-cron.php?doing_wp_cron=1580460857.8437800407409667968750" "WordPress/5.3.2; https://www.naijadial.com"
54.36.150.98 - - [31/Jan/2020:03:54:16 -0500] "GET /providers-category/fashion/feed/ HTTP/1.1" 200 490 "-" "Mozilla/5.0 (compatible; AhrefsBot/6.1; +http://ahrefs.com/robot/)"
68.65.121.137 - - [31/Jan/2020:03:57:26 -0500] "POST /wp-cron.php?doing_wp_cron=1580461046.0270390510559082031250 HTTP/1.1" 200 - "https://www.naijadial.com/wp-cron.php?doing_wp_cron=1580461046.0270390510559082031250" "WordPress/5.3.2; https://www.naijadial.com"
154.118.76.104 - - [31/Jan/2020:03:57:24 -0500] "POST /wp-admin/admin-ajax.php HTTP/1.1" 200 98 "https://www.naijadial.com/wp-admin/post.php?post=1242&action=edit" "Mozilla/5.0 (Windows NT 6.3; Win64; x64) AppleWebKit/537.36 (KHTML, like Gecko) Chrome/79.0.3945.130 Safari/537.36"
68.65.121.137 - - [31/Jan/2020:03:59:25 -0500] "POST /wp-cron.php?doing_wp_cron=1580461164.9030768871307373046875 HTTP/1.1" 200 - "https://www.naijadial.com/wp-cron.php?doing_wp_cron=1580461164.9030768871307373046875" "WordPress/5.3.2; https://www.naijadial.com"
154.118.76.104 - - [31/Jan/2020:03:59:24 -0500] "POST /wp-admin/admin-ajax.php HTTP/1.1" 200 98 "https://www.naijadial.com/wp-admin/post.php?post=1242&action=edit" "Mozilla/5.0 (Windows NT 6.3; Win64; x64) AppleWebKit/537.36 (KHTML, like Gecko) Chrome/79.0.3945.130 Safari/537.36"
197.210.29.82 - - [31/Jan/2020:03:59:49 -0500] "GET /account/ HTTP/1.1" 200 14157 "-" "Mozilla/5.0 (Linux; Android 9; TECNO CC6) AppleWebKit/537.36 (KHTML, like Gecko) Chrome/74.0.3729.136 Mobile Safari/537.36"
68.65.121.137 - - [31/Jan/2020:04:01:12 -0500] "POST /wp-cron.php?doing_wp_cron=1580461272.4897949695587158203125 HTTP/1.1" 200 - "https://www.naijadial.com/wp-cron.php?doing_wp_cron=1580461272.4897949695587158203125" "WordPress/5.3.2; https://www.naijadial.com"
2a03:2880:32ff:4::face:b00c - - [31/Jan/2020:04:01:12 -0500] "GET /register/ HTTP/1.1" 404 52350 "-" "facebookexternalhit/1.1 (+http://www.facebook.com/externalhit_uatext.php)"
2a03:2880:32ff:c::face:b00c - - [31/Jan/2020:04:01:12 -0500] "GET /register/ HTTP/1.1" 404 52350 "-" "facebookexternalhit/1.1 (+http://www.facebook.com/externalhit_uatext.php)"
154.118.76.104 - - [31/Jan/2020:04:01:25 -0500] "POST /wp-admin/admin-ajax.php HTTP/1.1" 200 98 "https://www.naijadial.com/wp-admin/post.php?post=1242&action=edit" "Mozilla/5.0 (Windows NT 6.3; Win64; x64) AppleWebKit/537.36 (KHTML, like Gecko) Chrome/79.0.3945.130 Safari/537.36"
68.65.121.137 - - [31/Jan/2020:04:03:26 -0500] "POST /wp-cron.php?doing_wp_cron=1580461406.2575299739837646484375 HTTP/1.1" 200 - "https://www.naijadial.com/wp-cron.php?doing_wp_cron=1580461406.2575299739837646484375" "WordPress/5.3.2; https://www.naijadial.com"
193.34.232.21 - - [31/Jan/2020:04:03:26 -0500] "POST /wp-admin/admin-ajax.php HTTP/1.1" 200 98 "https://www.naijadial.com/wp-admin/post.php?post=1242&action=edit" "Mozilla/5.0 (Windows NT 6.3; Win64; x64) AppleWebKit/537.36 (KHTML, like Gecko) Chrome/79.0.3945.130 Safari/537.36"
149.5.209.147 - - [31/Jan/2020:04:03:57 -0500] "GET /wp-login.php HTTP/1.1" 200 1761 "-" "Mozilla/5.0 (X11; Ubuntu; Linux x86_64; rv:62.0) Gecko/20100101 Firefox/62.0"
149.5.209.147 - - [31/Jan/2020:04:03:59 -0500] "POST /wp-login.php HTTP/1.1" 200 4334 "-" "Mozilla/5.0 (X11; Ubuntu; Linux x86_64; rv:62.0) Gecko/20100101 Firefox/62.0"
149.5.209.147 - - [31/Jan/2020:04:04:00 -0500] "POST /xmlrpc.php HTTP/1.1" 200 248 "-" "Mozilla/5.0 (X11; Ubuntu; Linux x86_64; rv:62.0) Gecko/20100101 Firefox/62.0"
68.65.121.137 - - [31/Jan/2020:04:05:25 -0500] "POST /wp-cron.php?doing_wp_cron=1580461525.7361419200897216796875 HTTP/1.1" 200 - "https://www.naijadial.com/wp-cron.php?doing_wp_cron=1580461525.7361419200897216796875" "WordPress/5.3.2; https://www.naijadial.com"
193.34.232.21 - - [31/Jan/2020:04:05:25 -0500] "POST /wp-admin/admin-ajax.php HTTP/1.1" 200 98 "https://www.naijadial.com/wp-admin/post.php?post=1242&action=edit" "Mozilla/5.0 (Windows NT 6.3; Win64; x64) AppleWebKit/537.36 (KHTML, like Gecko) Chrome/79.0.3945.130 Safari/537.36"
68.65.121.137 - - [31/Jan/2020:04:07:22 -0500] "POST /wp-cron.php?doing_wp_cron=1580461642.2738029956817626953125 HTTP/1.1" 200 - "https://www.naijadial.com/wp-cron.php?doing_wp_cron=1580461642.2738029956817626953125" "WordPress/5.3.2; https://www.naijadial.com"
77.75.77.109 - - [31/Jan/2020:04:07:20 -0500] "GET /robots.txt HTTP/1.1" 200 69 "-" "Mozilla/5.0 (compatible; SeznamBot/3.2; +http://napoveda.seznam.cz/en/seznambot-intro/)"
193.34.232.21 - - [31/Jan/2020:04:07:26 -0500] "POST /wp-admin/admin-ajax.php HTTP/1.1" 200 98 "https://www.naijadial.com/wp-admin/post.php?post=1242&action=edit" "Mozilla/5.0 (Windows NT 6.3; Win64; x64) AppleWebKit/537.36 (KHTML, like Gecko) Chrome/79.0.3945.130 Safari/537.36"
2a02:598:bbbb:2::8397 - - [31/Jan/2020:04:07:30 -0500] "GET /providers-category/oil/ HTTP/1.1" 404 52350 "-" "Mozilla/5.0 (compatible; SeznamBot/3.2; +http://napoveda.seznam.cz/en/seznambot-intro/)"
68.65.121.137 - - [31/Jan/2020:04:09:27 -0500] "POST /wp-cron.php?doing_wp_cron=1580461766.9956350326538085937500 HTTP/1.1" 200 - "https://www.naijadial.com/wp-cron.php?doing_wp_cron=1580461766.9956350326538085937500" "WordPress/5.3.2; https://www.naijadial.com"
193.34.232.21 - - [31/Jan/2020:04:09:26 -0500] "POST /wp-admin/admin-ajax.php HTTP/1.1" 200 98 "https://www.naijadial.com/wp-admin/post.php?post=1242&action=edit" "Mozilla/5.0 (Windows NT 6.3; Win64; x64) AppleWebKit/537.36 (KHTML, like Gecko) Chrome/79.0.3945.130 Safari/537.36"
68.65.121.137 - - [31/Jan/2020:04:11:27 -0500] "POST /wp-cron.php?doing_wp_cron=1580461887.1808600425720214843750 HTTP/1.1" 200 - "https://www.naijadial.com/wp-cron.php?doing_wp_cron=1580461887.1808600425720214843750" "WordPress/5.3.2; https://www.naijadial.com"
193.34.232.21 - - [31/Jan/2020:04:11:26 -0500] "POST /wp-admin/admin-ajax.php HTTP/1.1" 200 98 "https://www.naijadial.com/wp-admin/post.php?post=1242&action=edit" "Mozilla/5.0 (Windows NT 6.3; Win64; x64) AppleWebKit/537.36 (KHTML, like Gecko) Chrome/79.0.3945.130 Safari/537.36"
68.65.121.137 - - [31/Jan/2020:04:13:26 -0500] "POST /wp-cron.php?doing_wp_cron=1580462006.8173069953918457031250 HTTP/1.1" 200 - "https://www.naijadial.com/wp-cron.php?doing_wp_cron=1580462006.8173069953918457031250" "WordPress/5.3.2; https://www.naijadial.com"
193.34.232.21 - - [31/Jan/2020:04:13:26 -0500] "POST /wp-admin/admin-ajax.php HTTP/1.1" 200 98 "https://www.naijadial.com/wp-admin/post.php?post=1242&action=edit" "Mozilla/5.0 (Windows NT 6.3; Win64; x64) AppleWebKit/537.36 (KHTML, like Gecko) Chrome/79.0.3945.130 Safari/537.36"
68.65.121.137 - - [31/Jan/2020:04:14:46 -0500] "POST /wp-cron.php?doing_wp_cron=1580462086.7988069057464599609375 HTTP/1.1" 200 - "https://www.naijadial.com/wp-cron.php?doing_wp_cron=1580462086.7988069057464599609375" "WordPress/5.3.2; https://www.naijadial.com"
66.249.64.132 - - [31/Jan/2020:04:14:46 -0500] "GET /robots.txt HTTP/1.1" 200 69 "-" "Mozilla/5.0 (compatible; Googlebot/2.1; +http://www.google.com/bot.html)"
66.249.64.137 - - [31/Jan/2020:04:14:47 -0500] "GET /new/sitemap-page.xml HTTP/1.1" 404 52083 "-" "Mozilla/5.0 (compatible; Googlebot/2.1; +http://www.google.com/bot.html)"
68.65.121.137 - - [31/Jan/2020:04:15:08 -0500] "POST /wp-cron.php?doing_wp_cron=1580462108.1030149459838867187500 HTTP/1.1" 200 - "https://www.naijadial.com/wp-cron.php?doing_wp_cron=1580462108.1030149459838867187500" "WordPress/5.3.2; https://www.naijadial.com"
105.112.181.1 - - [31/Jan/2020:04:15:07 -0500] "GET /account/ HTTP/1.1" 200 14157 "http://m.facebook.com/" "Mozilla/5.0 (Linux; Android 8.1.0; TECNO LA7 Pro Build/O11019; wv) AppleWebKit/537.36 (KHTML, like Gecko) Version/4.0 Chrome/79.0.3945.136 Mobile Safari/537.36 [FB_IAB/FB4A;FBAV/254.0.0.37.125;]"
68.65.121.137 - - [31/Jan/2020:04:15:17 -0500] "POST /wp-cron.php?doing_wp_cron=1580462117.5205740928649902343750 HTTP/1.1" 200 - "https://www.naijadial.com/wp-cron.php?doing_wp_cron=1580462117.5205740928649902343750" "WordPress/5.3.2; https://www.naijadial.com"
105.112.181.1 - - [31/Jan/2020:04:15:17 -0500] "GET /listingo/images/line-bar.jpg HTTP/1.1" 404 53100 "https://www.naijadial.com/naijadial/style.css?ver=3.2.2" "Mozilla/5.0 (Linux; Android 8.1.0; TECNO LA7 Pro Build/O11019; wv) AppleWebKit/537.36 (KHTML, like Gecko) Version/4.0 Chrome/79.0.3945.136 Mobile Safari/537.36 [FB_IAB/FB4A;FBAV/254.0.0.37.125;]"
105.112.181.1 - - [31/Jan/2020:04:15:17 -0500] "POST /?wc-ajax=get_refreshed_fragments HTTP/1.1" 200 210 "https://www.naijadial.com/account/" "Mozilla/5.0 (Linux; Android 8.1.0; TECNO LA7 Pro Build/O11019; wv) AppleWebKit/537.36 (KHTML, like Gecko) Version/4.0 Chrome/79.0.3945.136 Mobile Safari/537.36 [FB_IAB/FB4A;FBAV/254.0.0.37.125;]"
105.112.181.1 - - [31/Jan/2020:04:15:22 -0500] "GET /listingo/images/line-bar.jpg HTTP/1.1" 404 53100 "https://www.naijadial.com/account/" "Mozilla/5.0 (Linux; Android 8.1.0; TECNO LA7 Pro Build/O11019; wv) AppleWebKit/537.36 (KHTML, like Gecko) Version/4.0 Chrome/79.0.3945.136 Mobile Safari/537.36 [FB_IAB/FB4A;FBAV/254.0.0.37.125;]"
105.112.181.1 - - [31/Jan/2020:04:16:07 -0500] "POST /?wc-ajax=get_refreshed_fragments HTTP/1.1" 200 210 "https://www.naijadial.com/account/" "Mozilla/5.0 (Linux; Android 8.1.0; TECNO LA7 Pro) AppleWebKit/537.36 (KHTML, like Gecko) Chrome/79.0.3945.136 Mobile Safari/537.36"
68.65.121.137 - - [31/Jan/2020:04:16:13 -0500] "POST /wp-cron.php?doing_wp_cron=1580462172.7994730472564697265625 HTTP/1.1" 200 - "https://www.naijadial.com/wp-cron.php?doing_wp_cron=1580462172.7994730472564697265625" "WordPress/5.3.2; https://www.naijadial.com"
68.65.121.137 - - [31/Jan/2020:04:16:14 -0500] "POST /wp-cron.php?doing_wp_cron=1580462174.4917039871215820312500 HTTP/1.1" 200 - "https://www.naijadial.com/wp-cron.php?doing_wp_cron=1580462174.4917039871215820312500" "WordPress/5.3.2; https://www.naijadial.com"
105.112.181.1 - - [31/Jan/2020:04:16:07 -0500] "GET /listingo/images/line-bar.jpg HTTP/1.1" 404 53100 "https://www.naijadial.com/naijadial/style.css?ver=3.2.2" "Mozilla/5.0 (Linux; Android 8.1.0; TECNO LA7 Pro) AppleWebKit/537.36 (KHTML, like Gecko) Chrome/79.0.3945.136 Mobile Safari/537.36"
105.112.181.1 - - [31/Jan/2020:04:16:19 -0500] "GET /account/apple-touch-icon.png HTTP/1.1" 404 52350 "https://www.naijadial.com/account/" "Mozilla/5.0 (Linux; Android 8.1.0; TECNO LA7 Pro) AppleWebKit/537.36 (KHTML, like Gecko) Chrome/79.0.3945.136 Mobile Safari/537.36"
193.34.232.21 - - [31/Jan/2020:04:15:26 -0500] "POST /wp-admin/admin-ajax.php HTTP/1.1" 200 98 "https://www.naijadial.com/wp-admin/post.php?post=1242&action=edit" "Mozilla/5.0 (Windows NT 6.3; Win64; x64) AppleWebKit/537.36 (KHTML, like Gecko) Chrome/79.0.3945.130 Safari/537.36"
105.112.181.1 - - [31/Jan/2020:04:15:39 -0500] "GET /account/ HTTP/1.1" 200 14157 "-" "Mozilla/5.0 (Linux; Android 8.1.0; TECNO LA7 Pro) AppleWebKit/537.36 (KHTML, like Gecko) Chrome/79.0.3945.136 Mobile Safari/537.36"
2a03:2880:21ff:2c::face:b00c - - [31/Jan/2020:04:15:48 -0500] "GET /account/ HTTP/1.1" 206 14157 "-" "facebookexternalhit/1.1 (+http://www.facebook.com/externalhit_uatext.php)"
2a03:2880:23ff:1::face:b00c - - [31/Jan/2020:04:15:48 -0500] "GET /account/ HTTP/1.1" 206 14157 "-" "facebookexternalhit/1.1 (+http://www.facebook.com/externalhit_uatext.php)"
68.65.121.137 - - [31/Jan/2020:04:17:28 -0500] "POST /wp-cron.php?doing_wp_cron=1580462247.9234900474548339843750 HTTP/1.1" 200 - "https://www.naijadial.com/wp-cron.php?doing_wp_cron=1580462247.9234900474548339843750" "WordPress/5.3.2; https://www.naijadial.com"
193.34.232.21 - - [31/Jan/2020:04:17:27 -0500] "POST /wp-admin/admin-ajax.php HTTP/1.1" 200 98 "https://www.naijadial.com/wp-admin/post.php?post=1242&action=edit" "Mozilla/5.0 (Windows NT 6.3; Win64; x64) AppleWebKit/537.36 (KHTML, like Gecko) Chrome/79.0.3945.130 Safari/537.36"
68.65.121.137 - - [31/Jan/2020:04:19:29 -0500] "POST /wp-cron.php?doing_wp_cron=1580462369.4250419139862060546875 HTTP/1.1" 200 - "https://www.naijadial.com/wp-cron.php?doing_wp_cron=1580462369.4250419139862060546875" "WordPress/5.3.2; https://www.naijadial.com"
193.34.232.21 - - [31/Jan/2020:04:19:27 -0500] "POST /wp-admin/admin-ajax.php HTTP/1.1" 200 98 "https://www.naijadial.com/wp-admin/post.php?post=1242&action=edit" "Mozilla/5.0 (Windows NT 6.3; Win64; x64) AppleWebKit/537.36 (KHTML, like Gecko) Chrome/79.0.3945.130 Safari/537.36"
68.65.121.137 - - [31/Jan/2020:04:21:29 -0500] "POST /wp-cron.php?doing_wp_cron=1580462489.5608661174774169921875 HTTP/1.1" 200 - "https://www.naijadial.com/wp-cron.php?doing_wp_cron=1580462489.5608661174774169921875" "WordPress/5.3.2; https://www.naijadial.com"
193.34.232.21 - - [31/Jan/2020:04:21:27 -0500] "POST /wp-admin/admin-ajax.php HTTP/1.1" 200 98 "https://www.naijadial.com/wp-admin/post.php?post=1242&action=edit" "Mozilla/5.0 (Windows NT 6.3; Win64; x64) AppleWebKit/537.36 (KHTML, like Gecko) Chrome/79.0.3945.130 Safari/537.36"
68.65.121.137 - - [31/Jan/2020:04:22:20 -0500] "POST /wp-cron.php?doing_wp_cron=1580462539.9582839012145996093750 HTTP/1.1" 200 - "https://www.naijadial.com/wp-cron.php?doing_wp_cron=1580462539.9582839012145996093750" "WordPress/5.3.2; https://www.naijadial.com"
82.145.220.31 - - [31/Jan/2020:04:22:19 -0500] "GET /account/ HTTP/1.1" 200 14157 "-" "Opera/9.80 (Android; Opera Mini/16.0.2168/163.89; U; en) Presto/2.12.423 Version/12.16"
82.145.220.31 - - [31/Jan/2020:04:22:21 -0500] "GET /cluder/js/wp-emoji-release.min.js?ver=5.3.2 HTTP/1.1" 200 4626 "https://www.naijadial.com/account/" "Opera/9.80 (Android; Opera Mini/16.0.2168/163.89; U; en) Presto/2.12.423 Version/12.16"
82.145.220.31 - - [31/Jan/2020:04:22:22 -0500] "GET /cnt/plugins/vc-extensions-bundle/css/admin_icon.css?ver=5.3.2 HTTP/1.1" 200 1139 "https://www.naijadial.com/account/" "Opera/9.80 (Android; Opera Mini/16.0.2168/163.89; U; en) Presto/2.12.423 Version/12.16"
82.145.220.31 - - [31/Jan/2020:04:22:22 -0500] "GET /cnt/plugins/bbpress/templates/default/css/bbpress.min.css?ver=2.6.3 HTTP/1.1" 200 5241 "https://www.naijadial.com/account/" "Opera/9.80 (Android; Opera Mini/16.0.2168/163.89; U; en) Presto/2.12.423 Version/12.16"
82.145.220.31 - - [31/Jan/2020:04:22:22 -0500] "GET /cnt/plugins/mega-addons-for-visual-composer/css/ihover.css?ver=5.3.2 HTTP/1.1" 200 77665 "https://www.naijadial.com/account/" "Opera/9.80 (Android; Opera Mini/16.0.2168/163.89; U; en) Presto/2.12.423 Version/12.16"
82.145.220.31 - - [31/Jan/2020:04:22:22 -0500] "GET /cnt/plugins/contact-form-7/includes/css/styles.css?ver=5.1.6 HTTP/1.1" 200 649 "https://www.naijadial.com/account/" "Opera/9.80 (Android; Opera Mini/16.0.2168/163.89; U; en) Presto/2.12.423 Version/12.16"
82.145.220.31 - - [31/Jan/2020:04:22:22 -0500] "GET /cnt/plugins/mega-addons-for-visual-composer/css/font-awesome/css/font-awesome.css?ver=5.3.2 HTTP/1.1" 200 7439 "https://www.naijadial.com/account/" "Opera/9.80 (Android; Opera Mini/16.0.2168/163.89; U; en) Presto/2.12.423 Version/12.16"
82.145.220.31 - - [31/Jan/2020:04:22:22 -0500] "GET /cnt/plugins/bbp-style-pack/css/bspstyle.css?ver=4.3.8 HTTP/1.1" 200 2657 "https://www.naijadial.com/account/" "Opera/9.80 (Android; Opera Mini/16.0.2168/163.89; U; en) Presto/2.12.423 Version/12.16"
82.145.220.31 - - [31/Jan/2020:04:22:22 -0500] "GET /cnt/plugins/unyson/framework/extensions/breadcrumbs/static/css/style.css?ver=5.3.2 HTTP/1.1" 200 133 "https://www.naijadial.com/account/" "Opera/9.80 (Android; Opera Mini/16.0.2168/163.89; U; en) Presto/2.12.423 Version/12.16"
82.145.220.31 - - [31/Jan/2020:04:22:22 -0500] "GET /cnt/plugins/js_composer/assets/lib/bower/font-awesome/css/font-awesome.min.css?ver=6.0.5 HTTP/1.1" 200 6970 "https://www.naijadial.com/account/" "Opera/9.80 (Android; Opera Mini/16.0.2168/163.89; U; en) Presto/2.12.423 Version/12.16"
82.145.220.31 - - [31/Jan/2020:04:22:22 -0500] "GET /cnt/plugins/unyson/framework/extensions/builder/static/css/frontend-grid.css?ver=1.2.11 HTTP/1.1" 304 - "https://www.naijadial.com/account/" "Opera/9.80 (Android; Opera Mini/16.0.2168/163.89; U; en) Presto/2.12.423 Version/12.16"
82.145.220.31 - - [31/Jan/2020:04:22:23 -0500] "GET /naijadial/css/bootstrap.min.css?ver=3.2.2 HTTP/1.1" 304 - "https://www.naijadial.com/account/" "Opera/9.80 (Android; Opera Mini/16.0.2168/163.89; U; en) Presto/2.12.423 Version/12.16"
82.145.220.31 - - [31/Jan/2020:04:22:23 -0500] "GET /naijadial/css/normalize.css?ver=3.2.2 HTTP/1.1" 200 867 "https://www.naijadial.com/account/" "Opera/9.80 (Android; Opera Mini/16.0.2168/163.89; U; en) Presto/2.12.423 Version/12.16"
82.145.220.31 - - [31/Jan/2020:04:22:23 -0500] "GET /naijadial/css/scrollbar.css?ver=3.2.2 HTTP/1.1" 200 4060 "https://www.naijadial.com/account/" "Opera/9.80 (Android; Opera Mini/16.0.2168/163.89; U; en) Presto/2.12.423 Version/12.16"
82.145.220.31 - - [31/Jan/2020:04:22:23 -0500] "GET /naijadial/css/jquery-ui.css?ver=3.2.2 HTTP/1.1" 200 7036 "https://www.naijadial.com/account/" "Opera/9.80 (Android; Opera Mini/16.0.2168/163.89; U; en) Presto/2.12.423 Version/12.16"
82.145.220.31 - - [31/Jan/2020:04:22:23 -0500] "GET /naijadial/css/owl.carousel.min.css?ver=3.2.2 HTTP/1.1" 304 - "https://www.naijadial.com/account/" "Opera/9.80 (Android; Opera Mini/16.0.2168/163.89; U; en) Presto/2.12.423 Version/12.16"
82.145.220.31 - - [31/Jan/2020:04:22:23 -0500] "GET /naijadial/css/owl.theme.default.min.css?ver=3.2.2 HTTP/1.1" 200 366 "https://www.naijadial.com/account/" "Opera/9.80 (Android; Opera Mini/16.0.2168/163.89; U; en) Presto/2.12.423 Version/12.16"
82.145.220.31 - - [31/Jan/2020:04:22:23 -0500] "GET /naijadial/css/chosen.css?ver=3.2.2 HTTP/1.1" 200 2142 "https://www.naijadial.com/account/" "Opera/9.80 (Android; Opera Mini/16.0.2168/163.89; U; en) Presto/2.12.423 Version/12.16"
82.145.220.31 - - [31/Jan/2020:04:22:23 -0500] "GET /naijadial/css/jquery.countdown.css?ver=3.2.2 HTTP/1.1" 200 472 "https://www.naijadial.com/account/" "Opera/9.80 (Android; Opera Mini/16.0.2168/163.89; U; en) Presto/2.12.423 Version/12.16"
82.145.220.31 - - [31/Jan/2020:04:22:24 -0500] "GET /naijadial/css/color.css?ver=3.2.2 HTTP/1.1" 200 2884 "https://www.naijadial.com/account/" "Opera/9.80 (Android; Opera Mini/16.0.2168/163.89; U; en) Presto/2.12.423 Version/12.16"
82.145.220.31 - - [31/Jan/2020:04:22:24 -0500] "GET /naijadial/style.css?ver=3.2.2 HTTP/1.1" 200 61862 "https://www.naijadial.com/account/" "Opera/9.80 (Android; Opera Mini/16.0.2168/163.89; U; en) Presto/2.12.423 Version/12.16"
82.145.220.31 - - [31/Jan/2020:04:22:24 -0500] "GET /naijadial/css/responsive.css?ver=3.2.2 HTTP/1.1" 304 - "https://www.naijadial.com/account/" "Opera/9.80 (Android; Opera Mini/16.0.2168/163.89; U; en) Presto/2.12.423 Version/12.16"
82.145.220.31 - - [31/Jan/2020:04:22:24 -0500] "GET /naijadial/css/typo.css?ver=3.2.2 HTTP/1.1" 200 3322 "https://www.naijadial.com/account/" "Opera/9.80 (Android; Opera Mini/16.0.2168/163.89; U; en) Presto/2.12.423 Version/12.16"
82.145.220.31 - - [31/Jan/2020:04:22:24 -0500] "GET /cnt/plugins/unyson/framework/static/libs/font-awesome/css/font-awesome.min.css?ver=2.7.22 HTTP/1.1" 304 - "https://www.naijadial.com/account/" "Opera/9.80 (Android; Opera Mini/16.0.2168/163.89; U; en) Presto/2.12.423 Version/12.16"
82.145.220.31 - - [31/Jan/2020:04:22:24 -0500] "GET /naijadial/js/vendor/modernizr-2.8.3-respond-1.4.2.min.js?ver=3.2.2 HTTP/1.1" 200 8187 "https://www.naijadial.com/account/" "Opera/9.80 (Android; Opera Mini/16.0.2168/163.89; U; en) Presto/2.12.423 Version/12.16"
82.145.220.31 - - [31/Jan/2020:04:22:24 -0500] "GET /cnt/plugins/revslider/public/assets/js/rs6.min.js?ver=6.0.7 HTTP/1.1" 200 67313 "https://www.naijadial.com/account/" "Opera/9.80 (Android; Opera Mini/16.0.2168/163.89; U; en) Presto/2.12.423 Version/12.16"
82.145.220.31 - - [31/Jan/2020:04:22:25 -0500] "GET /cnt/plugins/unyson/framework/static/libs/linecons/css/linecons.css?ver=2.7.22 HTTP/1.1" 200 56006 "https://www.naijadial.com/account/" "Opera/9.80 (Android; Opera Mini/16.0.2168/163.89; U; en) Presto/2.12.423 Version/12.16"
82.145.220.31 - - [31/Jan/2020:04:22:25 -0500] "GET /cnt/plugins/revslider/public/assets/js/revolution.tools.min.js?ver=6.0 HTTP/1.1" 200 50582 "https://www.naijadial.com/account/" "Opera/9.80 (Android; Opera Mini/16.0.2168/163.89; U; en) Presto/2.12.423 Version/12.16"
82.145.220.31 - - [31/Jan/2020:04:22:25 -0500] "GET /files/2020/01/NaijaDial-Logo.png HTTP/1.1" 304 - "https://www.naijadial.com/account/" "Opera/9.80 (Android; Opera Mini/16.0.2168/163.89; U; en) Presto/2.12.423 Version/12.16"
82.145.220.31 - - [31/Jan/2020:04:22:25 -0500] "GET /cnt/plugins/unyson/framework/static/libs/typcn/css/typcn.css?ver=2.7.22 HTTP/1.1" 200 3998 "https://www.naijadial.com/account/" "Opera/9.80 (Android; Opera Mini/16.0.2168/163.89; U; en) Presto/2.12.423 Version/12.16"
82.145.220.31 - - [31/Jan/2020:04:22:25 -0500] "GET /files/2019/12/NaijaDial-Logo.png HTTP/1.1" 304 - "https://www.naijadial.com/account/" "Opera/9.80 (Android; Opera Mini/16.0.2168/163.89; U; en) Presto/2.12.423 Version/12.16"
82.145.220.31 - - [31/Jan/2020:04:22:25 -0500] "GET /cnt/plugins/unyson/framework/static/js/fw-form-helpers.js?ver=5.3.2 HTTP/1.1" 200 2525 "https://www.naijadial.com/account/" "Opera/9.80 (Android; Opera Mini/16.0.2168/163.89; U; en) Presto/2.12.423 Version/12.16"
82.145.220.31 - - [31/Jan/2020:04:22:25 -0500] "GET /cnt/plugins/mega-addons-for-visual-composer/js/script.js?ver=5.3.2 HTTP/1.1" 200 1017 "https://www.naijadial.com/account/" "Opera/9.80 (Android; Opera Mini/16.0.2168/163.89; U; en) Presto/2.12.423 Version/12.16"
82.145.220.31 - - [31/Jan/2020:04:22:26 -0500] "GET /naijadial/js/owl.carousel.min.js?ver=3.2.2 HTTP/1.1" 200 10584 "https://www.naijadial.com/account/" "Opera/9.80 (Android; Opera Mini/16.0.2168/163.89; U; en) Presto/2.12.423 Version/12.16"
82.145.220.31 - - [31/Jan/2020:04:22:26 -0500] "GET /naijadial/js/vendor/bootstrap.min.js?ver=3.2.2 HTTP/1.1" 200 9838 "https://www.naijadial.com/account/" "Opera/9.80 (Android; Opera Mini/16.0.2168/163.89; U; en) Presto/2.12.423 Version/12.16"
82.145.220.31 - - [31/Jan/2020:04:22:26 -0500] "GET /cnt/plugins/unyson/framework/static/libs/entypo/css/entypo.css?ver=2.7.22 HTTP/1.1" 200 3542 "https://www.naijadial.com/account/" "Opera/9.80 (Android; Opera Mini/16.0.2168/163.89; U; en) Presto/2.12.423 Version/12.16"
82.145.220.31 - - [31/Jan/2020:04:22:26 -0500] "GET /naijadial/js/appear.js?ver=5.3.2 HTTP/1.1" 304 - "https://www.naijadial.com/account/" "Opera/9.80 (Android; Opera Mini/16.0.2168/163.89; U; en) Presto/2.12.423 Version/12.16"
82.145.220.31 - - [31/Jan/2020:04:22:26 -0500] "GET /naijadial/js/parallax.js?ver=5.3.2 HTTP/1.1" 200 2230 "https://www.naijadial.com/account/" "Opera/9.80 (Android; Opera Mini/16.0.2168/163.89; U; en) Presto/2.12.423 Version/12.16"
82.145.220.31 - - [31/Jan/2020:04:22:26 -0500] "GET /naijadial/js/datetimepicker.js?ver=3.2.2 HTTP/1.1" 304 - "https://www.naijadial.com/account/" "Opera/9.80 (Android; Opera Mini/16.0.2168/163.89; U; en) Presto/2.12.423 Version/12.16"
82.145.220.31 - - [31/Jan/2020:04:22:26 -0500] "GET /cnt/plugins/contact-form-7/includes/js/scripts.js?ver=5.1.6 HTTP/1.1" 200 3993 "https://www.naijadial.com/account/" "Opera/9.80 (Android; Opera Mini/16.0.2168/163.89; U; en) Presto/2.12.423 Version/12.16"
82.145.220.31 - - [31/Jan/2020:04:22:26 -0500] "GET /naijadial/js/gmap3.min.js?ver=5.3.2 HTTP/1.1" 200 8728 "https://www.naijadial.com/account/" "Opera/9.80 (Android; Opera Mini/16.0.2168/163.89; U; en) Presto/2.12.423 Version/12.16"
82.145.220.31 - - [31/Jan/2020:04:22:27 -0500] "GET /cnt/plugins/gd-bbpress-toolbox/templates/default/css/widgets.min.css?ver=5.2.1.712 HTTP/1.1" 200 517 "https://www.naijadial.com/account/" "Opera/9.80 (Android; Opera Mini/16.0.2168/163.89; U; en) Presto/2.12.423 Version/12.16"
82.145.220.31 - - [31/Jan/2020:04:22:27 -0500] "GET /cnt/plugins/js_composer/assets/js/vendors/woocommerce-add-to-cart.js?ver=6.0.5 HTTP/1.1" 200 374 "https://www.naijadial.com/account/" "Opera/9.80 (Android; Opera Mini/16.0.2168/163.89; U; en) Presto/2.12.423 Version/12.16"
82.145.220.31 - - [31/Jan/2020:04:22:27 -0500] "GET /cnt/plugins/unyson/framework/extensions/forms/static/css/frontend.css?ver=2.7.22 HTTP/1.1" 200 1645 "https://www.naijadial.com/account/" "Opera/9.80 (Android; Opera Mini/16.0.2168/163.89; U; en) Presto/2.12.423 Version/12.16"
82.145.220.31 - - [31/Jan/2020:04:22:27 -0500] "GET /naijadial/js/chosen.jquery.js?ver=3.2.2 HTTP/1.1" 200 7411 "https://www.naijadial.com/account/" "Opera/9.80 (Android; Opera Mini/16.0.2168/163.89; U; en) Presto/2.12.423 Version/12.16"
82.145.220.31 - - [31/Jan/2020:04:22:27 -0500] "GET /naijadial/css/datetimepicker.css?ver=3.2.2 HTTP/1.1" 304 - "https://www.naijadial.com/account/" "Opera/9.80 (Android; Opera Mini/16.0.2168/163.89; U; en) Presto/2.12.423 Version/12.16"
82.145.220.31 - - [31/Jan/2020:04:22:27 -0500] "GET /naijadial/js/listingo_callbacks.js?ver=3.2.2 HTTP/1.1" 200 14766 "https://www.naijadial.com/account/" "Opera/9.80 (Android; Opera Mini/16.0.2168/163.89; U; en) Presto/2.12.423 Version/12.16"
82.145.220.31 - - [31/Jan/2020:04:22:27 -0500] "GET /naijadial/css/chat_module.css?ver=3.2.2 HTTP/1.1" 304 - "https://www.naijadial.com/account/" "Opera/9.80 (Android; Opera Mini/16.0.2168/163.89; U; en) Presto/2.12.423 Version/12.16"
82.145.220.31 - - [31/Jan/2020:04:22:27 -0500] "GET /naijadial/css/linearicons.css?ver=3.2.2 HTTP/1.1" 200 1610 "https://www.naijadial.com/account/" "Opera/9.80 (Android; Opera Mini/16.0.2168/163.89; U; en) Presto/2.12.423 Version/12.16"
82.145.220.31 - - [31/Jan/2020:04:22:27 -0500] "GET /cnt/plugins/unyson/framework/static/libs/lnr/css/lnr.css?ver=2.7.22 HTTP/1.1" 200 1660 "https://www.naijadial.com/account/" "Opera/9.80 (Android; Opera Mini/16.0.2168/163.89; U; en) Presto/2.12.423 Version/12.16"
82.145.220.31 - - [31/Jan/2020:04:22:27 -0500] "GET /naijadial/js/jquery.countdown.js?ver=3.2.2 HTTP/1.1" 200 600 "https://www.naijadial.com/account/" "Opera/9.80 (Android; Opera Mini/16.0.2168/163.89; U; en) Presto/2.12.423 Version/12.16"
82.145.220.31 - - [31/Jan/2020:04:22:27 -0500] "GET /files/so-css/so-css-listingo.css?ver=1580144791 HTTP/1.1" 304 - "https://www.naijadial.com/account/" "Opera/9.80 (Android; Opera Mini/16.0.2168/163.89; U; en) Presto/2.12.423 Version/12.16"
82.145.220.31 - - [31/Jan/2020:04:22:28 -0500] "GET /cnt/plugins/js_composer/assets/js/dist/js_composer_front.min.js?ver=6.0.5 HTTP/1.1" 304 - "https://www.naijadial.com/account/" "Opera/9.80 (Android; Opera Mini/16.0.2168/163.89; U; en) Presto/2.12.423 Version/12.16"
82.145.220.31 - - [31/Jan/2020:04:22:28 -0500] "GET /naijadial/js/jquery.auto-complete.js?ver=3.2.2 HTTP/1.1" 200 1493 "https://www.naijadial.com/account/" "Opera/9.80 (Android; Opera Mini/16.0.2168/163.89; U; en) Presto/2.12.423 Version/12.16"
82.145.220.31 - - [31/Jan/2020:04:22:28 -0500] "GET /naijadial/css/prettyPhoto.css?ver=3.2.2 HTTP/1.1" 200 2777 "https://www.naijadial.com/account/" "Opera/9.80 (Android; Opera Mini/16.0.2168/163.89; U; en) Presto/2.12.423 Version/12.16"
82.145.220.31 - - [31/Jan/2020:04:22:28 -0500] "GET /cnt/plugins/js_composer/assets/css/js_composer.min.css?ver=6.0.5 HTTP/1.1" 200 45758 "https://www.naijadial.com/account/" "Opera/9.80 (Android; Opera Mini/16.0.2168/163.89; U; en) Presto/2.12.423 Version/12.16"
82.145.220.31 - - [31/Jan/2020:04:22:28 -0500] "GET /cnt/plugins/unyson/framework/static/libs/unycon/unycon.css?ver=2.7.22 HTTP/1.1" 200 6088 "https://www.naijadial.com/account/" "Opera/9.80 (Android; Opera Mini/16.0.2168/163.89; U; en) Presto/2.12.423 Version/12.16"
82.145.220.31 - - [31/Jan/2020:04:22:28 -0500] "GET /naijadial/js/tipso.min.js?ver=5.3.2 HTTP/1.1" 200 2989 "https://www.naijadial.com/account/" "Opera/9.80 (Android; Opera Mini/16.0.2168/163.89; U; en) Presto/2.12.423 Version/12.16"
82.145.220.31 - - [31/Jan/2020:04:22:28 -0500] "GET /naijadial/css/transitions.css?ver=3.2.2 HTTP/1.1" 200 1476 "https://www.naijadial.com/account/" "Opera/9.80 (Android; Opera Mini/16.0.2168/163.89; U; en) Presto/2.12.423 Version/12.16"
82.145.220.31 - - [31/Jan/2020:04:22:28 -0500] "GET /cnt/plugins/listingo_core/public/js/system-public.js?ver=3.2.1 HTTP/1.1" 200 1605 "https://www.naijadial.com/account/" "Opera/9.80 (Android; Opera Mini/16.0.2168/163.89; U; en) Presto/2.12.423 Version/12.16"
82.145.220.31 - - [31/Jan/2020:04:22:28 -0500] "GET /naijadial/js/scrollbar.min.js?ver=3.2.2 HTTP/1.1" 200 12947 "https://www.naijadial.com/account/" "Opera/9.80 (Android; Opera Mini/16.0.2168/163.89; U; en) Presto/2.12.423 Version/12.16"
82.145.220.31 - - [31/Jan/2020:04:22:28 -0500] "GET /naijadial/js/countTo.js?ver=5.3.2 HTTP/1.1" 304 - "https://www.naijadial.com/account/" "Opera/9.80 (Android; Opera Mini/16.0.2168/163.89; U; en) Presto/2.12.423 Version/12.16"
82.145.220.31 - - [31/Jan/2020:04:22:29 -0500] "GET /naijadial/js/countTo.js?ver=5.3.2 HTTP/1.1" 200 725 "https://www.naijadial.com/account/" "Opera/9.80 (Android; Opera Mini/16.0.2168/163.89; U; en) Presto/2.12.423 Version/12.16"
82.145.220.31 - - [31/Jan/2020:04:22:30 -0500] "GET /favicon.ico HTTP/1.1" 200 - "https://www.naijadial.com/account/" "Opera/9.80 (Android; Opera Mini/16.0.2168/163.89; U; en) Presto/2.12.423 Version/12.16"
82.145.220.31 - - [31/Jan/2020:04:22:30 -0500] "GET /cnt/plugins/js_composer/assets/lib/bower/font-awesome/fonts/fontawesome-webfont.woff?v=4.7.0 HTTP/1.1" 200 98024 "https://www.naijadial.com/account/" "Opera/9.80 (Android; Opera Mini/16.0.2168/163.89; U; en) Presto/2.12.423 Version/12.16"
82.145.220.31 - - [31/Jan/2020:04:22:30 -0500] "GET /naijadial/fonts/Linearicons-Free.woff?w118d HTTP/1.1" 200 55696 "https://www.naijadial.com/account/" "Opera/9.80 (Android; Opera Mini/16.0.2168/163.89; U; en) Presto/2.12.423 Version/12.16"
82.145.220.31 - - [31/Jan/2020:04:22:30 -0500] "GET /listingo/images/line-bar.jpg HTTP/1.1" 404 53100 "https://www.naijadial.com/account/" "Opera/9.80 (Android; Opera Mini/16.0.2168/163.89; U; en) Presto/2.12.423 Version/12.16"
82.145.220.31 - - [31/Jan/2020:04:22:31 -0500] "GET /listingo/images/line-bar.jpg HTTP/1.1" 404 53100 "https://www.naijadial.com/account/" "Opera/9.80 (Android; Opera Mini/16.0.2168/163.89; U; en) Presto/2.12.423 Version/12.16"
82.145.220.31 - - [31/Jan/2020:04:22:32 -0500] "GET /cnt/plugins/unyson/framework/static/libs/font-awesome/fonts/fontawesome-webfont.woff?v=4.7.0 HTTP/1.1" 200 98024 "https://www.naijadial.com/account/" "Opera/9.80 (Android; Opera Mini/16.0.2168/163.89; U; en) Presto/2.12.423 Version/12.16"
82.145.220.31 - - [31/Jan/2020:04:22:32 -0500] "GET /listingo/images/line-bar.jpg HTTP/1.1" 404 53100 "https://www.naijadial.com/account/" "Opera/9.80 (Android; Opera Mini/16.0.2168/163.89; U; en) Presto/2.12.423 Version/12.16"
82.145.220.31 - - [31/Jan/2020:04:22:33 -0500] "GET /cluder/js/dist/vendor/wp-polyfill-fetch.min.js?ver=3.0.0 HTTP/1.1" 200 2729 "https://www.naijadial.com/account/" "Opera/9.80 (Android; Opera Mini/16.0.2168/163.89; U; en) Presto/2.12.423 Version/12.16"
82.145.220.31 - - [31/Jan/2020:04:22:32 -0500] "GET /listingo/images/line-bar.jpg HTTP/1.1" 404 53100 "https://www.naijadial.com/account/" "Opera/9.80 (Android; Opera Mini/16.0.2168/163.89; U; en) Presto/2.12.423 Version/12.16"
82.145.220.31 - - [31/Jan/2020:04:22:34 -0500] "GET /cluder/js/dist/vendor/wp-polyfill-formdata.min.js?ver=3.0.12 HTTP/1.1" 200 2754 "https://www.naijadial.com/account/" "Opera/9.80 (Android; Opera Mini/16.0.2168/163.89; U; en) Presto/2.12.423 Version/12.16"
82.145.220.31 - - [31/Jan/2020:04:22:34 -0500] "GET /cluder/js/dist/vendor/wp-polyfill-element-closest.min.js?ver=2.0.2 HTTP/1.1" 200 253 "https://www.naijadial.com/account/" "Opera/9.80 (Android; Opera Mini/16.0.2168/163.89; U; en) Presto/2.12.423 Version/12.16"
82.145.220.31 - - [31/Jan/2020:04:22:34 -0500] "GET /listingo/images/line-bar.jpg HTTP/1.1" 404 53100 "https://www.naijadial.com/account/" "Opera/9.80 (Android; Opera Mini/16.0.2168/163.89; U; en) Presto/2.12.423 Version/12.16"
82.145.220.31 - - [31/Jan/2020:04:22:35 -0500] "GET /listingo/images/line-bar.jpg HTTP/1.1" 404 53100 "https://www.naijadial.com/account/" "Opera/9.80 (Android; Opera Mini/16.0.2168/163.89; U; en) Presto/2.12.423 Version/12.16"
82.145.220.31 - - [31/Jan/2020:04:22:35 -0500] "GET /listingo/images/line-bar.jpg HTTP/1.1" 404 53100 "https://www.naijadial.com/account/" "Opera/9.80 (Android; Opera Mini/16.0.2168/163.89; U; en) Presto/2.12.423 Version/12.16"
82.145.220.31 - - [31/Jan/2020:04:22:36 -0500] "POST /?wc-ajax=get_refreshed_fragments HTTP/1.1" 200 210 "https://www.naijadial.com/account/" "Opera/9.80 (Android; Opera Mini/16.0.2168/163.89; U; en) Presto/2.12.423 Version/12.16"
82.145.220.31 - - [31/Jan/2020:04:22:37 -0500] "GET /listingo/images/line-bar.jpg HTTP/1.1" 404 53100 "https://www.naijadial.com/account/" "Opera/9.80 (Android; Opera Mini/16.0.2168/163.89; U; en) Presto/2.12.423 Version/12.16"
