41.190.3.148 - - [30/Jan/2020:19:19:37 -0500] "GET /?key=eb7809d0a7d5758544a73f4f9a3bba3f&verifyemail=usmanfalalu01%40hotmail.com HTTP/1.1" 200 25201 "https://outlook.live.com/" "Mozilla/5.0 (Linux; Android 7.0; TECNO WX3P Build/NRD90M) AppleWebKit/537.36 (KHTML, like Gecko) Chrome/69.0.3497.100 Mobile Safari/537.36"
41.190.3.148 - - [30/Jan/2020:19:19:43 -0500] "GET /listingo/images/line-bar.jpg HTTP/1.1" 404 55949 "https://www.naijadial.com/naijadial/style.css?ver=3.2.2" "Mozilla/5.0 (Linux; Android 7.0; TECNO WX3P Build/NRD90M) AppleWebKit/537.36 (KHTML, like Gecko) Chrome/69.0.3497.100 Mobile Safari/537.36"
41.190.3.148 - - [30/Jan/2020:19:19:48 -0500] "POST /?wc-ajax=get_refreshed_fragments HTTP/1.1" 200 210 "https://www.naijadial.com/?key=eb7809d0a7d5758544a73f4f9a3bba3f&verifyemail=usmanfalalu01%40hotmail.com" "Mozilla/5.0 (Linux; Android 7.0; TECNO WX3P Build/NRD90M) AppleWebKit/537.36 (KHTML, like Gecko) Chrome/69.0.3497.100 Mobile Safari/537.36"
41.190.3.148 - - [30/Jan/2020:19:19:58 -0500] "GET /apple-touch-icon.png HTTP/1.1" 404 55199 "https://www.naijadial.com/?key=eb7809d0a7d5758544a73f4f9a3bba3f&verifyemail=usmanfalalu01%40hotmail.com" "Mozilla/5.0 (Linux; Android 7.0; TECNO WX3P Build/NRD90M) AppleWebKit/537.36 (KHTML, like Gecko) Chrome/69.0.3497.100 Mobile Safari/537.36"
68.65.121.137 - - [30/Jan/2020:19:20:15 -0500] "POST /wp-cron.php?doing_wp_cron=1580430015.0291159152984619140625 HTTP/1.1" 200 - "https://www.naijadial.com/wp-cron.php?doing_wp_cron=1580430015.0291159152984619140625" "WordPress/5.3.2; https://www.naijadial.com"
41.190.3.148 - - [30/Jan/2020:19:20:14 -0500] "GET / HTTP/1.1" 200 25140 "https://www.naijadial.com/?key=eb7809d0a7d5758544a73f4f9a3bba3f&verifyemail=usmanfalalu01%40hotmail.com" "Mozilla/5.0 (Linux; Android 7.0; TECNO WX3P Build/NRD90M) AppleWebKit/537.36 (KHTML, like Gecko) Chrome/69.0.3497.100 Mobile Safari/537.36"
41.190.3.148 - - [30/Jan/2020:19:20:19 -0500] "GET /listingo/images/line-bar.jpg HTTP/1.1" 404 55949 "https://www.naijadial.com/naijadial/style.css?ver=3.2.2" "Mozilla/5.0 (Linux; Android 7.0; TECNO WX3P Build/NRD90M) AppleWebKit/537.36 (KHTML, like Gecko) Chrome/69.0.3497.100 Mobile Safari/537.36"
41.190.3.148 - - [30/Jan/2020:19:20:23 -0500] "POST /?wc-ajax=get_refreshed_fragments HTTP/1.1" 200 210 "https://www.naijadial.com/" "Mozilla/5.0 (Linux; Android 7.0; TECNO WX3P Build/NRD90M) AppleWebKit/537.36 (KHTML, like Gecko) Chrome/69.0.3497.100 Mobile Safari/537.36"
68.65.121.137 - - [30/Jan/2020:19:30:08 -0500] "POST /wp-cron.php?doing_wp_cron=1580430608.0637660026550292968750 HTTP/1.1" 200 - "https://www.naijadial.com/wp-cron.php?doing_wp_cron=1580430608.0637660026550292968750" "WordPress/5.3.2; https://www.naijadial.com"
66.249.64.137 - - [30/Jan/2020:19:30:06 -0500] "GET /robots.txt HTTP/1.1" 200 69 "-" "Mozilla/5.0 (compatible; Googlebot/2.1; +http://www.google.com/bot.html)"
66.249.64.137 - - [30/Jan/2020:19:30:09 -0500] "GET /new/sub_category/builder/ HTTP/1.1" 404 52861 "-" "Mozilla/5.0 (Linux; Android 6.0.1; Nexus 5X Build/MMB29P) AppleWebKit/537.36 (KHTML, like Gecko) Chrome/41.0.2272.96 Mobile Safari/537.36 (compatible; Googlebot/2.1; +http://www.google.com/bot.html)"
68.65.121.137 - - [30/Jan/2020:19:37:41 -0500] "POST /wp-cron.php?doing_wp_cron=1580431060.9403040409088134765625 HTTP/1.1" 200 - "https://www.naijadial.com/wp-cron.php?doing_wp_cron=1580431060.9403040409088134765625" "WordPress/5.3.2; https://www.naijadial.com"
178.128.90.9 - - [30/Jan/2020:19:37:38 -0500] "GET /wp-login.php HTTP/1.1" 200 1966 "-" "Mozilla/5.0 (X11; Ubuntu; Linux x86_64; rv:62.0) Gecko/20100101 Firefox/62.0"
178.128.90.9 - - [30/Jan/2020:19:37:47 -0500] "POST /wp-login.php HTTP/1.1" 200 4332 "-" "Mozilla/5.0 (X11; Ubuntu; Linux x86_64; rv:62.0) Gecko/20100101 Firefox/62.0"
178.128.90.9 - - [30/Jan/2020:19:37:48 -0500] "POST /xmlrpc.php HTTP/1.1" 200 247 "-" "Mozilla/5.0 (X11; Ubuntu; Linux x86_64; rv:62.0) Gecko/20100101 Firefox/62.0"
68.65.121.137 - - [30/Jan/2020:20:16:59 -0500] "POST /wp-cron.php?doing_wp_cron=1580433419.3561561107635498046875 HTTP/1.1" 200 - "https://www.naijadial.com/wp-cron.php?doing_wp_cron=1580433419.3561561107635498046875" "WordPress/5.3.2; https://www.naijadial.com"
35.185.133.141 - - [30/Jan/2020:20:16:57 -0500] "GET /wp-login.php HTTP/1.1" 200 1761 "-" "Mozilla/5.0 (X11; Ubuntu; Linux x86_64; rv:62.0) Gecko/20100101 Firefox/62.0"
35.185.133.141 - - [30/Jan/2020:20:17:00 -0500] "POST /wp-login.php HTTP/1.1" 200 4333 "-" "Mozilla/5.0 (X11; Ubuntu; Linux x86_64; rv:62.0) Gecko/20100101 Firefox/62.0"
35.185.133.141 - - [30/Jan/2020:20:17:01 -0500] "POST /xmlrpc.php HTTP/1.1" 200 248 "-" "Mozilla/5.0 (X11; Ubuntu; Linux x86_64; rv:62.0) Gecko/20100101 Firefox/62.0"
66.249.64.137 - - [30/Jan/2020:20:18:34 -0500] "GET /new/sitemap-sp_reviews.xml HTTP/1.1" 404 52083 "-" "Mozilla/5.0 (compatible; Googlebot/2.1; +http://www.google.com/bot.html)"
68.65.121.137 - - [30/Jan/2020:20:18:35 -0500] "POST /wp-cron.php?doing_wp_cron=1580433515.7129189968109130859375 HTTP/1.1" 200 - "https://www.naijadial.com/wp-cron.php?doing_wp_cron=1580433515.7129189968109130859375" "WordPress/5.3.2; https://www.naijadial.com"
91.121.79.16 - - [30/Jan/2020:20:18:53 -0500] "GET /?xxxxxxxxxxxx_loads=1&xxxxxxxxxxxx_filename=info.txt&xxxxxxxxxxxx_filecontent=INF0 HTTP/1.1" 301 - "-" "Mozilla/5.0 (Windows NT 6.3; Win64; x64; rv:56.0) Gecko sape /20100101 Firefox/56.0"
91.121.79.16 - - [30/Jan/2020:20:18:53 -0500] "GET /?xxxxxxxxxxxx_loads=1&xxxxxxxxxxxx_filename=info.txt&xxxxxxxxxxxx_filecontent=INF0 HTTP/1.1" 200 24591 "-" "Mozilla/5.0 (Windows NT 6.3; Win64; x64; rv:56.0) Gecko sape /20100101 Firefox/56.0"
149.202.146.226 - - [30/Jan/2020:20:18:56 -0500] "GET /wp-includes/wp-tmp.php HTTP/1.1" 301 - "-" "Mozilla/5.0 (Windows NT 6.1; WOW64) AppleWebKit/537.36 (KHTML, like Gecko) Chrome/41.0.2227.0 Safari/537.36"
149.202.146.226 - - [30/Jan/2020:20:18:57 -0500] "GET /cluder/wp-tmp.php HTTP/1.1" 404 52350 "-" "Mozilla/5.0 (Windows NT 6.1; WOW64) AppleWebKit/537.36 (KHTML, like Gecko) Chrome/41.0.2227.0 Safari/537.36"
66.249.64.132 - - [30/Jan/2020:20:23:28 -0500] "GET /new/construction-renovation/adekunle-onabekun/ HTTP/1.1" 404 52861 "-" "Mozilla/5.0 (Linux; Android 6.0.1; Nexus 5X Build/MMB29P) AppleWebKit/537.36 (KHTML, like Gecko) Chrome/41.0.2272.96 Mobile Safari/537.36 (compatible; Googlebot/2.1; +http://www.google.com/bot.html)"
68.65.121.137 - - [30/Jan/2020:20:23:30 -0500] "POST /wp-cron.php?doing_wp_cron=1580433810.3269588947296142578125 HTTP/1.1" 200 - "https://www.naijadial.com/wp-cron.php?doing_wp_cron=1580433810.3269588947296142578125" "WordPress/5.3.2; https://www.naijadial.com"
68.65.121.137 - - [30/Jan/2020:20:24:35 -0500] "POST /wp-cron.php?doing_wp_cron=1580433874.9555940628051757812500 HTTP/1.1" 200 - "https://www.naijadial.com/wp-cron.php?doing_wp_cron=1580433874.9555940628051757812500" "WordPress/5.3.2; https://www.naijadial.com"
105.112.38.113 - - [30/Jan/2020:20:24:34 -0500] "GET /account/ HTTP/1.1" 200 14158 "-" "Mozilla/5.0 (Linux; Android 9; SAMSUNG SM-A205F Build/PPR1.180610.011) AppleWebKit/537.36 (KHTML, like Gecko) SamsungBrowser/9.4 Chrome/67.0.3396.87 Mobile Safari/537.36"
105.112.38.113 - - [30/Jan/2020:20:24:37 -0500] "GET /cnt/plugins/vc-extensions-bundle/css/admin_icon.css?ver=5.3.2 HTTP/1.1" 304 - "https://www.naijadial.com/account/" "Mozilla/5.0 (Linux; Android 9; SAMSUNG SM-A205F Build/PPR1.180610.011) AppleWebKit/537.36 (KHTML, like Gecko) SamsungBrowser/9.4 Chrome/67.0.3396.87 Mobile Safari/537.36"
105.112.38.113 - - [30/Jan/2020:20:24:37 -0500] "GET /cnt/plugins/bbpress/templates/default/css/bbpress.min.css?ver=2.6.3 HTTP/1.1" 304 - "https://www.naijadial.com/account/" "Mozilla/5.0 (Linux; Android 9; SAMSUNG SM-A205F Build/PPR1.180610.011) AppleWebKit/537.36 (KHTML, like Gecko) SamsungBrowser/9.4 Chrome/67.0.3396.87 Mobile Safari/537.36"
105.112.38.113 - - [30/Jan/2020:20:24:37 -0500] "GET /cnt/plugins/mega-addons-for-visual-composer/css/ihover.css?ver=5.3.2 HTTP/1.1" 304 - "https://www.naijadial.com/account/" "Mozilla/5.0 (Linux; Android 9; SAMSUNG SM-A205F Build/PPR1.180610.011) AppleWebKit/537.36 (KHTML, like Gecko) SamsungBrowser/9.4 Chrome/67.0.3396.87 Mobile Safari/537.36"
105.112.38.113 - - [30/Jan/2020:20:24:37 -0500] "GET /cnt/plugins/unyson/framework/extensions/builder/static/css/frontend-grid.css?ver=1.2.11 HTTP/1.1" 304 - "https://www.naijadial.com/account/" "Mozilla/5.0 (Linux; Android 9; SAMSUNG SM-A205F Build/PPR1.180610.011) AppleWebKit/537.36 (KHTML, like Gecko) SamsungBrowser/9.4 Chrome/67.0.3396.87 Mobile Safari/537.36"
105.112.38.113 - - [30/Jan/2020:20:24:37 -0500] "GET /cnt/plugins/contact-form-7/includes/css/styles.css?ver=5.1.6 HTTP/1.1" 304 - "https://www.naijadial.com/account/" "Mozilla/5.0 (Linux; Android 9; SAMSUNG SM-A205F Build/PPR1.180610.011) AppleWebKit/537.36 (KHTML, like Gecko) SamsungBrowser/9.4 Chrome/67.0.3396.87 Mobile Safari/537.36"
105.112.38.113 - - [30/Jan/2020:20:24:37 -0500] "GET /naijadial/css/normalize.css?ver=3.2.2 HTTP/1.1" 304 - "https://www.naijadial.com/account/" "Mozilla/5.0 (Linux; Android 9; SAMSUNG SM-A205F Build/PPR1.180610.011) AppleWebKit/537.36 (KHTML, like Gecko) SamsungBrowser/9.4 Chrome/67.0.3396.87 Mobile Safari/537.36"
105.112.38.113 - - [30/Jan/2020:20:24:37 -0500] "GET /cnt/plugins/mega-addons-for-visual-composer/css/style.css?ver=5.3.2 HTTP/1.1" 304 - "https://www.naijadial.com/account/" "Mozilla/5.0 (Linux; Android 9; SAMSUNG SM-A205F Build/PPR1.180610.011) AppleWebKit/537.36 (KHTML, like Gecko) SamsungBrowser/9.4 Chrome/67.0.3396.87 Mobile Safari/537.36"
105.112.38.113 - - [30/Jan/2020:20:24:37 -0500] "GET /cnt/plugins/js_composer/assets/lib/bower/font-awesome/css/font-awesome.min.css?ver=6.0.5 HTTP/1.1" 304 - "https://www.naijadial.com/account/" "Mozilla/5.0 (Linux; Android 9; SAMSUNG SM-A205F Build/PPR1.180610.011) AppleWebKit/537.36 (KHTML, like Gecko) SamsungBrowser/9.4 Chrome/67.0.3396.87 Mobile Safari/537.36"
105.112.38.113 - - [30/Jan/2020:20:24:37 -0500] "GET /cnt/plugins/unyson/framework/extensions/forms/static/css/frontend.css?ver=2.7.22 HTTP/1.1" 304 - "https://www.naijadial.com/account/" "Mozilla/5.0 (Linux; Android 9; SAMSUNG SM-A205F Build/PPR1.180610.011) AppleWebKit/537.36 (KHTML, like Gecko) SamsungBrowser/9.4 Chrome/67.0.3396.87 Mobile Safari/537.36"
105.112.38.113 - - [30/Jan/2020:20:24:37 -0500] "GET /naijadial/css/linearicons.css?ver=3.2.2 HTTP/1.1" 304 - "https://www.naijadial.com/account/" "Mozilla/5.0 (Linux; Android 9; SAMSUNG SM-A205F Build/PPR1.180610.011) AppleWebKit/537.36 (KHTML, like Gecko) SamsungBrowser/9.4 Chrome/67.0.3396.87 Mobile Safari/537.36"
105.112.38.113 - - [30/Jan/2020:20:24:37 -0500] "GET /cnt/plugins/revslider/public/assets/css/rs6.css?ver=6.0.7 HTTP/1.1" 304 - "https://www.naijadial.com/account/" "Mozilla/5.0 (Linux; Android 9; SAMSUNG SM-A205F Build/PPR1.180610.011) AppleWebKit/537.36 (KHTML, like Gecko) SamsungBrowser/9.4 Chrome/67.0.3396.87 Mobile Safari/537.36"
105.112.38.113 - - [30/Jan/2020:20:24:37 -0500] "GET /naijadial/css/color.css?ver=3.2.2 HTTP/1.1" 304 - "https://www.naijadial.com/account/" "Mozilla/5.0 (Linux; Android 9; SAMSUNG SM-A205F Build/PPR1.180610.011) AppleWebKit/537.36 (KHTML, like Gecko) SamsungBrowser/9.4 Chrome/67.0.3396.87 Mobile Safari/537.36"
105.112.38.113 - - [30/Jan/2020:20:24:37 -0500] "GET /naijadial/css/transitions.css?ver=3.2.2 HTTP/1.1" 304 - "https://www.naijadial.com/account/" "Mozilla/5.0 (Linux; Android 9; SAMSUNG SM-A205F Build/PPR1.180610.011) AppleWebKit/537.36 (KHTML, like Gecko) SamsungBrowser/9.4 Chrome/67.0.3396.87 Mobile Safari/537.36"
105.112.38.113 - - [30/Jan/2020:20:24:37 -0500] "GET /naijadial/css/jquery.countdown.css?ver=3.2.2 HTTP/1.1" 304 - "https://www.naijadial.com/account/" "Mozilla/5.0 (Linux; Android 9; SAMSUNG SM-A205F Build/PPR1.180610.011) AppleWebKit/537.36 (KHTML, like Gecko) SamsungBrowser/9.4 Chrome/67.0.3396.87 Mobile Safari/537.36"
105.112.38.113 - - [30/Jan/2020:20:24:37 -0500] "GET /naijadial/css/jquery-ui.css?ver=3.2.2 HTTP/1.1" 304 - "https://www.naijadial.com/account/" "Mozilla/5.0 (Linux; Android 9; SAMSUNG SM-A205F Build/PPR1.180610.011) AppleWebKit/537.36 (KHTML, like Gecko) SamsungBrowser/9.4 Chrome/67.0.3396.87 Mobile Safari/537.36"
105.112.38.113 - - [30/Jan/2020:20:24:37 -0500] "GET /naijadial/css/bootstrap.min.css?ver=3.2.2 HTTP/1.1" 304 - "https://www.naijadial.com/account/" "Mozilla/5.0 (Linux; Android 9; SAMSUNG SM-A205F Build/PPR1.180610.011) AppleWebKit/537.36 (KHTML, like Gecko) SamsungBrowser/9.4 Chrome/67.0.3396.87 Mobile Safari/537.36"
105.112.38.113 - - [30/Jan/2020:20:24:37 -0500] "GET /naijadial/css/owl.theme.default.min.css?ver=3.2.2 HTTP/1.1" 304 - "https://www.naijadial.com/account/" "Mozilla/5.0 (Linux; Android 9; SAMSUNG SM-A205F Build/PPR1.180610.011) AppleWebKit/537.36 (KHTML, like Gecko) SamsungBrowser/9.4 Chrome/67.0.3396.87 Mobile Safari/537.36"
105.112.38.113 - - [30/Jan/2020:20:24:37 -0500] "GET /naijadial/css/datetimepicker.css?ver=3.2.2 HTTP/1.1" 304 - "https://www.naijadial.com/account/" "Mozilla/5.0 (Linux; Android 9; SAMSUNG SM-A205F Build/PPR1.180610.011) AppleWebKit/537.36 (KHTML, like Gecko) SamsungBrowser/9.4 Chrome/67.0.3396.87 Mobile Safari/537.36"
105.112.38.113 - - [30/Jan/2020:20:24:37 -0500] "GET /naijadial/css/chosen.css?ver=3.2.2 HTTP/1.1" 304 - "https://www.naijadial.com/account/" "Mozilla/5.0 (Linux; Android 9; SAMSUNG SM-A205F Build/PPR1.180610.011) AppleWebKit/537.36 (KHTML, like Gecko) SamsungBrowser/9.4 Chrome/67.0.3396.87 Mobile Safari/537.36"
105.112.38.113 - - [30/Jan/2020:20:24:37 -0500] "GET /naijadial/css/owl.carousel.min.css?ver=3.2.2 HTTP/1.1" 304 - "https://www.naijadial.com/account/" "Mozilla/5.0 (Linux; Android 9; SAMSUNG SM-A205F Build/PPR1.180610.011) AppleWebKit/537.36 (KHTML, like Gecko) SamsungBrowser/9.4 Chrome/67.0.3396.87 Mobile Safari/537.36"
105.112.38.113 - - [30/Jan/2020:20:24:37 -0500] "GET /naijadial/style.css?ver=3.2.2 HTTP/1.1" 304 - "https://www.naijadial.com/account/" "Mozilla/5.0 (Linux; Android 9; SAMSUNG SM-A205F Build/PPR1.180610.011) AppleWebKit/537.36 (KHTML, like Gecko) SamsungBrowser/9.4 Chrome/67.0.3396.87 Mobile Safari/537.36"
105.112.38.113 - - [30/Jan/2020:20:24:37 -0500] "GET /naijadial/css/chat_module.css?ver=3.2.2 HTTP/1.1" 304 - "https://www.naijadial.com/account/" "Mozilla/5.0 (Linux; Android 9; SAMSUNG SM-A205F Build/PPR1.180610.011) AppleWebKit/537.36 (KHTML, like Gecko) SamsungBrowser/9.4 Chrome/67.0.3396.87 Mobile Safari/537.36"
105.112.38.113 - - [30/Jan/2020:20:24:37 -0500] "GET /cnt/plugins/gd-bbpress-toolbox/templates/default/css/widgets.min.css?ver=5.2.1.712 HTTP/1.1" 304 - "https://www.naijadial.com/account/" "Mozilla/5.0 (Linux; Android 9; SAMSUNG SM-A205F Build/PPR1.180610.011) AppleWebKit/537.36 (KHTML, like Gecko) SamsungBrowser/9.4 Chrome/67.0.3396.87 Mobile Safari/537.36"
105.112.38.113 - - [30/Jan/2020:20:24:37 -0500] "GET /naijadial/css/typo.css?ver=3.2.2 HTTP/1.1" 304 - "https://www.naijadial.com/account/" "Mozilla/5.0 (Linux; Android 9; SAMSUNG SM-A205F Build/PPR1.180610.011) AppleWebKit/537.36 (KHTML, like Gecko) SamsungBrowser/9.4 Chrome/67.0.3396.87 Mobile Safari/537.36"
105.112.38.113 - - [30/Jan/2020:20:24:37 -0500] "GET /naijadial/css/prettyPhoto.css?ver=3.2.2 HTTP/1.1" 304 - "https://www.naijadial.com/account/" "Mozilla/5.0 (Linux; Android 9; SAMSUNG SM-A205F Build/PPR1.180610.011) AppleWebKit/537.36 (KHTML, like Gecko) SamsungBrowser/9.4 Chrome/67.0.3396.87 Mobile Safari/537.36"
105.112.38.113 - - [30/Jan/2020:20:24:37 -0500] "GET /cnt/plugins/mega-addons-for-visual-composer/js/script.js?ver=5.3.2 HTTP/1.1" 304 - "https://www.naijadial.com/account/" "Mozilla/5.0 (Linux; Android 9; SAMSUNG SM-A205F Build/PPR1.180610.011) AppleWebKit/537.36 (KHTML, like Gecko) SamsungBrowser/9.4 Chrome/67.0.3396.87 Mobile Safari/537.36"
105.112.38.113 - - [30/Jan/2020:20:24:37 -0500] "GET /files/so-css/so-css-listingo.css?ver=1580144791 HTTP/1.1" 304 - "https://www.naijadial.com/account/" "Mozilla/5.0 (Linux; Android 9; SAMSUNG SM-A205F Build/PPR1.180610.011) AppleWebKit/537.36 (KHTML, like Gecko) SamsungBrowser/9.4 Chrome/67.0.3396.87 Mobile Safari/537.36"
105.112.38.113 - - [30/Jan/2020:20:24:37 -0500] "GET /naijadial/css/responsive.css?ver=3.2.2 HTTP/1.1" 304 - "https://www.naijadial.com/account/" "Mozilla/5.0 (Linux; Android 9; SAMSUNG SM-A205F Build/PPR1.180610.011) AppleWebKit/537.36 (KHTML, like Gecko) SamsungBrowser/9.4 Chrome/67.0.3396.87 Mobile Safari/537.36"
105.112.38.113 - - [30/Jan/2020:20:24:37 -0500] "GET /cnt/plugins/js_composer/assets/css/js_composer.min.css?ver=6.0.5 HTTP/1.1" 304 - "https://www.naijadial.com/account/" "Mozilla/5.0 (Linux; Android 9; SAMSUNG SM-A205F Build/PPR1.180610.011) AppleWebKit/537.36 (KHTML, like Gecko) SamsungBrowser/9.4 Chrome/67.0.3396.87 Mobile Safari/537.36"
105.112.38.113 - - [30/Jan/2020:20:24:37 -0500] "GET /cnt/plugins/unyson/framework/static/libs/typcn/css/typcn.css?ver=2.7.22 HTTP/1.1" 304 - "https://www.naijadial.com/account/" "Mozilla/5.0 (Linux; Android 9; SAMSUNG SM-A205F Build/PPR1.180610.011) AppleWebKit/537.36 (KHTML, like Gecko) SamsungBrowser/9.4 Chrome/67.0.3396.87 Mobile Safari/537.36"
105.112.38.113 - - [30/Jan/2020:20:24:37 -0500] "GET /cnt/plugins/unyson/framework/static/libs/unycon/unycon.css?ver=2.7.22 HTTP/1.1" 304 - "https://www.naijadial.com/account/" "Mozilla/5.0 (Linux; Android 9; SAMSUNG SM-A205F Build/PPR1.180610.011) AppleWebKit/537.36 (KHTML, like Gecko) SamsungBrowser/9.4 Chrome/67.0.3396.87 Mobile Safari/537.36"
105.112.38.113 - - [30/Jan/2020:20:24:37 -0500] "GET /cnt/plugins/mega-addons-for-visual-composer/css/font-awesome/css/font-awesome.css?ver=5.3.2 HTTP/1.1" 304 - "https://www.naijadial.com/account/" "Mozilla/5.0 (Linux; Android 9; SAMSUNG SM-A205F Build/PPR1.180610.011) AppleWebKit/537.36 (KHTML, like Gecko) SamsungBrowser/9.4 Chrome/67.0.3396.87 Mobile Safari/537.36"
105.112.38.113 - - [30/Jan/2020:20:24:37 -0500] "GET /cnt/plugins/unyson/framework/extensions/breadcrumbs/static/css/style.css?ver=5.3.2 HTTP/1.1" 304 - "https://www.naijadial.com/account/" "Mozilla/5.0 (Linux; Android 9; SAMSUNG SM-A205F Build/PPR1.180610.011) AppleWebKit/537.36 (KHTML, like Gecko) SamsungBrowser/9.4 Chrome/67.0.3396.87 Mobile Safari/537.36"
105.112.38.113 - - [30/Jan/2020:20:24:37 -0500] "GET /cnt/plugins/bbp-style-pack/css/bspstyle.css?ver=4.3.8 HTTP/1.1" 304 - "https://www.naijadial.com/account/" "Mozilla/5.0 (Linux; Android 9; SAMSUNG SM-A205F Build/PPR1.180610.011) AppleWebKit/537.36 (KHTML, like Gecko) SamsungBrowser/9.4 Chrome/67.0.3396.87 Mobile Safari/537.36"
105.112.38.113 - - [30/Jan/2020:20:24:37 -0500] "GET /naijadial/js/gmap3.min.js?ver=5.3.2 HTTP/1.1" 304 - "https://www.naijadial.com/account/" "Mozilla/5.0 (Linux; Android 9; SAMSUNG SM-A205F Build/PPR1.180610.011) AppleWebKit/537.36 (KHTML, like Gecko) SamsungBrowser/9.4 Chrome/67.0.3396.87 Mobile Safari/537.36"
105.112.38.113 - - [30/Jan/2020:20:24:37 -0500] "GET /cnt/plugins/listingo_core/public/js/system-public.js?ver=3.2.1 HTTP/1.1" 304 - "https://www.naijadial.com/account/" "Mozilla/5.0 (Linux; Android 9; SAMSUNG SM-A205F Build/PPR1.180610.011) AppleWebKit/537.36 (KHTML, like Gecko) SamsungBrowser/9.4 Chrome/67.0.3396.87 Mobile Safari/537.36"
105.112.38.113 - - [30/Jan/2020:20:24:37 -0500] "GET /naijadial/js/listingo_callbacks.js?ver=3.2.2 HTTP/1.1" 304 - "https://www.naijadial.com/account/" "Mozilla/5.0 (Linux; Android 9; SAMSUNG SM-A205F Build/PPR1.180610.011) AppleWebKit/537.36 (KHTML, like Gecko) SamsungBrowser/9.4 Chrome/67.0.3396.87 Mobile Safari/537.36"
105.112.38.113 - - [30/Jan/2020:20:24:37 -0500] "GET /naijadial/js/tipso.min.js?ver=5.3.2 HTTP/1.1" 304 - "https://www.naijadial.com/account/" "Mozilla/5.0 (Linux; Android 9; SAMSUNG SM-A205F Build/PPR1.180610.011) AppleWebKit/537.36 (KHTML, like Gecko) SamsungBrowser/9.4 Chrome/67.0.3396.87 Mobile Safari/537.36"
105.112.38.113 - - [30/Jan/2020:20:24:37 -0500] "GET /cnt/plugins/unyson/framework/static/libs/linecons/css/linecons.css?ver=2.7.22 HTTP/1.1" 304 - "https://www.naijadial.com/account/" "Mozilla/5.0 (Linux; Android 9; SAMSUNG SM-A205F Build/PPR1.180610.011) AppleWebKit/537.36 (KHTML, like Gecko) SamsungBrowser/9.4 Chrome/67.0.3396.87 Mobile Safari/537.36"
105.112.38.113 - - [30/Jan/2020:20:24:37 -0500] "GET /naijadial/js/chosen.jquery.js?ver=3.2.2 HTTP/1.1" 304 - "https://www.naijadial.com/account/" "Mozilla/5.0 (Linux; Android 9; SAMSUNG SM-A205F Build/PPR1.180610.011) AppleWebKit/537.36 (KHTML, like Gecko) SamsungBrowser/9.4 Chrome/67.0.3396.87 Mobile Safari/537.36"
105.112.38.113 - - [30/Jan/2020:20:24:37 -0500] "GET /naijadial/css/scrollbar.css?ver=3.2.2 HTTP/1.1" 304 - "https://www.naijadial.com/account/" "Mozilla/5.0 (Linux; Android 9; SAMSUNG SM-A205F Build/PPR1.180610.011) AppleWebKit/537.36 (KHTML, like Gecko) SamsungBrowser/9.4 Chrome/67.0.3396.87 Mobile Safari/537.36"
105.112.38.113 - - [30/Jan/2020:20:24:37 -0500] "GET /naijadial/js/jquery.countdown.js?ver=3.2.2 HTTP/1.1" 304 - "https://www.naijadial.com/account/" "Mozilla/5.0 (Linux; Android 9; SAMSUNG SM-A205F Build/PPR1.180610.011) AppleWebKit/537.36 (KHTML, like Gecko) SamsungBrowser/9.4 Chrome/67.0.3396.87 Mobile Safari/537.36"
105.112.38.113 - - [30/Jan/2020:20:24:37 -0500] "GET /naijadial/js/countTo.js?ver=5.3.2 HTTP/1.1" 304 - "https://www.naijadial.com/account/" "Mozilla/5.0 (Linux; Android 9; SAMSUNG SM-A205F Build/PPR1.180610.011) AppleWebKit/537.36 (KHTML, like Gecko) SamsungBrowser/9.4 Chrome/67.0.3396.87 Mobile Safari/537.36"
105.112.38.113 - - [30/Jan/2020:20:24:37 -0500] "GET /cnt/plugins/revslider/public/assets/js/rs6.min.js?ver=6.0.7 HTTP/1.1" 304 - "https://www.naijadial.com/account/" "Mozilla/5.0 (Linux; Android 9; SAMSUNG SM-A205F Build/PPR1.180610.011) AppleWebKit/537.36 (KHTML, like Gecko) SamsungBrowser/9.4 Chrome/67.0.3396.87 Mobile Safari/537.36"
105.112.38.113 - - [30/Jan/2020:20:24:37 -0500] "GET /naijadial/js/vendor/modernizr-2.8.3-respond-1.4.2.min.js?ver=3.2.2 HTTP/1.1" 304 - "https://www.naijadial.com/account/" "Mozilla/5.0 (Linux; Android 9; SAMSUNG SM-A205F Build/PPR1.180610.011) AppleWebKit/537.36 (KHTML, like Gecko) SamsungBrowser/9.4 Chrome/67.0.3396.87 Mobile Safari/537.36"
105.112.38.113 - - [30/Jan/2020:20:24:37 -0500] "GET /cnt/plugins/unyson/framework/static/js/fw-form-helpers.js?ver=5.3.2 HTTP/1.1" 304 - "https://www.naijadial.com/account/" "Mozilla/5.0 (Linux; Android 9; SAMSUNG SM-A205F Build/PPR1.180610.011) AppleWebKit/537.36 (KHTML, like Gecko) SamsungBrowser/9.4 Chrome/67.0.3396.87 Mobile Safari/537.36"
105.112.38.113 - - [30/Jan/2020:20:24:37 -0500] "GET /naijadial/js/vendor/bootstrap.min.js?ver=3.2.2 HTTP/1.1" 304 - "https://www.naijadial.com/account/" "Mozilla/5.0 (Linux; Android 9; SAMSUNG SM-A205F Build/PPR1.180610.011) AppleWebKit/537.36 (KHTML, like Gecko) SamsungBrowser/9.4 Chrome/67.0.3396.87 Mobile Safari/537.36"
105.112.38.113 - - [30/Jan/2020:20:24:37 -0500] "GET /cnt/plugins/js_composer/assets/js/vendors/woocommerce-add-to-cart.js?ver=6.0.5 HTTP/1.1" 304 - "https://www.naijadial.com/account/" "Mozilla/5.0 (Linux; Android 9; SAMSUNG SM-A205F Build/PPR1.180610.011) AppleWebKit/537.36 (KHTML, like Gecko) SamsungBrowser/9.4 Chrome/67.0.3396.87 Mobile Safari/537.36"
105.112.38.113 - - [30/Jan/2020:20:24:37 -0500] "GET /cnt/plugins/unyson/framework/static/libs/font-awesome/css/font-awesome.min.css?ver=2.7.22 HTTP/1.1" 304 - "https://www.naijadial.com/account/" "Mozilla/5.0 (Linux; Android 9; SAMSUNG SM-A205F Build/PPR1.180610.011) AppleWebKit/537.36 (KHTML, like Gecko) SamsungBrowser/9.4 Chrome/67.0.3396.87 Mobile Safari/537.36"
105.112.38.113 - - [30/Jan/2020:20:24:37 -0500] "GET /cnt/plugins/unyson/framework/static/libs/lnr/css/lnr.css?ver=2.7.22 HTTP/1.1" 304 - "https://www.naijadial.com/account/" "Mozilla/5.0 (Linux; Android 9; SAMSUNG SM-A205F Build/PPR1.180610.011) AppleWebKit/537.36 (KHTML, like Gecko) SamsungBrowser/9.4 Chrome/67.0.3396.87 Mobile Safari/537.36"
105.112.38.113 - - [30/Jan/2020:20:24:37 -0500] "GET /cnt/plugins/unyson/framework/static/libs/entypo/css/entypo.css?ver=2.7.22 HTTP/1.1" 304 - "https://www.naijadial.com/account/" "Mozilla/5.0 (Linux; Android 9; SAMSUNG SM-A205F Build/PPR1.180610.011) AppleWebKit/537.36 (KHTML, like Gecko) SamsungBrowser/9.4 Chrome/67.0.3396.87 Mobile Safari/537.36"
105.112.38.113 - - [30/Jan/2020:20:24:37 -0500] "GET /naijadial/js/owl.carousel.min.js?ver=3.2.2 HTTP/1.1" 304 - "https://www.naijadial.com/account/" "Mozilla/5.0 (Linux; Android 9; SAMSUNG SM-A205F Build/PPR1.180610.011) AppleWebKit/537.36 (KHTML, like Gecko) SamsungBrowser/9.4 Chrome/67.0.3396.87 Mobile Safari/537.36"
66.249.64.135 - - [30/Jan/2020:20:25:34 -0500] "GET /new/sub_category/builder/feed/ HTTP/1.1" 404 52861 "-" "Mozilla/5.0 (Linux; Android 6.0.1; Nexus 5X Build/MMB29P) AppleWebKit/537.36 (KHTML, like Gecko) Chrome/41.0.2272.96 Mobile Safari/537.36 (compatible; Googlebot/2.1; +http://www.google.com/bot.html)"
68.65.121.137 - - [30/Jan/2020:20:25:40 -0500] "POST /wp-cron.php?doing_wp_cron=1580433938.9358780384063720703125 HTTP/1.1" 200 - "https://www.naijadial.com/wp-cron.php?doing_wp_cron=1580433938.9358780384063720703125" "WordPress/5.3.2; https://www.naijadial.com"
105.112.38.113 - - [30/Jan/2020:20:24:37 -0500] "GET /cnt/plugins/js_composer/assets/js/dist/js_composer_front.min.js?ver=6.0.5 HTTP/1.1" 304 - "https://www.naijadial.com/account/" "Mozilla/5.0 (Linux; Android 9; SAMSUNG SM-A205F Build/PPR1.180610.011) AppleWebKit/537.36 (KHTML, like Gecko) SamsungBrowser/9.4 Chrome/67.0.3396.87 Mobile Safari/537.36"
105.112.38.113 - - [30/Jan/2020:20:24:37 -0500] "GET /files/2020/01/NaijaDial-Logo.png HTTP/1.1" 304 - "https://www.naijadial.com/account/" "Mozilla/5.0 (Linux; Android 9; SAMSUNG SM-A205F Build/PPR1.180610.011) AppleWebKit/537.36 (KHTML, like Gecko) SamsungBrowser/9.4 Chrome/67.0.3396.87 Mobile Safari/537.36"
105.112.38.113 - - [30/Jan/2020:20:24:37 -0500] "GET /naijadial/js/datetimepicker.js?ver=3.2.2 HTTP/1.1" 304 - "https://www.naijadial.com/account/" "Mozilla/5.0 (Linux; Android 9; SAMSUNG SM-A205F Build/PPR1.180610.011) AppleWebKit/537.36 (KHTML, like Gecko) SamsungBrowser/9.4 Chrome/67.0.3396.87 Mobile Safari/537.36"
105.112.38.113 - - [30/Jan/2020:20:24:37 -0500] "GET /naijadial/js/scrollbar.min.js?ver=3.2.2 HTTP/1.1" 304 - "https://www.naijadial.com/account/" "Mozilla/5.0 (Linux; Android 9; SAMSUNG SM-A205F Build/PPR1.180610.011) AppleWebKit/537.36 (KHTML, like Gecko) SamsungBrowser/9.4 Chrome/67.0.3396.87 Mobile Safari/537.36"
105.112.38.113 - - [30/Jan/2020:20:24:37 -0500] "GET /naijadial/js/jquery.auto-complete.js?ver=3.2.2 HTTP/1.1" 304 - "https://www.naijadial.com/account/" "Mozilla/5.0 (Linux; Android 9; SAMSUNG SM-A205F Build/PPR1.180610.011) AppleWebKit/537.36 (KHTML, like Gecko) SamsungBrowser/9.4 Chrome/67.0.3396.87 Mobile Safari/537.36"
105.112.38.113 - - [30/Jan/2020:20:24:37 -0500] "GET /files/2019/12/NaijaDial-Logo.png HTTP/1.1" 304 - "https://www.naijadial.com/account/" "Mozilla/5.0 (Linux; Android 9; SAMSUNG SM-A205F Build/PPR1.180610.011) AppleWebKit/537.36 (KHTML, like Gecko) SamsungBrowser/9.4 Chrome/67.0.3396.87 Mobile Safari/537.36"
105.112.38.113 - - [30/Jan/2020:20:24:37 -0500] "GET /naijadial/js/appear.js?ver=5.3.2 HTTP/1.1" 304 - "https://www.naijadial.com/account/" "Mozilla/5.0 (Linux; Android 9; SAMSUNG SM-A205F Build/PPR1.180610.011) AppleWebKit/537.36 (KHTML, like Gecko) SamsungBrowser/9.4 Chrome/67.0.3396.87 Mobile Safari/537.36"
105.112.38.113 - - [30/Jan/2020:20:24:37 -0500] "GET /cnt/plugins/contact-form-7/includes/js/scripts.js?ver=5.1.6 HTTP/1.1" 304 - "https://www.naijadial.com/account/" "Mozilla/5.0 (Linux; Android 9; SAMSUNG SM-A205F Build/PPR1.180610.011) AppleWebKit/537.36 (KHTML, like Gecko) SamsungBrowser/9.4 Chrome/67.0.3396.87 Mobile Safari/537.36"
105.112.38.113 - - [30/Jan/2020:20:24:37 -0500] "GET /cnt/plugins/revslider/public/assets/js/revolution.tools.min.js?ver=6.0 HTTP/1.1" 304 - "https://www.naijadial.com/account/" "Mozilla/5.0 (Linux; Android 9; SAMSUNG SM-A205F Build/PPR1.180610.011) AppleWebKit/537.36 (KHTML, like Gecko) SamsungBrowser/9.4 Chrome/67.0.3396.87 Mobile Safari/537.36"
105.112.38.113 - - [30/Jan/2020:20:24:37 -0500] "GET /naijadial/js/parallax.js?ver=5.3.2 HTTP/1.1" 304 - "https://www.naijadial.com/account/" "Mozilla/5.0 (Linux; Android 9; SAMSUNG SM-A205F Build/PPR1.180610.011) AppleWebKit/537.36 (KHTML, like Gecko) SamsungBrowser/9.4 Chrome/67.0.3396.87 Mobile Safari/537.36"
68.65.121.137 - - [30/Jan/2020:20:37:33 -0500] "POST /wp-cron.php?doing_wp_cron=1580434653.4256250858306884765625 HTTP/1.1" 200 - "https://www.naijadial.com/wp-cron.php?doing_wp_cron=1580434653.4256250858306884765625" "WordPress/5.3.2; https://www.naijadial.com"
2a02:c207:2033:4455::1 - - [30/Jan/2020:20:37:31 -0500] "GET /wp-login.php HTTP/1.1" 200 1761 "-" "Mozilla/5.0 (X11; Ubuntu; Linux x86_64; rv:62.0) Gecko/20100101 Firefox/62.0"
2a02:c207:2033:4455::1 - - [30/Jan/2020:20:37:34 -0500] "POST /wp-login.php HTTP/1.1" 200 1835 "-" "Mozilla/5.0 (X11; Ubuntu; Linux x86_64; rv:62.0) Gecko/20100101 Firefox/62.0"
2a02:c207:2033:4455::1 - - [30/Jan/2020:20:37:36 -0500] "POST /xmlrpc.php HTTP/1.1" 200 225 "-" "Mozilla/5.0 (X11; Ubuntu; Linux x86_64; rv:62.0) Gecko/20100101 Firefox/62.0"
68.65.121.137 - - [30/Jan/2020:20:49:53 -0500] "POST /wp-cron.php?doing_wp_cron=1580435393.7673399448394775390625 HTTP/1.1" 200 - "https://www.naijadial.com/wp-cron.php?doing_wp_cron=1580435393.7673399448394775390625" "WordPress/5.3.2; https://www.naijadial.com"
141.8.188.181 - - [30/Jan/2020:20:49:52 -0500] "GET /robots.txt HTTP/1.1" 200 69 "-" "Mozilla/5.0 (compatible; YandexBot/3.0; +http://yandex.com/bots)"
77.88.47.181 - - [30/Jan/2020:20:49:55 -0500] "GET /providers-category/business/ HTTP/1.1" 301 - "-" "Mozilla/5.0 (compatible; YandexBot/3.0; +http://yandex.com/bots)"
100.43.90.118 - - [30/Jan/2020:20:49:59 -0500] "GET /provider-category/business/ HTTP/1.1" 200 20925 "-" "Mozilla/5.0 (compatible; YandexBot/3.0; +http://yandex.com/bots)"
37.187.197.113 - - [30/Jan/2020:20:57:22 -0500] "GET /wp-login.php HTTP/1.1" 200 4332 "-" "Mozilla/5.0 (X11; Ubuntu; Linux x86_64; rv:62.0) Gecko/20100101 Firefox/62.0"
37.187.197.113 - - [30/Jan/2020:20:57:25 -0500] "POST /wp-login.php HTTP/1.1" 200 4333 "-" "Mozilla/5.0 (X11; Ubuntu; Linux x86_64; rv:62.0) Gecko/20100101 Firefox/62.0"
68.65.121.137 - - [30/Jan/2020:21:19:08 -0500] "POST /wp-cron.php?doing_wp_cron=1580437148.4819331169128417968750 HTTP/1.1" 200 - "https://www.naijadial.com/wp-cron.php?doing_wp_cron=1580437148.4819331169128417968750" "WordPress/5.3.2; https://www.naijadial.com"
40.87.53.102 - - [30/Jan/2020:21:19:06 -0500] "GET /wp-login.php HTTP/1.1" 200 1965 "-" "Mozilla/5.0 (X11; Ubuntu; Linux x86_64; rv:62.0) Gecko/20100101 Firefox/62.0"
40.87.53.102 - - [30/Jan/2020:21:19:09 -0500] "POST /wp-login.php HTTP/1.1" 200 4332 "-" "Mozilla/5.0 (X11; Ubuntu; Linux x86_64; rv:62.0) Gecko/20100101 Firefox/62.0"
40.87.53.102 - - [30/Jan/2020:21:19:10 -0500] "POST /xmlrpc.php HTTP/1.1" 200 247 "-" "Mozilla/5.0 (X11; Ubuntu; Linux x86_64; rv:62.0) Gecko/20100101 Firefox/62.0"
37.187.197.113 - - [30/Jan/2020:20:57:39 -0500] "POST /xmlrpc.php HTTP/1.1" 200 248 "-" "Mozilla/5.0 (X11; Ubuntu; Linux x86_64; rv:62.0) Gecko/20100101 Firefox/62.0"
68.65.121.137 - - [30/Jan/2020:20:57:44 -0500] "POST /wp-cron.php?doing_wp_cron=1580435861.5984060764312744140625 HTTP/1.1" 200 - "https://www.naijadial.com/wp-cron.php?doing_wp_cron=1580435861.5984060764312744140625" "WordPress/5.3.2; https://www.naijadial.com"
66.249.93.74 - - [30/Jan/2020:21:29:43 -0500] "GET /files/2020/01/Email-Header.png HTTP/1.1" 304 - "-" "Mozilla/5.0 (Windows NT 5.1; rv:11.0) Gecko Firefox/11.0 (via ggpht.com GoogleImageProxy)"
66.249.93.73 - - [30/Jan/2020:21:29:43 -0500] "GET /files/2020/01/NaijaDial.png HTTP/1.1" 304 - "-" "Mozilla/5.0 (Windows NT 5.1; rv:11.0) Gecko Firefox/11.0 (via ggpht.com GoogleImageProxy)"
66.249.93.67 - - [30/Jan/2020:21:29:43 -0500] "GET /files/2019/12/NaijaDial-Logo.png HTTP/1.1" 304 - "-" "Mozilla/5.0 (Windows NT 5.1; rv:11.0) Gecko Firefox/11.0 (via ggpht.com GoogleImageProxy)"
54.36.150.104 - - [30/Jan/2020:21:31:39 -0500] "GET /service-provider/akexavier-shaibu/feed/ HTTP/1.1" 200 489 "-" "Mozilla/5.0 (compatible; AhrefsBot/6.1; +http://ahrefs.com/robot/)"
68.65.121.137 - - [30/Jan/2020:21:31:41 -0500] "POST /wp-cron.php?doing_wp_cron=1580437900.9201118946075439453125 HTTP/1.1" 200 - "https://www.naijadial.com/wp-cron.php?doing_wp_cron=1580437900.9201118946075439453125" "WordPress/5.3.2; https://www.naijadial.com"
87.113.101.88 - - [30/Jan/2020:21:36:41 -0500] "GET / HTTP/1.1" 301 - "http://naijadial.com/" "Mozilla/4.0 (compatible; MSIE 8.0; Windows NT 5.1; Trident/4.0)"
51.38.64.136 - - [30/Jan/2020:21:36:42 -0500] "GET / HTTP/1.1" 301 - "http://naijadial.com/" "Mozilla/5.0 (Linux; U; Android 8.1.0; zh-CN; EML-AL00 Build/HUAWEIEML-AL00) AppleWebKit/537.36 (KHTML, like Gecko) Version/4.0 Chrome/57.0.2987.108 baidu.sogo.uc.UCBrowser/11.9.4.974 UWS/2.13.1.48 Mobile Safari/537.36 AliApp(DingTalk/4.5.11) com.alibaba.android.rimet/10487439 Channel/227200 language/zh-CN"
2620:7:6001::e664 - - [30/Jan/2020:21:36:42 -0500] "GET / HTTP/1.1" 301 - "http://naijadial.com/" "Mozilla/5.0 (iPhone; CPU iPhone OS 7_0 like Mac OS X) AppleWebKit/537.51.1 (KHTML, like Gecko) Version/7.0 Mobile/11A465 Safari/9537.53 BingPreview/1.0b"
68.65.121.137 - - [30/Jan/2020:21:36:44 -0500] "POST /wp-cron.php?doing_wp_cron=1580438203.9118309020996093750000 HTTP/1.1" 200 - "https://www.naijadial.com/wp-cron.php?doing_wp_cron=1580438203.9118309020996093750000" "WordPress/5.3.2; https://www.naijadial.com"
68.65.121.137 - - [30/Jan/2020:21:36:44 -0500] "POST /wp-cron.php?doing_wp_cron=1580438203.9158380031585693359375 HTTP/1.1" 200 - "https://www.naijadial.com/wp-cron.php?doing_wp_cron=1580438203.9158380031585693359375" "WordPress/5.3.2; https://www.naijadial.com"
157.230.173.0 - - [30/Jan/2020:21:36:42 -0500] "GET / HTTP/1.1" 301 - "http://naijadial.com/" "Mozilla/4.0 (compatible; MSIE 8.0; Windows NT 5.1; Trident/4.0)"
185.220.102.7 - - [30/Jan/2020:21:36:42 -0500] "GET / HTTP/1.1" 301 - "http://naijadial.com/" "Mozilla/5.0 (iPhone; CPU iPhone OS 7_0 like Mac OS X) AppleWebKit/537.51.1 (KHTML, like Gecko) Version/7.0 Mobile/11A465 Safari/9537.53 BingPreview/1.0b"
87.113.101.88 - - [30/Jan/2020:21:36:48 -0500] "GET / HTTP/1.1" 301 - "http://naijadial.com/" "Mozilla/5.0 (iPhone; CPU iPhone OS 11_0 like Mac OS X) AppleWebKit/604.1.38 (KHTML, like Gecko) Version/11.0 Mobile/15A372 Safari/604.1"
2620:7:6001::e664 - - [30/Jan/2020:21:36:48 -0500] "OPTIONS / HTTP/1.1" 200 24592 "http://naijadial.com/" "Mozilla/5.0 (Windows NT 10.0; Win64; x64; rv:71.0) Gecko/20100101 Firefox/71.0"
68.65.121.137 - - [30/Jan/2020:21:39:00 -0500] "POST /wp-cron.php?doing_wp_cron=1580438340.1373140811920166015625 HTTP/1.1" 200 - "https://www.naijadial.com/wp-cron.php?doing_wp_cron=1580438340.1373140811920166015625" "WordPress/5.3.2; https://www.naijadial.com"
2620:18c::203 - - [30/Jan/2020:21:38:58 -0500] "GET / HTTP/1.1" 200 24591 "https://naijadial.com/" "Mozilla/5.0(Linux;Android 5.1.1;OPPO A33 Build/LMY47V;wv) AppleWebKit/537.36(KHTML,link Gecko) Version/4.0 Chrome/43.0.2357.121 Mobile Safari/537.36 LieBaoFast/4.51.3"
185.220.70.152 - - [30/Jan/2020:21:38:58 -0500] "GET / HTTP/1.1" 200 24591 "https://naijadial.com/" "Mozilla/5.0 (iPhone; CPU iPhone OS 13_3 like Mac OS X) AppleWebKit/605.1.15 (KHTML, like Gecko) Version/13.0.4 Mobile/15E148 Safari/604.1"
84.17.42.39 - - [30/Jan/2020:21:38:58 -0500] "GET / HTTP/1.1" 200 24593 "https://naijadial.com/" "Mozilla/5.0 (X11; Linux x86_64; rv:68.0) Gecko/20100101 Firefox/68.0"
87.113.101.88 - - [30/Jan/2020:21:38:58 -0500] "GET / HTTP/1.1" 200 24591 "https://naijadial.com/" "Mozilla/5.0 (Windows NT 6.1; WOW64; Trident/7.0; SLCC2; .NET CLR 2.0.50727; .NET CLR 3.5.30729; .NET CLR 3.0.30729; .NET4.0C; .NET4.0E; rv 11.0) like Gecko"
68.65.121.137 - - [30/Jan/2020:21:39:22 -0500] "POST /wp-cron.php?doing_wp_cron=1580438361.9935550689697265625000 HTTP/1.1" 200 - "https://www.naijadial.com/wp-cron.php?doing_wp_cron=1580438361.9935550689697265625000" "WordPress/5.3.2; https://www.naijadial.com"
103.27.238.41 - - [30/Jan/2020:21:39:21 -0500] "GET /wp-login.php HTTP/1.1" 200 1965 "-" "Mozilla/5.0 (X11; Ubuntu; Linux x86_64; rv:62.0) Gecko/20100101 Firefox/62.0"
103.27.238.41 - - [30/Jan/2020:21:39:23 -0500] "POST /wp-login.php HTTP/1.1" 200 4333 "-" "Mozilla/5.0 (X11; Ubuntu; Linux x86_64; rv:62.0) Gecko/20100101 Firefox/62.0"
103.27.238.41 - - [30/Jan/2020:21:39:24 -0500] "POST /xmlrpc.php HTTP/1.1" 200 248 "-" "Mozilla/5.0 (X11; Ubuntu; Linux x86_64; rv:62.0) Gecko/20100101 Firefox/62.0"
68.65.121.137 - - [30/Jan/2020:21:42:47 -0500] "POST /wp-cron.php?doing_wp_cron=1580438567.2730629444122314453125 HTTP/1.1" 200 - "https://www.naijadial.com/wp-cron.php?doing_wp_cron=1580438567.2730629444122314453125" "WordPress/5.3.2; https://www.naijadial.com"
193.106.30.99 - - [30/Jan/2020:21:42:45 -0500] "POST /templates/protostar/error.php HTTP/1.1" 404 53100 "-" "Mozilla/5.0 (Windows NT 6.1; Win64; x64) AppleWebKit/537.36 (KHTML, like Gecko) Chrome/73.0.3683.103 Safari/537.36"
46.101.94.163 - - [30/Jan/2020:21:54:11 -0500] "GET / HTTP/1.1" 301 - "https://naijadial.com/" "Mozilla/5.0 (iPhone; CPU iPhone OS 13_3 like Mac OS X) AppleWebKit/605.1.15 (KHTML, like Gecko) CriOS/79.0.3945.73 Mobile/15E148 Safari/604.1"
87.113.101.88 - - [30/Jan/2020:21:54:11 -0500] "GET / HTTP/1.1" 301 - "https://naijadial.com/" "Mozilla/5.0 (X11; Linux x86_64; rv:68.0) Gecko/20100101 Firefox/68.0"
67.212.238.202 - - [30/Jan/2020:21:54:12 -0500] "GET / HTTP/1.1" 301 - "https://naijadial.com/" "Mozilla/5.0 (iPhone; CPU iPhone OS 13_3 like Mac OS X) AppleWebKit/605.1.15 (KHTML, like Gecko) CriOS/79.0.3945.73 Mobile/15E148 Safari/604.1"
217.138.194.122 - - [30/Jan/2020:21:54:11 -0500] "GET / HTTP/1.1" 301 - "https://naijadial.com/" "Mozilla/5.0 (Windows NT 10.0; Win64; x64; rv:71.0) Gecko/20100101 Firefox/71.0"
68.65.121.137 - - [30/Jan/2020:21:54:14 -0500] "POST /wp-cron.php?doing_wp_cron=1580439254.2390730381011962890625 HTTP/1.1" 200 - "https://www.naijadial.com/wp-cron.php?doing_wp_cron=1580439254.2390730381011962890625" "WordPress/5.3.2; https://www.naijadial.com"
2620:7:6001::121 - - [30/Jan/2020:21:54:12 -0500] "GET / HTTP/1.1" 301 - "https://naijadial.com/" "Mozilla/5.0 (Linux; Android 7.0; FRD-AL00 Build/HUAWEIFRD-AL00; wv) AppleWebKit/537.36 (KHTML, like Gecko) Version/4.0 Chrome/53.0.2785.49 Mobile MQQBrowser/6.2 TBS/043602 Safari/537.36 MicroMessenger/6.5.16.1120 NetType/WIFI Language/zh_CN"
84.17.50.201 - - [30/Jan/2020:21:54:38 -0500] "GET / HTTP/1.1" 301 - "http://naijadial.com/" "Mozilla/5.0 (Linux; Android 9; Mi A1 Build/PKQ1.180917.001; wv) AppleWebKit/537.36 (KHTML, like Gecko) Version/4.0 Chrome/74.0.3729.157 Mobile Safari/537.36"
2607:5300:203:1259:: - - [30/Jan/2020:21:54:38 -0500] "GET / HTTP/1.1" 301 - "http://naijadial.com/" "Mozilla/5.0 (Linux; Android 4.2.1; en-us; Nexus 5 Build/JOP40D) AppleWebKit/535.19 (KHTML, like Gecko; googleweblight) Chrome/38.0.1025.166 Mobile Safari/535.19"
185.93.2.92 - - [30/Jan/2020:21:54:51 -0500] "GET / HTTP/1.1" 301 - "http://naijadial.com/" "Mozilla/5.0 (Windows NT 6.1; WOW64; Trident/7.0; SLCC2; .NET CLR 2.0.50727; .NET CLR 3.5.30729; .NET CLR 3.0.30729; .NET4.0C; .NET4.0E; rv 11.0) like Gecko"
185.93.2.92 - - [30/Jan/2020:21:55:03 -0500] "GET / HTTP/1.1" 301 - "http://naijadial.com/" "Mozilla/5.0 (iPhone; CPU iPhone OS 11_0 like Mac OS X) AppleWebKit/604.1.38 (KHTML, like Gecko) Version/11.0 Mobile/15A372 Safari/604.1"
2607:5300:203:1259:: - - [30/Jan/2020:21:55:04 -0500] "OPTIONS / HTTP/1.1" 200 24593 "http://naijadial.com/" "Mozilla/5.0 (Windows NT 10.0; Win64; x64; rv:72.0) Gecko/20100101 Firefox/72.0"
68.65.121.137 - - [30/Jan/2020:21:55:11 -0500] "POST /wp-cron.php?doing_wp_cron=1580439311.0504078865051269531250 HTTP/1.1" 200 - "https://www.naijadial.com/wp-cron.php?doing_wp_cron=1580439311.0504078865051269531250" "WordPress/5.3.2; https://www.naijadial.com"
77.75.78.166 - - [30/Jan/2020:21:55:10 -0500] "GET /robots.txt HTTP/1.1" 200 69 "-" "Mozilla/5.0 (compatible; SeznamBot/3.2; +http://napoveda.seznam.cz/en/seznambot-intro/)"
2a02:598:aaaa:2::8161 - - [30/Jan/2020:21:55:14 -0500] "GET / HTTP/1.1" 200 24592 "-" "Mozilla/5.0 (compatible; SeznamBot/3.2; +http://napoveda.seznam.cz/en/seznambot-intro/)"
68.65.121.137 - - [30/Jan/2020:21:57:38 -0500] "POST /wp-cron.php?doing_wp_cron=1580439458.6317670345306396484375 HTTP/1.1" 200 - "https://www.naijadial.com/wp-cron.php?doing_wp_cron=1580439458.6317670345306396484375" "WordPress/5.3.2; https://www.naijadial.com"
68.65.121.137 - - [30/Jan/2020:21:57:38 -0500] "POST /wp-cron.php?doing_wp_cron=1580439458.6312129497528076171875 HTTP/1.1" 200 - "https://www.naijadial.com/wp-cron.php?doing_wp_cron=1580439458.6312129497528076171875" "WordPress/5.3.2; https://www.naijadial.com"
2607:5300:203:1259:: - - [30/Jan/2020:21:57:38 -0500] "GET / HTTP/1.1" 200 24590 "https://naijadial.com/" "Mozilla/5.0 (Linux; Android 9; Mi A1 Build/PKQ1.180917.001; wv) AppleWebKit/537.36 (KHTML, like Gecko) Version/4.0 Chrome/74.0.3729.157 Mobile Safari/537.36"
157.230.173.0 - - [30/Jan/2020:21:57:37 -0500] "GET / HTTP/1.1" 200 24592 "https://naijadial.com/" "Mozilla/5.0 (Linux; Android 9; Mi A1 Build/PKQ1.180917.001; wv) AppleWebKit/537.36 (KHTML, like Gecko) Version/4.0 Chrome/74.0.3729.157 Mobile Safari/537.36"
5.62.41.136 - - [30/Jan/2020:21:57:36 -0500] "GET / HTTP/1.1" 200 24592 "https://naijadial.com/" "Mozilla/5.0 (Windows NT 10.0; Win64; x64; rv:71.0) Gecko/20100101 Firefox/71.0"
68.65.121.137 - - [30/Jan/2020:22:00:23 -0500] "POST /wp-cron.php?doing_wp_cron=1580439623.0127670764923095703125 HTTP/1.1" 200 - "https://www.naijadial.com/wp-cron.php?doing_wp_cron=1580439623.0127670764923095703125" "WordPress/5.3.2; https://www.naijadial.com"
168.253.117.108 - - [30/Jan/2020:22:00:21 -0500] "GET / HTTP/1.1" 200 24592 "-" "Mozilla/5.0 (Linux; Android 9; SM-A205F) AppleWebKit/537.36 (KHTML, like Gecko) Chrome/79.0.3945.136 Mobile Safari/537.36"
168.253.117.108 - - [30/Jan/2020:22:00:33 -0500] "POST /?wc-ajax=get_refreshed_fragments HTTP/1.1" 200 210 "https://www.naijadial.com/" "Mozilla/5.0 (Linux; Android 9; SM-A205F) AppleWebKit/537.36 (KHTML, like Gecko) Chrome/79.0.3945.136 Mobile Safari/537.36"
168.253.117.108 - - [30/Jan/2020:22:00:46 -0500] "GET /apple-touch-icon.png HTTP/1.1" 404 52350 "https://www.naijadial.com/" "Mozilla/5.0 (Linux; Android 9; SM-A205F) AppleWebKit/537.36 (KHTML, like Gecko) Chrome/79.0.3945.136 Mobile Safari/537.36"
207.46.13.2 - - [30/Jan/2020:22:07:05 -0500] "GET /new/sub_category/spa-saloon/feed/ HTTP/1.1" 404 52861 "-" "Mozilla/5.0 (compatible; bingbot/2.0; +http://www.bing.com/bingbot.htm)"
68.65.121.137 - - [30/Jan/2020:22:07:07 -0500] "POST /wp-cron.php?doing_wp_cron=1580440027.1623849868774414062500 HTTP/1.1" 200 - "https://www.naijadial.com/wp-cron.php?doing_wp_cron=1580440027.1623849868774414062500" "WordPress/5.3.2; https://www.naijadial.com"
68.65.121.137 - - [30/Jan/2020:22:13:44 -0500] "POST /wp-cron.php?doing_wp_cron=1580440424.7375910282135009765625 HTTP/1.1" 200 - "https://www.naijadial.com/wp-cron.php?doing_wp_cron=1580440424.7375910282135009765625" "WordPress/5.3.2; https://www.naijadial.com"
197.211.57.243 - - [30/Jan/2020:22:13:43 -0500] "GET /account/ HTTP/1.1" 200 14157 "http://m.facebook.com/" "Mozilla/5.0 (Linux; Android 8.1.0; TECNO LA7 Build/O11019; wv) AppleWebKit/537.36 (KHTML, like Gecko) Version/4.0 Chrome/69.0.3497.100 Mobile Safari/537.36 [FB_IAB/FB4A;FBAV/252.0.0.22.355;]"
197.211.57.243 - - [30/Jan/2020:22:13:47 -0500] "GET /cnt/plugins/vc-extensions-bundle/css/admin_icon.css?ver=5.3.2 HTTP/1.1" 304 - "https://www.naijadial.com/account/" "Mozilla/5.0 (Linux; Android 8.1.0; TECNO LA7 Build/O11019; wv) AppleWebKit/537.36 (KHTML, like Gecko) Version/4.0 Chrome/69.0.3497.100 Mobile Safari/537.36 [FB_IAB/FB4A;FBAV/252.0.0.22.355;]"
197.211.57.243 - - [30/Jan/2020:22:13:47 -0500] "GET /cnt/plugins/gd-bbpress-toolbox/templates/default/css/widgets.min.css?ver=5.2.1.712 HTTP/1.1" 304 - "https://www.naijadial.com/account/" "Mozilla/5.0 (Linux; Android 8.1.0; TECNO LA7 Build/O11019; wv) AppleWebKit/537.36 (KHTML, like Gecko) Version/4.0 Chrome/69.0.3497.100 Mobile Safari/537.36 [FB_IAB/FB4A;FBAV/252.0.0.22.355;]"
197.211.57.243 - - [30/Jan/2020:22:13:47 -0500] "GET /cnt/plugins/bbpress/templates/default/css/bbpress.min.css?ver=2.6.3 HTTP/1.1" 304 - "https://www.naijadial.com/account/" "Mozilla/5.0 (Linux; Android 8.1.0; TECNO LA7 Build/O11019; wv) AppleWebKit/537.36 (KHTML, like Gecko) Version/4.0 Chrome/69.0.3497.100 Mobile Safari/537.36 [FB_IAB/FB4A;FBAV/252.0.0.22.355;]"
197.211.57.243 - - [30/Jan/2020:22:13:47 -0500] "GET /cnt/plugins/mega-addons-for-visual-composer/css/ihover.css?ver=5.3.2 HTTP/1.1" 304 - "https://www.naijadial.com/account/" "Mozilla/5.0 (Linux; Android 8.1.0; TECNO LA7 Build/O11019; wv) AppleWebKit/537.36 (KHTML, like Gecko) Version/4.0 Chrome/69.0.3497.100 Mobile Safari/537.36 [FB_IAB/FB4A;FBAV/252.0.0.22.355;]"
197.211.57.243 - - [30/Jan/2020:22:13:47 -0500] "GET /cnt/plugins/bbp-style-pack/css/bspstyle.css?ver=4.3.8 HTTP/1.1" 304 - "https://www.naijadial.com/account/" "Mozilla/5.0 (Linux; Android 8.1.0; TECNO LA7 Build/O11019; wv) AppleWebKit/537.36 (KHTML, like Gecko) Version/4.0 Chrome/69.0.3497.100 Mobile Safari/537.36 [FB_IAB/FB4A;FBAV/252.0.0.22.355;]"
197.211.57.243 - - [30/Jan/2020:22:13:47 -0500] "GET /cnt/plugins/revslider/public/assets/css/rs6.css?ver=6.0.7 HTTP/1.1" 304 - "https://www.naijadial.com/account/" "Mozilla/5.0 (Linux; Android 8.1.0; TECNO LA7 Build/O11019; wv) AppleWebKit/537.36 (KHTML, like Gecko) Version/4.0 Chrome/69.0.3497.100 Mobile Safari/537.36 [FB_IAB/FB4A;FBAV/252.0.0.22.355;]"
197.211.57.243 - - [30/Jan/2020:22:13:47 -0500] "GET /cnt/plugins/mega-addons-for-visual-composer/css/font-awesome/css/font-awesome.css?ver=5.3.2 HTTP/1.1" 304 - "https://www.naijadial.com/account/" "Mozilla/5.0 (Linux; Android 8.1.0; TECNO LA7 Build/O11019; wv) AppleWebKit/537.36 (KHTML, like Gecko) Version/4.0 Chrome/69.0.3497.100 Mobile Safari/537.36 [FB_IAB/FB4A;FBAV/252.0.0.22.355;]"
197.211.57.243 - - [30/Jan/2020:22:13:47 -0500] "GET /cnt/plugins/contact-form-7/includes/css/styles.css?ver=5.1.6 HTTP/1.1" 304 - "https://www.naijadial.com/account/" "Mozilla/5.0 (Linux; Android 8.1.0; TECNO LA7 Build/O11019; wv) AppleWebKit/537.36 (KHTML, like Gecko) Version/4.0 Chrome/69.0.3497.100 Mobile Safari/537.36 [FB_IAB/FB4A;FBAV/252.0.0.22.355;]"
197.211.57.243 - - [30/Jan/2020:22:13:47 -0500] "GET /cnt/plugins/mega-addons-for-visual-composer/css/style.css?ver=5.3.2 HTTP/1.1" 304 - "https://www.naijadial.com/account/" "Mozilla/5.0 (Linux; Android 8.1.0; TECNO LA7 Build/O11019; wv) AppleWebKit/537.36 (KHTML, like Gecko) Version/4.0 Chrome/69.0.3497.100 Mobile Safari/537.36 [FB_IAB/FB4A;FBAV/252.0.0.22.355;]"
197.211.57.243 - - [30/Jan/2020:22:13:47 -0500] "GET /naijadial/css/bootstrap.min.css?ver=3.2.2 HTTP/1.1" 304 - "https://www.naijadial.com/account/" "Mozilla/5.0 (Linux; Android 8.1.0; TECNO LA7 Build/O11019; wv) AppleWebKit/537.36 (KHTML, like Gecko) Version/4.0 Chrome/69.0.3497.100 Mobile Safari/537.36 [FB_IAB/FB4A;FBAV/252.0.0.22.355;]"
197.211.57.243 - - [30/Jan/2020:22:13:47 -0500] "GET /cnt/plugins/js_composer/assets/lib/bower/font-awesome/css/font-awesome.min.css?ver=6.0.5 HTTP/1.1" 304 - "https://www.naijadial.com/account/" "Mozilla/5.0 (Linux; Android 8.1.0; TECNO LA7 Build/O11019; wv) AppleWebKit/537.36 (KHTML, like Gecko) Version/4.0 Chrome/69.0.3497.100 Mobile Safari/537.36 [FB_IAB/FB4A;FBAV/252.0.0.22.355;]"
197.211.57.243 - - [30/Jan/2020:22:13:47 -0500] "GET /cnt/plugins/unyson/framework/extensions/builder/static/css/frontend-grid.css?ver=1.2.11 HTTP/1.1" 304 - "https://www.naijadial.com/account/" "Mozilla/5.0 (Linux; Android 8.1.0; TECNO LA7 Build/O11019; wv) AppleWebKit/537.36 (KHTML, like Gecko) Version/4.0 Chrome/69.0.3497.100 Mobile Safari/537.36 [FB_IAB/FB4A;FBAV/252.0.0.22.355;]"
197.211.57.243 - - [30/Jan/2020:22:13:47 -0500] "GET /naijadial/css/linearicons.css?ver=3.2.2 HTTP/1.1" 304 - "https://www.naijadial.com/account/" "Mozilla/5.0 (Linux; Android 8.1.0; TECNO LA7 Build/O11019; wv) AppleWebKit/537.36 (KHTML, like Gecko) Version/4.0 Chrome/69.0.3497.100 Mobile Safari/537.36 [FB_IAB/FB4A;FBAV/252.0.0.22.355;]"
197.211.57.243 - - [30/Jan/2020:22:13:47 -0500] "GET /naijadial/css/jquery-ui.css?ver=3.2.2 HTTP/1.1" 304 - "https://www.naijadial.com/account/" "Mozilla/5.0 (Linux; Android 8.1.0; TECNO LA7 Build/O11019; wv) AppleWebKit/537.36 (KHTML, like Gecko) Version/4.0 Chrome/69.0.3497.100 Mobile Safari/537.36 [FB_IAB/FB4A;FBAV/252.0.0.22.355;]"
197.211.57.243 - - [30/Jan/2020:22:13:47 -0500] "GET /cnt/plugins/unyson/framework/extensions/forms/static/css/frontend.css?ver=2.7.22 HTTP/1.1" 304 - "https://www.naijadial.com/account/" "Mozilla/5.0 (Linux; Android 8.1.0; TECNO LA7 Build/O11019; wv) AppleWebKit/537.36 (KHTML, like Gecko) Version/4.0 Chrome/69.0.3497.100 Mobile Safari/537.36 [FB_IAB/FB4A;FBAV/252.0.0.22.355;]"
197.211.57.243 - - [30/Jan/2020:22:13:47 -0500] "GET /cnt/plugins/unyson/framework/extensions/breadcrumbs/static/css/style.css?ver=5.3.2 HTTP/1.1" 304 - "https://www.naijadial.com/account/" "Mozilla/5.0 (Linux; Android 8.1.0; TECNO LA7 Build/O11019; wv) AppleWebKit/537.36 (KHTML, like Gecko) Version/4.0 Chrome/69.0.3497.100 Mobile Safari/537.36 [FB_IAB/FB4A;FBAV/252.0.0.22.355;]"
197.211.57.243 - - [30/Jan/2020:22:13:47 -0500] "GET /naijadial/css/owl.theme.default.min.css?ver=3.2.2 HTTP/1.1" 304 - "https://www.naijadial.com/account/" "Mozilla/5.0 (Linux; Android 8.1.0; TECNO LA7 Build/O11019; wv) AppleWebKit/537.36 (KHTML, like Gecko) Version/4.0 Chrome/69.0.3497.100 Mobile Safari/537.36 [FB_IAB/FB4A;FBAV/252.0.0.22.355;]"
