68.65.121.137 - - [31/Jan/2020:01:15:40 -0500] "POST /wp-cron.php?doing_wp_cron=1580451340.8246309757232666015625 HTTP/1.1" 200 - "https://www.naijadial.com/wp-cron.php?doing_wp_cron=1580451340.8246309757232666015625" "WordPress/5.3.2; https://www.naijadial.com"
54.36.150.151 - - [31/Jan/2020:01:15:39 -0500] "GET /providers-category/full-stack-developer/ HTTP/1.1" 404 52350 "-" "Mozilla/5.0 (compatible; AhrefsBot/6.1; +http://ahrefs.com/robot/)"
68.65.121.137 - - [31/Jan/2020:01:20:01 -0500] "POST /wp-cron.php?doing_wp_cron=1580451601.2485439777374267578125 HTTP/1.1" 200 - "https://www.naijadial.com/wp-cron.php?doing_wp_cron=1580451601.2485439777374267578125" "WordPress/5.3.2; https://www.naijadial.com"
105.112.45.248 - - [31/Jan/2020:01:19:59 -0500] "GET /account/ HTTP/1.1" 200 14157 "https://mail.google.com/mail/mu/mp/350/" "Mozilla/5.0 (Linux; Android 8.1.0; CUBOT_POWER Build/O11019) AppleWebKit/537.36 (KHTML, like Gecko) Chrome/65.0.3325.109 Mobile Safari/537.36"
68.65.121.137 - - [31/Jan/2020:01:20:07 -0500] "POST /wp-cron.php?doing_wp_cron=1580451607.5263719558715820312500 HTTP/1.1" 200 - "https://www.naijadial.com/wp-cron.php?doing_wp_cron=1580451607.5263719558715820312500" "WordPress/5.3.2; https://www.naijadial.com"
105.112.45.248 - - [31/Jan/2020:01:20:07 -0500] "GET /listingo/images/line-bar.jpg HTTP/1.1" 404 53100 "https://www.naijadial.com/naijadial/style.css?ver=3.2.2" "Mozilla/5.0 (Linux; Android 8.1.0; CUBOT_POWER Build/O11019) AppleWebKit/537.36 (KHTML, like Gecko) Chrome/65.0.3325.109 Mobile Safari/537.36"
105.112.45.248 - - [31/Jan/2020:01:20:07 -0500] "POST /?wc-ajax=get_refreshed_fragments HTTP/1.1" 200 210 "https://www.naijadial.com/account/" "Mozilla/5.0 (Linux; Android 8.1.0; CUBOT_POWER Build/O11019) AppleWebKit/537.36 (KHTML, like Gecko) Chrome/65.0.3325.109 Mobile Safari/537.36"
105.112.45.248 - - [31/Jan/2020:01:20:09 -0500] "GET /account/apple-touch-icon.png HTTP/1.1" 404 52350 "https://www.naijadial.com/account/" "Mozilla/5.0 (Linux; Android 8.1.0; CUBOT_POWER Build/O11019) AppleWebKit/537.36 (KHTML, like Gecko) Chrome/65.0.3325.109 Mobile Safari/537.36"
68.65.121.137 - - [31/Jan/2020:01:42:28 -0500] "POST /wp-cron.php?doing_wp_cron=1580452948.6714780330657958984375 HTTP/1.1" 200 - "https://www.naijadial.com/wp-cron.php?doing_wp_cron=1580452948.6714780330657958984375" "WordPress/5.3.2; https://www.naijadial.com"
2a02:c207:2033:4455::1 - - [31/Jan/2020:01:42:26 -0500] "GET /wp-login.php HTTP/1.1" 200 1761 "-" "Mozilla/5.0 (X11; Ubuntu; Linux x86_64; rv:62.0) Gecko/20100101 Firefox/62.0"
2a02:c207:2033:4455::1 - - [31/Jan/2020:01:42:29 -0500] "POST /wp-login.php HTTP/1.1" 200 1833 "-" "Mozilla/5.0 (X11; Ubuntu; Linux x86_64; rv:62.0) Gecko/20100101 Firefox/62.0"
2a02:c207:2033:4455::1 - - [31/Jan/2020:01:42:31 -0500] "POST /xmlrpc.php HTTP/1.1" 200 225 "-" "Mozilla/5.0 (X11; Ubuntu; Linux x86_64; rv:62.0) Gecko/20100101 Firefox/62.0"
68.65.121.137 - - [31/Jan/2020:01:44:17 -0500] "POST /wp-cron.php?doing_wp_cron=1580453057.4390439987182617187500 HTTP/1.1" 200 - "https://www.naijadial.com/wp-cron.php?doing_wp_cron=1580453057.4390439987182617187500" "WordPress/5.3.2; https://www.naijadial.com"
41.203.73.251 - - [31/Jan/2020:01:44:17 -0500] "GET /account/ HTTP/1.1" 200 14157 "-" "Mozilla/5.0 (Linux; Android 8.1.0; itel W6001) AppleWebKit/537.36 (KHTML, like Gecko) Chrome/79.0.3945.136 Mobile Safari/537.36"
41.203.73.251 - - [31/Jan/2020:01:44:19 -0500] "GET /account/ HTTP/1.1" 200 14158 "-" "Mozilla/5.0 (Linux; Android 8.1.0; itel W6001) AppleWebKit/537.36 (KHTML, like Gecko) Chrome/79.0.3945.136 Mobile Safari/537.36"
41.203.73.251 - - [31/Jan/2020:01:44:26 -0500] "GET /listingo/images/line-bar.jpg HTTP/1.1" 404 53100 "https://www.naijadial.com/naijadial/style.css?ver=3.2.2" "Mozilla/5.0 (Linux; Android 8.1.0; itel W6001) AppleWebKit/537.36 (KHTML, like Gecko) Chrome/79.0.3945.136 Mobile Safari/537.36"
41.203.73.251 - - [31/Jan/2020:01:44:29 -0500] "POST /?wc-ajax=get_refreshed_fragments HTTP/1.1" 200 210 "https://www.naijadial.com/account/" "Mozilla/5.0 (Linux; Android 8.1.0; itel W6001) AppleWebKit/537.36 (KHTML, like Gecko) Chrome/79.0.3945.136 Mobile Safari/537.36"
41.203.73.251 - - [31/Jan/2020:01:44:29 -0500] "POST /?wc-ajax=get_refreshed_fragments HTTP/1.1" 200 210 "https://www.naijadial.com/account/" "Mozilla/5.0 (Linux; Android 8.1.0; itel W6001) AppleWebKit/537.36 (KHTML, like Gecko) Chrome/79.0.3945.136 Mobile Safari/537.36"
41.203.73.251 - - [31/Jan/2020:01:44:29 -0500] "GET /listingo/images/line-bar.jpg HTTP/1.1" 404 53100 "https://www.naijadial.com/naijadial/style.css?ver=3.2.2" "Mozilla/5.0 (Linux; Android 8.1.0; itel W6001) AppleWebKit/537.36 (KHTML, like Gecko) Chrome/79.0.3945.136 Mobile Safari/537.36"
41.203.73.251 - - [31/Jan/2020:01:44:31 -0500] "GET /account/apple-touch-icon.png HTTP/1.1" 404 52350 "https://www.naijadial.com/account/" "Mozilla/5.0 (Linux; Android 8.1.0; itel W6001) AppleWebKit/537.36 (KHTML, like Gecko) Chrome/79.0.3945.136 Mobile Safari/537.36"
41.203.73.251 - - [31/Jan/2020:01:44:33 -0500] "GET /account/apple-touch-icon.png HTTP/1.1" 404 52350 "https://www.naijadial.com/account/" "Mozilla/5.0 (Linux; Android 8.1.0; itel W6001) AppleWebKit/537.36 (KHTML, like Gecko) Chrome/79.0.3945.136 Mobile Safari/537.36"
68.65.121.137 - - [31/Jan/2020:01:46:08 -0500] "POST /wp-cron.php?doing_wp_cron=1580453167.9427111148834228515625 HTTP/1.1" 200 - "https://www.naijadial.com/wp-cron.php?doing_wp_cron=1580453167.9427111148834228515625" "WordPress/5.3.2; https://www.naijadial.com"
41.203.73.251 - - [31/Jan/2020:01:46:07 -0500] "GET /terms-and-conditions/ HTTP/1.1" 200 13880 "https://www.naijadial.com/account/" "Mozilla/5.0 (Linux; Android 8.1.0; itel W6001) AppleWebKit/537.36 (KHTML, like Gecko) Chrome/79.0.3945.136 Mobile Safari/537.36"
41.203.73.251 - - [31/Jan/2020:01:46:11 -0500] "GET /listingo/images/line-bar.jpg HTTP/1.1" 404 53100 "https://www.naijadial.com/naijadial/style.css?ver=3.2.2" "Mozilla/5.0 (Linux; Android 8.1.0; itel W6001) AppleWebKit/537.36 (KHTML, like Gecko) Chrome/79.0.3945.136 Mobile Safari/537.36"
68.65.121.137 - - [31/Jan/2020:01:48:53 -0500] "POST /wp-cron.php?doing_wp_cron=1580453333.3797531127929687500000 HTTP/1.1" 200 - "https://www.naijadial.com/wp-cron.php?doing_wp_cron=1580453333.3797531127929687500000" "WordPress/5.3.2; https://www.naijadial.com"
197.210.45.116 - - [31/Jan/2020:01:48:51 -0500] "GET /pricing/ HTTP/1.1" 200 13297 "-" "Mozilla/5.0 (Linux; Android 9; SAMSUNG SM-A307FN) AppleWebKit/537.36 (KHTML, like Gecko) SamsungBrowser/10.2 Chrome/71.0.3578.99 Mobile Safari/537.36"
197.210.45.116 - - [31/Jan/2020:01:48:55 -0500] "GET /cnt/plugins/vc-extensions-bundle/css/admin_icon.css?ver=5.3.2 HTTP/1.1" 304 - "https://www.naijadial.com/pricing/" "Mozilla/5.0 (Linux; Android 9; SAMSUNG SM-A307FN) AppleWebKit/537.36 (KHTML, like Gecko) SamsungBrowser/10.2 Chrome/71.0.3578.99 Mobile Safari/537.36"
197.210.45.116 - - [31/Jan/2020:01:48:55 -0500] "GET /cnt/plugins/bbpress/templates/default/css/bbpress.min.css?ver=2.6.3 HTTP/1.1" 304 - "https://www.naijadial.com/pricing/" "Mozilla/5.0 (Linux; Android 9; SAMSUNG SM-A307FN) AppleWebKit/537.36 (KHTML, like Gecko) SamsungBrowser/10.2 Chrome/71.0.3578.99 Mobile Safari/537.36"
197.210.45.116 - - [31/Jan/2020:01:48:55 -0500] "GET /cnt/plugins/revslider/public/assets/css/rs6.css?ver=6.0.7 HTTP/1.1" 304 - "https://www.naijadial.com/pricing/" "Mozilla/5.0 (Linux; Android 9; SAMSUNG SM-A307FN) AppleWebKit/537.36 (KHTML, like Gecko) SamsungBrowser/10.2 Chrome/71.0.3578.99 Mobile Safari/537.36"
197.210.45.116 - - [31/Jan/2020:01:48:55 -0500] "GET /naijadial/css/linearicons.css?ver=3.2.2 HTTP/1.1" 304 - "https://www.naijadial.com/pricing/" "Mozilla/5.0 (Linux; Android 9; SAMSUNG SM-A307FN) AppleWebKit/537.36 (KHTML, like Gecko) SamsungBrowser/10.2 Chrome/71.0.3578.99 Mobile Safari/537.36"
197.210.45.116 - - [31/Jan/2020:01:48:55 -0500] "GET /cnt/plugins/mega-addons-for-visual-composer/css/style.css?ver=5.3.2 HTTP/1.1" 304 - "https://www.naijadial.com/pricing/" "Mozilla/5.0 (Linux; Android 9; SAMSUNG SM-A307FN) AppleWebKit/537.36 (KHTML, like Gecko) SamsungBrowser/10.2 Chrome/71.0.3578.99 Mobile Safari/537.36"
197.210.45.116 - - [31/Jan/2020:01:48:55 -0500] "GET /cnt/plugins/mega-addons-for-visual-composer/css/ihover.css?ver=5.3.2 HTTP/1.1" 304 - "https://www.naijadial.com/pricing/" "Mozilla/5.0 (Linux; Android 9; SAMSUNG SM-A307FN) AppleWebKit/537.36 (KHTML, like Gecko) SamsungBrowser/10.2 Chrome/71.0.3578.99 Mobile Safari/537.36"
197.210.45.116 - - [31/Jan/2020:01:48:55 -0500] "GET /cnt/plugins/gd-bbpress-toolbox/templates/default/css/widgets.min.css?ver=5.2.1.712 HTTP/1.1" 304 - "https://www.naijadial.com/pricing/" "Mozilla/5.0 (Linux; Android 9; SAMSUNG SM-A307FN) AppleWebKit/537.36 (KHTML, like Gecko) SamsungBrowser/10.2 Chrome/71.0.3578.99 Mobile Safari/537.36"
197.210.45.116 - - [31/Jan/2020:01:48:55 -0500] "GET /naijadial/css/jquery.countdown.css?ver=3.2.2 HTTP/1.1" 304 - "https://www.naijadial.com/pricing/" "Mozilla/5.0 (Linux; Android 9; SAMSUNG SM-A307FN) AppleWebKit/537.36 (KHTML, like Gecko) SamsungBrowser/10.2 Chrome/71.0.3578.99 Mobile Safari/537.36"
197.210.45.116 - - [31/Jan/2020:01:48:55 -0500] "GET /cnt/plugins/unyson/framework/extensions/forms/static/css/frontend.css?ver=2.7.22 HTTP/1.1" 304 - "https://www.naijadial.com/pricing/" "Mozilla/5.0 (Linux; Android 9; SAMSUNG SM-A307FN) AppleWebKit/537.36 (KHTML, like Gecko) SamsungBrowser/10.2 Chrome/71.0.3578.99 Mobile Safari/537.36"
197.210.45.116 - - [31/Jan/2020:01:48:55 -0500] "GET /cnt/plugins/js_composer/assets/lib/bower/font-awesome/css/font-awesome.min.css?ver=6.0.5 HTTP/1.1" 304 - "https://www.naijadial.com/pricing/" "Mozilla/5.0 (Linux; Android 9; SAMSUNG SM-A307FN) AppleWebKit/537.36 (KHTML, like Gecko) SamsungBrowser/10.2 Chrome/71.0.3578.99 Mobile Safari/537.36"
197.210.45.116 - - [31/Jan/2020:01:48:55 -0500] "GET /cnt/plugins/unyson/framework/extensions/builder/static/css/frontend-grid.css?ver=1.2.11 HTTP/1.1" 200 1961 "https://www.naijadial.com/pricing/" "Mozilla/5.0 (Linux; Android 9; SAMSUNG SM-A307FN) AppleWebKit/537.36 (KHTML, like Gecko) SamsungBrowser/10.2 Chrome/71.0.3578.99 Mobile Safari/537.36"
197.210.45.116 - - [31/Jan/2020:01:48:55 -0500] "GET /cnt/plugins/unyson/framework/extensions/breadcrumbs/static/css/style.css?ver=5.3.2 HTTP/1.1" 304 - "https://www.naijadial.com/pricing/" "Mozilla/5.0 (Linux; Android 9; SAMSUNG SM-A307FN) AppleWebKit/537.36 (KHTML, like Gecko) SamsungBrowser/10.2 Chrome/71.0.3578.99 Mobile Safari/537.36"
197.210.45.116 - - [31/Jan/2020:01:48:55 -0500] "GET /cnt/plugins/bbp-style-pack/css/bspstyle.css?ver=4.3.8 HTTP/1.1" 304 - "https://www.naijadial.com/pricing/" "Mozilla/5.0 (Linux; Android 9; SAMSUNG SM-A307FN) AppleWebKit/537.36 (KHTML, like Gecko) SamsungBrowser/10.2 Chrome/71.0.3578.99 Mobile Safari/537.36"
197.210.45.116 - - [31/Jan/2020:01:48:55 -0500] "GET /naijadial/css/prettyPhoto.css?ver=3.2.2 HTTP/1.1" 304 - "https://www.naijadial.com/pricing/" "Mozilla/5.0 (Linux; Android 9; SAMSUNG SM-A307FN) AppleWebKit/537.36 (KHTML, like Gecko) SamsungBrowser/10.2 Chrome/71.0.3578.99 Mobile Safari/537.36"
197.210.45.116 - - [31/Jan/2020:01:48:55 -0500] "GET /naijadial/css/transitions.css?ver=3.2.2 HTTP/1.1" 200 1476 "https://www.naijadial.com/pricing/" "Mozilla/5.0 (Linux; Android 9; SAMSUNG SM-A307FN) AppleWebKit/537.36 (KHTML, like Gecko) SamsungBrowser/10.2 Chrome/71.0.3578.99 Mobile Safari/537.36"
197.210.45.116 - - [31/Jan/2020:01:48:55 -0500] "GET /naijadial/css/owl.theme.default.min.css?ver=3.2.2 HTTP/1.1" 304 - "https://www.naijadial.com/pricing/" "Mozilla/5.0 (Linux; Android 9; SAMSUNG SM-A307FN) AppleWebKit/537.36 (KHTML, like Gecko) SamsungBrowser/10.2 Chrome/71.0.3578.99 Mobile Safari/537.36"
197.210.45.116 - - [31/Jan/2020:01:48:55 -0500] "GET /cnt/plugins/contact-form-7/includes/css/styles.css?ver=5.1.6 HTTP/1.1" 304 - "https://www.naijadial.com/pricing/" "Mozilla/5.0 (Linux; Android 9; SAMSUNG SM-A307FN) AppleWebKit/537.36 (KHTML, like Gecko) SamsungBrowser/10.2 Chrome/71.0.3578.99 Mobile Safari/537.36"
197.210.45.116 - - [31/Jan/2020:01:48:55 -0500] "GET /naijadial/css/jquery-ui.css?ver=3.2.2 HTTP/1.1" 304 - "https://www.naijadial.com/pricing/" "Mozilla/5.0 (Linux; Android 9; SAMSUNG SM-A307FN) AppleWebKit/537.36 (KHTML, like Gecko) SamsungBrowser/10.2 Chrome/71.0.3578.99 Mobile Safari/537.36"
197.210.45.116 - - [31/Jan/2020:01:48:55 -0500] "GET /naijadial/css/datetimepicker.css?ver=3.2.2 HTTP/1.1" 304 - "https://www.naijadial.com/pricing/" "Mozilla/5.0 (Linux; Android 9; SAMSUNG SM-A307FN) AppleWebKit/537.36 (KHTML, like Gecko) SamsungBrowser/10.2 Chrome/71.0.3578.99 Mobile Safari/537.36"
197.210.45.116 - - [31/Jan/2020:01:48:55 -0500] "GET /naijadial/css/normalize.css?ver=3.2.2 HTTP/1.1" 304 - "https://www.naijadial.com/pricing/" "Mozilla/5.0 (Linux; Android 9; SAMSUNG SM-A307FN) AppleWebKit/537.36 (KHTML, like Gecko) SamsungBrowser/10.2 Chrome/71.0.3578.99 Mobile Safari/537.36"
197.210.45.116 - - [31/Jan/2020:01:48:55 -0500] "GET /naijadial/css/scrollbar.css?ver=3.2.2 HTTP/1.1" 304 - "https://www.naijadial.com/pricing/" "Mozilla/5.0 (Linux; Android 9; SAMSUNG SM-A307FN) AppleWebKit/537.36 (KHTML, like Gecko) SamsungBrowser/10.2 Chrome/71.0.3578.99 Mobile Safari/537.36"
197.210.45.116 - - [31/Jan/2020:01:48:55 -0500] "GET /cnt/plugins/js_composer/assets/css/js_composer.min.css?ver=6.0.5 HTTP/1.1" 304 - "https://www.naijadial.com/pricing/" "Mozilla/5.0 (Linux; Android 9; SAMSUNG SM-A307FN) AppleWebKit/537.36 (KHTML, like Gecko) SamsungBrowser/10.2 Chrome/71.0.3578.99 Mobile Safari/537.36"
197.210.45.116 - - [31/Jan/2020:01:48:55 -0500] "GET /naijadial/css/owl.carousel.min.css?ver=3.2.2 HTTP/1.1" 304 - "https://www.naijadial.com/pricing/" "Mozilla/5.0 (Linux; Android 9; SAMSUNG SM-A307FN) AppleWebKit/537.36 (KHTML, like Gecko) SamsungBrowser/10.2 Chrome/71.0.3578.99 Mobile Safari/537.36"
197.210.45.116 - - [31/Jan/2020:01:48:55 -0500] "GET /cnt/plugins/mega-addons-for-visual-composer/css/font-awesome/css/font-awesome.css?ver=5.3.2 HTTP/1.1" 200 7439 "https://www.naijadial.com/pricing/" "Mozilla/5.0 (Linux; Android 9; SAMSUNG SM-A307FN) AppleWebKit/537.36 (KHTML, like Gecko) SamsungBrowser/10.2 Chrome/71.0.3578.99 Mobile Safari/537.36"
197.210.45.116 - - [31/Jan/2020:01:48:55 -0500] "GET /naijadial/css/bootstrap.min.css?ver=3.2.2 HTTP/1.1" 304 - "https://www.naijadial.com/pricing/" "Mozilla/5.0 (Linux; Android 9; SAMSUNG SM-A307FN) AppleWebKit/537.36 (KHTML, like Gecko) SamsungBrowser/10.2 Chrome/71.0.3578.99 Mobile Safari/537.36"
197.210.45.116 - - [31/Jan/2020:01:48:55 -0500] "GET /naijadial/js/vendor/modernizr-2.8.3-respond-1.4.2.min.js?ver=3.2.2 HTTP/1.1" 304 - "https://www.naijadial.com/pricing/" "Mozilla/5.0 (Linux; Android 9; SAMSUNG SM-A307FN) AppleWebKit/537.36 (KHTML, like Gecko) SamsungBrowser/10.2 Chrome/71.0.3578.99 Mobile Safari/537.36"
197.210.45.116 - - [31/Jan/2020:01:48:55 -0500] "GET /naijadial/css/responsive.css?ver=3.2.2 HTTP/1.1" 200 12539 "https://www.naijadial.com/pricing/" "Mozilla/5.0 (Linux; Android 9; SAMSUNG SM-A307FN) AppleWebKit/537.36 (KHTML, like Gecko) SamsungBrowser/10.2 Chrome/71.0.3578.99 Mobile Safari/537.36"
197.210.45.116 - - [31/Jan/2020:01:48:55 -0500] "GET /naijadial/css/chosen.css?ver=3.2.2 HTTP/1.1" 200 2142 "https://www.naijadial.com/pricing/" "Mozilla/5.0 (Linux; Android 9; SAMSUNG SM-A307FN) AppleWebKit/537.36 (KHTML, like Gecko) SamsungBrowser/10.2 Chrome/71.0.3578.99 Mobile Safari/537.36"
197.210.45.116 - - [31/Jan/2020:01:48:55 -0500] "GET /naijadial/css/chat_module.css?ver=3.2.2 HTTP/1.1" 304 - "https://www.naijadial.com/pricing/" "Mozilla/5.0 (Linux; Android 9; SAMSUNG SM-A307FN) AppleWebKit/537.36 (KHTML, like Gecko) SamsungBrowser/10.2 Chrome/71.0.3578.99 Mobile Safari/537.36"
197.210.45.116 - - [31/Jan/2020:01:48:55 -0500] "GET /cnt/plugins/js_composer/assets/js/vendors/woocommerce-add-to-cart.js?ver=6.0.5 HTTP/1.1" 304 - "https://www.naijadial.com/pricing/" "Mozilla/5.0 (Linux; Android 9; SAMSUNG SM-A307FN) AppleWebKit/537.36 (KHTML, like Gecko) SamsungBrowser/10.2 Chrome/71.0.3578.99 Mobile Safari/537.36"
197.210.45.116 - - [31/Jan/2020:01:48:55 -0500] "GET /naijadial/css/typo.css?ver=3.2.2 HTTP/1.1" 304 - "https://www.naijadial.com/pricing/" "Mozilla/5.0 (Linux; Android 9; SAMSUNG SM-A307FN) AppleWebKit/537.36 (KHTML, like Gecko) SamsungBrowser/10.2 Chrome/71.0.3578.99 Mobile Safari/537.36"
197.210.45.116 - - [31/Jan/2020:01:48:55 -0500] "GET /naijadial/js/appear.js?ver=5.3.2 HTTP/1.1" 304 - "https://www.naijadial.com/pricing/" "Mozilla/5.0 (Linux; Android 9; SAMSUNG SM-A307FN) AppleWebKit/537.36 (KHTML, like Gecko) SamsungBrowser/10.2 Chrome/71.0.3578.99 Mobile Safari/537.36"
197.210.45.116 - - [31/Jan/2020:01:48:55 -0500] "GET /cnt/plugins/unyson/framework/static/libs/entypo/css/entypo.css?ver=2.7.22 HTTP/1.1" 304 - "https://www.naijadial.com/pricing/" "Mozilla/5.0 (Linux; Android 9; SAMSUNG SM-A307FN) AppleWebKit/537.36 (KHTML, like Gecko) SamsungBrowser/10.2 Chrome/71.0.3578.99 Mobile Safari/537.36"
197.210.45.116 - - [31/Jan/2020:01:48:55 -0500] "GET /cnt/plugins/unyson/framework/static/libs/linecons/css/linecons.css?ver=2.7.22 HTTP/1.1" 304 - "https://www.naijadial.com/pricing/" "Mozilla/5.0 (Linux; Android 9; SAMSUNG SM-A307FN) AppleWebKit/537.36 (KHTML, like Gecko) SamsungBrowser/10.2 Chrome/71.0.3578.99 Mobile Safari/537.36"
197.210.45.116 - - [31/Jan/2020:01:48:55 -0500] "GET /cnt/plugins/unyson/framework/static/libs/lnr/css/lnr.css?ver=2.7.22 HTTP/1.1" 304 - "https://www.naijadial.com/pricing/" "Mozilla/5.0 (Linux; Android 9; SAMSUNG SM-A307FN) AppleWebKit/537.36 (KHTML, like Gecko) SamsungBrowser/10.2 Chrome/71.0.3578.99 Mobile Safari/537.36"
197.210.45.116 - - [31/Jan/2020:01:48:55 -0500] "GET /cnt/plugins/unyson/framework/static/libs/typcn/css/typcn.css?ver=2.7.22 HTTP/1.1" 304 - "https://www.naijadial.com/pricing/" "Mozilla/5.0 (Linux; Android 9; SAMSUNG SM-A307FN) AppleWebKit/537.36 (KHTML, like Gecko) SamsungBrowser/10.2 Chrome/71.0.3578.99 Mobile Safari/537.36"
197.210.45.116 - - [31/Jan/2020:01:48:55 -0500] "GET /cnt/plugins/revslider/public/assets/js/revolution.tools.min.js?ver=6.0 HTTP/1.1" 304 - "https://www.naijadial.com/pricing/" "Mozilla/5.0 (Linux; Android 9; SAMSUNG SM-A307FN) AppleWebKit/537.36 (KHTML, like Gecko) SamsungBrowser/10.2 Chrome/71.0.3578.99 Mobile Safari/537.36"
197.210.45.116 - - [31/Jan/2020:01:48:55 -0500] "GET /cnt/plugins/revslider/public/assets/js/rs6.min.js?ver=6.0.7 HTTP/1.1" 304 - "https://www.naijadial.com/pricing/" "Mozilla/5.0 (Linux; Android 9; SAMSUNG SM-A307FN) AppleWebKit/537.36 (KHTML, like Gecko) SamsungBrowser/10.2 Chrome/71.0.3578.99 Mobile Safari/537.36"
197.210.45.116 - - [31/Jan/2020:01:48:55 -0500] "GET /naijadial/style.css?ver=3.2.2 HTTP/1.1" 304 - "https://www.naijadial.com/pricing/" "Mozilla/5.0 (Linux; Android 9; SAMSUNG SM-A307FN) AppleWebKit/537.36 (KHTML, like Gecko) SamsungBrowser/10.2 Chrome/71.0.3578.99 Mobile Safari/537.36"
197.210.45.116 - - [31/Jan/2020:01:48:55 -0500] "GET /files/so-css/so-css-listingo.css?ver=1580144791 HTTP/1.1" 200 1074 "https://www.naijadial.com/pricing/" "Mozilla/5.0 (Linux; Android 9; SAMSUNG SM-A307FN) AppleWebKit/537.36 (KHTML, like Gecko) SamsungBrowser/10.2 Chrome/71.0.3578.99 Mobile Safari/537.36"
197.210.45.116 - - [31/Jan/2020:01:48:55 -0500] "GET /naijadial/js/countTo.js?ver=5.3.2 HTTP/1.1" 304 - "https://www.naijadial.com/pricing/" "Mozilla/5.0 (Linux; Android 9; SAMSUNG SM-A307FN) AppleWebKit/537.36 (KHTML, like Gecko) SamsungBrowser/10.2 Chrome/71.0.3578.99 Mobile Safari/537.36"
197.210.45.116 - - [31/Jan/2020:01:48:55 -0500] "GET /cnt/plugins/unyson/framework/static/libs/unycon/unycon.css?ver=2.7.22 HTTP/1.1" 304 - "https://www.naijadial.com/pricing/" "Mozilla/5.0 (Linux; Android 9; SAMSUNG SM-A307FN) AppleWebKit/537.36 (KHTML, like Gecko) SamsungBrowser/10.2 Chrome/71.0.3578.99 Mobile Safari/537.36"
197.210.45.116 - - [31/Jan/2020:01:48:55 -0500] "GET /naijadial/css/color.css?ver=3.2.2 HTTP/1.1" 304 - "https://www.naijadial.com/pricing/" "Mozilla/5.0 (Linux; Android 9; SAMSUNG SM-A307FN) AppleWebKit/537.36 (KHTML, like Gecko) SamsungBrowser/10.2 Chrome/71.0.3578.99 Mobile Safari/537.36"
197.210.45.116 - - [31/Jan/2020:01:48:55 -0500] "GET /cnt/plugins/unyson/framework/static/libs/font-awesome/css/font-awesome.min.css?ver=2.7.22 HTTP/1.1" 304 - "https://www.naijadial.com/pricing/" "Mozilla/5.0 (Linux; Android 9; SAMSUNG SM-A307FN) AppleWebKit/537.36 (KHTML, like Gecko) SamsungBrowser/10.2 Chrome/71.0.3578.99 Mobile Safari/537.36"
197.210.45.116 - - [31/Jan/2020:01:48:55 -0500] "GET /files/2019/12/NaijaDial-Logo.png HTTP/1.1" 304 - "https://www.naijadial.com/pricing/" "Mozilla/5.0 (Linux; Android 9; SAMSUNG SM-A307FN) AppleWebKit/537.36 (KHTML, like Gecko) SamsungBrowser/10.2 Chrome/71.0.3578.99 Mobile Safari/537.36"
197.210.45.116 - - [31/Jan/2020:01:48:55 -0500] "GET /cnt/plugins/mega-addons-for-visual-composer/js/script.js?ver=5.3.2 HTTP/1.1" 304 - "https://www.naijadial.com/pricing/" "Mozilla/5.0 (Linux; Android 9; SAMSUNG SM-A307FN) AppleWebKit/537.36 (KHTML, like Gecko) SamsungBrowser/10.2 Chrome/71.0.3578.99 Mobile Safari/537.36"
197.210.45.116 - - [31/Jan/2020:01:48:55 -0500] "GET /cnt/plugins/unyson/framework/static/js/fw-form-helpers.js?ver=5.3.2 HTTP/1.1" 304 - "https://www.naijadial.com/pricing/" "Mozilla/5.0 (Linux; Android 9; SAMSUNG SM-A307FN) AppleWebKit/537.36 (KHTML, like Gecko) SamsungBrowser/10.2 Chrome/71.0.3578.99 Mobile Safari/537.36"
197.210.45.116 - - [31/Jan/2020:01:48:56 -0500] "GET /cnt/plugins/contact-form-7/includes/js/scripts.js?ver=5.1.6 HTTP/1.1" 304 - "https://www.naijadial.com/pricing/" "Mozilla/5.0 (Linux; Android 9; SAMSUNG SM-A307FN) AppleWebKit/537.36 (KHTML, like Gecko) SamsungBrowser/10.2 Chrome/71.0.3578.99 Mobile Safari/537.36"
197.210.45.116 - - [31/Jan/2020:01:48:56 -0500] "GET /naijadial/js/vendor/bootstrap.min.js?ver=3.2.2 HTTP/1.1" 200 9838 "https://www.naijadial.com/pricing/" "Mozilla/5.0 (Linux; Android 9; SAMSUNG SM-A307FN) AppleWebKit/537.36 (KHTML, like Gecko) SamsungBrowser/10.2 Chrome/71.0.3578.99 Mobile Safari/537.36"
197.210.45.116 - - [31/Jan/2020:01:48:56 -0500] "GET /naijadial/js/chosen.jquery.js?ver=3.2.2 HTTP/1.1" 304 - "https://www.naijadial.com/pricing/" "Mozilla/5.0 (Linux; Android 9; SAMSUNG SM-A307FN) AppleWebKit/537.36 (KHTML, like Gecko) SamsungBrowser/10.2 Chrome/71.0.3578.99 Mobile Safari/537.36"
197.210.45.116 - - [31/Jan/2020:01:48:56 -0500] "GET /cnt/plugins/js_composer/assets/lib/bower/font-awesome/fonts/fontawesome-webfont.woff2?v=4.7.0 HTTP/1.1" 304 - "https://www.naijadial.com/cnt/plugins/js_composer/assets/lib/bower/font-awesome/css/font-awesome.min.css?ver=6.0.5" "Mozilla/5.0 (Linux; Android 9; SAMSUNG SM-A307FN) AppleWebKit/537.36 (KHTML, like Gecko) SamsungBrowser/10.2 Chrome/71.0.3578.99 Mobile Safari/537.36"
197.210.45.116 - - [31/Jan/2020:01:48:57 -0500] "GET /naijadial/js/scrollbar.min.js?ver=3.2.2 HTTP/1.1" 304 - "https://www.naijadial.com/pricing/" "Mozilla/5.0 (Linux; Android 9; SAMSUNG SM-A307FN) AppleWebKit/537.36 (KHTML, like Gecko) SamsungBrowser/10.2 Chrome/71.0.3578.99 Mobile Safari/537.36"
197.210.45.116 - - [31/Jan/2020:01:48:57 -0500] "GET /naijadial/js/jquery.countdown.js?ver=3.2.2 HTTP/1.1" 304 - "https://www.naijadial.com/pricing/" "Mozilla/5.0 (Linux; Android 9; SAMSUNG SM-A307FN) AppleWebKit/537.36 (KHTML, like Gecko) SamsungBrowser/10.2 Chrome/71.0.3578.99 Mobile Safari/537.36"
197.210.45.116 - - [31/Jan/2020:01:48:57 -0500] "GET /naijadial/js/owl.carousel.min.js?ver=3.2.2 HTTP/1.1" 200 10584 "https://www.naijadial.com/pricing/" "Mozilla/5.0 (Linux; Android 9; SAMSUNG SM-A307FN) AppleWebKit/537.36 (KHTML, like Gecko) SamsungBrowser/10.2 Chrome/71.0.3578.99 Mobile Safari/537.36"
197.210.45.116 - - [31/Jan/2020:01:48:57 -0500] "GET /naijadial/js/datetimepicker.js?ver=3.2.2 HTTP/1.1" 304 - "https://www.naijadial.com/pricing/" "Mozilla/5.0 (Linux; Android 9; SAMSUNG SM-A307FN) AppleWebKit/537.36 (KHTML, like Gecko) SamsungBrowser/10.2 Chrome/71.0.3578.99 Mobile Safari/537.36"
197.210.45.116 - - [31/Jan/2020:01:48:57 -0500] "GET /naijadial/js/jquery.auto-complete.js?ver=3.2.2 HTTP/1.1" 304 - "https://www.naijadial.com/pricing/" "Mozilla/5.0 (Linux; Android 9; SAMSUNG SM-A307FN) AppleWebKit/537.36 (KHTML, like Gecko) SamsungBrowser/10.2 Chrome/71.0.3578.99 Mobile Safari/537.36"
197.210.45.116 - - [31/Jan/2020:01:48:57 -0500] "GET /naijadial/js/parallax.js?ver=5.3.2 HTTP/1.1" 304 - "https://www.naijadial.com/pricing/" "Mozilla/5.0 (Linux; Android 9; SAMSUNG SM-A307FN) AppleWebKit/537.36 (KHTML, like Gecko) SamsungBrowser/10.2 Chrome/71.0.3578.99 Mobile Safari/537.36"
197.210.45.116 - - [31/Jan/2020:01:48:57 -0500] "GET /files/2020/01/NaijaDial-Logo.png HTTP/1.1" 304 - "https://www.naijadial.com/pricing/" "Mozilla/5.0 (Linux; Android 9; SAMSUNG SM-A307FN) AppleWebKit/537.36 (KHTML, like Gecko) SamsungBrowser/10.2 Chrome/71.0.3578.99 Mobile Safari/537.36"
197.210.45.116 - - [31/Jan/2020:01:48:57 -0500] "GET /cnt/plugins/js_composer/assets/js/dist/js_composer_front.min.js?ver=6.0.5 HTTP/1.1" 304 - "https://www.naijadial.com/pricing/" "Mozilla/5.0 (Linux; Android 9; SAMSUNG SM-A307FN) AppleWebKit/537.36 (KHTML, like Gecko) SamsungBrowser/10.2 Chrome/71.0.3578.99 Mobile Safari/537.36"
41.203.73.251 - - [31/Jan/2020:01:46:14 -0500] "GET /terms-and-conditions/apple-touch-icon.png HTTP/1.1" 404 52350 "https://www.naijadial.com/terms-and-conditions/" "Mozilla/5.0 (Linux; Android 8.1.0; itel W6001) AppleWebKit/537.36 (KHTML, like Gecko) Chrome/79.0.3945.136 Mobile Safari/537.36"
41.203.73.251 - - [31/Jan/2020:01:46:44 -0500] "GET /account/ HTTP/1.1" 200 14158 "https://www.naijadial.com/terms-and-conditions/" "Mozilla/5.0 (Linux; Android 8.1.0; itel W6001) AppleWebKit/537.36 (KHTML, like Gecko) Chrome/79.0.3945.136 Mobile Safari/537.36"
41.203.73.251 - - [31/Jan/2020:01:46:48 -0500] "GET /listingo/images/line-bar.jpg HTTP/1.1" 404 53100 "https://www.naijadial.com/naijadial/style.css?ver=3.2.2" "Mozilla/5.0 (Linux; Android 8.1.0; itel W6001) AppleWebKit/537.36 (KHTML, like Gecko) Chrome/79.0.3945.136 Mobile Safari/537.36"
68.65.121.137 - - [31/Jan/2020:01:47:23 -0500] "POST /wp-cron.php?doing_wp_cron=1580453243.0235030651092529296875 HTTP/1.1" 200 - "https://www.naijadial.com/wp-cron.php?doing_wp_cron=1580453243.0235030651092529296875" "WordPress/5.3.2; https://www.naijadial.com"
41.203.73.251 - - [31/Jan/2020:01:47:22 -0500] "POST /wp-admin/admin-ajax.php HTTP/1.1" 200 94 "https://www.naijadial.com/account/" "Mozilla/5.0 (Linux; Android 8.1.0; itel W6001) AppleWebKit/537.36 (KHTML, like Gecko) Chrome/79.0.3945.136 Mobile Safari/537.36"
41.203.73.251 - - [31/Jan/2020:01:47:47 -0500] "POST /wp-admin/admin-ajax.php HTTP/1.1" 200 94 "https://www.naijadial.com/account/" "Mozilla/5.0 (Linux; Android 8.1.0; itel W6001) AppleWebKit/537.36 (KHTML, like Gecko) Chrome/79.0.3945.136 Mobile Safari/537.36"
197.210.45.116 - - [31/Jan/2020:01:48:57 -0500] "GET /cluder/js/wp-emoji-release.min.js?ver=5.3.2 HTTP/1.1" 200 4626 "https://www.naijadial.com/pricing/" "Mozilla/5.0 (Linux; Android 9; SAMSUNG SM-A307FN) AppleWebKit/537.36 (KHTML, like Gecko) SamsungBrowser/10.2 Chrome/71.0.3578.99 Mobile Safari/537.36"
197.210.45.116 - - [31/Jan/2020:01:48:57 -0500] "GET /naijadial/js/gmap3.min.js?ver=5.3.2 HTTP/1.1" 304 - "https://www.naijadial.com/pricing/" "Mozilla/5.0 (Linux; Android 9; SAMSUNG SM-A307FN) AppleWebKit/537.36 (KHTML, like Gecko) SamsungBrowser/10.2 Chrome/71.0.3578.99 Mobile Safari/537.36"
197.210.45.116 - - [31/Jan/2020:01:48:57 -0500] "GET /naijadial/js/listingo_callbacks.js?ver=3.2.2 HTTP/1.1" 304 - "https://www.naijadial.com/pricing/" "Mozilla/5.0 (Linux; Android 9; SAMSUNG SM-A307FN) AppleWebKit/537.36 (KHTML, like Gecko) SamsungBrowser/10.2 Chrome/71.0.3578.99 Mobile Safari/537.36"
197.210.45.116 - - [31/Jan/2020:01:48:57 -0500] "GET /naijadial/fonts/Linearicons-Free.woff2?w118d HTTP/1.1" 304 - "https://www.naijadial.com/naijadial/css/linearicons.css?ver=3.2.2" "Mozilla/5.0 (Linux; Android 9; SAMSUNG SM-A307FN) AppleWebKit/537.36 (KHTML, like Gecko) SamsungBrowser/10.2 Chrome/71.0.3578.99 Mobile Safari/537.36"
197.210.45.116 - - [31/Jan/2020:01:48:57 -0500] "GET /cnt/plugins/unyson/framework/static/libs/font-awesome/fonts/fontawesome-webfont.woff2?v=4.7.0 HTTP/1.1" 200 77160 "https://www.naijadial.com/cnt/plugins/unyson/framework/static/libs/font-awesome/css/font-awesome.min.css?ver=2.7.22" "Mozilla/5.0 (Linux; Android 9; SAMSUNG SM-A307FN) AppleWebKit/537.36 (KHTML, like Gecko) SamsungBrowser/10.2 Chrome/71.0.3578.99 Mobile Safari/537.36"
197.210.45.116 - - [31/Jan/2020:01:48:57 -0500] "GET /listingo/images/line-bar.jpg HTTP/1.1" 404 53100 "https://www.naijadial.com/naijadial/style.css?ver=3.2.2" "Mozilla/5.0 (Linux; Android 9; SAMSUNG SM-A307FN) AppleWebKit/537.36 (KHTML, like Gecko) SamsungBrowser/10.2 Chrome/71.0.3578.99 Mobile Safari/537.36"
197.210.45.116 - - [31/Jan/2020:01:48:58 -0500] "POST /?wc-ajax=get_refreshed_fragments HTTP/1.1" 200 210 "https://www.naijadial.com/pricing/" "Mozilla/5.0 (Linux; Android 9; SAMSUNG SM-A307FN) AppleWebKit/537.36 (KHTML, like Gecko) SamsungBrowser/10.2 Chrome/71.0.3578.99 Mobile Safari/537.36"
197.210.45.116 - - [31/Jan/2020:01:48:59 -0500] "GET /favicon.ico HTTP/1.1" 200 - "https://www.naijadial.com/pricing/" "Mozilla/5.0 (Linux; Android 9; SAMSUNG SM-A307FN) AppleWebKit/537.36 (KHTML, like Gecko) SamsungBrowser/10.2 Chrome/71.0.3578.99 Mobile Safari/537.36"
197.210.45.116 - - [31/Jan/2020:01:48:59 -0500] "GET /pricing/apple-touch-icon.png HTTP/1.1" 404 52350 "https://www.naijadial.com/pricing/" "Mozilla/5.0 (Linux; Android 9; SAMSUNG SM-A307FN) AppleWebKit/537.36 (KHTML, like Gecko) SamsungBrowser/10.2 Chrome/71.0.3578.99 Mobile Safari/537.36"
68.65.121.137 - - [31/Jan/2020:01:49:40 -0500] "POST /wp-cron.php?doing_wp_cron=1580453380.0135951042175292968750 HTTP/1.1" 200 - "https://www.naijadial.com/wp-cron.php?doing_wp_cron=1580453380.0135951042175292968750" "WordPress/5.3.2; https://www.naijadial.com"
40.77.167.210 - - [31/Jan/2020:01:49:39 -0500] "GET /product-category/uncategorized/ HTTP/1.1" 200 13379 "-" "Mozilla/5.0 (compatible; bingbot/2.0; +http://www.bing.com/bingbot.htm)"
68.65.121.137 - - [31/Jan/2020:01:52:25 -0500] "POST /wp-cron.php?doing_wp_cron=1580453545.6940999031066894531250 HTTP/1.1" 200 - "https://www.naijadial.com/wp-cron.php?doing_wp_cron=1580453545.6940999031066894531250" "WordPress/5.3.2; https://www.naijadial.com"
105.112.107.189 - - [31/Jan/2020:01:52:24 -0500] "GET /account/?fbclid=IwAR3enL7bE9VKE9KwiQo6cEukgqSD79rBNq5hYPQlwp95XpKCtjlhCs_cqfw HTTP/1.1" 200 14235 "https://lm.facebook.com/" "Mozilla/5.0 (Linux; Android 6.0; M6) AppleWebKit/537.36 (KHTML, like Gecko) Chrome/75.0.3770.89 Mobile Safari/537.36"
68.65.121.137 - - [31/Jan/2020:01:37:58 -0500] "POST /wp-cron.php?doing_wp_cron=1580452678.2909269332885742187500 HTTP/1.1" 200 - "https://www.naijadial.com/wp-cron.php?doing_wp_cron=1580452678.2909269332885742187500" "WordPress/5.3.2; https://www.naijadial.com"
209.17.96.82 - - [31/Jan/2020:01:37:56 -0500] "GET / HTTP/1.1" 301 - "-" "Mozilla/5.0 (compatible; Nimbostratus-Bot/v1.3.2; http://cloudsystemnetworks.com)"
105.112.107.189 - - [31/Jan/2020:01:52:34 -0500] "POST /?wc-ajax=get_refreshed_fragments HTTP/1.1" 200 210 "https://www.naijadial.com/account/?fbclid=IwAR3enL7bE9VKE9KwiQo6cEukgqSD79rBNq5hYPQlwp95XpKCtjlhCs_cqfw" "Mozilla/5.0 (Linux; Android 6.0; M6) AppleWebKit/537.36 (KHTML, like Gecko) Chrome/75.0.3770.89 Mobile Safari/537.36"
105.112.107.189 - - [31/Jan/2020:01:52:35 -0500] "GET /listingo/images/line-bar.jpg HTTP/1.1" 404 53100 "https://www.naijadial.com/naijadial/style.css?ver=3.2.2" "Mozilla/5.0 (Linux; Android 6.0; M6) AppleWebKit/537.36 (KHTML, like Gecko) Chrome/75.0.3770.89 Mobile Safari/537.36"
105.112.107.189 - - [31/Jan/2020:01:52:37 -0500] "GET /account/apple-touch-icon.png HTTP/1.1" 404 52350 "https://www.naijadial.com/account/?fbclid=IwAR3enL7bE9VKE9KwiQo6cEukgqSD79rBNq5hYPQlwp95XpKCtjlhCs_cqfw" "Mozilla/5.0 (Linux; Android 6.0; M6) AppleWebKit/537.36 (KHTML, like Gecko) Chrome/75.0.3770.89 Mobile Safari/537.36"
68.65.121.137 - - [31/Jan/2020:01:55:14 -0500] "POST /wp-cron.php?doing_wp_cron=1580453714.1840140819549560546875 HTTP/1.1" 200 - "https://www.naijadial.com/wp-cron.php?doing_wp_cron=1580453714.1840140819549560546875" "WordPress/5.3.2; https://www.naijadial.com"
197.210.46.36 - - [31/Jan/2020:01:55:10 -0500] "POST /wp-admin/admin-ajax.php HTTP/1.1" 200 289 "https://www.naijadial.com/account/" "Mozilla/5.0 (Linux; Android 9; Redmi Note 7) AppleWebKit/537.36 (KHTML, like Gecko) Chrome/79.0.3945.116 Mobile Safari/537.36"
68.65.121.137 - - [31/Jan/2020:01:56:43 -0500] "POST /wp-cron.php?doing_wp_cron=1580453802.9202110767364501953125 HTTP/1.1" 200 - "https://www.naijadial.com/wp-cron.php?doing_wp_cron=1580453802.9202110767364501953125" "WordPress/5.3.2; https://www.naijadial.com"
192.0.112.150 - - [31/Jan/2020:01:56:45 -0500] "POST /xmlrpc.php?for=jetpack&token=QnAj%24o5mLE3EzK%29fA%24kIDJcGKW9yy0rE%3A1%3A1×tamp=1580453805&nonce=vMrzCFKgXL&body-hash=THtSoLiSZOJB8rWnp9Han4PSf3k%3D&signature=VuZQPjCtTD56ZfcplptzYABC7jg%3D HTTP/1.1" 200 1628 "https://www.naijadial.com/xmlrpc.php?for=jetpack&token=QnAj%24o5mLE3EzK%29fA%24kIDJcGKW9yy0rE%3A1%3A1×tamp=1580453805&nonce=vMrzCFKgXL&body-hash=THtSoLiSZOJB8rWnp9Han4PSf3k%3D&signature=VuZQPjCtTD56ZfcplptzYABC7jg%3D" "Jetpack by WordPress.com"
197.210.46.105 - - [31/Jan/2020:01:56:42 -0500] "POST /wp-admin/admin-ajax.php HTTP/1.1" 200 194 "https://www.naijadial.com/account/" "Mozilla/5.0 (Linux; Android 9; Redmi Note 7) AppleWebKit/537.36 (KHTML, like Gecko) Chrome/79.0.3945.116 Mobile Safari/537.36"
197.210.46.105 - - [31/Jan/2020:01:56:49 -0500] "GET /dashboard/?ref=settings&identity=133 HTTP/1.1" 200 30485 "https://www.naijadial.com/account/" "Mozilla/5.0 (Linux; Android 9; Redmi Note 7) AppleWebKit/537.36 (KHTML, like Gecko) Chrome/79.0.3945.116 Mobile Safari/537.36"
197.210.46.105 - - [31/Jan/2020:01:56:51 -0500] "GET /naijadial/css/emoji/emojionearea.min.css?ver=3.2.2 HTTP/1.1" 304 - "https://www.naijadial.com/dashboard/?ref=settings&identity=133" "Mozilla/5.0 (Linux; Android 9; Redmi Note 7) AppleWebKit/537.36 (KHTML, like Gecko) Chrome/79.0.3945.116 Mobile Safari/537.36"
197.210.46.105 - - [31/Jan/2020:01:56:52 -0500] "GET /naijadial/framework-customizations/extensions/ads/static/js/fw_ext_ads_callbacks.js?ver=1.0 HTTP/1.1" 200 3002 "https://www.naijadial.com/dashboard/?ref=settings&identity=133" "Mozilla/5.0 (Linux; Android 9; Redmi Note 7) AppleWebKit/537.36 (KHTML, like Gecko) Chrome/79.0.3945.116 Mobile Safari/537.36"
197.210.46.105 - - [31/Jan/2020:01:56:52 -0500] "GET /naijadial/framework-customizations/extensions/questionsanswers/static/js/fw_ext_questionsanswers_callbacks.js?ver=1.0 HTTP/1.1" 304 - "https://www.naijadial.com/dashboard/?ref=settings&identity=133" "Mozilla/5.0 (Linux; Android 9; Redmi Note 7) AppleWebKit/537.36 (KHTML, like Gecko) Chrome/79.0.3945.116 Mobile Safari/537.36"
197.210.46.105 - - [31/Jan/2020:01:56:52 -0500] "GET /naijadial/framework-customizations/extensions/articles/static/js/fw_ext_articles_callbacks.js?ver=1.0 HTTP/1.1" 200 2122 "https://www.naijadial.com/dashboard/?ref=settings&identity=133" "Mozilla/5.0 (Linux; Android 9; Redmi Note 7) AppleWebKit/537.36 (KHTML, like Gecko) Chrome/79.0.3945.116 Mobile Safari/537.36"
197.210.46.105 - - [31/Jan/2020:01:56:52 -0500] "GET /naijadial/js/linkify/linkify-string.min.js?ver=5.3.2 HTTP/1.1" 200 587 "https://www.naijadial.com/dashboard/?ref=settings&identity=133" "Mozilla/5.0 (Linux; Android 9; Redmi Note 7) AppleWebKit/537.36 (KHTML, like Gecko) Chrome/79.0.3945.116 Mobile Safari/537.36"
197.210.46.105 - - [31/Jan/2020:01:56:52 -0500] "GET /naijadial/js/linkify/linkify.min.js?ver=5.3.2 HTTP/1.1" 200 9089 "https://www.naijadial.com/dashboard/?ref=settings&identity=133" "Mozilla/5.0 (Linux; Android 9; Redmi Note 7) AppleWebKit/537.36 (KHTML, like Gecko) Chrome/79.0.3945.116 Mobile Safari/537.36"
197.210.46.105 - - [31/Jan/2020:01:56:52 -0500] "GET /naijadial/js/linkify/linkify-jquery.min.js?ver=5.3.2 HTTP/1.1" 304 - "https://www.naijadial.com/dashboard/?ref=settings&identity=133" "Mozilla/5.0 (Linux; Android 9; Redmi Note 7) AppleWebKit/537.36 (KHTML, like Gecko) Chrome/79.0.3945.116 Mobile Safari/537.36"
197.210.46.105 - - [31/Jan/2020:01:56:52 -0500] "GET /naijadial/js/chat_module.js?ver=5.3.2 HTTP/1.1" 304 - "https://www.naijadial.com/dashboard/?ref=settings&identity=133" "Mozilla/5.0 (Linux; Android 9; Redmi Note 7) AppleWebKit/537.36 (KHTML, like Gecko) Chrome/79.0.3945.116 Mobile Safari/537.36"
197.210.46.105 - - [31/Jan/2020:01:56:52 -0500] "GET /naijadial/js/user-dashboard.js?ver=3.2.2 HTTP/1.1" 200 11834 "https://www.naijadial.com/dashboard/?ref=settings&identity=133" "Mozilla/5.0 (Linux; Android 9; Redmi Note 7) AppleWebKit/537.36 (KHTML, like Gecko) Chrome/79.0.3945.116 Mobile Safari/537.36"
197.210.46.105 - - [31/Jan/2020:01:56:52 -0500] "GET /naijadial/js/emoji/emojionearea.min.js?ver=5.3.2 HTTP/1.1" 200 17222 "https://www.naijadial.com/dashboard/?ref=settings&identity=133" "Mozilla/5.0 (Linux; Android 9; Redmi Note 7) AppleWebKit/537.36 (KHTML, like Gecko) Chrome/79.0.3945.116 Mobile Safari/537.36"
197.210.46.105 - - [31/Jan/2020:01:56:52 -0500] "GET /naijadial/js/listingo_maps.js?ver=3.2.2 HTTP/1.1" 304 - "https://www.naijadial.com/dashboard/?ref=settings&identity=133" "Mozilla/5.0 (Linux; Android 9; Redmi Note 7) AppleWebKit/537.36 (KHTML, like Gecko) Chrome/79.0.3945.116 Mobile Safari/537.36"
197.210.46.105 - - [31/Jan/2020:01:56:52 -0500] "GET /cluder/js/tinymce/langs/wp-langs-en.js?ver=4960-20190918-tadv-5210 HTTP/1.1" 200 5448 "https://www.naijadial.com/dashboard/?ref=settings&identity=133" "Mozilla/5.0 (Linux; Android 9; Redmi Note 7) AppleWebKit/537.36 (KHTML, like Gecko) Chrome/79.0.3945.116 Mobile Safari/537.36"
197.210.46.105 - - [31/Jan/2020:01:56:53 -0500] "GET /files/2020/01/NaijaDial-Avatar-100x100.png HTTP/1.1" 304 - "https://www.naijadial.com/dashboard/?ref=settings&identity=133" "Mozilla/5.0 (Linux; Android 9; Redmi Note 7) AppleWebKit/537.36 (KHTML, like Gecko) Chrome/79.0.3945.116 Mobile Safari/537.36"
197.210.46.105 - - [31/Jan/2020:01:56:53 -0500] "GET /files/2020/01/Automotives-270x120.png HTTP/1.1" 200 69672 "https://www.naijadial.com/dashboard/?ref=settings&identity=133" "Mozilla/5.0 (Linux; Android 9; Redmi Note 7) AppleWebKit/537.36 (KHTML, like Gecko) Chrome/79.0.3945.116 Mobile Safari/537.36"
197.210.46.105 - - [31/Jan/2020:01:56:53 -0500] "GET /naijadial/images/geoicon.svg HTTP/1.1" 304 - "https://www.naijadial.com/dashboard/?ref=settings&identity=133" "Mozilla/5.0 (Linux; Android 9; Redmi Note 7) AppleWebKit/537.36 (KHTML, like Gecko) Chrome/79.0.3945.116 Mobile Safari/537.36"
197.210.46.105 - - [31/Jan/2020:01:56:55 -0500] "GET /cluder/js/tinymce/themes/modern/theme.min.js?wp-mce-4960-20190918-tadv-5210 HTTP/1.1" 200 41712 "https://www.naijadial.com/dashboard/?ref=settings&identity=133" "Mozilla/5.0 (Linux; Android 9; Redmi Note 7) AppleWebKit/537.36 (KHTML, like Gecko) Chrome/79.0.3945.116 Mobile Safari/537.36"
197.210.46.105 - - [31/Jan/2020:01:56:56 -0500] "GET /cnt/plugins/tinymce-advanced/mce/searchreplace/plugin.min.js?wp-mce-4960-20190918-tadv-5210 HTTP/1.1" 200 2905 "https://www.naijadial.com/dashboard/?ref=settings&identity=133" "Mozilla/5.0 (Linux; Android 9; Redmi Note 7) AppleWebKit/537.36 (KHTML, like Gecko) Chrome/79.0.3945.116 Mobile Safari/537.36"
197.210.46.105 - - [31/Jan/2020:01:56:56 -0500] "GET /cluder/js/tinymce/plugins/colorpicker/plugin.min.js?wp-mce-4960-20190918-tadv-5210 HTTP/1.1" 200 656 "https://www.naijadial.com/dashboard/?ref=settings&identity=133" "Mozilla/5.0 (Linux; Android 9; Redmi Note 7) AppleWebKit/537.36 (KHTML, like Gecko) Chrome/79.0.3945.116 Mobile Safari/537.36"
197.210.46.105 - - [31/Jan/2020:01:56:56 -0500] "GET /cluder/js/tinymce/plugins/image/plugin.min.js?wp-mce-4960-20190918-tadv-5210 HTTP/1.1" 200 5497 "https://www.naijadial.com/dashboard/?ref=settings&identity=133" "Mozilla/5.0 (Linux; Android 9; Redmi Note 7) AppleWebKit/537.36 (KHTML, like Gecko) Chrome/79.0.3945.116 Mobile Safari/537.36"
197.210.46.105 - - [31/Jan/2020:01:56:56 -0500] "GET /cnt/plugins/tinymce-advanced/mce/nonbreaking/plugin.min.js?wp-mce-4960-20190918-tadv-5210 HTTP/1.1" 200 541 "https://www.naijadial.com/dashboard/?ref=settings&identity=133" "Mozilla/5.0 (Linux; Android 9; Redmi Note 7) AppleWebKit/537.36 (KHTML, like Gecko) Chrome/79.0.3945.116 Mobile Safari/537.36"
197.210.46.105 - - [31/Jan/2020:01:56:56 -0500] "GET /cnt/plugins/tinymce-advanced/mce/anchor/plugin.min.js?wp-mce-4960-20190918-tadv-5210 HTTP/1.1" 200 759 "https://www.naijadial.com/dashboard/?ref=settings&identity=133" "Mozilla/5.0 (Linux; Android 9; Redmi Note 7) AppleWebKit/537.36 (KHTML, like Gecko) Chrome/79.0.3945.116 Mobile Safari/537.36"
197.210.46.105 - - [31/Jan/2020:01:56:56 -0500] "GET /cnt/plugins/tinymce-advanced/mce/advlist/plugin.min.js?wp-mce-4960-20190918-tadv-5210 HTTP/1.1" 200 978 "https://www.naijadial.com/dashboard/?ref=settings&identity=133" "Mozilla/5.0 (Linux; Android 9; Redmi Note 7) AppleWebKit/537.36 (KHTML, like Gecko) Chrome/79.0.3945.116 Mobile Safari/537.36"
197.210.46.105 - - [31/Jan/2020:01:56:56 -0500] "GET /cnt/plugins/tinymce-advanced/mce/visualchars/plugin.min.js?wp-mce-4960-20190918-tadv-5210 HTTP/1.1" 200 2176 "https://www.naijadial.com/dashboard/?ref=settings&identity=133" "Mozilla/5.0 (Linux; Android 9; Redmi Note 7) AppleWebKit/537.36 (KHTML, like Gecko) Chrome/79.0.3945.116 Mobile Safari/537.36"
197.210.46.105 - - [31/Jan/2020:01:56:56 -0500] "GET /cnt/plugins/tinymce-advanced/mce/insertdatetime/plugin.min.js?wp-mce-4960-20190918-tadv-5210 HTTP/1.1" 200 1103 "https://www.naijadial.com/dashboard/?ref=settings&identity=133" "Mozilla/5.0 (Linux; Android 9; Redmi Note 7) AppleWebKit/537.36 (KHTML, like Gecko) Chrome/79.0.3945.116 Mobile Safari/537.36"
197.210.46.105 - - [31/Jan/2020:01:56:56 -0500] "GET /cnt/plugins/tinymce-advanced/mce/visualblocks/plugin.min.js?wp-mce-4960-20190918-tadv-5210 HTTP/1.1" 200 729 "https://www.naijadial.com/dashboard/?ref=settings&identity=133" "Mozilla/5.0 (Linux; Android 9; Redmi Note 7) AppleWebKit/537.36 (KHTML, like Gecko) Chrome/79.0.3945.116 Mobile Safari/537.36"
197.210.46.105 - - [31/Jan/2020:01:56:56 -0500] "GET /cnt/plugins/tinymce-advanced/mce/table/plugin.min.js?wp-mce-4960-20190918-tadv-5210 HTTP/1.1" 200 34548 "https://www.naijadial.com/dashboard/?ref=settings&identity=133" "Mozilla/5.0 (Linux; Android 9; Redmi Note 7) AppleWebKit/537.36 (KHTML, like Gecko) Chrome/79.0.3945.116 Mobile Safari/537.36"
197.210.46.105 - - [31/Jan/2020:01:56:56 -0500] "GET /cnt/plugins/tinymce-advanced/mce/print/plugin.min.js?wp-mce-4960-20190918-tadv-5210 HTTP/1.1" 200 263 "https://www.naijadial.com/dashboard/?ref=settings&identity=133" "Mozilla/5.0 (Linux; Android 9; Redmi Note 7) AppleWebKit/537.36 (KHTML, like Gecko) Chrome/79.0.3945.116 Mobile Safari/537.36"
197.210.46.105 - - [31/Jan/2020:01:56:56 -0500] "GET /cnt/plugins/tinymce-advanced/mce/code/plugin.min.js?wp-mce-4960-20190918-tadv-5210 HTTP/1.1" 200 524 "https://www.naijadial.com/dashboard/?ref=settings&identity=133" "Mozilla/5.0 (Linux; Android 9; Redmi Note 7) AppleWebKit/537.36 (KHTML, like Gecko) Chrome/79.0.3945.116 Mobile Safari/537.36"
197.210.46.105 - - [31/Jan/2020:01:56:56 -0500] "GET /cluder/js/tinymce/plugins/wpdialogs/plugin.min.js?wp-mce-4960-20190918-tadv-5210 HTTP/1.1" 200 635 "https://www.naijadial.com/dashboard/?ref=settings&identity=133" "Mozilla/5.0 (Linux; Android 9; Redmi Note 7) AppleWebKit/537.36 (KHTML, like Gecko) Chrome/79.0.3945.116 Mobile Safari/537.36"
197.210.46.105 - - [31/Jan/2020:01:56:56 -0500] "GET /cluder/js/tinymce/plugins/wordpress/plugin.min.js?wp-mce-4960-20190918-tadv-5210 HTTP/1.1" 200 6143 "https://www.naijadial.com/dashboard/?ref=settings&identity=133" "Mozilla/5.0 (Linux; Android 9; Redmi Note 7) AppleWebKit/537.36 (KHTML, like Gecko) Chrome/79.0.3945.116 Mobile Safari/537.36"
197.210.46.105 - - [31/Jan/2020:01:56:56 -0500] "GET /cluder/js/tinymce/plugins/wpautoresize/plugin.min.js?wp-mce-4960-20190918-tadv-5210 HTTP/1.1" 200 900 "https://www.naijadial.com/dashboard/?ref=settings&identity=133" "Mozilla/5.0 (Linux; Android 9; Redmi Note 7) AppleWebKit/537.36 (KHTML, like Gecko) Chrome/79.0.3945.116 Mobile Safari/537.36"
197.210.46.105 - - [31/Jan/2020:01:56:56 -0500] "GET /cluder/js/tinymce/plugins/wpeditimage/plugin.min.js?wp-mce-4960-20190918-tadv-5210 HTTP/1.1" 200 4466 "https://www.naijadial.com/dashboard/?ref=settings&identity=133" "Mozilla/5.0 (Linux; Android 9; Redmi Note 7) AppleWebKit/537.36 (KHTML, like Gecko) Chrome/79.0.3945.116 Mobile Safari/537.36"
197.210.46.105 - - [31/Jan/2020:01:56:56 -0500] "GET /cluder/js/tinymce/plugins/lists/plugin.min.js?wp-mce-4960-20190918-tadv-5210 HTTP/1.1" 200 9135 "https://www.naijadial.com/dashboard/?ref=settings&identity=133" "Mozilla/5.0 (Linux; Android 9; Redmi Note 7) AppleWebKit/537.36 (KHTML, like Gecko) Chrome/79.0.3945.116 Mobile Safari/537.36"
197.210.46.105 - - [31/Jan/2020:01:56:56 -0500] "GET /cnt/plugins/tinymce-advanced/mce/wptadv/plugin.min.js?wp-mce-4960-20190918-tadv-5210 HTTP/1.1" 200 1491 "https://www.naijadial.com/dashboard/?ref=settings&identity=133" "Mozilla/5.0 (Linux; Android 9; Redmi Note 7) AppleWebKit/537.36 (KHTML, like Gecko) Chrome/79.0.3945.116 Mobile Safari/537.36"
197.210.46.105 - - [31/Jan/2020:01:56:56 -0500] "GET /cluder/js/tinymce/plugins/hr/plugin.min.js?wp-mce-4960-20190918-tadv-5210 HTTP/1.1" 200 246 "https://www.naijadial.com/dashboard/?ref=settings&identity=133" "Mozilla/5.0 (Linux; Android 9; Redmi Note 7) AppleWebKit/537.36 (KHTML, like Gecko) Chrome/79.0.3945.116 Mobile Safari/537.36"
197.210.46.105 - - [31/Jan/2020:01:56:56 -0500] "GET /cluder/js/tinymce/plugins/wplink/plugin.min.js?wp-mce-4960-20190918-tadv-5210 HTTP/1.1" 200 3345 "https://www.naijadial.com/dashboard/?ref=settings&identity=133" "Mozilla/5.0 (Linux; Android 9; Redmi Note 7) AppleWebKit/537.36 (KHTML, like Gecko) Chrome/79.0.3945.116 Mobile Safari/537.36"
197.210.46.105 - - [31/Jan/2020:01:56:56 -0500] "GET /cluder/js/tinymce/plugins/textcolor/plugin.min.js?wp-mce-4960-20190918-tadv-5210 HTTP/1.1" 200 1942 "https://www.naijadial.com/dashboard/?ref=settings&identity=133" "Mozilla/5.0 (Linux; Android 9; Redmi Note 7) AppleWebKit/537.36 (KHTML, like Gecko) Chrome/79.0.3945.116 Mobile Safari/537.36"
197.210.46.105 - - [31/Jan/2020:01:56:56 -0500] "GET /cluder/js/tinymce/plugins/charmap/plugin.min.js?wp-mce-4960-20190918-tadv-5210 HTTP/1.1" 200 3244 "https://www.naijadial.com/dashboard/?ref=settings&identity=133" "Mozilla/5.0 (Linux; Android 9; Redmi Note 7) AppleWebKit/537.36 (KHTML, like Gecko) Chrome/79.0.3945.116 Mobile Safari/537.36"
197.210.46.105 - - [31/Jan/2020:01:56:56 -0500] "GET /cluder/js/tinymce/plugins/wptextpattern/plugin.min.js?wp-mce-4960-20190918-tadv-5210 HTTP/1.1" 200 1411 "https://www.naijadial.com/dashboard/?ref=settings&identity=133" "Mozilla/5.0 (Linux; Android 9; Redmi Note 7) AppleWebKit/537.36 (KHTML, like Gecko) Chrome/79.0.3945.116 Mobile Safari/537.36"
197.210.46.105 - - [31/Jan/2020:01:56:56 -0500] "GET /cluder/js/tinymce/plugins/wpview/plugin.min.js?wp-mce-4960-20190918-tadv-5210 HTTP/1.1" 200 1237 "https://www.naijadial.com/dashboard/?ref=settings&identity=133" "Mozilla/5.0 (Linux; Android 9; Redmi Note 7) AppleWebKit/537.36 (KHTML, like Gecko) Chrome/79.0.3945.116 Mobile Safari/537.36"
197.210.46.105 - - [31/Jan/2020:01:56:56 -0500] "GET /cluder/js/tinymce/plugins/wpemoji/plugin.min.js?wp-mce-4960-20190918-tadv-5210 HTTP/1.1" 200 736 "https://www.naijadial.com/dashboard/?ref=settings&identity=133" "Mozilla/5.0 (Linux; Android 9; Redmi Note 7) AppleWebKit/537.36 (KHTML, like Gecko) Chrome/79.0.3945.116 Mobile Safari/537.36"
197.210.46.105 - - [31/Jan/2020:01:56:56 -0500] "GET /cluder/js/tinymce/plugins/paste/plugin.min.js?wp-mce-4960-20190918-tadv-5210 HTTP/1.1" 200 11360 "https://www.naijadial.com/dashboard/?ref=settings&identity=133" "Mozilla/5.0 (Linux; Android 9; Redmi Note 7) AppleWebKit/537.36 (KHTML, like Gecko) Chrome/79.0.3945.116 Mobile Safari/537.36"
197.210.46.105 - - [31/Jan/2020:01:56:56 -0500] "GET /cluder/js/tinymce/plugins/tabfocus/plugin.min.js?wp-mce-4960-20190918-tadv-5210 HTTP/1.1" 200 794 "https://www.naijadial.com/dashboard/?ref=settings&identity=133" "Mozilla/5.0 (Linux; Android 9; Redmi Note 7) AppleWebKit/537.36 (KHTML, like Gecko) Chrome/79.0.3945.116 Mobile Safari/537.36"
197.210.46.105 - - [31/Jan/2020:01:56:56 -0500] "GET /cluder/js/tinymce/plugins/fullscreen/plugin.min.js?wp-mce-4960-20190918-tadv-5210 HTTP/1.1" 200 890 "https://www.naijadial.com/dashboard/?ref=settings&identity=133" "Mozilla/5.0 (Linux; Android 9; Redmi Note 7) AppleWebKit/537.36 (KHTML, like Gecko) Chrome/79.0.3945.116 Mobile Safari/537.36"
197.210.46.105 - - [31/Jan/2020:01:56:56 -0500] "GET /cluder/js/tinymce/plugins/media/plugin.min.js?wp-mce-4960-20190918-tadv-5210 HTTP/1.1" 200 5409 "https://www.naijadial.com/dashboard/?ref=settings&identity=133" "Mozilla/5.0 (Linux; Android 9; Redmi Note 7) AppleWebKit/537.36 (KHTML, like Gecko) Chrome/79.0.3945.116 Mobile Safari/537.36"
197.210.46.105 - - [31/Jan/2020:01:56:56 -0500] "GET /cluder/js/tinymce/plugins/wpgallery/plugin.min.js?wp-mce-4960-20190918-tadv-5210 HTTP/1.1" 200 725 "https://www.naijadial.com/dashboard/?ref=settings&identity=133" "Mozilla/5.0 (Linux; Android 9; Redmi Note 7) AppleWebKit/537.36 (KHTML, like Gecko) Chrome/79.0.3945.116 Mobile Safari/537.36"
197.210.46.105 - - [31/Jan/2020:01:56:57 -0500] "GET /cluder/js/tinymce/skins/lightgray/skin.min.css?wp-mce-4960-20190918-tadv-5210 HTTP/1.1" 200 8437 "https://www.naijadial.com/dashboard/?ref=settings&identity=133" "Mozilla/5.0 (Linux; Android 9; Redmi Note 7) AppleWebKit/537.36 (KHTML, like Gecko) Chrome/79.0.3945.116 Mobile Safari/537.36"
