107.181.177.135 - - [30/Jan/2020:09:49:30 -0500] "GET /cnt/plugins/bbp-style-pack/js/bsp.js?ver=5.3.2 HTTP/1.1" 304 - "https://www.naijadial.com/wp-admin/users.php?paged=1" "Mozilla/5.0 (Windows NT 6.3; Win64; x64) AppleWebKit/537.36 (KHTML, like Gecko) Chrome/79.0.3945.130 Safari/537.36"
107.181.177.135 - - [30/Jan/2020:09:49:39 -0500] "GET /wp-json/jetpack/v4/jitm?message_path=wp%3Ausers%3Aadmin_notices&query=paged%253D1&_wpnonce=8f1d28b7d0 HTTP/1.1" 200 2 "https://www.naijadial.com/wp-admin/users.php?paged=1" "Mozilla/5.0 (Windows NT 6.3; Win64; x64) AppleWebKit/537.36 (KHTML, like Gecko) Chrome/79.0.3945.130 Safari/537.36"
68.65.121.137 - - [30/Jan/2020:09:50:38 -0500] "POST /wp-cron.php?doing_wp_cron=1580395837.9120099544525146484375 HTTP/1.1" 200 - "https://www.naijadial.com/wp-cron.php?doing_wp_cron=1580395837.9120099544525146484375" "WordPress/5.3.2; https://www.naijadial.com"
107.181.177.135 - - [30/Jan/2020:09:50:37 -0500] "POST /wp-admin/admin-ajax.php HTTP/1.1" 200 47 "https://www.naijadial.com/wp-admin/users.php?paged=1" "Mozilla/5.0 (Windows NT 6.3; Win64; x64) AppleWebKit/537.36 (KHTML, like Gecko) Chrome/79.0.3945.130 Safari/537.36"
54.36.150.141 - - [30/Jan/2020:09:43:21 -0500] "GET /providers-category/currency-counting-machine-dealers/ HTTP/1.1" 404 52350 "-" "Mozilla/5.0 (compatible; AhrefsBot/6.1; +http://ahrefs.com/robot/)"
107.181.177.135 - - [30/Jan/2020:09:53:36 -0500] "GET /naijadial/js/datetimepicker.js?ver=3.2.2 HTTP/1.1" 304 - "https://www.naijadial.com/wp-admin/" "Mozilla/5.0 (Windows NT 6.3; Win64; x64) AppleWebKit/537.36 (KHTML, like Gecko) Chrome/79.0.3945.130 Safari/537.36"
107.181.177.135 - - [30/Jan/2020:09:53:36 -0500] "GET /naijadial/js/chosen.jquery.js?ver=3.2.2 HTTP/1.1" 304 - "https://www.naijadial.com/wp-admin/" "Mozilla/5.0 (Windows NT 6.3; Win64; x64) AppleWebKit/537.36 (KHTML, like Gecko) Chrome/79.0.3945.130 Safari/537.36"
107.181.177.135 - - [30/Jan/2020:09:53:36 -0500] "GET /cnt/plugins/unyson/framework/extensions/shortcodes/static/js/aggressive-coder.js?ver=1.3.31 HTTP/1.1" 304 - "https://www.naijadial.com/wp-admin/" "Mozilla/5.0 (Windows NT 6.3; Win64; x64) AppleWebKit/537.36 (KHTML, like Gecko) Chrome/79.0.3945.130 Safari/537.36"
107.181.177.135 - - [30/Jan/2020:09:53:42 -0500] "POST /wp-admin/admin-ajax.php HTTP/1.1" 200 1755 "https://www.naijadial.com/wp-admin/" "Mozilla/5.0 (Windows NT 6.3; Win64; x64) AppleWebKit/537.36 (KHTML, like Gecko) Chrome/79.0.3945.130 Safari/537.36"
107.181.177.135 - - [30/Jan/2020:09:53:42 -0500] "GET /wp-json/jetpack/v4/jitm?message_path=wp%3Adashboard%3Aadmin_notices&query=&_wpnonce=8f1d28b7d0 HTTP/1.1" 200 961 "https://www.naijadial.com/wp-admin/" "Mozilla/5.0 (Windows NT 6.3; Win64; x64) AppleWebKit/537.36 (KHTML, like Gecko) Chrome/79.0.3945.130 Safari/537.36"
107.181.177.135 - - [30/Jan/2020:09:53:42 -0500] "GET /wp-admin/admin.php?page=stats&noheader&dashboard&width=782 HTTP/1.1" 200 1464 "https://www.naijadial.com/wp-admin/" "Mozilla/5.0 (Windows NT 6.3; Win64; x64) AppleWebKit/537.36 (KHTML, like Gecko) Chrome/79.0.3945.130 Safari/537.36"
107.181.177.135 - - [30/Jan/2020:09:53:59 -0500] "POST /wp-admin/admin.php?page=stats&noheader&chart=flot-stats-data HTTP/1.1" 200 2321 "https://www.naijadial.com/wp-admin/" "Mozilla/5.0 (Windows NT 6.3; Win64; x64) AppleWebKit/537.36 (KHTML, like Gecko) Chrome/79.0.3945.130 Safari/537.36"
68.65.121.137 - - [30/Jan/2020:09:54:21 -0500] "POST /wp-cron.php?doing_wp_cron=1580396061.1433699131011962890625 HTTP/1.1" 200 - "https://www.naijadial.com/wp-cron.php?doing_wp_cron=1580396061.1433699131011962890625" "WordPress/5.3.2; https://www.naijadial.com"
107.181.177.135 - - [30/Jan/2020:09:54:20 -0500] "GET /wp-admin/admin.php?page=stats&day=2020-01-30 HTTP/1.1" 200 42079 "https://www.naijadial.com/wp-admin/" "Mozilla/5.0 (Windows NT 6.3; Win64; x64) AppleWebKit/537.36 (KHTML, like Gecko) Chrome/79.0.3945.130 Safari/537.36"
68.65.121.137 - - [30/Jan/2020:09:54:22 -0500] "POST /wp-cron.php?doing_wp_cron=1580396062.1427819728851318359375 HTTP/1.1" 200 - "https://www.naijadial.com/wp-cron.php?doing_wp_cron=1580396062.1427819728851318359375" "WordPress/5.3.2; https://www.naijadial.com"
107.181.177.135 - - [30/Jan/2020:09:54:20 -0500] "POST /wp-admin/admin-ajax.php HTTP/1.1" 200 21 "https://www.naijadial.com/wp-admin/" "Mozilla/5.0 (Windows NT 6.3; Win64; x64) AppleWebKit/537.36 (KHTML, like Gecko) Chrome/79.0.3945.130 Safari/537.36"
68.65.121.137 - - [30/Jan/2020:09:54:23 -0500] "POST /wp-cron.php?doing_wp_cron=1580396062.9098351001739501953125 HTTP/1.1" 200 - "https://www.naijadial.com/wp-cron.php?doing_wp_cron=1580396062.9098351001739501953125" "WordPress/5.3.2; https://www.naijadial.com"
107.181.177.135 - - [30/Jan/2020:09:54:21 -0500] "POST /wp-admin/admin-ajax.php HTTP/1.1" 200 21 "https://www.naijadial.com/wp-admin/" "Mozilla/5.0 (Windows NT 6.3; Win64; x64) AppleWebKit/537.36 (KHTML, like Gecko) Chrome/79.0.3945.130 Safari/537.36"
107.181.177.135 - - [30/Jan/2020:09:54:51 -0500] "POST /wp-admin/admin-ajax.php HTTP/1.1" 200 47 "https://www.naijadial.com/wp-admin/users.php?paged=1" "Mozilla/5.0 (Windows NT 6.3; Win64; x64) AppleWebKit/537.36 (KHTML, like Gecko) Chrome/79.0.3945.130 Safari/537.36"
107.181.177.135 - - [30/Jan/2020:09:54:54 -0500] "GET /wp-admin/admin.php?page=stats&day=2020-01-30&noheader HTTP/1.1" 200 3064 "https://www.naijadial.com/wp-admin/admin.php?page=stats&day=2020-01-30" "Mozilla/5.0 (Windows NT 6.3; Win64; x64) AppleWebKit/537.36 (KHTML, like Gecko) Chrome/79.0.3945.130 Safari/537.36"
192.0.84.104 - - [30/Jan/2020:09:54:56 -0500] "POST /xmlrpc.php?for=jetpack&token=QnAj%24o5mLE3EzK%29fA%24kIDJcGKW9yy0rE%3A1%3A1×tamp=1580396096&nonce=K2ddALyqtJ&body-hash=Ly7kIQaWARsR20%2FrLALZPldSIFI%3D&signature=oesHoezxe0%2BwSFCtsUoidmSz3b0%3D HTTP/1.1" 200 3984 "https://www.naijadial.com/xmlrpc.php?for=jetpack&token=QnAj%24o5mLE3EzK%29fA%24kIDJcGKW9yy0rE%3A1%3A1×tamp=1580396096&nonce=K2ddALyqtJ&body-hash=Ly7kIQaWARsR20%2FrLALZPldSIFI%3D&signature=oesHoezxe0%2BwSFCtsUoidmSz3b0%3D" "Jetpack by WordPress.com"
68.65.121.137 - - [30/Jan/2020:09:56:10 -0500] "POST /wp-cron.php?doing_wp_cron=1580396170.0743410587310791015625 HTTP/1.1" 200 - "https://www.naijadial.com/wp-cron.php?doing_wp_cron=1580396170.0743410587310791015625" "WordPress/5.3.2; https://www.naijadial.com"
197.210.45.102 - - [30/Jan/2020:09:56:09 -0500] "GET /account/ HTTP/1.1" 200 14152 "-" "Mozilla/5.0 (Linux; Android 7.1.1; ZTE V0840 Build/NMF26F) AppleWebKit/537.36 (KHTML, like Gecko) Chrome/62.0.3202.66 Mobile Safari/537.36"
107.181.177.135 - - [30/Jan/2020:09:56:54 -0500] "POST /wp-admin/admin-ajax.php HTTP/1.1" 200 47 "https://www.naijadial.com/wp-admin/users.php?paged=1" "Mozilla/5.0 (Windows NT 6.3; Win64; x64) AppleWebKit/537.36 (KHTML, like Gecko) Chrome/79.0.3945.130 Safari/537.36"
107.181.177.135 - - [30/Jan/2020:09:56:55 -0500] "POST /wp-admin/admin-ajax.php HTTP/1.1" 200 47 "https://www.naijadial.com/wp-admin/admin.php?page=stats&day=2020-01-30" "Mozilla/5.0 (Windows NT 6.3; Win64; x64) AppleWebKit/537.36 (KHTML, like Gecko) Chrome/79.0.3945.130 Safari/537.36"
68.65.121.137 - - [30/Jan/2020:09:57:49 -0500] "POST /wp-cron.php?doing_wp_cron=1580396269.1118919849395751953125 HTTP/1.1" 200 - "https://www.naijadial.com/wp-cron.php?doing_wp_cron=1580396269.1118919849395751953125" "WordPress/5.3.2; https://www.naijadial.com"
2607:5300:60:1c57:: - - [30/Jan/2020:09:57:48 -0500] "GET /wp-login.php HTTP/1.1" 200 1761 "http://naijadial.com/wp-login.php" "Mozilla/5.0 (X11; Ubuntu; Linux x86_64; rv:62.0) Gecko/20100101 Firefox/62.0"
2607:5300:60:1c57:: - - [30/Jan/2020:09:57:50 -0500] "GET /?author=1 HTTP/1.1" 301 - "http://naijadial.com///?author=1" "Mozilla/5.0 (X11; Ubuntu; Linux x86_64; rv:62.0) Gecko/20100101 Firefox/62.0"
2607:5300:60:1c57:: - - [30/Jan/2020:09:57:50 -0500] "GET /author/matican1/ HTTP/1.1" 200 15563 "https://naijadial.com/?author=1" "Mozilla/5.0 (X11; Ubuntu; Linux x86_64; rv:62.0) Gecko/20100101 Firefox/62.0"
2607:5300:60:1c57:: - - [30/Jan/2020:09:57:51 -0500] "GET /wp-json/wp/v2/users/ HTTP/1.1" 403 1077 "http://naijadial.com///wp-json/wp/v2/users/" "Mozilla/5.0 (X11; Ubuntu; Linux x86_64; rv:62.0) Gecko/20100101 Firefox/62.0"
2607:5300:60:1c57:: - - [30/Jan/2020:09:57:52 -0500] "GET /?author=2 HTTP/1.1" 301 - "http://naijadial.com///?author=2" "Mozilla/5.0 (X11; Ubuntu; Linux x86_64; rv:62.0) Gecko/20100101 Firefox/62.0"
2607:5300:60:1c57:: - - [30/Jan/2020:09:57:52 -0500] "GET /?author=2 HTTP/1.1" 404 52350 "https://naijadial.com/?author=2" "Mozilla/5.0 (X11; Ubuntu; Linux x86_64; rv:62.0) Gecko/20100101 Firefox/62.0"
68.65.121.137 - - [30/Jan/2020:09:58:54 -0500] "POST /wp-cron.php?doing_wp_cron=1580396334.4772560596466064453125 HTTP/1.1" 200 - "https://www.naijadial.com/wp-cron.php?doing_wp_cron=1580396334.4772560596466064453125" "WordPress/5.3.2; https://www.naijadial.com"
107.181.177.135 - - [30/Jan/2020:09:58:54 -0500] "POST /wp-admin/admin-ajax.php HTTP/1.1" 200 47 "https://www.naijadial.com/wp-admin/users.php?paged=1" "Mozilla/5.0 (Windows NT 6.3; Win64; x64) AppleWebKit/537.36 (KHTML, like Gecko) Chrome/79.0.3945.130 Safari/537.36"
68.65.121.137 - - [30/Jan/2020:09:51:28 -0500] "POST /wp-cron.php?doing_wp_cron=1580395888.0887339115142822265625 HTTP/1.1" 200 - "https://www.naijadial.com/wp-cron.php?doing_wp_cron=1580395888.0887339115142822265625" "WordPress/5.3.2; https://www.naijadial.com"
107.181.177.135 - - [30/Jan/2020:09:51:27 -0500] "GET / HTTP/1.1" 200 25247 "https://www.naijadial.com/wp-admin/options-general.php?page=tawkto_plugin" "Mozilla/5.0 (Windows NT 6.3; Win64; x64) AppleWebKit/537.36 (KHTML, like Gecko) Chrome/79.0.3945.130 Safari/537.36"
107.181.177.135 - - [30/Jan/2020:09:51:36 -0500] "POST /wp-admin/admin-ajax.php HTTP/1.1" 200 47 "https://www.naijadial.com/wp-admin/users.php?paged=1" "Mozilla/5.0 (Windows NT 6.3; Win64; x64) AppleWebKit/537.36 (KHTML, like Gecko) Chrome/79.0.3945.130 Safari/537.36"
68.65.121.137 - - [30/Jan/2020:09:51:58 -0500] "POST /wp-cron.php?doing_wp_cron=1580395918.1293859481811523437500 HTTP/1.1" 200 - "https://www.naijadial.com/wp-cron.php?doing_wp_cron=1580395918.1293859481811523437500" "WordPress/5.3.2; https://www.naijadial.com"
107.181.177.135 - - [30/Jan/2020:09:51:57 -0500] "GET /listingo/images/line-bar.jpg HTTP/1.1" 404 56697 "https://www.naijadial.com/naijadial/style.css?ver=3.2.2" "Mozilla/5.0 (Windows NT 6.3; Win64; x64) AppleWebKit/537.36 (KHTML, like Gecko) Chrome/79.0.3945.130 Safari/537.36"
68.65.121.137 - - [30/Jan/2020:09:53:09 -0500] "POST /wp-cron.php?doing_wp_cron=1580395989.0589199066162109375000 HTTP/1.1" 200 - "https://www.naijadial.com/wp-cron.php?doing_wp_cron=1580395989.0589199066162109375000" "WordPress/5.3.2; https://www.naijadial.com"
107.181.177.135 - - [30/Jan/2020:09:53:08 -0500] "GET /wp-admin/ HTTP/1.1" 200 54075 "-" "Mozilla/5.0 (Windows NT 6.3; Win64; x64) AppleWebKit/537.36 (KHTML, like Gecko) Chrome/79.0.3945.130 Safari/537.36"
68.65.121.137 - - [30/Jan/2020:09:53:10 -0500] "POST /wp-cron.php?doing_wp_cron=1580395990.3783590793609619140625 HTTP/1.1" 200 - "https://www.naijadial.com/wp-cron.php?doing_wp_cron=1580395990.3783590793609619140625" "WordPress/5.3.2; https://www.naijadial.com"
107.181.177.135 - - [30/Jan/2020:09:53:08 -0500] "POST /wp-admin/admin-ajax.php HTTP/1.1" 200 47 "https://www.naijadial.com/wp-admin/users.php?paged=1" "Mozilla/5.0 (Windows NT 6.3; Win64; x64) AppleWebKit/537.36 (KHTML, like Gecko) Chrome/79.0.3945.130 Safari/537.36"
107.181.177.135 - - [30/Jan/2020:09:53:15 -0500] "GET /cnt/plugins/akismet/_inc/akismet.css?ver=4.1.3 HTTP/1.1" 304 - "https://www.naijadial.com/wp-admin/" "Mozilla/5.0 (Windows NT 6.3; Win64; x64) AppleWebKit/537.36 (KHTML, like Gecko) Chrome/79.0.3945.130 Safari/537.36"
107.181.177.135 - - [30/Jan/2020:09:53:15 -0500] "GET /cnt/plugins/gd-bbpress-toolbox/css/admin-dashboard.min.css?ver=2.3.2.2410 HTTP/1.1" 304 - "https://www.naijadial.com/wp-admin/" "Mozilla/5.0 (Windows NT 6.3; Win64; x64) AppleWebKit/537.36 (KHTML, like Gecko) Chrome/79.0.3945.130 Safari/537.36"
107.181.177.135 - - [30/Jan/2020:09:53:15 -0500] "GET /cnt/plugins/woocommerce/assets/css/activation.css?ver=3.9.1 HTTP/1.1" 304 - "https://www.naijadial.com/wp-admin/" "Mozilla/5.0 (Windows NT 6.3; Win64; x64) AppleWebKit/537.36 (KHTML, like Gecko) Chrome/79.0.3945.130 Safari/537.36"
107.181.177.135 - - [30/Jan/2020:09:53:17 -0500] "GET /naijadial/js/gmap3.min.js?ver=5.3.2 HTTP/1.1" 304 - "https://www.naijadial.com/wp-admin/" "Mozilla/5.0 (Windows NT 6.3; Win64; x64) AppleWebKit/537.36 (KHTML, like Gecko) Chrome/79.0.3945.130 Safari/537.36"
107.181.177.135 - - [30/Jan/2020:09:53:17 -0500] "GET /cnt/plugins/akismet/_inc/akismet.js?ver=4.1.3 HTTP/1.1" 304 - "https://www.naijadial.com/wp-admin/" "Mozilla/5.0 (Windows NT 6.3; Win64; x64) AppleWebKit/537.36 (KHTML, like Gecko) Chrome/79.0.3945.130 Safari/537.36"
107.181.177.135 - - [30/Jan/2020:09:58:55 -0500] "POST /wp-admin/admin-ajax.php HTTP/1.1" 200 47 "https://www.naijadial.com/wp-admin/admin.php?page=stats&day=2020-01-30" "Mozilla/5.0 (Windows NT 6.3; Win64; x64) AppleWebKit/537.36 (KHTML, like Gecko) Chrome/79.0.3945.130 Safari/537.36"
68.65.121.137 - - [30/Jan/2020:10:00:58 -0500] "POST /wp-cron.php?doing_wp_cron=1580396458.8514490127563476562500 HTTP/1.1" 200 - "https://www.naijadial.com/wp-cron.php?doing_wp_cron=1580396458.8514490127563476562500" "WordPress/5.3.2; https://www.naijadial.com"
107.181.177.135 - - [30/Jan/2020:10:00:56 -0500] "POST /wp-admin/admin-ajax.php HTTP/1.1" 200 47 "https://www.naijadial.com/wp-admin/users.php?paged=1" "Mozilla/5.0 (Windows NT 6.3; Win64; x64) AppleWebKit/537.36 (KHTML, like Gecko) Chrome/79.0.3945.130 Safari/537.36"
68.65.121.137 - - [30/Jan/2020:10:01:00 -0500] "POST /wp-cron.php?doing_wp_cron=1580396460.4585690498352050781250 HTTP/1.1" 200 - "https://www.naijadial.com/wp-cron.php?doing_wp_cron=1580396460.4585690498352050781250" "WordPress/5.3.2; https://www.naijadial.com"
107.181.177.135 - - [30/Jan/2020:10:00:56 -0500] "POST /wp-admin/admin-ajax.php HTTP/1.1" 200 47 "https://www.naijadial.com/wp-admin/admin.php?page=stats&day=2020-01-30" "Mozilla/5.0 (Windows NT 6.3; Win64; x64) AppleWebKit/537.36 (KHTML, like Gecko) Chrome/79.0.3945.130 Safari/537.36"
105.112.21.49 - - [30/Jan/2020:10:01:11 -0500] "GET / HTTP/1.1" 200 24589 "-" "Mozilla/5.0 (Linux; Android 9; JKM-LX1) AppleWebKit/537.36 (KHTML, like Gecko) Chrome/79.0.3945.79 Mobile Safari/537.36"
105.112.21.49 - - [30/Jan/2020:10:01:18 -0500] "GET /listingo/images/line-bar.jpg HTTP/1.1" 404 53100 "https://www.naijadial.com/naijadial/style.css?ver=3.2.2" "Mozilla/5.0 (Linux; Android 9; JKM-LX1) AppleWebKit/537.36 (KHTML, like Gecko) Chrome/79.0.3945.79 Mobile Safari/537.36"
105.112.21.49 - - [30/Jan/2020:10:01:20 -0500] "POST /?wc-ajax=get_refreshed_fragments HTTP/1.1" 200 210 "https://www.naijadial.com/" "Mozilla/5.0 (Linux; Android 9; JKM-LX1) AppleWebKit/537.36 (KHTML, like Gecko) Chrome/79.0.3945.79 Mobile Safari/537.36"
68.65.121.137 - - [30/Jan/2020:10:02:09 -0500] "POST /wp-cron.php?doing_wp_cron=1580396529.3631649017333984375000 HTTP/1.1" 200 - "https://www.naijadial.com/wp-cron.php?doing_wp_cron=1580396529.3631649017333984375000" "WordPress/5.3.2; https://www.naijadial.com"
105.112.21.49 - - [30/Jan/2020:10:02:09 -0500] "GET /apple-touch-icon.png HTTP/1.1" 404 52350 "https://www.naijadial.com/" "Mozilla/5.0 (Linux; Android 9; JKM-LX1) AppleWebKit/537.36 (KHTML, like Gecko) Chrome/79.0.3945.79 Mobile Safari/537.36"
107.181.177.135 - - [30/Jan/2020:10:03:03 -0500] "POST /wp-admin/admin-ajax.php HTTP/1.1" 200 47 "https://www.naijadial.com/wp-admin/admin.php?page=stats&day=2020-01-30" "Mozilla/5.0 (Windows NT 6.3; Win64; x64) AppleWebKit/537.36 (KHTML, like Gecko) Chrome/79.0.3945.130 Safari/537.36"
107.181.177.135 - - [30/Jan/2020:10:03:02 -0500] "POST /wp-admin/admin-ajax.php HTTP/1.1" 200 47 "https://www.naijadial.com/wp-admin/users.php?paged=1" "Mozilla/5.0 (Windows NT 6.3; Win64; x64) AppleWebKit/537.36 (KHTML, like Gecko) Chrome/79.0.3945.130 Safari/537.36"
68.65.121.137 - - [30/Jan/2020:10:03:10 -0500] "POST /wp-cron.php?doing_wp_cron=1580396590.4640789031982421875000 HTTP/1.1" 200 - "https://www.naijadial.com/wp-cron.php?doing_wp_cron=1580396590.4640789031982421875000" "WordPress/5.3.2; https://www.naijadial.com"
68.65.121.137 - - [30/Jan/2020:10:03:10 -0500] "POST /wp-cron.php?doing_wp_cron=1580396590.4640209674835205078125 HTTP/1.1" 200 - "https://www.naijadial.com/wp-cron.php?doing_wp_cron=1580396590.4640209674835205078125" "WordPress/5.3.2; https://www.naijadial.com"
2a03:2880:32ff:a::face:b00c - - [30/Jan/2020:10:03:10 -0500] "GET /jobs/ HTTP/1.1" 404 52350 "-" "facebookexternalhit/1.1 (+http://www.facebook.com/externalhit_uatext.php)"
2a03:2880:32ff:3::face:b00c - - [30/Jan/2020:10:03:10 -0500] "GET /jobs/ HTTP/1.1" 404 52350 "-" "facebookexternalhit/1.1 (+http://www.facebook.com/externalhit_uatext.php)"
68.65.121.137 - - [30/Jan/2020:10:06:59 -0500] "POST /wp-cron.php?doing_wp_cron=1580396819.6945478916168212890625 HTTP/1.1" 200 - "https://www.naijadial.com/wp-cron.php?doing_wp_cron=1580396819.6945478916168212890625" "WordPress/5.3.2; https://www.naijadial.com"
66.249.65.105 - - [30/Jan/2020:10:06:57 -0500] "GET /robots.txt HTTP/1.1" 200 69 "-" "Mozilla/5.0 (compatible; Googlebot/2.1; +http://www.google.com/bot.html)"
66.249.65.100 - - [30/Jan/2020:10:07:00 -0500] "GET /providers-category/welding-and-fabrication/feed/ HTTP/1.1" 200 490 "-" "Mozilla/5.0 (Linux; Android 6.0.1; Nexus 5X Build/MMB29P) AppleWebKit/537.36 (KHTML, like Gecko) Chrome/41.0.2272.96 Mobile Safari/537.36 (compatible; Googlebot/2.1; +http://www.google.com/bot.html)"
107.181.177.135 - - [30/Jan/2020:10:07:02 -0500] "POST /wp-admin/admin-ajax.php HTTP/1.1" 200 47 "https://www.naijadial.com/wp-admin/admin.php?page=stats&day=2020-01-30" "Mozilla/5.0 (Windows NT 6.3; Win64; x64) AppleWebKit/537.36 (KHTML, like Gecko) Chrome/79.0.3945.130 Safari/537.36"
68.65.121.137 - - [30/Jan/2020:10:09:02 -0500] "POST /wp-cron.php?doing_wp_cron=1580396941.9170229434967041015625 HTTP/1.1" 200 - "https://www.naijadial.com/wp-cron.php?doing_wp_cron=1580396941.9170229434967041015625" "WordPress/5.3.2; https://www.naijadial.com"
107.181.177.135 - - [30/Jan/2020:10:08:59 -0500] "POST /wp-admin/admin-ajax.php HTTP/1.1" 200 47 "https://www.naijadial.com/wp-admin/admin.php?page=stats&day=2020-01-30" "Mozilla/5.0 (Windows NT 6.3; Win64; x64) AppleWebKit/537.36 (KHTML, like Gecko) Chrome/79.0.3945.130 Safari/537.36"
68.65.121.137 - - [30/Jan/2020:10:09:11 -0500] "POST /wp-cron.php?doing_wp_cron=1580396950.9088399410247802734375 HTTP/1.1" 200 - "https://www.naijadial.com/wp-cron.php?doing_wp_cron=1580396950.9088399410247802734375" "WordPress/5.3.2; https://www.naijadial.com"
54.36.148.108 - - [30/Jan/2020:10:09:10 -0500] "GET /providers-category/usher/ HTTP/1.1" 404 52350 "-" "Mozilla/5.0 (compatible; AhrefsBot/6.1; +http://ahrefs.com/robot/)"
68.65.121.137 - - [30/Jan/2020:10:10:58 -0500] "POST /wp-cron.php?doing_wp_cron=1580397058.8011100292205810546875 HTTP/1.1" 200 - "https://www.naijadial.com/wp-cron.php?doing_wp_cron=1580397058.8011100292205810546875" "WordPress/5.3.2; https://www.naijadial.com"
107.181.177.135 - - [30/Jan/2020:10:10:58 -0500] "POST /wp-admin/admin-ajax.php HTTP/1.1" 200 47 "https://www.naijadial.com/wp-admin/admin.php?page=stats&day=2020-01-30" "Mozilla/5.0 (Windows NT 6.3; Win64; x64) AppleWebKit/537.36 (KHTML, like Gecko) Chrome/79.0.3945.130 Safari/537.36"
68.65.121.137 - - [30/Jan/2020:10:11:15 -0500] "POST /wp-cron.php?doing_wp_cron=1580397075.3109960556030273437500 HTTP/1.1" 200 - "https://www.naijadial.com/wp-cron.php?doing_wp_cron=1580397075.3109960556030273437500" "WordPress/5.3.2; https://www.naijadial.com"
41.190.30.220 - - [30/Jan/2020:10:11:15 -0500] "GET /account/ HTTP/1.1" 200 14156 "https://l.facebook.com/" "Mozilla/5.0 (Linux; Android 8.1.0; TECNO F1) AppleWebKit/537.36 (KHTML, like Gecko) Chrome/70.0.3538.110 Mobile Safari/537.36"
68.65.121.137 - - [30/Jan/2020:10:04:57 -0500] "POST /wp-cron.php?doing_wp_cron=1580396697.7688100337982177734375 HTTP/1.1" 200 - "https://www.naijadial.com/wp-cron.php?doing_wp_cron=1580396697.7688100337982177734375" "WordPress/5.3.2; https://www.naijadial.com"
107.181.177.135 - - [30/Jan/2020:10:04:57 -0500] "POST /wp-admin/admin-ajax.php HTTP/1.1" 200 47 "https://www.naijadial.com/wp-admin/admin.php?page=stats&day=2020-01-30" "Mozilla/5.0 (Windows NT 6.3; Win64; x64) AppleWebKit/537.36 (KHTML, like Gecko) Chrome/79.0.3945.130 Safari/537.36"
68.65.121.137 - - [30/Jan/2020:10:12:59 -0500] "POST /wp-cron.php?doing_wp_cron=1580397179.5287830829620361328125 HTTP/1.1" 200 - "https://www.naijadial.com/wp-cron.php?doing_wp_cron=1580397179.5287830829620361328125" "WordPress/5.3.2; https://www.naijadial.com"
107.181.177.135 - - [30/Jan/2020:10:12:59 -0500] "POST /wp-admin/admin-ajax.php HTTP/1.1" 200 47 "https://www.naijadial.com/wp-admin/admin.php?page=stats&day=2020-01-30" "Mozilla/5.0 (Windows NT 6.3; Win64; x64) AppleWebKit/537.36 (KHTML, like Gecko) Chrome/79.0.3945.130 Safari/537.36"
68.65.121.137 - - [30/Jan/2020:10:25:05 -0500] "POST /wp-cron.php?doing_wp_cron=1580397904.9664859771728515625000 HTTP/1.1" 200 - "https://www.naijadial.com/wp-cron.php?doing_wp_cron=1580397904.9664859771728515625000" "WordPress/5.3.2; https://www.naijadial.com"
107.181.177.135 - - [30/Jan/2020:10:25:01 -0500] "POST /wp-admin/admin-ajax.php HTTP/1.1" 200 47 "https://www.naijadial.com/wp-admin/admin.php?page=stats&day=2020-01-30" "Mozilla/5.0 (Windows NT 6.3; Win64; x64) AppleWebKit/537.36 (KHTML, like Gecko) Chrome/79.0.3945.130 Safari/537.36"
197.210.53.12 - - [30/Jan/2020:10:25:06 -0500] "GET /account/ HTTP/1.1" 200 14157 "-" "Mozilla/5.0 (Linux; Android 8.1.0; Infinix X650) AppleWebKit/537.36 (KHTML, like Gecko) Chrome/78.0.3904.90 Mobile Safari/537.36"
197.210.53.12 - - [30/Jan/2020:10:25:10 -0500] "GET /cnt/plugins/listingo_core/public/js/system-public.js?ver=3.2.1 HTTP/1.1" 304 - "https://www.naijadial.com/account/" "Mozilla/5.0 (Linux; Android 8.1.0; Infinix X650) AppleWebKit/537.36 (KHTML, like Gecko) Chrome/78.0.3904.90 Mobile Safari/537.36"
197.210.53.12 - - [30/Jan/2020:10:25:10 -0500] "GET /naijadial/js/tipso.min.js?ver=5.3.2 HTTP/1.1" 304 - "https://www.naijadial.com/account/" "Mozilla/5.0 (Linux; Android 8.1.0; Infinix X650) AppleWebKit/537.36 (KHTML, like Gecko) Chrome/78.0.3904.90 Mobile Safari/537.36"
68.65.121.137 - - [30/Jan/2020:10:25:15 -0500] "POST /wp-cron.php?doing_wp_cron=1580397915.7510271072387695312500 HTTP/1.1" 200 - "https://www.naijadial.com/wp-cron.php?doing_wp_cron=1580397915.7510271072387695312500" "WordPress/5.3.2; https://www.naijadial.com"
197.210.53.12 - - [30/Jan/2020:10:25:15 -0500] "GET /listingo/images/line-bar.jpg HTTP/1.1" 404 53100 "https://www.naijadial.com/naijadial/style.css?ver=3.2.2" "Mozilla/5.0 (Linux; Android 8.1.0; Infinix X650) AppleWebKit/537.36 (KHTML, like Gecko) Chrome/78.0.3904.90 Mobile Safari/537.36"
197.210.53.12 - - [30/Jan/2020:10:25:19 -0500] "POST /?wc-ajax=get_refreshed_fragments HTTP/1.1" 200 210 "https://www.naijadial.com/account/" "Mozilla/5.0 (Linux; Android 8.1.0; Infinix X650) AppleWebKit/537.36 (KHTML, like Gecko) Chrome/78.0.3904.90 Mobile Safari/537.36"
197.210.53.12 - - [30/Jan/2020:10:25:24 -0500] "GET /account/apple-touch-icon.png HTTP/1.1" 404 52350 "https://www.naijadial.com/account/" "Mozilla/5.0 (Linux; Android 8.1.0; Infinix X650) AppleWebKit/537.36 (KHTML, like Gecko) Chrome/78.0.3904.90 Mobile Safari/537.36"
68.65.121.137 - - [30/Jan/2020:10:27:00 -0500] "POST /wp-cron.php?doing_wp_cron=1580398020.7646880149841308593750 HTTP/1.1" 200 - "https://www.naijadial.com/wp-cron.php?doing_wp_cron=1580398020.7646880149841308593750" "WordPress/5.3.2; https://www.naijadial.com"
107.181.177.135 - - [30/Jan/2020:10:27:00 -0500] "POST /wp-admin/admin-ajax.php HTTP/1.1" 200 47 "https://www.naijadial.com/wp-admin/admin.php?page=stats&day=2020-01-30" "Mozilla/5.0 (Windows NT 6.3; Win64; x64) AppleWebKit/537.36 (KHTML, like Gecko) Chrome/79.0.3945.130 Safari/537.36"
68.65.121.137 - - [30/Jan/2020:10:27:48 -0500] "POST /wp-cron.php?doing_wp_cron=1580398068.3385329246520996093750 HTTP/1.1" 200 - "https://www.naijadial.com/wp-cron.php?doing_wp_cron=1580398068.3385329246520996093750" "WordPress/5.3.2; https://www.naijadial.com"
197.210.29.48 - - [30/Jan/2020:10:27:48 -0500] "GET /provider-category/repair-services/ HTTP/1.1" 200 20053 "https://www.naijadial.com/" "Mozilla/5.0 (Linux; Android 9; SAMSUNG SM-A307FN) AppleWebKit/537.36 (KHTML, like Gecko) SamsungBrowser/10.2 Chrome/71.0.3578.99 Mobile Safari/537.36"
197.210.29.48 - - [30/Jan/2020:10:27:52 -0500] "GET /naijadial/js/maps/gmaps.js?ver=3.2.2 HTTP/1.1" 200 2860 "https://www.naijadial.com/provider-category/repair-services/" "Mozilla/5.0 (Linux; Android 9; SAMSUNG SM-A307FN) AppleWebKit/537.36 (KHTML, like Gecko) SamsungBrowser/10.2 Chrome/71.0.3578.99 Mobile Safari/537.36"
197.210.29.48 - - [30/Jan/2020:10:27:52 -0500] "GET /naijadial/js/maps/infobox.js?ver=3.2.2 HTTP/1.1" 200 5920 "https://www.naijadial.com/provider-category/repair-services/" "Mozilla/5.0 (Linux; Android 9; SAMSUNG SM-A307FN) AppleWebKit/537.36 (KHTML, like Gecko) SamsungBrowser/10.2 Chrome/71.0.3578.99 Mobile Safari/537.36"
197.210.29.48 - - [30/Jan/2020:10:27:52 -0500] "GET /naijadial/js/jquery.sticky-kit.min.js?ver=5.3.2 HTTP/1.1" 200 1305 "https://www.naijadial.com/provider-category/repair-services/" "Mozilla/5.0 (Linux; Android 9; SAMSUNG SM-A307FN) AppleWebKit/537.36 (KHTML, like Gecko) SamsungBrowser/10.2 Chrome/71.0.3578.99 Mobile Safari/537.36"
197.210.29.48 - - [30/Jan/2020:10:27:52 -0500] "GET /files/2020/01/Repair-275x152.jpg HTTP/1.1" 200 23898 "https://www.naijadial.com/provider-category/repair-services/" "Mozilla/5.0 (Linux; Android 9; SAMSUNG SM-A307FN) AppleWebKit/537.36 (KHTML, like Gecko) SamsungBrowser/10.2 Chrome/71.0.3578.99 Mobile Safari/537.36"
197.210.29.48 - - [30/Jan/2020:10:27:52 -0500] "GET /naijadial/js/maps/markerclusterer.min.js?ver=3.2.2 HTTP/1.1" 200 4348 "https://www.naijadial.com/provider-category/repair-services/" "Mozilla/5.0 (Linux; Android 9; SAMSUNG SM-A307FN) AppleWebKit/537.36 (KHTML, like Gecko) SamsungBrowser/10.2 Chrome/71.0.3578.99 Mobile Safari/537.36"
197.210.29.48 - - [30/Jan/2020:10:27:52 -0500] "GET /naijadial/js/maps/oms.min.js?ver=3.2.2 HTTP/1.1" 200 3591 "https://www.naijadial.com/provider-category/repair-services/" "Mozilla/5.0 (Linux; Android 9; SAMSUNG SM-A307FN) AppleWebKit/537.36 (KHTML, like Gecko) SamsungBrowser/10.2 Chrome/71.0.3578.99 Mobile Safari/537.36"
197.210.29.48 - - [30/Jan/2020:10:27:52 -0500] "GET /listingo/images/line-bar.jpg HTTP/1.1" 404 53100 "https://www.naijadial.com/naijadial/style.css?ver=3.2.2" "Mozilla/5.0 (Linux; Android 9; SAMSUNG SM-A307FN) AppleWebKit/537.36 (KHTML, like Gecko) SamsungBrowser/10.2 Chrome/71.0.3578.99 Mobile Safari/537.36"
197.210.29.48 - - [30/Jan/2020:10:27:53 -0500] "POST /?wc-ajax=get_refreshed_fragments HTTP/1.1" 200 210 "https://www.naijadial.com/provider-category/repair-services/" "Mozilla/5.0 (Linux; Android 9; SAMSUNG SM-A307FN) AppleWebKit/537.36 (KHTML, like Gecko) SamsungBrowser/10.2 Chrome/71.0.3578.99 Mobile Safari/537.36"
197.210.29.48 - - [30/Jan/2020:10:27:54 -0500] "GET /files/2020/01/map.png HTTP/1.1" 304 - "https://www.naijadial.com/provider-category/repair-services/" "Mozilla/5.0 (Linux; Android 9; SAMSUNG SM-A307FN) AppleWebKit/537.36 (KHTML, like Gecko) SamsungBrowser/10.2 Chrome/71.0.3578.99 Mobile Safari/537.36"
68.65.121.137 - - [30/Jan/2020:10:15:00 -0500] "POST /wp-cron.php?doing_wp_cron=1580397300.4687440395355224609375 HTTP/1.1" 200 - "https://www.naijadial.com/wp-cron.php?doing_wp_cron=1580397300.4687440395355224609375" "WordPress/5.3.2; https://www.naijadial.com"
107.181.177.135 - - [30/Jan/2020:10:14:58 -0500] "POST /wp-admin/admin-ajax.php HTTP/1.1" 200 47 "https://www.naijadial.com/wp-admin/admin.php?page=stats&day=2020-01-30" "Mozilla/5.0 (Windows NT 6.3; Win64; x64) AppleWebKit/537.36 (KHTML, like Gecko) Chrome/79.0.3945.130 Safari/537.36"
68.65.121.137 - - [30/Jan/2020:10:16:58 -0500] "POST /wp-cron.php?doing_wp_cron=1580397418.6349918842315673828125 HTTP/1.1" 200 - "https://www.naijadial.com/wp-cron.php?doing_wp_cron=1580397418.6349918842315673828125" "WordPress/5.3.2; https://www.naijadial.com"
107.181.177.135 - - [30/Jan/2020:10:16:58 -0500] "POST /wp-admin/admin-ajax.php HTTP/1.1" 200 47 "https://www.naijadial.com/wp-admin/admin.php?page=stats&day=2020-01-30" "Mozilla/5.0 (Windows NT 6.3; Win64; x64) AppleWebKit/537.36 (KHTML, like Gecko) Chrome/79.0.3945.130 Safari/537.36"
68.65.121.137 - - [30/Jan/2020:10:19:00 -0500] "POST /wp-cron.php?doing_wp_cron=1580397540.5469489097595214843750 HTTP/1.1" 200 - "https://www.naijadial.com/wp-cron.php?doing_wp_cron=1580397540.5469489097595214843750" "WordPress/5.3.2; https://www.naijadial.com"
107.181.177.135 - - [30/Jan/2020:10:19:00 -0500] "POST /wp-admin/admin-ajax.php HTTP/1.1" 200 47 "https://www.naijadial.com/wp-admin/admin.php?page=stats&day=2020-01-30" "Mozilla/5.0 (Windows NT 6.3; Win64; x64) AppleWebKit/537.36 (KHTML, like Gecko) Chrome/79.0.3945.130 Safari/537.36"
68.65.121.137 - - [30/Jan/2020:10:20:59 -0500] "POST /wp-cron.php?doing_wp_cron=1580397659.8399989604949951171875 HTTP/1.1" 200 - "https://www.naijadial.com/wp-cron.php?doing_wp_cron=1580397659.8399989604949951171875" "WordPress/5.3.2; https://www.naijadial.com"
107.181.177.135 - - [30/Jan/2020:10:20:59 -0500] "POST /wp-admin/admin-ajax.php HTTP/1.1" 200 47 "https://www.naijadial.com/wp-admin/admin.php?page=stats&day=2020-01-30" "Mozilla/5.0 (Windows NT 6.3; Win64; x64) AppleWebKit/537.36 (KHTML, like Gecko) Chrome/79.0.3945.130 Safari/537.36"
68.65.121.137 - - [30/Jan/2020:10:22:59 -0500] "POST /wp-cron.php?doing_wp_cron=1580397779.7805559635162353515625 HTTP/1.1" 200 - "https://www.naijadial.com/wp-cron.php?doing_wp_cron=1580397779.7805559635162353515625" "WordPress/5.3.2; https://www.naijadial.com"
107.181.177.135 - - [30/Jan/2020:10:22:59 -0500] "POST /wp-admin/admin-ajax.php HTTP/1.1" 200 47 "https://www.naijadial.com/wp-admin/admin.php?page=stats&day=2020-01-30" "Mozilla/5.0 (Windows NT 6.3; Win64; x64) AppleWebKit/537.36 (KHTML, like Gecko) Chrome/79.0.3945.130 Safari/537.36"
68.65.121.137 - - [30/Jan/2020:10:28:35 -0500] "POST /wp-cron.php?doing_wp_cron=1580398115.1893680095672607421875 HTTP/1.1" 200 - "https://www.naijadial.com/wp-cron.php?doing_wp_cron=1580398115.1893680095672607421875" "WordPress/5.3.2; https://www.naijadial.com"
66.249.65.105 - - [30/Jan/2020:10:28:32 -0500] "GET /new/sub_category/transportation-company/ HTTP/1.1" 404 52861 "-" "Mozilla/5.0 (Linux; Android 6.0.1; Nexus 5X Build/MMB29P) AppleWebKit/537.36 (KHTML, like Gecko) Chrome/41.0.2272.96 Mobile Safari/537.36 (compatible; Googlebot/2.1; +http://www.google.com/bot.html)"
107.181.177.135 - - [30/Jan/2020:10:29:02 -0500] "POST /wp-admin/admin-ajax.php HTTP/1.1" 200 47 "https://www.naijadial.com/wp-admin/admin.php?page=stats&day=2020-01-30" "Mozilla/5.0 (Windows NT 6.3; Win64; x64) AppleWebKit/537.36 (KHTML, like Gecko) Chrome/79.0.3945.130 Safari/537.36"
66.249.84.111 - - [30/Jan/2020:10:29:43 -0500] "GET /files/2020/01/Email-Header.png HTTP/1.1" 200 139744 "-" "Mozilla/5.0 (Windows NT 5.1; rv:11.0) Gecko Firefox/11.0 (via ggpht.com GoogleImageProxy)"
66.249.84.118 - - [30/Jan/2020:10:29:43 -0500] "GET /files/2019/12/NaijaDial-Logo.png HTTP/1.1" 304 - "-" "Mozilla/5.0 (Windows NT 5.1; rv:11.0) Gecko Firefox/11.0 (via ggpht.com GoogleImageProxy)"
66.249.84.120 - - [30/Jan/2020:10:29:45 -0500] "GET /files/2020/01/NaijaDial.png HTTP/1.1" 200 8268 "-" "Mozilla/5.0 (Windows NT 5.1; rv:11.0) Gecko Firefox/11.0 (via ggpht.com GoogleImageProxy)"
68.65.121.137 - - [30/Jan/2020:10:31:03 -0500] "POST /wp-cron.php?doing_wp_cron=1580398262.9250810146331787109375 HTTP/1.1" 200 - "https://www.naijadial.com/wp-cron.php?doing_wp_cron=1580398262.9250810146331787109375" "WordPress/5.3.2; https://www.naijadial.com"
107.181.177.135 - - [30/Jan/2020:10:31:02 -0500] "POST /wp-admin/admin-ajax.php HTTP/1.1" 200 47 "https://www.naijadial.com/wp-admin/admin.php?page=stats&day=2020-01-30" "Mozilla/5.0 (Windows NT 6.3; Win64; x64) AppleWebKit/537.36 (KHTML, like Gecko) Chrome/79.0.3945.130 Safari/537.36"
68.65.121.137 - - [30/Jan/2020:10:31:39 -0500] "POST /wp-cron.php?doing_wp_cron=1580398299.2630269527435302734375 HTTP/1.1" 200 - "https://www.naijadial.com/wp-cron.php?doing_wp_cron=1580398299.2630269527435302734375" "WordPress/5.3.2; https://www.naijadial.com"
174.91.60.190 - - [30/Jan/2020:10:31:39 -0500] "GET /contact-us/ HTTP/1.1" 200 12910 "-" "Mozilla/5.0 (Windows NT 6.1; Win64; x64) AppleWebKit/537.36 (KHTML, like Gecko) Chrome/66.0.3343.4 Safari/537.36"
107.181.177.135 - - [30/Jan/2020:10:31:41 -0500] "GET /information-technology-it/peboy/ HTTP/1.1" 200 23780 "https://mail.google.com/mail/u/1/" "Mozilla/5.0 (Windows NT 6.3; Win64; x64) AppleWebKit/537.36 (KHTML, like Gecko) Chrome/79.0.3945.130 Safari/537.36"
107.181.177.135 - - [30/Jan/2020:10:31:43 -0500] "GET /cnt/plugins/gd-bbpress-toolbox/templates/default/css/widgets.min.css?ver=5.2.1.712 HTTP/1.1" 304 - "https://www.naijadial.com/information-technology-it/peboy/" "Mozilla/5.0 (Windows NT 6.3; Win64; x64) AppleWebKit/537.36 (KHTML, like Gecko) Chrome/79.0.3945.130 Safari/537.36"
107.181.177.135 - - [30/Jan/2020:10:31:43 -0500] "GET /cnt/plugins/mega-addons-for-visual-composer/css/style.css?ver=5.3.2 HTTP/1.1" 304 - "https://www.naijadial.com/information-technology-it/peboy/" "Mozilla/5.0 (Windows NT 6.3; Win64; x64) AppleWebKit/537.36 (KHTML, like Gecko) Chrome/79.0.3945.130 Safari/537.36"
107.181.177.135 - - [30/Jan/2020:10:31:43 -0500] "GET /cnt/plugins/bbpress/templates/default/css/bbpress.min.css?ver=2.6.3 HTTP/1.1" 304 - "https://www.naijadial.com/information-technology-it/peboy/" "Mozilla/5.0 (Windows NT 6.3; Win64; x64) AppleWebKit/537.36 (KHTML, like Gecko) Chrome/79.0.3945.130 Safari/537.36"
107.181.177.135 - - [30/Jan/2020:10:31:43 -0500] "GET /cnt/plugins/mega-addons-for-visual-composer/css/ihover.css?ver=5.3.2 HTTP/1.1" 304 - "https://www.naijadial.com/information-technology-it/peboy/" "Mozilla/5.0 (Windows NT 6.3; Win64; x64) AppleWebKit/537.36 (KHTML, like Gecko) Chrome/79.0.3945.130 Safari/537.36"
107.181.177.135 - - [30/Jan/2020:10:31:43 -0500] "GET /cnt/plugins/contact-form-7/includes/css/styles.css?ver=5.1.6 HTTP/1.1" 304 - "https://www.naijadial.com/information-technology-it/peboy/" "Mozilla/5.0 (Windows NT 6.3; Win64; x64) AppleWebKit/537.36 (KHTML, like Gecko) Chrome/79.0.3945.130 Safari/537.36"
107.181.177.135 - - [30/Jan/2020:10:31:43 -0500] "GET /cnt/plugins/mega-addons-for-visual-composer/css/font-awesome/css/font-awesome.css?ver=5.3.2 HTTP/1.1" 304 - "https://www.naijadial.com/information-technology-it/peboy/" "Mozilla/5.0 (Windows NT 6.3; Win64; x64) AppleWebKit/537.36 (KHTML, like Gecko) Chrome/79.0.3945.130 Safari/537.36"
107.181.177.135 - - [30/Jan/2020:10:31:43 -0500] "GET /cnt/plugins/bbp-style-pack/css/bspstyle.css?ver=4.3.8 HTTP/1.1" 304 - "https://www.naijadial.com/information-technology-it/peboy/" "Mozilla/5.0 (Windows NT 6.3; Win64; x64) AppleWebKit/537.36 (KHTML, like Gecko) Chrome/79.0.3945.130 Safari/537.36"
107.181.177.135 - - [30/Jan/2020:10:31:43 -0500] "GET /cnt/plugins/revslider/public/assets/css/rs6.css?ver=6.0.7 HTTP/1.1" 304 - "https://www.naijadial.com/information-technology-it/peboy/" "Mozilla/5.0 (Windows NT 6.3; Win64; x64) AppleWebKit/537.36 (KHTML, like Gecko) Chrome/79.0.3945.130 Safari/537.36"
107.181.177.135 - - [30/Jan/2020:10:31:43 -0500] "GET /cnt/plugins/unyson/framework/extensions/breadcrumbs/static/css/style.css?ver=5.3.2 HTTP/1.1" 304 - "https://www.naijadial.com/information-technology-it/peboy/" "Mozilla/5.0 (Windows NT 6.3; Win64; x64) AppleWebKit/537.36 (KHTML, like Gecko) Chrome/79.0.3945.130 Safari/537.36"
107.181.177.135 - - [30/Jan/2020:10:31:43 -0500] "GET /cnt/plugins/unyson/framework/extensions/builder/static/css/frontend-grid.css?ver=1.2.11 HTTP/1.1" 304 - "https://www.naijadial.com/information-technology-it/peboy/" "Mozilla/5.0 (Windows NT 6.3; Win64; x64) AppleWebKit/537.36 (KHTML, like Gecko) Chrome/79.0.3945.130 Safari/537.36"
107.181.177.135 - - [30/Jan/2020:10:31:43 -0500] "GET /cnt/plugins/unyson/framework/extensions/forms/static/css/frontend.css?ver=2.7.22 HTTP/1.1" 304 - "https://www.naijadial.com/information-technology-it/peboy/" "Mozilla/5.0 (Windows NT 6.3; Win64; x64) AppleWebKit/537.36 (KHTML, like Gecko) Chrome/79.0.3945.130 Safari/537.36"
107.181.177.135 - - [30/Jan/2020:10:31:43 -0500] "GET /cnt/plugins/js_composer/assets/lib/bower/font-awesome/css/font-awesome.min.css?ver=6.0.5 HTTP/1.1" 304 - "https://www.naijadial.com/information-technology-it/peboy/" "Mozilla/5.0 (Windows NT 6.3; Win64; x64) AppleWebKit/537.36 (KHTML, like Gecko) Chrome/79.0.3945.130 Safari/537.36"
107.181.177.135 - - [30/Jan/2020:10:31:43 -0500] "GET /naijadial/css/owl.theme.default.min.css?ver=3.2.2 HTTP/1.1" 304 - "https://www.naijadial.com/information-technology-it/peboy/" "Mozilla/5.0 (Windows NT 6.3; Win64; x64) AppleWebKit/537.36 (KHTML, like Gecko) Chrome/79.0.3945.130 Safari/537.36"
107.181.177.135 - - [30/Jan/2020:10:31:43 -0500] "GET /naijadial/css/normalize.css?ver=3.2.2 HTTP/1.1" 304 - "https://www.naijadial.com/information-technology-it/peboy/" "Mozilla/5.0 (Windows NT 6.3; Win64; x64) AppleWebKit/537.36 (KHTML, like Gecko) Chrome/79.0.3945.130 Safari/537.36"
107.181.177.135 - - [30/Jan/2020:10:31:43 -0500] "GET /naijadial/css/bootstrap.min.css?ver=3.2.2 HTTP/1.1" 304 - "https://www.naijadial.com/information-technology-it/peboy/" "Mozilla/5.0 (Windows NT 6.3; Win64; x64) AppleWebKit/537.36 (KHTML, like Gecko) Chrome/79.0.3945.130 Safari/537.36"
107.181.177.135 - - [30/Jan/2020:10:31:43 -0500] "GET /naijadial/css/jquery-ui.css?ver=3.2.2 HTTP/1.1" 304 - "https://www.naijadial.com/information-technology-it/peboy/" "Mozilla/5.0 (Windows NT 6.3; Win64; x64) AppleWebKit/537.36 (KHTML, like Gecko) Chrome/79.0.3945.130 Safari/537.36"
107.181.177.135 - - [30/Jan/2020:10:31:43 -0500] "GET /naijadial/css/prettyPhoto.css?ver=3.2.2 HTTP/1.1" 304 - "https://www.naijadial.com/information-technology-it/peboy/" "Mozilla/5.0 (Windows NT 6.3; Win64; x64) AppleWebKit/537.36 (KHTML, like Gecko) Chrome/79.0.3945.130 Safari/537.36"
107.181.177.135 - - [30/Jan/2020:10:31:43 -0500] "GET /naijadial/css/transitions.css?ver=3.2.2 HTTP/1.1" 304 - "https://www.naijadial.com/information-technology-it/peboy/" "Mozilla/5.0 (Windows NT 6.3; Win64; x64) AppleWebKit/537.36 (KHTML, like Gecko) Chrome/79.0.3945.130 Safari/537.36"
107.181.177.135 - - [30/Jan/2020:10:31:43 -0500] "GET /naijadial/css/scrollbar.css?ver=3.2.2 HTTP/1.1" 304 - "https://www.naijadial.com/information-technology-it/peboy/" "Mozilla/5.0 (Windows NT 6.3; Win64; x64) AppleWebKit/537.36 (KHTML, like Gecko) Chrome/79.0.3945.130 Safari/537.36"
107.181.177.135 - - [30/Jan/2020:10:31:43 -0500] "GET /naijadial/css/jquery.countdown.css?ver=3.2.2 HTTP/1.1" 304 - "https://www.naijadial.com/information-technology-it/peboy/" "Mozilla/5.0 (Windows NT 6.3; Win64; x64) AppleWebKit/537.36 (KHTML, like Gecko) Chrome/79.0.3945.130 Safari/537.36"
107.181.177.135 - - [30/Jan/2020:10:31:43 -0500] "GET /naijadial/style.css?ver=3.2.2 HTTP/1.1" 304 - "https://www.naijadial.com/information-technology-it/peboy/" "Mozilla/5.0 (Windows NT 6.3; Win64; x64) AppleWebKit/537.36 (KHTML, like Gecko) Chrome/79.0.3945.130 Safari/537.36"
107.181.177.135 - - [30/Jan/2020:10:31:43 -0500] "GET /naijadial/css/owl.carousel.min.css?ver=3.2.2 HTTP/1.1" 304 - "https://www.naijadial.com/information-technology-it/peboy/" "Mozilla/5.0 (Windows NT 6.3; Win64; x64) AppleWebKit/537.36 (KHTML, like Gecko) Chrome/79.0.3945.130 Safari/537.36"
107.181.177.135 - - [30/Jan/2020:10:31:43 -0500] "GET /naijadial/css/color.css?ver=3.2.2 HTTP/1.1" 304 - "https://www.naijadial.com/information-technology-it/peboy/" "Mozilla/5.0 (Windows NT 6.3; Win64; x64) AppleWebKit/537.36 (KHTML, like Gecko) Chrome/79.0.3945.130 Safari/537.36"
107.181.177.135 - - [30/Jan/2020:10:31:43 -0500] "GET /naijadial/css/typo.css?ver=3.2.2 HTTP/1.1" 304 - "https://www.naijadial.com/information-technology-it/peboy/" "Mozilla/5.0 (Windows NT 6.3; Win64; x64) AppleWebKit/537.36 (KHTML, like Gecko) Chrome/79.0.3945.130 Safari/537.36"
107.181.177.135 - - [30/Jan/2020:10:31:43 -0500] "GET /naijadial/css/chat_module.css?ver=3.2.2 HTTP/1.1" 304 - "https://www.naijadial.com/information-technology-it/peboy/" "Mozilla/5.0 (Windows NT 6.3; Win64; x64) AppleWebKit/537.36 (KHTML, like Gecko) Chrome/79.0.3945.130 Safari/537.36"
107.181.177.135 - - [30/Jan/2020:10:31:43 -0500] "GET /naijadial/css/responsive.css?ver=3.2.2 HTTP/1.1" 304 - "https://www.naijadial.com/information-technology-it/peboy/" "Mozilla/5.0 (Windows NT 6.3; Win64; x64) AppleWebKit/537.36 (KHTML, like Gecko) Chrome/79.0.3945.130 Safari/537.36"
107.181.177.135 - - [30/Jan/2020:10:31:43 -0500] "GET /naijadial/css/emoji/emojionearea.min.css?ver=3.2.2 HTTP/1.1" 304 - "https://www.naijadial.com/information-technology-it/peboy/" "Mozilla/5.0 (Windows NT 6.3; Win64; x64) AppleWebKit/537.36 (KHTML, like Gecko) Chrome/79.0.3945.130 Safari/537.36"
107.181.177.135 - - [30/Jan/2020:10:31:43 -0500] "GET /cnt/plugins/revslider/public/assets/js/revolution.tools.min.js?ver=6.0 HTTP/1.1" 304 - "https://www.naijadial.com/information-technology-it/peboy/" "Mozilla/5.0 (Windows NT 6.3; Win64; x64) AppleWebKit/537.36 (KHTML, like Gecko) Chrome/79.0.3945.130 Safari/537.36"
107.181.177.135 - - [30/Jan/2020:10:31:43 -0500] "GET /cnt/plugins/revslider/public/assets/js/rs6.min.js?ver=6.0.7 HTTP/1.1" 304 - "https://www.naijadial.com/information-technology-it/peboy/" "Mozilla/5.0 (Windows NT 6.3; Win64; x64) AppleWebKit/537.36 (KHTML, like Gecko) Chrome/79.0.3945.130 Safari/537.36"
107.181.177.135 - - [30/Jan/2020:10:31:43 -0500] "GET /cnt/plugins/mega-addons-for-visual-composer/js/script.js?ver=5.3.2 HTTP/1.1" 304 - "https://www.naijadial.com/information-technology-it/peboy/" "Mozilla/5.0 (Windows NT 6.3; Win64; x64) AppleWebKit/537.36 (KHTML, like Gecko) Chrome/79.0.3945.130 Safari/537.36"
107.181.177.135 - - [30/Jan/2020:10:31:43 -0500] "GET /naijadial/js/appear.js?ver=5.3.2 HTTP/1.1" 304 - "https://www.naijadial.com/information-technology-it/peboy/" "Mozilla/5.0 (Windows NT 6.3; Win64; x64) AppleWebKit/537.36 (KHTML, like Gecko) Chrome/79.0.3945.130 Safari/537.36"
107.181.177.135 - - [30/Jan/2020:10:31:43 -0500] "GET /naijadial/js/vendor/modernizr-2.8.3-respond-1.4.2.min.js?ver=3.2.2 HTTP/1.1" 304 - "https://www.naijadial.com/information-technology-it/peboy/" "Mozilla/5.0 (Windows NT 6.3; Win64; x64) AppleWebKit/537.36 (KHTML, like Gecko) Chrome/79.0.3945.130 Safari/537.36"
107.181.177.135 - - [30/Jan/2020:10:31:43 -0500] "GET /cnt/plugins/js_composer/assets/js/vendors/woocommerce-add-to-cart.js?ver=6.0.5 HTTP/1.1" 304 - "https://www.naijadial.com/information-technology-it/peboy/" "Mozilla/5.0 (Windows NT 6.3; Win64; x64) AppleWebKit/537.36 (KHTML, like Gecko) Chrome/79.0.3945.130 Safari/537.36"
107.181.177.135 - - [30/Jan/2020:10:31:43 -0500] "GET /cnt/plugins/unyson/framework/static/js/fw-form-helpers.js?ver=5.3.2 HTTP/1.1" 304 - "https://www.naijadial.com/information-technology-it/peboy/" "Mozilla/5.0 (Windows NT 6.3; Win64; x64) AppleWebKit/537.36 (KHTML, like Gecko) Chrome/79.0.3945.130 Safari/537.36"
107.181.177.135 - - [30/Jan/2020:10:31:43 -0500] "GET /naijadial/js/countTo.js?ver=5.3.2 HTTP/1.1" 304 - "https://www.naijadial.com/information-technology-it/peboy/" "Mozilla/5.0 (Windows NT 6.3; Win64; x64) AppleWebKit/537.36 (KHTML, like Gecko) Chrome/79.0.3945.130 Safari/537.36"
107.181.177.135 - - [30/Jan/2020:10:31:45 -0500] "GET /cluder/js/wp-emoji-release.min.js?ver=5.3.2 HTTP/1.1" 304 - "https://www.naijadial.com/information-technology-it/peboy/" "Mozilla/5.0 (Windows NT 6.3; Win64; x64) AppleWebKit/537.36 (KHTML, like Gecko) Chrome/79.0.3945.130 Safari/537.36"
107.181.177.135 - - [30/Jan/2020:10:31:45 -0500] "GET /naijadial/images/img-100x100.jpg HTTP/1.1" 200 10691 "https://www.naijadial.com/information-technology-it/peboy/" "Mozilla/5.0 (Windows NT 6.3; Win64; x64) AppleWebKit/537.36 (KHTML, like Gecko) Chrome/79.0.3945.130 Safari/537.36"
107.181.177.135 - - [30/Jan/2020:10:31:46 -0500] "GET /files/so-css/so-css-listingo.css?ver=1580144791 HTTP/1.1" 304 - "https://www.naijadial.com/information-technology-it/peboy/" "Mozilla/5.0 (Windows NT 6.3; Win64; x64) AppleWebKit/537.36 (KHTML, like Gecko) Chrome/79.0.3945.130 Safari/537.36"
107.181.177.135 - - [30/Jan/2020:10:31:50 -0500] "GET /cnt/plugins/unyson/framework/static/libs/linecons/css/linecons.css?ver=2.7.22 HTTP/1.1" 304 - "https://www.naijadial.com/information-technology-it/peboy/" "Mozilla/5.0 (Windows NT 6.3; Win64; x64) AppleWebKit/537.36 (KHTML, like Gecko) Chrome/79.0.3945.130 Safari/537.36"
107.181.177.135 - - [30/Jan/2020:10:31:50 -0500] "GET /files/2020/01/NaijaDial-Avatar-100x100.png HTTP/1.1" 200 5321 "https://www.naijadial.com/information-technology-it/peboy/" "Mozilla/5.0 (Windows NT 6.3; Win64; x64) AppleWebKit/537.36 (KHTML, like Gecko) Chrome/79.0.3945.130 Safari/537.36"
107.181.177.135 - - [30/Jan/2020:10:31:50 -0500] "GET /cnt/plugins/unyson/framework/static/libs/font-awesome/css/font-awesome.min.css?ver=2.7.22 HTTP/1.1" 304 - "https://www.naijadial.com/information-technology-it/peboy/" "Mozilla/5.0 (Windows NT 6.3; Win64; x64) AppleWebKit/537.36 (KHTML, like Gecko) Chrome/79.0.3945.130 Safari/537.36"
107.181.177.135 - - [30/Jan/2020:10:31:51 -0500] "GET /cnt/plugins/unyson/framework/static/libs/entypo/css/entypo.css?ver=2.7.22 HTTP/1.1" 304 - "https://www.naijadial.com/information-technology-it/peboy/" "Mozilla/5.0 (Windows NT 6.3; Win64; x64) AppleWebKit/537.36 (KHTML, like Gecko) Chrome/79.0.3945.130 Safari/537.36"
107.181.177.135 - - [30/Jan/2020:10:31:51 -0500] "GET /cnt/plugins/unyson/framework/static/libs/typcn/css/typcn.css?ver=2.7.22 HTTP/1.1" 304 - "https://www.naijadial.com/information-technology-it/peboy/" "Mozilla/5.0 (Windows NT 6.3; Win64; x64) AppleWebKit/537.36 (KHTML, like Gecko) Chrome/79.0.3945.130 Safari/537.36"
107.181.177.135 - - [30/Jan/2020:10:31:51 -0500] "GET /cnt/plugins/unyson/framework/static/libs/lnr/css/lnr.css?ver=2.7.22 HTTP/1.1" 304 - "https://www.naijadial.com/information-technology-it/peboy/" "Mozilla/5.0 (Windows NT 6.3; Win64; x64) AppleWebKit/537.36 (KHTML, like Gecko) Chrome/79.0.3945.130 Safari/537.36"
107.181.177.135 - - [30/Jan/2020:10:31:51 -0500] "GET /cnt/plugins/unyson/framework/static/libs/unycon/unycon.css?ver=2.7.22 HTTP/1.1" 304 - "https://www.naijadial.com/information-technology-it/peboy/" "Mozilla/5.0 (Windows NT 6.3; Win64; x64) AppleWebKit/537.36 (KHTML, like Gecko) Chrome/79.0.3945.130 Safari/537.36"
107.181.177.135 - - [30/Jan/2020:10:31:51 -0500] "GET /cnt/plugins/contact-form-7/includes/js/scripts.js?ver=5.1.6 HTTP/1.1" 304 - "https://www.naijadial.com/information-technology-it/peboy/" "Mozilla/5.0 (Windows NT 6.3; Win64; x64) AppleWebKit/537.36 (KHTML, like Gecko) Chrome/79.0.3945.130 Safari/537.36"
107.181.177.135 - - [30/Jan/2020:10:31:53 -0500] "GET /naijadial/framework-customizations/extensions/ads/static/js/fw_ext_ads_callbacks.js?ver=1.0 HTTP/1.1" 304 - "https://www.naijadial.com/information-technology-it/peboy/" "Mozilla/5.0 (Windows NT 6.3; Win64; x64) AppleWebKit/537.36 (KHTML, like Gecko) Chrome/79.0.3945.130 Safari/537.36"
107.181.177.135 - - [30/Jan/2020:10:31:53 -0500] "GET /naijadial/js/vendor/bootstrap.min.js?ver=3.2.2 HTTP/1.1" 304 - "https://www.naijadial.com/information-technology-it/peboy/" "Mozilla/5.0 (Windows NT 6.3; Win64; x64) AppleWebKit/537.36 (KHTML, like Gecko) Chrome/79.0.3945.130 Safari/537.36"
107.181.177.135 - - [30/Jan/2020:10:31:53 -0500] "GET /naijadial/framework-customizations/extensions/questionsanswers/static/js/fw_ext_questionsanswers_callbacks.js?ver=1.0 HTTP/1.1" 304 - "https://www.naijadial.com/information-technology-it/peboy/" "Mozilla/5.0 (Windows NT 6.3; Win64; x64) AppleWebKit/537.36 (KHTML, like Gecko) Chrome/79.0.3945.130 Safari/537.36"
107.181.177.135 - - [30/Jan/2020:10:31:53 -0500] "GET /naijadial/js/listingo_callbacks.js?ver=3.2.2 HTTP/1.1" 304 - "https://www.naijadial.com/information-technology-it/peboy/" "Mozilla/5.0 (Windows NT 6.3; Win64; x64) AppleWebKit/537.36 (KHTML, like Gecko) Chrome/79.0.3945.130 Safari/537.36"
107.181.177.135 - - [30/Jan/2020:10:31:54 -0500] "GET /naijadial/js/jquery.countdown.js?ver=3.2.2 HTTP/1.1" 304 - "https://www.naijadial.com/information-technology-it/peboy/" "Mozilla/5.0 (Windows NT 6.3; Win64; x64) AppleWebKit/537.36 (KHTML, like Gecko) Chrome/79.0.3945.130 Safari/537.36"
107.181.177.135 - - [30/Jan/2020:10:31:54 -0500] "GET /naijadial/js/owl.carousel.min.js?ver=3.2.2 HTTP/1.1" 304 - "https://www.naijadial.com/information-technology-it/peboy/" "Mozilla/5.0 (Windows NT 6.3; Win64; x64) AppleWebKit/537.36 (KHTML, like Gecko) Chrome/79.0.3945.130 Safari/537.36"
107.181.177.135 - - [30/Jan/2020:10:31:54 -0500] "GET /naijadial/js/scrollbar.min.js?ver=3.2.2 HTTP/1.1" 304 - "https://www.naijadial.com/information-technology-it/peboy/" "Mozilla/5.0 (Windows NT 6.3; Win64; x64) AppleWebKit/537.36 (KHTML, like Gecko) Chrome/79.0.3945.130 Safari/537.36"
107.181.177.135 - - [30/Jan/2020:10:31:55 -0500] "GET /naijadial/js/jquery.auto-complete.js?ver=3.2.2 HTTP/1.1" 304 - "https://www.naijadial.com/information-technology-it/peboy/" "Mozilla/5.0 (Windows NT 6.3; Win64; x64) AppleWebKit/537.36 (KHTML, like Gecko) Chrome/79.0.3945.130 Safari/537.36"
107.181.177.135 - - [30/Jan/2020:10:31:55 -0500] "GET /naijadial/js/chat_module.js?ver=5.3.2 HTTP/1.1" 304 - "https://www.naijadial.com/information-technology-it/peboy/" "Mozilla/5.0 (Windows NT 6.3; Win64; x64) AppleWebKit/537.36 (KHTML, like Gecko) Chrome/79.0.3945.130 Safari/537.36"
