197.210.44.38 - - [30/Jan/2020:11:51:24 -0500] "GET /cnt/plugins/unyson/framework/static/libs/unycon/unycon.css?ver=2.7.22 HTTP/1.1" 304 - "https://www.naijadial.com/account/" "Mozilla/5.0 (Linux; Android 7.0; Infinix X571 Build/NRD90M; wv) AppleWebKit/537.36 (KHTML, like Gecko) Version/4.0 Chrome/77.0.3865.92 Mobile Safari/537.36 [FB_IAB/FB4A;FBAV/230.0.0.36.117;]"
197.210.44.38 - - [30/Jan/2020:11:51:25 -0500] "GET /cnt/plugins/contact-form-7/includes/js/scripts.js?ver=5.1.6 HTTP/1.1" 304 - "https://www.naijadial.com/account/" "Mozilla/5.0 (Linux; Android 7.0; Infinix X571 Build/NRD90M; wv) AppleWebKit/537.36 (KHTML, like Gecko) Version/4.0 Chrome/77.0.3865.92 Mobile Safari/537.36 [FB_IAB/FB4A;FBAV/230.0.0.36.117;]"
197.210.44.38 - - [30/Jan/2020:11:51:25 -0500] "GET /naijadial/js/vendor/bootstrap.min.js?ver=3.2.2 HTTP/1.1" 304 - "https://www.naijadial.com/account/" "Mozilla/5.0 (Linux; Android 7.0; Infinix X571 Build/NRD90M; wv) AppleWebKit/537.36 (KHTML, like Gecko) Version/4.0 Chrome/77.0.3865.92 Mobile Safari/537.36 [FB_IAB/FB4A;FBAV/230.0.0.36.117;]"
197.210.44.38 - - [30/Jan/2020:11:51:25 -0500] "GET /naijadial/js/gmap3.min.js?ver=5.3.2 HTTP/1.1" 304 - "https://www.naijadial.com/account/" "Mozilla/5.0 (Linux; Android 7.0; Infinix X571 Build/NRD90M; wv) AppleWebKit/537.36 (KHTML, like Gecko) Version/4.0 Chrome/77.0.3865.92 Mobile Safari/537.36 [FB_IAB/FB4A;FBAV/230.0.0.36.117;]"
197.210.44.38 - - [30/Jan/2020:11:51:26 -0500] "GET /naijadial/js/jquery.countdown.js?ver=3.2.2 HTTP/1.1" 304 - "https://www.naijadial.com/account/" "Mozilla/5.0 (Linux; Android 7.0; Infinix X571 Build/NRD90M; wv) AppleWebKit/537.36 (KHTML, like Gecko) Version/4.0 Chrome/77.0.3865.92 Mobile Safari/537.36 [FB_IAB/FB4A;FBAV/230.0.0.36.117;]"
197.210.44.38 - - [30/Jan/2020:11:51:26 -0500] "GET /naijadial/js/owl.carousel.min.js?ver=3.2.2 HTTP/1.1" 304 - "https://www.naijadial.com/account/" "Mozilla/5.0 (Linux; Android 7.0; Infinix X571 Build/NRD90M; wv) AppleWebKit/537.36 (KHTML, like Gecko) Version/4.0 Chrome/77.0.3865.92 Mobile Safari/537.36 [FB_IAB/FB4A;FBAV/230.0.0.36.117;]"
197.210.44.38 - - [30/Jan/2020:11:51:26 -0500] "GET /naijadial/js/scrollbar.min.js?ver=3.2.2 HTTP/1.1" 304 - "https://www.naijadial.com/account/" "Mozilla/5.0 (Linux; Android 7.0; Infinix X571 Build/NRD90M; wv) AppleWebKit/537.36 (KHTML, like Gecko) Version/4.0 Chrome/77.0.3865.92 Mobile Safari/537.36 [FB_IAB/FB4A;FBAV/230.0.0.36.117;]"
197.210.44.38 - - [30/Jan/2020:11:51:26 -0500] "GET /naijadial/js/listingo_callbacks.js?ver=3.2.2 HTTP/1.1" 304 - "https://www.naijadial.com/account/" "Mozilla/5.0 (Linux; Android 7.0; Infinix X571 Build/NRD90M; wv) AppleWebKit/537.36 (KHTML, like Gecko) Version/4.0 Chrome/77.0.3865.92 Mobile Safari/537.36 [FB_IAB/FB4A;FBAV/230.0.0.36.117;]"
197.210.44.38 - - [30/Jan/2020:11:51:26 -0500] "GET /naijadial/js/chosen.jquery.js?ver=3.2.2 HTTP/1.1" 304 - "https://www.naijadial.com/account/" "Mozilla/5.0 (Linux; Android 7.0; Infinix X571 Build/NRD90M; wv) AppleWebKit/537.36 (KHTML, like Gecko) Version/4.0 Chrome/77.0.3865.92 Mobile Safari/537.36 [FB_IAB/FB4A;FBAV/230.0.0.36.117;]"
197.210.44.38 - - [30/Jan/2020:11:51:26 -0500] "GET /naijadial/js/datetimepicker.js?ver=3.2.2 HTTP/1.1" 304 - "https://www.naijadial.com/account/" "Mozilla/5.0 (Linux; Android 7.0; Infinix X571 Build/NRD90M; wv) AppleWebKit/537.36 (KHTML, like Gecko) Version/4.0 Chrome/77.0.3865.92 Mobile Safari/537.36 [FB_IAB/FB4A;FBAV/230.0.0.36.117;]"
197.210.44.38 - - [30/Jan/2020:11:51:26 -0500] "GET /naijadial/js/tipso.min.js?ver=5.3.2 HTTP/1.1" 304 - "https://www.naijadial.com/account/" "Mozilla/5.0 (Linux; Android 7.0; Infinix X571 Build/NRD90M; wv) AppleWebKit/537.36 (KHTML, like Gecko) Version/4.0 Chrome/77.0.3865.92 Mobile Safari/537.36 [FB_IAB/FB4A;FBAV/230.0.0.36.117;]"
197.210.44.38 - - [30/Jan/2020:11:51:26 -0500] "GET /files/2020/01/NaijaDial-Logo.png HTTP/1.1" 304 - "https://www.naijadial.com/account/" "Mozilla/5.0 (Linux; Android 7.0; Infinix X571 Build/NRD90M; wv) AppleWebKit/537.36 (KHTML, like Gecko) Version/4.0 Chrome/77.0.3865.92 Mobile Safari/537.36 [FB_IAB/FB4A;FBAV/230.0.0.36.117;]"
197.210.44.38 - - [30/Jan/2020:11:51:27 -0500] "GET /naijadial/js/jquery.auto-complete.js?ver=3.2.2 HTTP/1.1" 304 - "https://www.naijadial.com/account/" "Mozilla/5.0 (Linux; Android 7.0; Infinix X571 Build/NRD90M; wv) AppleWebKit/537.36 (KHTML, like Gecko) Version/4.0 Chrome/77.0.3865.92 Mobile Safari/537.36 [FB_IAB/FB4A;FBAV/230.0.0.36.117;]"
197.210.44.38 - - [30/Jan/2020:11:51:27 -0500] "GET /cnt/plugins/js_composer/assets/js/dist/js_composer_front.min.js?ver=6.0.5 HTTP/1.1" 304 - "https://www.naijadial.com/account/" "Mozilla/5.0 (Linux; Android 7.0; Infinix X571 Build/NRD90M; wv) AppleWebKit/537.36 (KHTML, like Gecko) Version/4.0 Chrome/77.0.3865.92 Mobile Safari/537.36 [FB_IAB/FB4A;FBAV/230.0.0.36.117;]"
197.210.44.38 - - [30/Jan/2020:11:51:27 -0500] "GET /naijadial/js/parallax.js?ver=5.3.2 HTTP/1.1" 304 - "https://www.naijadial.com/account/" "Mozilla/5.0 (Linux; Android 7.0; Infinix X571 Build/NRD90M; wv) AppleWebKit/537.36 (KHTML, like Gecko) Version/4.0 Chrome/77.0.3865.92 Mobile Safari/537.36 [FB_IAB/FB4A;FBAV/230.0.0.36.117;]"
197.210.44.38 - - [30/Jan/2020:11:51:27 -0500] "GET /files/2019/12/NaijaDial-Logo.png HTTP/1.1" 304 - "https://www.naijadial.com/account/" "Mozilla/5.0 (Linux; Android 7.0; Infinix X571 Build/NRD90M; wv) AppleWebKit/537.36 (KHTML, like Gecko) Version/4.0 Chrome/77.0.3865.92 Mobile Safari/537.36 [FB_IAB/FB4A;FBAV/230.0.0.36.117;]"
197.210.44.38 - - [30/Jan/2020:11:51:27 -0500] "GET /listingo/images/line-bar.jpg HTTP/1.1" 404 53100 "https://www.naijadial.com/naijadial/style.css?ver=3.2.2" "Mozilla/5.0 (Linux; Android 7.0; Infinix X571 Build/NRD90M; wv) AppleWebKit/537.36 (KHTML, like Gecko) Version/4.0 Chrome/77.0.3865.92 Mobile Safari/537.36 [FB_IAB/FB4A;FBAV/230.0.0.36.117;]"
197.210.44.38 - - [30/Jan/2020:11:51:27 -0500] "POST /?wc-ajax=get_refreshed_fragments HTTP/1.1" 200 210 "https://www.naijadial.com/account/" "Mozilla/5.0 (Linux; Android 7.0; Infinix X571 Build/NRD90M; wv) AppleWebKit/537.36 (KHTML, like Gecko) Version/4.0 Chrome/77.0.3865.92 Mobile Safari/537.36 [FB_IAB/FB4A;FBAV/230.0.0.36.117;]"
197.210.44.38 - - [30/Jan/2020:11:51:29 -0500] "GET /favicon.ico HTTP/1.1" 200 - "https://www.naijadial.com/account/" "Mozilla/5.0 (Linux; Android 7.0; Infinix X571 Build/NRD90M; wv) AppleWebKit/537.36 (KHTML, like Gecko) Version/4.0 Chrome/77.0.3865.92 Mobile Safari/537.36 [FB_IAB/FB4A;FBAV/230.0.0.36.117;]"
68.65.121.137 - - [30/Jan/2020:11:58:15 -0500] "POST /wp-cron.php?doing_wp_cron=1580403495.0279650688171386718750 HTTP/1.1" 200 - "https://www.naijadial.com/wp-cron.php?doing_wp_cron=1580403495.0279650688171386718750" "WordPress/5.3.2; https://www.naijadial.com"
197.210.44.38 - - [30/Jan/2020:11:58:13 -0500] "POST /wp-admin/admin-ajax.php HTTP/1.1" 200 232 "https://www.naijadial.com/account/" "Mozilla/5.0 (Linux; Android 7.0; Infinix X571) AppleWebKit/537.36 (KHTML, like Gecko) Chrome/77.0.3865.92 Mobile Safari/537.36"
68.65.121.137 - - [30/Jan/2020:11:59:18 -0500] "POST /wp-cron.php?doing_wp_cron=1580403558.2885789871215820312500 HTTP/1.1" 200 - "https://www.naijadial.com/wp-cron.php?doing_wp_cron=1580403558.2885789871215820312500" "WordPress/5.3.2; https://www.naijadial.com"
197.210.44.38 - - [30/Jan/2020:11:59:18 -0500] "POST /wp-admin/admin-ajax.php HTTP/1.1" 200 180 "https://www.naijadial.com/account/" "Mozilla/5.0 (Linux; Android 7.0; Infinix X571) AppleWebKit/537.36 (KHTML, like Gecko) Chrome/77.0.3865.92 Mobile Safari/537.36"
197.210.44.38 - - [30/Jan/2020:11:59:46 -0500] "POST /wp-admin/admin-ajax.php HTTP/1.1" 200 318 "https://www.naijadial.com/account/" "Mozilla/5.0 (Linux; Android 7.0; Infinix X571) AppleWebKit/537.36 (KHTML, like Gecko) Chrome/77.0.3865.92 Mobile Safari/537.36"
212.82.108.124 - - [30/Jan/2020:11:59:53 -0500] "GET /files/2020/01/NaijaDial.png HTTP/1.1" 200 8268 "-" "YahooMailProxy; https://help.yahoo.com/kb/yahoo-mail-proxy-SLN28749.html"
212.82.108.124 - - [30/Jan/2020:11:59:53 -0500] "GET /files/2020/01/Email-Header.png HTTP/1.1" 200 139744 "-" "YahooMailProxy; https://help.yahoo.com/kb/yahoo-mail-proxy-SLN28749.html"
212.82.108.124 - - [30/Jan/2020:11:59:53 -0500] "GET /files/2019/12/NaijaDial-Logo.png HTTP/1.1" 200 7732 "-" "YahooMailProxy; https://help.yahoo.com/kb/yahoo-mail-proxy-SLN28749.html"
68.65.121.137 - - [30/Jan/2020:12:00:49 -0500] "POST /wp-cron.php?doing_wp_cron=1580403649.0313351154327392578125 HTTP/1.1" 200 - "https://www.naijadial.com/wp-cron.php?doing_wp_cron=1580403649.0313351154327392578125" "WordPress/5.3.2; https://www.naijadial.com"
197.210.174.109 - - [30/Jan/2020:12:00:48 -0500] "GET /account/ HTTP/1.1" 200 14155 "http://m.facebook.com/" "Mozilla/5.0 (Linux; Android 6.0; F106 Build/MRA58K; wv) AppleWebKit/537.36 (KHTML, like Gecko) Version/4.0 Chrome/50.0.2661.86 Mobile Safari/537.36 [FB_IAB/FB4A;FBAV/247.0.0.20.116;]"
197.210.174.109 - - [30/Jan/2020:12:00:55 -0500] "GET /listingo/images/line-bar.jpg HTTP/1.1" 404 53100 "https://www.naijadial.com/naijadial/style.css?ver=3.2.2" "Mozilla/5.0 (Linux; Android 6.0; F106 Build/MRA58K; wv) AppleWebKit/537.36 (KHTML, like Gecko) Version/4.0 Chrome/50.0.2661.86 Mobile Safari/537.36 [FB_IAB/FB4A;FBAV/247.0.0.20.116;]"
197.210.174.109 - - [30/Jan/2020:12:00:57 -0500] "POST /?wc-ajax=get_refreshed_fragments HTTP/1.1" 200 210 "https://www.naijadial.com/account/" "Mozilla/5.0 (Linux; Android 6.0; F106 Build/MRA58K; wv) AppleWebKit/537.36 (KHTML, like Gecko) Version/4.0 Chrome/50.0.2661.86 Mobile Safari/537.36 [FB_IAB/FB4A;FBAV/247.0.0.20.116;]"
197.210.174.96 - - [30/Jan/2020:12:00:58 -0500] "GET /account/ HTTP/1.1" 200 14155 "-" "Mozilla/5.0 (Linux; Android 6.0; F106) AppleWebKit/537.36 (KHTML, like Gecko) Chrome/79.0.3945.116 Mobile Safari/537.36"
68.65.121.137 - - [30/Jan/2020:12:01:05 -0500] "POST /wp-cron.php?doing_wp_cron=1580403665.1681370735168457031250 HTTP/1.1" 200 - "https://www.naijadial.com/wp-cron.php?doing_wp_cron=1580403665.1681370735168457031250" "WordPress/5.3.2; https://www.naijadial.com"
197.210.44.38 - - [30/Jan/2020:12:01:04 -0500] "POST /wp-admin/admin-ajax.php HTTP/1.1" 200 232 "https://www.naijadial.com/account/" "Mozilla/5.0 (Linux; Android 7.0; Infinix X571) AppleWebKit/537.36 (KHTML, like Gecko) Chrome/77.0.3865.92 Mobile Safari/537.36"
197.210.174.96 - - [30/Jan/2020:12:01:08 -0500] "POST /?wc-ajax=get_refreshed_fragments HTTP/1.1" 200 210 "https://www.naijadial.com/account/" "Mozilla/5.0 (Linux; Android 6.0; F106) AppleWebKit/537.36 (KHTML, like Gecko) Chrome/79.0.3945.116 Mobile Safari/537.36"
197.210.174.96 - - [30/Jan/2020:12:01:08 -0500] "GET /listingo/images/line-bar.jpg HTTP/1.1" 404 53100 "https://www.naijadial.com/naijadial/style.css?ver=3.2.2" "Mozilla/5.0 (Linux; Android 6.0; F106) AppleWebKit/537.36 (KHTML, like Gecko) Chrome/79.0.3945.116 Mobile Safari/537.36"
197.210.174.96 - - [30/Jan/2020:12:01:10 -0500] "GET /account/apple-touch-icon.png HTTP/1.1" 404 52350 "https://www.naijadial.com/account/" "Mozilla/5.0 (Linux; Android 6.0; F106) AppleWebKit/537.36 (KHTML, like Gecko) Chrome/79.0.3945.116 Mobile Safari/537.36"
54.36.148.54 - - [30/Jan/2020:12:01:46 -0500] "GET /providers-category/airline/feed/ HTTP/1.1" 200 482 "-" "Mozilla/5.0 (compatible; AhrefsBot/6.1; +http://ahrefs.com/robot/)"
197.210.174.96 - - [30/Jan/2020:12:01:50 -0500] "GET /ads-search/ HTTP/1.1" 200 16519 "https://www.naijadial.com/account/" "Mozilla/5.0 (Linux; Android 6.0; F106) AppleWebKit/537.36 (KHTML, like Gecko) Chrome/79.0.3945.116 Mobile Safari/537.36"
197.210.174.96 - - [30/Jan/2020:12:01:53 -0500] "GET /new/wp-content/uploads/2020/01/header.jpg HTTP/1.1" 200 237134 "https://www.naijadial.com/ads-search/" "Mozilla/5.0 (Linux; Android 6.0; F106) AppleWebKit/537.36 (KHTML, like Gecko) Chrome/79.0.3945.116 Mobile Safari/537.36"
197.210.174.96 - - [30/Jan/2020:12:01:55 -0500] "GET /naijadial/js/maps/oms.min.js?ver=3.2.2 HTTP/1.1" 200 3591 "https://www.naijadial.com/ads-search/" "Mozilla/5.0 (Linux; Android 6.0; F106) AppleWebKit/537.36 (KHTML, like Gecko) Chrome/79.0.3945.116 Mobile Safari/537.36"
197.210.174.96 - - [30/Jan/2020:12:01:55 -0500] "GET /naijadial/js/maps/infobox.js?ver=3.2.2 HTTP/1.1" 200 5920 "https://www.naijadial.com/ads-search/" "Mozilla/5.0 (Linux; Android 6.0; F106) AppleWebKit/537.36 (KHTML, like Gecko) Chrome/79.0.3945.116 Mobile Safari/537.36"
197.210.174.96 - - [30/Jan/2020:12:01:55 -0500] "GET /naijadial/js/maps/markerclusterer.min.js?ver=3.2.2 HTTP/1.1" 200 4348 "https://www.naijadial.com/ads-search/" "Mozilla/5.0 (Linux; Android 6.0; F106) AppleWebKit/537.36 (KHTML, like Gecko) Chrome/79.0.3945.116 Mobile Safari/537.36"
197.210.174.96 - - [30/Jan/2020:12:01:55 -0500] "GET /naijadial/js/jquery.sticky-kit.min.js?ver=5.3.2 HTTP/1.1" 200 1305 "https://www.naijadial.com/ads-search/" "Mozilla/5.0 (Linux; Android 6.0; F106) AppleWebKit/537.36 (KHTML, like Gecko) Chrome/79.0.3945.116 Mobile Safari/537.36"
197.210.174.96 - - [30/Jan/2020:12:01:55 -0500] "GET /naijadial/framework-customizations/extensions/ads/static/js/maps/ad_gmaps.js?ver=1.0 HTTP/1.1" 200 2613 "https://www.naijadial.com/ads-search/" "Mozilla/5.0 (Linux; Android 6.0; F106) AppleWebKit/537.36 (KHTML, like Gecko) Chrome/79.0.3945.116 Mobile Safari/537.36"
197.210.174.96 - - [30/Jan/2020:12:01:55 -0500] "GET /naijadial/framework-customizations/extensions/ads/static/js/fw_ext_ads_callbacks.js?ver=1.0 HTTP/1.1" 304 - "https://www.naijadial.com/ads-search/" "Mozilla/5.0 (Linux; Android 6.0; F106) AppleWebKit/537.36 (KHTML, like Gecko) Chrome/79.0.3945.116 Mobile Safari/537.36"
197.210.174.96 - - [30/Jan/2020:12:01:57 -0500] "GET /files/2020/01/responsive-web-design-360x240.png HTTP/1.1" 304 - "https://www.naijadial.com/ads-search/" "Mozilla/5.0 (Linux; Android 6.0; F106) AppleWebKit/537.36 (KHTML, like Gecko) Chrome/79.0.3945.116 Mobile Safari/537.36"
197.210.174.96 - - [30/Jan/2020:12:01:57 -0500] "GET /files/2020/01/Matican-Logo-100x100.png HTTP/1.1" 304 - "https://www.naijadial.com/ads-search/" "Mozilla/5.0 (Linux; Android 6.0; F106) AppleWebKit/537.36 (KHTML, like Gecko) Chrome/79.0.3945.116 Mobile Safari/537.36"
197.210.174.96 - - [30/Jan/2020:12:01:58 -0500] "GET /listingo/images/line-bar.jpg HTTP/1.1" 404 53100 "https://www.naijadial.com/naijadial/style.css?ver=3.2.2" "Mozilla/5.0 (Linux; Android 6.0; F106) AppleWebKit/537.36 (KHTML, like Gecko) Chrome/79.0.3945.116 Mobile Safari/537.36"
197.210.174.96 - - [30/Jan/2020:12:02:00 -0500] "GET /ads-search/apple-touch-icon.png HTTP/1.1" 404 52350 "https://www.naijadial.com/ads-search/" "Mozilla/5.0 (Linux; Android 6.0; F106) AppleWebKit/537.36 (KHTML, like Gecko) Chrome/79.0.3945.116 Mobile Safari/537.36"
68.65.121.137 - - [30/Jan/2020:12:02:39 -0500] "POST /wp-cron.php?doing_wp_cron=1580403759.4780969619750976562500 HTTP/1.1" 200 - "https://www.naijadial.com/wp-cron.php?doing_wp_cron=1580403759.4780969619750976562500" "WordPress/5.3.2; https://www.naijadial.com"
192.0.113.180 - - [30/Jan/2020:12:02:41 -0500] "POST /xmlrpc.php?for=jetpack&token=QnAj%24o5mLE3EzK%29fA%24kIDJcGKW9yy0rE%3A1%3A1×tamp=1580403761&nonce=vDynuDgecQ&body-hash=SOgXCsP6cC0yl3RlwVFzW0Rp3HU%3D&signature=pG%2B4VyF3OgWbMa0PwkzQs8yhBvE%3D HTTP/1.1" 200 1623 "https://www.naijadial.com/xmlrpc.php?for=jetpack&token=QnAj%24o5mLE3EzK%29fA%24kIDJcGKW9yy0rE%3A1%3A1×tamp=1580403761&nonce=vDynuDgecQ&body-hash=SOgXCsP6cC0yl3RlwVFzW0Rp3HU%3D&signature=pG%2B4VyF3OgWbMa0PwkzQs8yhBvE%3D" "Jetpack by WordPress.com"
209.85.238.38 - - [30/Jan/2020:12:02:43 -0500] "GET /files/2019/12/NaijaDial-Logo.png HTTP/1.1" 304 - "http://mail.google.com/" "Mozilla/5.0 (Windows NT 10.0; Win64; x64) AppleWebKit/537.36 (KHTML, like Gecko) Chrome/42.0.2311.135 Safari/537.36 Edge/12.246 Mozilla/5.0"
209.85.238.38 - - [30/Jan/2020:12:02:43 -0500] "GET /files/2020/01/Email-Header.png HTTP/1.1" 304 - "http://mail.google.com/" "Mozilla/5.0 (Windows NT 10.0; Win64; x64) AppleWebKit/537.36 (KHTML, like Gecko) Chrome/42.0.2311.135 Safari/537.36 Edge/12.246 Mozilla/5.0"
209.85.238.37 - - [30/Jan/2020:12:02:43 -0500] "GET /files/2020/01/NaijaDial.png HTTP/1.1" 304 - "http://mail.google.com/" "Mozilla/5.0 (Windows NT 10.0; Win64; x64) AppleWebKit/537.36 (KHTML, like Gecko) Chrome/42.0.2311.135 Safari/537.36 Edge/12.246 Mozilla/5.0"
197.210.44.38 - - [30/Jan/2020:12:02:39 -0500] "POST /wp-admin/admin-ajax.php HTTP/1.1" 200 194 "https://www.naijadial.com/account/" "Mozilla/5.0 (Linux; Android 7.0; Infinix X571) AppleWebKit/537.36 (KHTML, like Gecko) Chrome/77.0.3865.92 Mobile Safari/537.36"
197.210.44.38 - - [30/Jan/2020:12:02:44 -0500] "GET /dashboard/?ref=settings&identity=119 HTTP/1.1" 200 30459 "https://www.naijadial.com/account/" "Mozilla/5.0 (Linux; Android 7.0; Infinix X571) AppleWebKit/537.36 (KHTML, like Gecko) Chrome/77.0.3865.92 Mobile Safari/537.36"
197.210.44.38 - - [30/Jan/2020:12:02:46 -0500] "GET /naijadial/css/emoji/emojionearea.min.css?ver=3.2.2 HTTP/1.1" 304 - "https://www.naijadial.com/dashboard/?ref=settings&identity=119" "Mozilla/5.0 (Linux; Android 7.0; Infinix X571) AppleWebKit/537.36 (KHTML, like Gecko) Chrome/77.0.3865.92 Mobile Safari/537.36"
197.210.44.38 - - [30/Jan/2020:12:02:47 -0500] "GET /naijadial/framework-customizations/extensions/articles/static/js/fw_ext_articles_callbacks.js?ver=1.0 HTTP/1.1" 304 - "https://www.naijadial.com/dashboard/?ref=settings&identity=119" "Mozilla/5.0 (Linux; Android 7.0; Infinix X571) AppleWebKit/537.36 (KHTML, like Gecko) Chrome/77.0.3865.92 Mobile Safari/537.36"
197.210.44.38 - - [30/Jan/2020:12:02:47 -0500] "GET /naijadial/framework-customizations/extensions/questionsanswers/static/js/fw_ext_questionsanswers_callbacks.js?ver=1.0 HTTP/1.1" 304 - "https://www.naijadial.com/dashboard/?ref=settings&identity=119" "Mozilla/5.0 (Linux; Android 7.0; Infinix X571) AppleWebKit/537.36 (KHTML, like Gecko) Chrome/77.0.3865.92 Mobile Safari/537.36"
197.210.44.38 - - [30/Jan/2020:12:02:47 -0500] "GET /naijadial/js/linkify/linkify.min.js?ver=5.3.2 HTTP/1.1" 200 9089 "https://www.naijadial.com/dashboard/?ref=settings&identity=119" "Mozilla/5.0 (Linux; Android 7.0; Infinix X571) AppleWebKit/537.36 (KHTML, like Gecko) Chrome/77.0.3865.92 Mobile Safari/537.36"
197.210.44.38 - - [30/Jan/2020:12:02:47 -0500] "GET /naijadial/js/emoji/emojionearea.min.js?ver=5.3.2 HTTP/1.1" 304 - "https://www.naijadial.com/dashboard/?ref=settings&identity=119" "Mozilla/5.0 (Linux; Android 7.0; Infinix X571) AppleWebKit/537.36 (KHTML, like Gecko) Chrome/77.0.3865.92 Mobile Safari/537.36"
197.210.44.38 - - [30/Jan/2020:12:02:47 -0500] "GET /naijadial/js/chat_module.js?ver=5.3.2 HTTP/1.1" 200 2842 "https://www.naijadial.com/dashboard/?ref=settings&identity=119" "Mozilla/5.0 (Linux; Android 7.0; Infinix X571) AppleWebKit/537.36 (KHTML, like Gecko) Chrome/77.0.3865.92 Mobile Safari/537.36"
197.210.44.38 - - [30/Jan/2020:12:02:47 -0500] "GET /naijadial/js/user-dashboard.js?ver=3.2.2 HTTP/1.1" 304 - "https://www.naijadial.com/dashboard/?ref=settings&identity=119" "Mozilla/5.0 (Linux; Android 7.0; Infinix X571) AppleWebKit/537.36 (KHTML, like Gecko) Chrome/77.0.3865.92 Mobile Safari/537.36"
197.210.44.38 - - [30/Jan/2020:12:02:47 -0500] "GET /naijadial/js/listingo_maps.js?ver=3.2.2 HTTP/1.1" 304 - "https://www.naijadial.com/dashboard/?ref=settings&identity=119" "Mozilla/5.0 (Linux; Android 7.0; Infinix X571) AppleWebKit/537.36 (KHTML, like Gecko) Chrome/77.0.3865.92 Mobile Safari/537.36"
197.210.44.38 - - [30/Jan/2020:12:02:47 -0500] "GET /naijadial/js/linkify/linkify-string.min.js?ver=5.3.2 HTTP/1.1" 200 587 "https://www.naijadial.com/dashboard/?ref=settings&identity=119" "Mozilla/5.0 (Linux; Android 7.0; Infinix X571) AppleWebKit/537.36 (KHTML, like Gecko) Chrome/77.0.3865.92 Mobile Safari/537.36"
197.210.44.38 - - [30/Jan/2020:12:02:47 -0500] "GET /naijadial/js/linkify/linkify-jquery.min.js?ver=5.3.2 HTTP/1.1" 304 - "https://www.naijadial.com/dashboard/?ref=settings&identity=119" "Mozilla/5.0 (Linux; Android 7.0; Infinix X571) AppleWebKit/537.36 (KHTML, like Gecko) Chrome/77.0.3865.92 Mobile Safari/537.36"
197.210.44.38 - - [30/Jan/2020:12:02:47 -0500] "GET /cluder/js/tinymce/langs/wp-langs-en.js?ver=4960-20190918-tadv-5210 HTTP/1.1" 200 5448 "https://www.naijadial.com/dashboard/?ref=settings&identity=119" "Mozilla/5.0 (Linux; Android 7.0; Infinix X571) AppleWebKit/537.36 (KHTML, like Gecko) Chrome/77.0.3865.92 Mobile Safari/537.36"
197.210.44.38 - - [30/Jan/2020:12:02:49 -0500] "GET /files/2019/12/Business-270x120.png HTTP/1.1" 200 37796 "https://www.naijadial.com/dashboard/?ref=settings&identity=119" "Mozilla/5.0 (Linux; Android 7.0; Infinix X571) AppleWebKit/537.36 (KHTML, like Gecko) Chrome/77.0.3865.92 Mobile Safari/537.36"
197.210.44.38 - - [30/Jan/2020:12:02:49 -0500] "GET /files/2020/01/NaijaDial-Avatar-100x100.png HTTP/1.1" 304 - "https://www.naijadial.com/dashboard/?ref=settings&identity=119" "Mozilla/5.0 (Linux; Android 7.0; Infinix X571) AppleWebKit/537.36 (KHTML, like Gecko) Chrome/77.0.3865.92 Mobile Safari/537.36"
197.210.44.38 - - [30/Jan/2020:12:02:53 -0500] "GET /cluder/js/tinymce/themes/modern/theme.min.js?wp-mce-4960-20190918-tadv-5210 HTTP/1.1" 200 41712 "https://www.naijadial.com/dashboard/?ref=settings&identity=119" "Mozilla/5.0 (Linux; Android 7.0; Infinix X571) AppleWebKit/537.36 (KHTML, like Gecko) Chrome/77.0.3865.92 Mobile Safari/537.36"
197.210.44.38 - - [30/Jan/2020:12:02:55 -0500] "GET /cnt/plugins/tinymce-advanced/mce/anchor/plugin.min.js?wp-mce-4960-20190918-tadv-5210 HTTP/1.1" 200 759 "https://www.naijadial.com/dashboard/?ref=settings&identity=119" "Mozilla/5.0 (Linux; Android 7.0; Infinix X571) AppleWebKit/537.36 (KHTML, like Gecko) Chrome/77.0.3865.92 Mobile Safari/537.36"
197.210.44.38 - - [30/Jan/2020:12:02:55 -0500] "GET /cnt/plugins/tinymce-advanced/mce/insertdatetime/plugin.min.js?wp-mce-4960-20190918-tadv-5210 HTTP/1.1" 200 1103 "https://www.naijadial.com/dashboard/?ref=settings&identity=119" "Mozilla/5.0 (Linux; Android 7.0; Infinix X571) AppleWebKit/537.36 (KHTML, like Gecko) Chrome/77.0.3865.92 Mobile Safari/537.36"
197.210.44.38 - - [30/Jan/2020:12:02:55 -0500] "GET /cnt/plugins/tinymce-advanced/mce/code/plugin.min.js?wp-mce-4960-20190918-tadv-5210 HTTP/1.1" 200 524 "https://www.naijadial.com/dashboard/?ref=settings&identity=119" "Mozilla/5.0 (Linux; Android 7.0; Infinix X571) AppleWebKit/537.36 (KHTML, like Gecko) Chrome/77.0.3865.92 Mobile Safari/537.36"
197.210.44.38 - - [30/Jan/2020:12:02:55 -0500] "GET /cluder/js/tinymce/plugins/charmap/plugin.min.js?wp-mce-4960-20190918-tadv-5210 HTTP/1.1" 200 3244 "https://www.naijadial.com/dashboard/?ref=settings&identity=119" "Mozilla/5.0 (Linux; Android 7.0; Infinix X571) AppleWebKit/537.36 (KHTML, like Gecko) Chrome/77.0.3865.92 Mobile Safari/537.36"
197.210.44.38 - - [30/Jan/2020:12:02:55 -0500] "GET /cnt/plugins/tinymce-advanced/mce/searchreplace/plugin.min.js?wp-mce-4960-20190918-tadv-5210 HTTP/1.1" 200 2905 "https://www.naijadial.com/dashboard/?ref=settings&identity=119" "Mozilla/5.0 (Linux; Android 7.0; Infinix X571) AppleWebKit/537.36 (KHTML, like Gecko) Chrome/77.0.3865.92 Mobile Safari/537.36"
197.210.44.38 - - [30/Jan/2020:12:02:55 -0500] "GET /cnt/plugins/tinymce-advanced/mce/visualchars/plugin.min.js?wp-mce-4960-20190918-tadv-5210 HTTP/1.1" 200 2176 "https://www.naijadial.com/dashboard/?ref=settings&identity=119" "Mozilla/5.0 (Linux; Android 7.0; Infinix X571) AppleWebKit/537.36 (KHTML, like Gecko) Chrome/77.0.3865.92 Mobile Safari/537.36"
197.210.44.38 - - [30/Jan/2020:12:02:55 -0500] "GET /cnt/plugins/tinymce-advanced/mce/print/plugin.min.js?wp-mce-4960-20190918-tadv-5210 HTTP/1.1" 200 263 "https://www.naijadial.com/dashboard/?ref=settings&identity=119" "Mozilla/5.0 (Linux; Android 7.0; Infinix X571) AppleWebKit/537.36 (KHTML, like Gecko) Chrome/77.0.3865.92 Mobile Safari/537.36"
197.210.44.38 - - [30/Jan/2020:12:02:55 -0500] "GET /cluder/js/tinymce/plugins/colorpicker/plugin.min.js?wp-mce-4960-20190918-tadv-5210 HTTP/1.1" 200 656 "https://www.naijadial.com/dashboard/?ref=settings&identity=119" "Mozilla/5.0 (Linux; Android 7.0; Infinix X571) AppleWebKit/537.36 (KHTML, like Gecko) Chrome/77.0.3865.92 Mobile Safari/537.36"
197.210.44.38 - - [30/Jan/2020:12:02:55 -0500] "GET /cnt/plugins/tinymce-advanced/mce/nonbreaking/plugin.min.js?wp-mce-4960-20190918-tadv-5210 HTTP/1.1" 200 541 "https://www.naijadial.com/dashboard/?ref=settings&identity=119" "Mozilla/5.0 (Linux; Android 7.0; Infinix X571) AppleWebKit/537.36 (KHTML, like Gecko) Chrome/77.0.3865.92 Mobile Safari/537.36"
197.210.44.38 - - [30/Jan/2020:12:02:55 -0500] "GET /cluder/js/tinymce/plugins/hr/plugin.min.js?wp-mce-4960-20190918-tadv-5210 HTTP/1.1" 200 246 "https://www.naijadial.com/dashboard/?ref=settings&identity=119" "Mozilla/5.0 (Linux; Android 7.0; Infinix X571) AppleWebKit/537.36 (KHTML, like Gecko) Chrome/77.0.3865.92 Mobile Safari/537.36"
197.210.44.38 - - [30/Jan/2020:12:02:55 -0500] "GET /cnt/plugins/tinymce-advanced/mce/visualblocks/plugin.min.js?wp-mce-4960-20190918-tadv-5210 HTTP/1.1" 200 729 "https://www.naijadial.com/dashboard/?ref=settings&identity=119" "Mozilla/5.0 (Linux; Android 7.0; Infinix X571) AppleWebKit/537.36 (KHTML, like Gecko) Chrome/77.0.3865.92 Mobile Safari/537.36"
197.210.44.38 - - [30/Jan/2020:12:02:55 -0500] "GET /cnt/plugins/tinymce-advanced/mce/wptadv/plugin.min.js?wp-mce-4960-20190918-tadv-5210 HTTP/1.1" 200 1491 "https://www.naijadial.com/dashboard/?ref=settings&identity=119" "Mozilla/5.0 (Linux; Android 7.0; Infinix X571) AppleWebKit/537.36 (KHTML, like Gecko) Chrome/77.0.3865.92 Mobile Safari/537.36"
197.210.44.38 - - [30/Jan/2020:12:02:55 -0500] "GET /cluder/js/tinymce/plugins/image/plugin.min.js?wp-mce-4960-20190918-tadv-5210 HTTP/1.1" 200 5497 "https://www.naijadial.com/dashboard/?ref=settings&identity=119" "Mozilla/5.0 (Linux; Android 7.0; Infinix X571) AppleWebKit/537.36 (KHTML, like Gecko) Chrome/77.0.3865.92 Mobile Safari/537.36"
197.210.44.38 - - [30/Jan/2020:12:02:55 -0500] "GET /cluder/js/tinymce/plugins/wpautoresize/plugin.min.js?wp-mce-4960-20190918-tadv-5210 HTTP/1.1" 200 900 "https://www.naijadial.com/dashboard/?ref=settings&identity=119" "Mozilla/5.0 (Linux; Android 7.0; Infinix X571) AppleWebKit/537.36 (KHTML, like Gecko) Chrome/77.0.3865.92 Mobile Safari/537.36"
197.210.44.38 - - [30/Jan/2020:12:02:55 -0500] "GET /cluder/js/tinymce/plugins/wptextpattern/plugin.min.js?wp-mce-4960-20190918-tadv-5210 HTTP/1.1" 200 1411 "https://www.naijadial.com/dashboard/?ref=settings&identity=119" "Mozilla/5.0 (Linux; Android 7.0; Infinix X571) AppleWebKit/537.36 (KHTML, like Gecko) Chrome/77.0.3865.92 Mobile Safari/537.36"
197.210.44.38 - - [30/Jan/2020:12:02:55 -0500] "GET /cnt/plugins/tinymce-advanced/mce/table/plugin.min.js?wp-mce-4960-20190918-tadv-5210 HTTP/1.1" 200 34548 "https://www.naijadial.com/dashboard/?ref=settings&identity=119" "Mozilla/5.0 (Linux; Android 7.0; Infinix X571) AppleWebKit/537.36 (KHTML, like Gecko) Chrome/77.0.3865.92 Mobile Safari/537.36"
197.210.44.38 - - [30/Jan/2020:12:02:55 -0500] "GET /cnt/plugins/tinymce-advanced/mce/advlist/plugin.min.js?wp-mce-4960-20190918-tadv-5210 HTTP/1.1" 200 978 "https://www.naijadial.com/dashboard/?ref=settings&identity=119" "Mozilla/5.0 (Linux; Android 7.0; Infinix X571) AppleWebKit/537.36 (KHTML, like Gecko) Chrome/77.0.3865.92 Mobile Safari/537.36"
197.210.44.38 - - [30/Jan/2020:12:02:55 -0500] "GET /cluder/js/tinymce/plugins/wpeditimage/plugin.min.js?wp-mce-4960-20190918-tadv-5210 HTTP/1.1" 200 4466 "https://www.naijadial.com/dashboard/?ref=settings&identity=119" "Mozilla/5.0 (Linux; Android 7.0; Infinix X571) AppleWebKit/537.36 (KHTML, like Gecko) Chrome/77.0.3865.92 Mobile Safari/537.36"
197.210.44.38 - - [30/Jan/2020:12:02:55 -0500] "GET /cluder/js/tinymce/plugins/wpdialogs/plugin.min.js?wp-mce-4960-20190918-tadv-5210 HTTP/1.1" 200 635 "https://www.naijadial.com/dashboard/?ref=settings&identity=119" "Mozilla/5.0 (Linux; Android 7.0; Infinix X571) AppleWebKit/537.36 (KHTML, like Gecko) Chrome/77.0.3865.92 Mobile Safari/537.36"
197.210.44.38 - - [30/Jan/2020:12:02:55 -0500] "GET /cluder/js/tinymce/plugins/textcolor/plugin.min.js?wp-mce-4960-20190918-tadv-5210 HTTP/1.1" 200 1942 "https://www.naijadial.com/dashboard/?ref=settings&identity=119" "Mozilla/5.0 (Linux; Android 7.0; Infinix X571) AppleWebKit/537.36 (KHTML, like Gecko) Chrome/77.0.3865.92 Mobile Safari/537.36"
197.210.44.38 - - [30/Jan/2020:12:02:55 -0500] "GET /cluder/js/tinymce/plugins/wpemoji/plugin.min.js?wp-mce-4960-20190918-tadv-5210 HTTP/1.1" 200 736 "https://www.naijadial.com/dashboard/?ref=settings&identity=119" "Mozilla/5.0 (Linux; Android 7.0; Infinix X571) AppleWebKit/537.36 (KHTML, like Gecko) Chrome/77.0.3865.92 Mobile Safari/537.36"
197.210.44.38 - - [30/Jan/2020:12:02:55 -0500] "GET /cluder/js/tinymce/plugins/wordpress/plugin.min.js?wp-mce-4960-20190918-tadv-5210 HTTP/1.1" 200 6143 "https://www.naijadial.com/dashboard/?ref=settings&identity=119" "Mozilla/5.0 (Linux; Android 7.0; Infinix X571) AppleWebKit/537.36 (KHTML, like Gecko) Chrome/77.0.3865.92 Mobile Safari/537.36"
197.210.44.38 - - [30/Jan/2020:12:02:55 -0500] "GET /cluder/js/tinymce/plugins/wpview/plugin.min.js?wp-mce-4960-20190918-tadv-5210 HTTP/1.1" 200 1237 "https://www.naijadial.com/dashboard/?ref=settings&identity=119" "Mozilla/5.0 (Linux; Android 7.0; Infinix X571) AppleWebKit/537.36 (KHTML, like Gecko) Chrome/77.0.3865.92 Mobile Safari/537.36"
197.210.44.38 - - [30/Jan/2020:12:02:55 -0500] "GET /cluder/js/tinymce/plugins/paste/plugin.min.js?wp-mce-4960-20190918-tadv-5210 HTTP/1.1" 200 11360 "https://www.naijadial.com/dashboard/?ref=settings&identity=119" "Mozilla/5.0 (Linux; Android 7.0; Infinix X571) AppleWebKit/537.36 (KHTML, like Gecko) Chrome/77.0.3865.92 Mobile Safari/537.36"
197.210.44.38 - - [30/Jan/2020:12:02:55 -0500] "GET /cluder/js/tinymce/plugins/wplink/plugin.min.js?wp-mce-4960-20190918-tadv-5210 HTTP/1.1" 200 3345 "https://www.naijadial.com/dashboard/?ref=settings&identity=119" "Mozilla/5.0 (Linux; Android 7.0; Infinix X571) AppleWebKit/537.36 (KHTML, like Gecko) Chrome/77.0.3865.92 Mobile Safari/537.36"
68.65.121.137 - - [30/Jan/2020:11:52:50 -0500] "POST /wp-cron.php?doing_wp_cron=1580403170.2405290603637695312500 HTTP/1.1" 200 - "https://www.naijadial.com/wp-cron.php?doing_wp_cron=1580403170.2405290603637695312500" "WordPress/5.3.2; https://www.naijadial.com"
197.210.44.38 - - [30/Jan/2020:11:52:49 -0500] "GET /terms-and-conditions/ HTTP/1.1" 200 13880 "https://www.naijadial.com/account/" "Mozilla/5.0 (Linux; Android 7.0; Infinix X571 Build/NRD90M; wv) AppleWebKit/537.36 (KHTML, like Gecko) Version/4.0 Chrome/77.0.3865.92 Mobile Safari/537.36 [FB_IAB/FB4A;FBAV/230.0.0.36.117;]"
197.210.44.38 - - [30/Jan/2020:11:52:53 -0500] "GET /listingo/images/line-bar.jpg HTTP/1.1" 404 53100 "https://www.naijadial.com/naijadial/style.css?ver=3.2.2" "Mozilla/5.0 (Linux; Android 7.0; Infinix X571 Build/NRD90M; wv) AppleWebKit/537.36 (KHTML, like Gecko) Version/4.0 Chrome/77.0.3865.92 Mobile Safari/537.36 [FB_IAB/FB4A;FBAV/230.0.0.36.117;]"
68.65.121.137 - - [30/Jan/2020:11:54:30 -0500] "POST /wp-cron.php?doing_wp_cron=1580403270.8156099319458007812500 HTTP/1.1" 200 - "https://www.naijadial.com/wp-cron.php?doing_wp_cron=1580403270.8156099319458007812500" "WordPress/5.3.2; https://www.naijadial.com"
197.210.44.38 - - [30/Jan/2020:11:54:30 -0500] "GET /terms-and-conditions/ HTTP/1.1" 200 13880 "-" "Mozilla/5.0 (Linux; Android 7.0; Infinix X571) AppleWebKit/537.36 (KHTML, like Gecko) Chrome/77.0.3865.92 Mobile Safari/537.36"
197.210.44.38 - - [30/Jan/2020:11:54:40 -0500] "POST /?wc-ajax=get_refreshed_fragments HTTP/1.1" 200 210 "https://www.naijadial.com/terms-and-conditions/" "Mozilla/5.0 (Linux; Android 7.0; Infinix X571) AppleWebKit/537.36 (KHTML, like Gecko) Chrome/77.0.3865.92 Mobile Safari/537.36"
197.210.44.38 - - [30/Jan/2020:11:54:44 -0500] "GET /terms-and-conditions/apple-touch-icon.png HTTP/1.1" 404 52350 "https://www.naijadial.com/terms-and-conditions/" "Mozilla/5.0 (Linux; Android 7.0; Infinix X571) AppleWebKit/537.36 (KHTML, like Gecko) Chrome/77.0.3865.92 Mobile Safari/537.36"
197.210.44.38 - - [30/Jan/2020:11:54:49 -0500] "GET /account/ HTTP/1.1" 200 14155 "https://www.naijadial.com/terms-and-conditions/" "Mozilla/5.0 (Linux; Android 7.0; Infinix X571) AppleWebKit/537.36 (KHTML, like Gecko) Chrome/77.0.3865.92 Mobile Safari/537.36"
197.210.44.38 - - [30/Jan/2020:11:54:52 -0500] "GET /listingo/images/line-bar.jpg HTTP/1.1" 404 53100 "https://www.naijadial.com/naijadial/style.css?ver=3.2.2" "Mozilla/5.0 (Linux; Android 7.0; Infinix X571) AppleWebKit/537.36 (KHTML, like Gecko) Chrome/77.0.3865.92 Mobile Safari/537.36"
197.210.44.38 - - [30/Jan/2020:11:54:53 -0500] "GET /account/apple-touch-icon.png HTTP/1.1" 404 52350 "https://www.naijadial.com/account/" "Mozilla/5.0 (Linux; Android 7.0; Infinix X571) AppleWebKit/537.36 (KHTML, like Gecko) Chrome/77.0.3865.92 Mobile Safari/537.36"
68.65.121.137 - - [30/Jan/2020:11:55:11 -0500] "POST /wp-cron.php?doing_wp_cron=1580403311.6418089866638183593750 HTTP/1.1" 200 - "https://www.naijadial.com/wp-cron.php?doing_wp_cron=1580403311.6418089866638183593750" "WordPress/5.3.2; https://www.naijadial.com"
54.36.149.69 - - [30/Jan/2020:11:55:11 -0500] "GET /providers-category/tiler/ HTTP/1.1" 404 52350 "-" "Mozilla/5.0 (compatible; AhrefsBot/6.1; +http://ahrefs.com/robot/)"
197.210.44.38 - - [30/Jan/2020:11:55:17 -0500] "POST /wp-admin/admin-ajax.php HTTP/1.1" 200 94 "https://www.naijadial.com/account/" "Mozilla/5.0 (Linux; Android 7.0; Infinix X571) AppleWebKit/537.36 (KHTML, like Gecko) Chrome/77.0.3865.92 Mobile Safari/537.36"
197.210.44.38 - - [30/Jan/2020:12:02:55 -0500] "GET /cluder/js/tinymce/plugins/fullscreen/plugin.min.js?wp-mce-4960-20190918-tadv-5210 HTTP/1.1" 200 890 "https://www.naijadial.com/dashboard/?ref=settings&identity=119" "Mozilla/5.0 (Linux; Android 7.0; Infinix X571) AppleWebKit/537.36 (KHTML, like Gecko) Chrome/77.0.3865.92 Mobile Safari/537.36"
197.210.44.38 - - [30/Jan/2020:12:02:55 -0500] "GET /cluder/js/tinymce/plugins/media/plugin.min.js?wp-mce-4960-20190918-tadv-5210 HTTP/1.1" 200 5409 "https://www.naijadial.com/dashboard/?ref=settings&identity=119" "Mozilla/5.0 (Linux; Android 7.0; Infinix X571) AppleWebKit/537.36 (KHTML, like Gecko) Chrome/77.0.3865.92 Mobile Safari/537.36"
197.210.44.38 - - [30/Jan/2020:12:02:55 -0500] "GET /cluder/js/tinymce/plugins/wpgallery/plugin.min.js?wp-mce-4960-20190918-tadv-5210 HTTP/1.1" 200 725 "https://www.naijadial.com/dashboard/?ref=settings&identity=119" "Mozilla/5.0 (Linux; Android 7.0; Infinix X571) AppleWebKit/537.36 (KHTML, like Gecko) Chrome/77.0.3865.92 Mobile Safari/537.36"
197.210.44.38 - - [30/Jan/2020:12:02:55 -0500] "GET /cluder/js/tinymce/plugins/tabfocus/plugin.min.js?wp-mce-4960-20190918-tadv-5210 HTTP/1.1" 200 794 "https://www.naijadial.com/dashboard/?ref=settings&identity=119" "Mozilla/5.0 (Linux; Android 7.0; Infinix X571) AppleWebKit/537.36 (KHTML, like Gecko) Chrome/77.0.3865.92 Mobile Safari/537.36"
197.210.44.38 - - [30/Jan/2020:12:02:55 -0500] "GET /cluder/js/tinymce/plugins/lists/plugin.min.js?wp-mce-4960-20190918-tadv-5210 HTTP/1.1" 200 9135 "https://www.naijadial.com/dashboard/?ref=settings&identity=119" "Mozilla/5.0 (Linux; Android 7.0; Infinix X571) AppleWebKit/537.36 (KHTML, like Gecko) Chrome/77.0.3865.92 Mobile Safari/537.36"
197.210.44.38 - - [30/Jan/2020:12:02:57 -0500] "GET /cluder/js/tinymce/skins/lightgray/skin.min.css?wp-mce-4960-20190918-tadv-5210 HTTP/1.1" 200 8437 "https://www.naijadial.com/dashboard/?ref=settings&identity=119" "Mozilla/5.0 (Linux; Android 7.0; Infinix X571) AppleWebKit/537.36 (KHTML, like Gecko) Chrome/77.0.3865.92 Mobile Safari/537.36"
197.210.44.38 - - [30/Jan/2020:12:02:57 -0500] "GET /cluder/js/tinymce/skins/wordpress/wp-content.css?ver=5.3.2&wp-mce-4960-20190918-tadv-5210 HTTP/1.1" 200 2688 "https://www.naijadial.com/dashboard/?ref=settings&identity=119" "Mozilla/5.0 (Linux; Android 7.0; Infinix X571) AppleWebKit/537.36 (KHTML, like Gecko) Chrome/77.0.3865.92 Mobile Safari/537.36"
197.210.44.38 - - [30/Jan/2020:12:02:57 -0500] "GET /cluder/js/tinymce/skins/lightgray/content.min.css?wp-mce-4960-20190918-tadv-5210 HTTP/1.1" 200 1317 "https://www.naijadial.com/dashboard/?ref=settings&identity=119" "Mozilla/5.0 (Linux; Android 7.0; Infinix X571) AppleWebKit/537.36 (KHTML, like Gecko) Chrome/77.0.3865.92 Mobile Safari/537.36"
197.210.44.38 - - [30/Jan/2020:12:02:57 -0500] "GET /cluder/css/dashicons.min.css?ver=5.3.2&wp-mce-4960-20190918-tadv-5210 HTTP/1.1" 200 28481 "https://www.naijadial.com/dashboard/?ref=settings&identity=119" "Mozilla/5.0 (Linux; Android 7.0; Infinix X571) AppleWebKit/537.36 (KHTML, like Gecko) Chrome/77.0.3865.92 Mobile Safari/537.36"
197.210.44.38 - - [30/Jan/2020:12:02:59 -0500] "GET /cluder/js/tinymce/skins/lightgray/fonts/tinymce.woff HTTP/1.1" 304 - "https://www.naijadial.com/cluder/js/tinymce/skins/lightgray/skin.min.css?wp-mce-4960-20190918-tadv-5210" "Mozilla/5.0 (Linux; Android 7.0; Infinix X571) AppleWebKit/537.36 (KHTML, like Gecko) Chrome/77.0.3865.92 Mobile Safari/537.36"
197.210.44.38 - - [30/Jan/2020:12:03:01 -0500] "GET /dashboard/apple-touch-icon.png HTTP/1.1" 404 58372 "https://www.naijadial.com/dashboard/?ref=settings&identity=119" "Mozilla/5.0 (Linux; Android 7.0; Infinix X571) AppleWebKit/537.36 (KHTML, like Gecko) Chrome/77.0.3865.92 Mobile Safari/537.36"
68.65.121.137 - - [30/Jan/2020:12:03:12 -0500] "POST /wp-cron.php?doing_wp_cron=1580403792.5559480190277099609375 HTTP/1.1" 200 - "https://www.naijadial.com/wp-cron.php?doing_wp_cron=1580403792.5559480190277099609375" "WordPress/5.3.2; https://www.naijadial.com"
197.210.44.38 - - [30/Jan/2020:12:03:12 -0500] "GET /business/babatope/ HTTP/1.1" 200 20004 "https://www.naijadial.com/dashboard/?ref=settings&identity=119" "Mozilla/5.0 (Linux; Android 7.0; Infinix X571) AppleWebKit/537.36 (KHTML, like Gecko) Chrome/77.0.3865.92 Mobile Safari/537.36"
197.210.44.38 - - [30/Jan/2020:12:03:15 -0500] "GET /naijadial/js/maps/gmaps.js?ver=3.2.2 HTTP/1.1" 200 2860 "https://www.naijadial.com/business/babatope/" "Mozilla/5.0 (Linux; Android 7.0; Infinix X571) AppleWebKit/537.36 (KHTML, like Gecko) Chrome/77.0.3865.92 Mobile Safari/537.36"
197.210.44.38 - - [30/Jan/2020:12:03:15 -0500] "GET /naijadial/js/jRate.js?ver=5.3.2 HTTP/1.1" 200 4904 "https://www.naijadial.com/business/babatope/" "Mozilla/5.0 (Linux; Android 7.0; Infinix X571) AppleWebKit/537.36 (KHTML, like Gecko) Chrome/77.0.3865.92 Mobile Safari/537.36"
197.210.44.38 - - [30/Jan/2020:12:03:15 -0500] "GET /naijadial/js/readmore.js?ver=3.2.2 HTTP/1.1" 200 1946 "https://www.naijadial.com/business/babatope/" "Mozilla/5.0 (Linux; Android 7.0; Infinix X571) AppleWebKit/537.36 (KHTML, like Gecko) Chrome/77.0.3865.92 Mobile Safari/537.36"
197.210.44.38 - - [30/Jan/2020:12:03:16 -0500] "GET /cnt/plugins/revslider/public/assets/assets/transparent.png HTTP/1.1" 304 - "https://www.naijadial.com/business/babatope/" "Mozilla/5.0 (Linux; Android 7.0; Infinix X571) AppleWebKit/537.36 (KHTML, like Gecko) Chrome/77.0.3865.92 Mobile Safari/537.36"
197.210.44.38 - - [30/Jan/2020:12:03:16 -0500] "GET /new/wp-content/uploads/2020/01/responsive-web-design.png HTTP/1.1" 304 - "https://www.naijadial.com/business/babatope/" "Mozilla/5.0 (Linux; Android 7.0; Infinix X571) AppleWebKit/537.36 (KHTML, like Gecko) Chrome/77.0.3865.92 Mobile Safari/537.36"
197.210.44.38 - - [30/Jan/2020:12:03:16 -0500] "GET /new/wp-content/uploads/2020/01/bg-1.png HTTP/1.1" 304 - "https://www.naijadial.com/business/babatope/" "Mozilla/5.0 (Linux; Android 7.0; Infinix X571) AppleWebKit/537.36 (KHTML, like Gecko) Chrome/77.0.3865.92 Mobile Safari/537.36"
197.210.44.38 - - [30/Jan/2020:12:03:16 -0500] "GET /new/wp-content/uploads/2020/01/My-Clinic.png HTTP/1.1" 304 - "https://www.naijadial.com/business/babatope/" "Mozilla/5.0 (Linux; Android 7.0; Infinix X571) AppleWebKit/537.36 (KHTML, like Gecko) Chrome/77.0.3865.92 Mobile Safari/537.36"
197.210.44.38 - - [30/Jan/2020:12:03:16 -0500] "GET /naijadial/images/qrcode.png HTTP/1.1" 304 - "https://www.naijadial.com/business/babatope/" "Mozilla/5.0 (Linux; Android 7.0; Infinix X571) AppleWebKit/537.36 (KHTML, like Gecko) Chrome/77.0.3865.92 Mobile Safari/537.36"
197.210.44.38 - - [30/Jan/2020:12:03:16 -0500] "GET /naijadial/framework-customizations/extensions/questionsanswers/static/img/thumbnails/start.png HTTP/1.1" 304 - "https://www.naijadial.com/business/babatope/" "Mozilla/5.0 (Linux; Android 7.0; Infinix X571) AppleWebKit/537.36 (KHTML, like Gecko) Chrome/77.0.3865.92 Mobile Safari/537.36"
197.210.44.38 - - [30/Jan/2020:12:03:19 -0500] "GET /files/2019/12/Business.png HTTP/1.1" 304 - "https://www.naijadial.com/business/babatope/" "Mozilla/5.0 (Linux; Android 7.0; Infinix X571) AppleWebKit/537.36 (KHTML, like Gecko) Chrome/77.0.3865.92 Mobile Safari/537.36"
197.210.44.38 - - [30/Jan/2020:12:03:25 -0500] "GET /business/babatope/apple-touch-icon.png HTTP/1.1" 404 59122 "https://www.naijadial.com/business/babatope/" "Mozilla/5.0 (Linux; Android 7.0; Infinix X571) AppleWebKit/537.36 (KHTML, like Gecko) Chrome/77.0.3865.92 Mobile Safari/537.36"
66.102.8.138 - - [30/Jan/2020:12:03:51 -0500] "GET /account/ HTTP/1.1" 200 14155 "-" "Mozilla/5.0 (Windows NT 10.0; Win64; x64) AppleWebKit/537.36 (KHTML, like Gecko) Chrome/79.0.3945.88 Safari/537.36"
66.102.8.138 - - [30/Jan/2020:12:03:52 -0500] "GET /cnt/plugins/listingo_core/public/js/system-public.js?ver=3.2.1 HTTP/1.1" 200 1605 "https://www.naijadial.com/account/" "Mozilla/5.0 (Windows NT 10.0; Win64; x64) AppleWebKit/537.36 (KHTML, like Gecko) Chrome/79.0.3945.88 Safari/537.36"
66.102.8.131 - - [30/Jan/2020:12:03:52 -0500] "GET /naijadial/js/jquery.countdown.js?ver=3.2.2 HTTP/1.1" 200 600 "https://www.naijadial.com/account/" "Mozilla/5.0 (Windows NT 10.0; Win64; x64) AppleWebKit/537.36 (KHTML, like Gecko) Chrome/79.0.3945.88 Safari/537.36"
66.102.8.131 - - [30/Jan/2020:12:03:52 -0500] "GET /naijadial/js/tipso.min.js?ver=5.3.2 HTTP/1.1" 200 2989 "https://www.naijadial.com/account/" "Mozilla/5.0 (Windows NT 10.0; Win64; x64) AppleWebKit/537.36 (KHTML, like Gecko) Chrome/79.0.3945.88 Safari/537.36"
66.102.8.137 - - [30/Jan/2020:12:03:52 -0500] "GET /naijadial/js/vendor/bootstrap.min.js?ver=3.2.2 HTTP/1.1" 200 9838 "https://www.naijadial.com/account/" "Mozilla/5.0 (Windows NT 10.0; Win64; x64) AppleWebKit/537.36 (KHTML, like Gecko) Chrome/79.0.3945.88 Safari/537.36"
66.102.8.136 - - [30/Jan/2020:12:03:53 -0500] "GET /listingo/images/line-bar.jpg HTTP/1.1" 404 53100 "https://www.naijadial.com/naijadial/style.css?ver=3.2.2" "Mozilla/5.0 (Windows NT 10.0; Win64; x64) AppleWebKit/537.36 (KHTML, like Gecko) Chrome/79.0.3945.88 Safari/537.36"
66.102.8.137 - - [30/Jan/2020:12:03:54 -0500] "POST /?wc-ajax=get_refreshed_fragments HTTP/1.1" 200 210 "https://www.naijadial.com/account/" "Mozilla/5.0 (Windows NT 10.0; Win64; x64) AppleWebKit/537.36 (KHTML, like Gecko) Chrome/79.0.3945.88 Safari/537.36"
197.210.44.38 - - [30/Jan/2020:12:03:58 -0500] "GET /?key=4425ab44d2f8142e5a03d820eba2a589&verifyemail=makmiyiglobalbizconcept@gmail.com HTTP/1.1" 301 - "android-app://com.google.android.gm" "Mozilla/5.0 (Linux; Android 7.0; Infinix X571) AppleWebKit/537.36 (KHTML, like Gecko) Chrome/77.0.3865.92 Mobile Safari/537.36"
197.210.44.38 - - [30/Jan/2020:12:03:59 -0500] "GET /?key=4425ab44d2f8142e5a03d820eba2a589&verifyemail=makmiyiglobalbizconcept%40gmail.com HTTP/1.1" 200 25607 "android-app://com.google.android.gm" "Mozilla/5.0 (Linux; Android 7.0; Infinix X571) AppleWebKit/537.36 (KHTML, like Gecko) Chrome/77.0.3865.92 Mobile Safari/537.36"
197.210.44.38 - - [30/Jan/2020:12:04:02 -0500] "GET /naijadial/css/pogoslider.css?ver=3.2.2 HTTP/1.1" 304 - "https://www.naijadial.com/?key=4425ab44d2f8142e5a03d820eba2a589&verifyemail=makmiyiglobalbizconcept%40gmail.com" "Mozilla/5.0 (Linux; Android 7.0; Infinix X571) AppleWebKit/537.36 (KHTML, like Gecko) Chrome/77.0.3865.92 Mobile Safari/537.36"
197.210.44.38 - - [30/Jan/2020:12:04:02 -0500] "GET /cnt/plugins/vc-extensions-bundle/flipbox/js/init.min.js?ver=5.3.2 HTTP/1.1" 200 931 "https://www.naijadial.com/?key=4425ab44d2f8142e5a03d820eba2a589&verifyemail=makmiyiglobalbizconcept%40gmail.com" "Mozilla/5.0 (Linux; Android 7.0; Infinix X571) AppleWebKit/537.36 (KHTML, like Gecko) Chrome/77.0.3865.92 Mobile Safari/537.36"
197.210.44.38 - - [30/Jan/2020:12:04:02 -0500] "GET /cnt/plugins/vc-extensions-bundle/flipbox/css/style.css?ver=5.3.2 HTTP/1.1" 200 994 "https://www.naijadial.com/?key=4425ab44d2f8142e5a03d820eba2a589&verifyemail=makmiyiglobalbizconcept%40gmail.com" "Mozilla/5.0 (Linux; Android 7.0; Infinix X571) AppleWebKit/537.36 (KHTML, like Gecko) Chrome/77.0.3865.92 Mobile Safari/537.36"
197.210.44.38 - - [30/Jan/2020:12:04:02 -0500] "GET /naijadial/js/pogoslider.js?ver=5.3.2 HTTP/1.1" 200 5001 "https://www.naijadial.com/?key=4425ab44d2f8142e5a03d820eba2a589&verifyemail=makmiyiglobalbizconcept%40gmail.com" "Mozilla/5.0 (Linux; Android 7.0; Infinix X571) AppleWebKit/537.36 (KHTML, like Gecko) Chrome/77.0.3865.92 Mobile Safari/537.36"
197.210.44.38 - - [30/Jan/2020:12:04:03 -0500] "GET /files/2020/01/Real-Estate.png HTTP/1.1" 304 - "https://www.naijadial.com/?key=4425ab44d2f8142e5a03d820eba2a589&verifyemail=makmiyiglobalbizconcept%40gmail.com" "Mozilla/5.0 (Linux; Android 7.0; Infinix X571) AppleWebKit/537.36 (KHTML, like Gecko) Chrome/77.0.3865.92 Mobile Safari/537.36"
197.210.44.38 - - [30/Jan/2020:12:04:03 -0500] "GET /files/2020/01/Events-Header.png HTTP/1.1" 304 - "https://www.naijadial.com/?key=4425ab44d2f8142e5a03d820eba2a589&verifyemail=makmiyiglobalbizconcept%40gmail.com" "Mozilla/5.0 (Linux; Android 7.0; Infinix X571) AppleWebKit/537.36 (KHTML, like Gecko) Chrome/77.0.3865.92 Mobile Safari/537.36"
197.210.44.38 - - [30/Jan/2020:12:04:03 -0500] "GET /files/2020/01/banner.png HTTP/1.1" 304 - "https://www.naijadial.com/?key=4425ab44d2f8142e5a03d820eba2a589&verifyemail=makmiyiglobalbizconcept%40gmail.com" "Mozilla/5.0 (Linux; Android 7.0; Infinix X571) AppleWebKit/537.36 (KHTML, like Gecko) Chrome/77.0.3865.92 Mobile Safari/537.36"
197.210.44.38 - - [30/Jan/2020:12:04:03 -0500] "GET /files/2020/01/Professional.jpg HTTP/1.1" 304 - "https://www.naijadial.com/?key=4425ab44d2f8142e5a03d820eba2a589&verifyemail=makmiyiglobalbizconcept%40gmail.com" "Mozilla/5.0 (Linux; Android 7.0; Infinix X571) AppleWebKit/537.36 (KHTML, like Gecko) Chrome/77.0.3865.92 Mobile Safari/537.36"
197.210.44.38 - - [30/Jan/2020:12:04:03 -0500] "GET /files/2020/01/Fashion.jpg HTTP/1.1" 304 - "https://www.naijadial.com/?key=4425ab44d2f8142e5a03d820eba2a589&verifyemail=makmiyiglobalbizconcept%40gmail.com" "Mozilla/5.0 (Linux; Android 7.0; Infinix X571) AppleWebKit/537.36 (KHTML, like Gecko) Chrome/77.0.3865.92 Mobile Safari/537.36"
197.210.44.38 - - [30/Jan/2020:12:04:03 -0500] "GET /files/2020/01/Transportation-and-Travel.jpg HTTP/1.1" 304 - "https://www.naijadial.com/?key=4425ab44d2f8142e5a03d820eba2a589&verifyemail=makmiyiglobalbizconcept%40gmail.com" "Mozilla/5.0 (Linux; Android 7.0; Infinix X571) AppleWebKit/537.36 (KHTML, like Gecko) Chrome/77.0.3865.92 Mobile Safari/537.36"
197.210.44.38 - - [30/Jan/2020:12:04:04 -0500] "GET /files/2020/01/Automotives.png HTTP/1.1" 304 - "https://www.naijadial.com/?key=4425ab44d2f8142e5a03d820eba2a589&verifyemail=makmiyiglobalbizconcept%40gmail.com" "Mozilla/5.0 (Linux; Android 7.0; Infinix X571) AppleWebKit/537.36 (KHTML, like Gecko) Chrome/77.0.3865.92 Mobile Safari/537.36"
197.210.44.38 - - [30/Jan/2020:12:04:04 -0500] "GET /files/2020/01/General-Labour.jpg HTTP/1.1" 304 - "https://www.naijadial.com/?key=4425ab44d2f8142e5a03d820eba2a589&verifyemail=makmiyiglobalbizconcept%40gmail.com" "Mozilla/5.0 (Linux; Android 7.0; Infinix X571) AppleWebKit/537.36 (KHTML, like Gecko) Chrome/77.0.3865.92 Mobile Safari/537.36"
197.210.44.38 - - [30/Jan/2020:12:04:04 -0500] "GET /files/2020/01/Cleaning.jpg HTTP/1.1" 304 - "https://www.naijadial.com/?key=4425ab44d2f8142e5a03d820eba2a589&verifyemail=makmiyiglobalbizconcept%40gmail.com" "Mozilla/5.0 (Linux; Android 7.0; Infinix X571) AppleWebKit/537.36 (KHTML, like Gecko) Chrome/77.0.3865.92 Mobile Safari/537.36"
197.210.44.38 - - [30/Jan/2020:12:04:04 -0500] "GET /files/2020/01/training.jpg HTTP/1.1" 304 - "https://www.naijadial.com/?key=4425ab44d2f8142e5a03d820eba2a589&verifyemail=makmiyiglobalbizconcept%40gmail.com" "Mozilla/5.0 (Linux; Android 7.0; Infinix X571) AppleWebKit/537.36 (KHTML, like Gecko) Chrome/77.0.3865.92 Mobile Safari/537.36"
197.210.44.38 - - [30/Jan/2020:12:04:04 -0500] "GET /files/2020/01/Repair.jpg HTTP/1.1" 304 - "https://www.naijadial.com/?key=4425ab44d2f8142e5a03d820eba2a589&verifyemail=makmiyiglobalbizconcept%40gmail.com" "Mozilla/5.0 (Linux; Android 7.0; Infinix X571) AppleWebKit/537.36 (KHTML, like Gecko) Chrome/77.0.3865.92 Mobile Safari/537.36"
197.210.44.38 - - [30/Jan/2020:12:04:04 -0500] "GET /files/2020/01/Construction.jpg HTTP/1.1" 304 - "https://www.naijadial.com/?key=4425ab44d2f8142e5a03d820eba2a589&verifyemail=makmiyiglobalbizconcept%40gmail.com" "Mozilla/5.0 (Linux; Android 7.0; Infinix X571) AppleWebKit/537.36 (KHTML, like Gecko) Chrome/77.0.3865.92 Mobile Safari/537.36"
197.210.44.38 - - [30/Jan/2020:12:04:26 -0500] "GET /naijadial/images/slider-border.png HTTP/1.1" 304 - "https://www.naijadial.com/naijadial/style.css?ver=3.2.2" "Mozilla/5.0 (Linux; Android 7.0; Infinix X571) AppleWebKit/537.36 (KHTML, like Gecko) Chrome/77.0.3865.92 Mobile Safari/537.36"
197.210.44.38 - - [30/Jan/2020:12:04:28 -0500] "GET /files/2020/01/jOB.png HTTP/1.1" 304 - "https://www.naijadial.com/?key=4425ab44d2f8142e5a03d820eba2a589&verifyemail=makmiyiglobalbizconcept%40gmail.com" "Mozilla/5.0 (Linux; Android 7.0; Infinix X571) AppleWebKit/537.36 (KHTML, like Gecko) Chrome/77.0.3865.92 Mobile Safari/537.36"
