66.249.65.100 - - [30/Jan/2020:07:28:37 -0500] "POST /?wc-ajax=get_refreshed_fragments HTTP/1.1" 200 210 "https://www.naijadial.com/contact-us/" "Mozilla/5.0 (Linux; Android 6.0.1; Nexus 5X Build/MMB29P) AppleWebKit/537.36 (KHTML, like Gecko) Chrome/79.0.3945.120 Mobile Safari/537.36 (compatible; Googlebot/2.1; +http://www.google.com/bot.html)"
154.118.113.185 - - [30/Jan/2020:07:28:50 -0500] "GET /listingo/images/line-bar.jpg HTTP/1.1" 404 53100 "https://www.naijadial.com/naijadial/style.css?ver=3.2.2" "Mozilla/5.0 (Linux; Android 8.1.0; DUB-LX1) AppleWebKit/537.36 (KHTML, like Gecko) Chrome/79.0.3945.136 Mobile Safari/537.36"
68.65.121.137 - - [30/Jan/2020:07:30:05 -0500] "POST /wp-cron.php?doing_wp_cron=1580387405.2002959251403808593750 HTTP/1.1" 200 - "https://www.naijadial.com/wp-cron.php?doing_wp_cron=1580387405.2002959251403808593750" "WordPress/5.3.2; https://www.naijadial.com"
193.109.85.12 - - [30/Jan/2020:07:30:04 -0500] "POST /wp-admin/admin-ajax.php HTTP/1.1" 200 98 "https://www.naijadial.com/wp-admin/post.php?post=1242&action=edit" "Mozilla/5.0 (Windows NT 6.3; Win64; x64) AppleWebKit/537.36 (KHTML, like Gecko) Chrome/79.0.3945.130 Safari/537.36"
68.65.121.137 - - [30/Jan/2020:07:31:24 -0500] "POST /wp-cron.php?doing_wp_cron=1580387483.9906370639801025390625 HTTP/1.1" 200 - "https://www.naijadial.com/wp-cron.php?doing_wp_cron=1580387483.9906370639801025390625" "WordPress/5.3.2; https://www.naijadial.com"
193.109.85.12 - - [30/Jan/2020:07:31:23 -0500] "POST /wp-admin/admin-ajax.php HTTP/1.1" 200 104 "https://www.naijadial.com/wp-admin/options-general.php?page=tawkto_plugin" "Mozilla/5.0 (Windows NT 6.3; Win64; x64) AppleWebKit/537.36 (KHTML, like Gecko) Chrome/79.0.3945.130 Safari/537.36"
68.65.121.137 - - [30/Jan/2020:07:31:25 -0500] "POST /wp-cron.php?doing_wp_cron=1580387485.6722769737243652343750 HTTP/1.1" 200 - "https://www.naijadial.com/wp-cron.php?doing_wp_cron=1580387485.6722769737243652343750" "WordPress/5.3.2; https://www.naijadial.com"
193.109.85.12 - - [30/Jan/2020:07:31:23 -0500] "POST /wp-admin/admin-ajax.php HTTP/1.1" 200 47 "https://www.naijadial.com/wp-admin/edit.php?post_type=page" "Mozilla/5.0 (Windows NT 6.3; Win64; x64) AppleWebKit/537.36 (KHTML, like Gecko) Chrome/79.0.3945.130 Safari/537.36"
193.109.85.12 - - [30/Jan/2020:07:31:23 -0500] "POST /wp-admin/admin-ajax.php HTTP/1.1" 200 47 "https://www.naijadial.com/wp-admin/themes.php?page=fw-settings" "Mozilla/5.0 (Windows NT 6.3; Win64; x64) AppleWebKit/537.36 (KHTML, like Gecko) Chrome/79.0.3945.130 Safari/537.36"
193.109.85.12 - - [30/Jan/2020:07:32:05 -0500] "POST /wp-admin/admin-ajax.php HTTP/1.1" 200 98 "https://www.naijadial.com/wp-admin/post.php?post=1242&action=edit" "Mozilla/5.0 (Windows NT 6.3; Win64; x64) AppleWebKit/537.36 (KHTML, like Gecko) Chrome/79.0.3945.130 Safari/537.36"
68.65.121.137 - - [30/Jan/2020:07:37:22 -0500] "POST /wp-cron.php?doing_wp_cron=1580387842.2062289714813232421875 HTTP/1.1" 200 - "https://www.naijadial.com/wp-cron.php?doing_wp_cron=1580387842.2062289714813232421875" "WordPress/5.3.2; https://www.naijadial.com"
193.109.85.12 - - [30/Jan/2020:07:37:20 -0500] "POST /wp-admin/admin-ajax.php HTTP/1.1" 200 47 "https://www.naijadial.com/wp-admin/options-general.php?page=tawkto_plugin" "Mozilla/5.0 (Windows NT 6.3; Win64; x64) AppleWebKit/537.36 (KHTML, like Gecko) Chrome/79.0.3945.130 Safari/537.36"
68.65.121.137 - - [30/Jan/2020:07:37:23 -0500] "POST /wp-cron.php?doing_wp_cron=1580387843.7042438983917236328125 HTTP/1.1" 200 - "https://www.naijadial.com/wp-cron.php?doing_wp_cron=1580387843.7042438983917236328125" "WordPress/5.3.2; https://www.naijadial.com"
193.109.85.12 - - [30/Jan/2020:07:37:20 -0500] "POST /wp-admin/admin-ajax.php HTTP/1.1" 200 47 "https://www.naijadial.com/wp-admin/edit.php?post_type=page" "Mozilla/5.0 (Windows NT 6.3; Win64; x64) AppleWebKit/537.36 (KHTML, like Gecko) Chrome/79.0.3945.130 Safari/537.36"
2a03:2880:21ff:a::face:b00c - - [30/Jan/2020:07:38:09 -0500] "GET /files_up/2019/03/NaijaDial-Logo.png HTTP/1.1" 404 53100 "-" "facebookexternalhit/1.1 (+http://www.facebook.com/externalhit_uatext.php)"
193.109.85.12 - - [30/Jan/2020:07:38:22 -0500] "POST /wp-admin/admin-ajax.php HTTP/1.1" 200 47 "https://www.naijadial.com/wp-admin/themes.php?page=fw-settings" "Mozilla/5.0 (Windows NT 6.3; Win64; x64) AppleWebKit/537.36 (KHTML, like Gecko) Chrome/79.0.3945.130 Safari/537.36"
68.65.121.137 - - [30/Jan/2020:07:39:20 -0500] "POST /wp-cron.php?doing_wp_cron=1580387960.5964169502258300781250 HTTP/1.1" 200 - "https://www.naijadial.com/wp-cron.php?doing_wp_cron=1580387960.5964169502258300781250" "WordPress/5.3.2; https://www.naijadial.com"
193.109.85.12 - - [30/Jan/2020:07:39:20 -0500] "POST /wp-admin/admin-ajax.php HTTP/1.1" 200 47 "https://www.naijadial.com/wp-admin/options-general.php?page=tawkto_plugin" "Mozilla/5.0 (Windows NT 6.3; Win64; x64) AppleWebKit/537.36 (KHTML, like Gecko) Chrome/79.0.3945.130 Safari/537.36"
193.109.85.12 - - [30/Jan/2020:07:39:21 -0500] "POST /wp-admin/admin-ajax.php HTTP/1.1" 200 47 "https://www.naijadial.com/wp-admin/edit.php?post_type=page" "Mozilla/5.0 (Windows NT 6.3; Win64; x64) AppleWebKit/537.36 (KHTML, like Gecko) Chrome/79.0.3945.130 Safari/537.36"
68.65.121.137 - - [30/Jan/2020:07:40:23 -0500] "POST /wp-cron.php?doing_wp_cron=1580388022.9658789634704589843750 HTTP/1.1" 200 - "https://www.naijadial.com/wp-cron.php?doing_wp_cron=1580388022.9658789634704589843750" "WordPress/5.3.2; https://www.naijadial.com"
193.109.85.12 - - [30/Jan/2020:07:40:22 -0500] "POST /wp-admin/admin-ajax.php HTTP/1.1" 200 47 "https://www.naijadial.com/wp-admin/options-general.php?page=tawkto_plugin" "Mozilla/5.0 (Windows NT 6.3; Win64; x64) AppleWebKit/537.36 (KHTML, like Gecko) Chrome/79.0.3945.130 Safari/537.36"
68.65.121.137 - - [30/Jan/2020:07:40:24 -0500] "POST /wp-cron.php?doing_wp_cron=1580388024.0428469181060791015625 HTTP/1.1" 200 - "https://www.naijadial.com/wp-cron.php?doing_wp_cron=1580388024.0428469181060791015625" "WordPress/5.3.2; https://www.naijadial.com"
193.109.85.12 - - [30/Jan/2020:07:40:22 -0500] "POST /wp-admin/admin-ajax.php HTTP/1.1" 200 47 "https://www.naijadial.com/wp-admin/themes.php?page=fw-settings" "Mozilla/5.0 (Windows NT 6.3; Win64; x64) AppleWebKit/537.36 (KHTML, like Gecko) Chrome/79.0.3945.130 Safari/537.36"
104.248.225.22 - - [30/Jan/2020:07:40:28 -0500] "GET /wp-login.php HTTP/1.1" 200 1963 "-" "Mozilla/5.0 (X11; Ubuntu; Linux x86_64; rv:62.0) Gecko/20100101 Firefox/62.0"
104.248.225.22 - - [30/Jan/2020:07:40:30 -0500] "POST /wp-login.php HTTP/1.1" 401 3595 "-" "Mozilla/5.0 (X11; Ubuntu; Linux x86_64; rv:62.0) Gecko/20100101 Firefox/62.0"
104.248.225.22 - - [30/Jan/2020:07:40:31 -0500] "POST /xmlrpc.php HTTP/1.1" 200 225 "-" "Mozilla/5.0 (X11; Ubuntu; Linux x86_64; rv:62.0) Gecko/20100101 Firefox/62.0"
154.118.113.185 - - [30/Jan/2020:07:25:16 -0500] "GET /author/blessing/apple-touch-icon.png HTTP/1.1" 404 53100 "https://www.naijadial.com/author/blessing/" "Mozilla/5.0 (Linux; Android 8.1.0; DUB-LX1) AppleWebKit/537.36 (KHTML, like Gecko) Chrome/79.0.3945.136 Mobile Safari/537.36"
154.118.113.185 - - [30/Jan/2020:07:25:35 -0500] "GET /author/blessing/ HTTP/1.1" 200 16303 "-" "Mozilla/5.0 (Linux; Android 8.1.0; DUB-LX1) AppleWebKit/537.36 (KHTML, like Gecko) Chrome/79.0.3945.136 Mobile Safari/537.36"
197.210.52.49 - - [30/Jan/2020:07:25:44 -0500] "GET /pricing/ HTTP/1.1" 200 13297 "-" "Mozilla/5.0 (Linux; Android 8.1.0; Infinix X605) AppleWebKit/537.36 (KHTML, like Gecko) Chrome/79.0.3945.116 Mobile Safari/537.36"
154.118.113.185 - - [30/Jan/2020:07:25:48 -0500] "GET /listingo/images/line-bar.jpg HTTP/1.1" 404 53100 "https://www.naijadial.com/naijadial/style.css?ver=3.2.2" "Mozilla/5.0 (Linux; Android 8.1.0; DUB-LX1) AppleWebKit/537.36 (KHTML, like Gecko) Chrome/79.0.3945.136 Mobile Safari/537.36"
154.118.113.185 - - [30/Jan/2020:07:25:48 -0500] "POST /?wc-ajax=get_refreshed_fragments HTTP/1.1" 200 2401 "https://www.naijadial.com/author/blessing/" "Mozilla/5.0 (Linux; Android 8.1.0; DUB-LX1) AppleWebKit/537.36 (KHTML, like Gecko) Chrome/79.0.3945.136 Mobile Safari/537.36"
154.118.113.185 - - [30/Jan/2020:07:25:59 -0500] "GET / HTTP/1.1" 200 24589 "https://www.naijadial.com/author/blessing/" "Mozilla/5.0 (Linux; Android 8.1.0; DUB-LX1) AppleWebKit/537.36 (KHTML, like Gecko) Chrome/79.0.3945.136 Mobile Safari/537.36"
193.109.85.12 - - [30/Jan/2020:07:32:20 -0500] "POST /wp-admin/admin-ajax.php HTTP/1.1" 200 47 "https://www.naijadial.com/wp-admin/themes.php?page=fw-settings" "Mozilla/5.0 (Windows NT 6.3; Win64; x64) AppleWebKit/537.36 (KHTML, like Gecko) Chrome/79.0.3945.130 Safari/537.36"
68.65.121.137 - - [30/Jan/2020:07:33:19 -0500] "POST /wp-cron.php?doing_wp_cron=1580387598.9206929206848144531250 HTTP/1.1" 200 - "https://www.naijadial.com/wp-cron.php?doing_wp_cron=1580387598.9206929206848144531250" "WordPress/5.3.2; https://www.naijadial.com"
193.109.85.12 - - [30/Jan/2020:07:33:18 -0500] "POST /wp-admin/admin-ajax.php HTTP/1.1" 200 47 "https://www.naijadial.com/wp-admin/edit.php?post_type=page" "Mozilla/5.0 (Windows NT 6.3; Win64; x64) AppleWebKit/537.36 (KHTML, like Gecko) Chrome/79.0.3945.130 Safari/537.36"
68.65.121.137 - - [30/Jan/2020:07:33:20 -0500] "POST /wp-cron.php?doing_wp_cron=1580387600.2945210933685302734375 HTTP/1.1" 200 - "https://www.naijadial.com/wp-cron.php?doing_wp_cron=1580387600.2945210933685302734375" "WordPress/5.3.2; https://www.naijadial.com"
193.109.85.12 - - [30/Jan/2020:07:33:18 -0500] "POST /wp-admin/admin-ajax.php HTTP/1.1" 200 47 "https://www.naijadial.com/wp-admin/options-general.php?page=tawkto_plugin" "Mozilla/5.0 (Windows NT 6.3; Win64; x64) AppleWebKit/537.36 (KHTML, like Gecko) Chrome/79.0.3945.130 Safari/537.36"
68.65.121.137 - - [30/Jan/2020:07:34:21 -0500] "POST /wp-cron.php?doing_wp_cron=1580387661.6094520092010498046875 HTTP/1.1" 200 - "https://www.naijadial.com/wp-cron.php?doing_wp_cron=1580387661.6094520092010498046875" "WordPress/5.3.2; https://www.naijadial.com"
193.109.85.12 - - [30/Jan/2020:07:34:21 -0500] "POST /wp-admin/admin-ajax.php HTTP/1.1" 200 47 "https://www.naijadial.com/wp-admin/themes.php?page=fw-settings" "Mozilla/5.0 (Windows NT 6.3; Win64; x64) AppleWebKit/537.36 (KHTML, like Gecko) Chrome/79.0.3945.130 Safari/537.36"
68.65.121.137 - - [30/Jan/2020:07:35:19 -0500] "POST /wp-cron.php?doing_wp_cron=1580387719.0127980709075927734375 HTTP/1.1" 200 - "https://www.naijadial.com/wp-cron.php?doing_wp_cron=1580387719.0127980709075927734375" "WordPress/5.3.2; https://www.naijadial.com"
193.109.85.12 - - [30/Jan/2020:07:35:18 -0500] "POST /wp-admin/admin-ajax.php HTTP/1.1" 200 47 "https://www.naijadial.com/wp-admin/options-general.php?page=tawkto_plugin" "Mozilla/5.0 (Windows NT 6.3; Win64; x64) AppleWebKit/537.36 (KHTML, like Gecko) Chrome/79.0.3945.130 Safari/537.36"
193.109.85.12 - - [30/Jan/2020:07:35:19 -0500] "POST /wp-admin/admin-ajax.php HTTP/1.1" 200 47 "https://www.naijadial.com/wp-admin/edit.php?post_type=page" "Mozilla/5.0 (Windows NT 6.3; Win64; x64) AppleWebKit/537.36 (KHTML, like Gecko) Chrome/79.0.3945.130 Safari/537.36"
68.65.121.137 - - [30/Jan/2020:07:36:22 -0500] "POST /wp-cron.php?doing_wp_cron=1580387782.3185470104217529296875 HTTP/1.1" 200 - "https://www.naijadial.com/wp-cron.php?doing_wp_cron=1580387782.3185470104217529296875" "WordPress/5.3.2; https://www.naijadial.com"
193.109.85.12 - - [30/Jan/2020:07:36:22 -0500] "POST /wp-admin/admin-ajax.php HTTP/1.1" 200 47 "https://www.naijadial.com/wp-admin/themes.php?page=fw-settings" "Mozilla/5.0 (Windows NT 6.3; Win64; x64) AppleWebKit/537.36 (KHTML, like Gecko) Chrome/79.0.3945.130 Safari/537.36"
54.36.150.57 - - [30/Jan/2020:07:36:32 -0500] "GET /providers-category/itweb-development/ HTTP/1.1" 404 52350 "-" "Mozilla/5.0 (compatible; AhrefsBot/6.1; +http://ahrefs.com/robot/)"
193.109.85.12 - - [30/Jan/2020:07:41:23 -0500] "POST /wp-admin/admin-ajax.php HTTP/1.1" 200 47 "https://www.naijadial.com/wp-admin/edit.php?post_type=page" "Mozilla/5.0 (Windows NT 6.3; Win64; x64) AppleWebKit/537.36 (KHTML, like Gecko) Chrome/79.0.3945.130 Safari/537.36"
68.65.121.137 - - [30/Jan/2020:07:42:23 -0500] "POST /wp-cron.php?doing_wp_cron=1580388143.5194029808044433593750 HTTP/1.1" 200 - "https://www.naijadial.com/wp-cron.php?doing_wp_cron=1580388143.5194029808044433593750" "WordPress/5.3.2; https://www.naijadial.com"
193.109.85.12 - - [30/Jan/2020:07:42:23 -0500] "POST /wp-admin/admin-ajax.php HTTP/1.1" 200 47 "https://www.naijadial.com/wp-admin/options-general.php?page=tawkto_plugin" "Mozilla/5.0 (Windows NT 6.3; Win64; x64) AppleWebKit/537.36 (KHTML, like Gecko) Chrome/79.0.3945.130 Safari/537.36"
105.112.27.34 - - [30/Jan/2020:07:42:37 -0500] "GET /account/ HTTP/1.1" 200 14156 "http://m.facebook.com/" "Mozilla/5.0 (Linux; Android 9; Infinix X626B Build/PPR1.180610.011; wv) AppleWebKit/537.36 (KHTML, like Gecko) Version/4.0 Chrome/79.0.3945.136 Mobile Safari/537.36 [FB_IAB/FB4A;FBAV/249.0.0.47.118;]"
105.112.27.34 - - [30/Jan/2020:07:42:39 -0500] "GET /cnt/plugins/listingo_core/public/js/system-public.js?ver=3.2.1 HTTP/1.1" 304 - "https://www.naijadial.com/account/" "Mozilla/5.0 (Linux; Android 9; Infinix X626B Build/PPR1.180610.011; wv) AppleWebKit/537.36 (KHTML, like Gecko) Version/4.0 Chrome/79.0.3945.136 Mobile Safari/537.36 [FB_IAB/FB4A;FBAV/249.0.0.47.118;]"
105.112.27.34 - - [30/Jan/2020:07:42:47 -0500] "GET /naijadial/js/tipso.min.js?ver=5.3.2 HTTP/1.1" 304 - "https://www.naijadial.com/account/" "Mozilla/5.0 (Linux; Android 9; Infinix X626B Build/PPR1.180610.011; wv) AppleWebKit/537.36 (KHTML, like Gecko) Version/4.0 Chrome/79.0.3945.136 Mobile Safari/537.36 [FB_IAB/FB4A;FBAV/249.0.0.47.118;]"
105.112.27.34 - - [30/Jan/2020:07:42:47 -0500] "GET /listingo/images/line-bar.jpg HTTP/1.1" 404 53100 "https://www.naijadial.com/naijadial/style.css?ver=3.2.2" "Mozilla/5.0 (Linux; Android 9; Infinix X626B Build/PPR1.180610.011; wv) AppleWebKit/537.36 (KHTML, like Gecko) Version/4.0 Chrome/79.0.3945.136 Mobile Safari/537.36 [FB_IAB/FB4A;FBAV/249.0.0.47.118;]"
105.112.27.34 - - [30/Jan/2020:07:42:59 -0500] "POST /?wc-ajax=get_refreshed_fragments HTTP/1.1" 200 210 "https://www.naijadial.com/account/" "Mozilla/5.0 (Linux; Android 9; Infinix X626B Build/PPR1.180610.011; wv) AppleWebKit/537.36 (KHTML, like Gecko) Version/4.0 Chrome/79.0.3945.136 Mobile Safari/537.36 [FB_IAB/FB4A;FBAV/249.0.0.47.118;]"
68.65.121.137 - - [30/Jan/2020:07:43:06 -0500] "POST /wp-cron.php?doing_wp_cron=1580388186.1470530033111572265625 HTTP/1.1" 200 - "https://www.naijadial.com/wp-cron.php?doing_wp_cron=1580388186.1470530033111572265625" "WordPress/5.3.2; https://www.naijadial.com"
105.112.27.34 - - [30/Jan/2020:07:43:06 -0500] "GET /listingo/images/line-bar.jpg HTTP/1.1" 404 53100 "https://www.naijadial.com/account/" "Mozilla/5.0 (Linux; Android 9; Infinix X626B Build/PPR1.180610.011; wv) AppleWebKit/537.36 (KHTML, like Gecko) Version/4.0 Chrome/79.0.3945.136 Mobile Safari/537.36 [FB_IAB/FB4A;FBAV/249.0.0.47.118;]"
193.109.85.12 - - [30/Jan/2020:07:43:53 -0500] "POST /wp-admin/admin-ajax.php HTTP/1.1" 200 47 "https://www.naijadial.com/wp-admin/options-general.php?page=tawkto_plugin" "Mozilla/5.0 (Windows NT 6.3; Win64; x64) AppleWebKit/537.36 (KHTML, like Gecko) Chrome/79.0.3945.130 Safari/537.36"
68.65.121.137 - - [30/Jan/2020:07:44:10 -0500] "POST /wp-cron.php?doing_wp_cron=1580388250.7909109592437744140625 HTTP/1.1" 200 - "https://www.naijadial.com/wp-cron.php?doing_wp_cron=1580388250.7909109592437744140625" "WordPress/5.3.2; https://www.naijadial.com"
193.109.85.12 - - [30/Jan/2020:07:44:10 -0500] "GET / HTTP/1.1" 200 25250 "https://www.naijadial.com/wp-admin/options-general.php?page=tawkto_plugin" "Mozilla/5.0 (Windows NT 6.3; Win64; x64) AppleWebKit/537.36 (KHTML, like Gecko) Chrome/79.0.3945.130 Safari/537.36"
68.65.121.137 - - [30/Jan/2020:07:47:22 -0500] "POST /wp-cron.php?doing_wp_cron=1580388442.0189800262451171875000 HTTP/1.1" 200 - "https://www.naijadial.com/wp-cron.php?doing_wp_cron=1580388442.0189800262451171875000" "WordPress/5.3.2; https://www.naijadial.com"
193.109.85.12 - - [30/Jan/2020:07:47:19 -0500] "POST /wp-admin/admin-ajax.php HTTP/1.1" 200 47 "https://www.naijadial.com/wp-admin/options-general.php?page=tawkto_plugin" "Mozilla/5.0 (Windows NT 6.3; Win64; x64) AppleWebKit/537.36 (KHTML, like Gecko) Chrome/79.0.3945.130 Safari/537.36"
68.65.121.137 - - [30/Jan/2020:07:48:43 -0500] "POST /wp-cron.php?doing_wp_cron=1580388523.3794500827789306640625 HTTP/1.1" 200 - "https://www.naijadial.com/wp-cron.php?doing_wp_cron=1580388523.3794500827789306640625" "WordPress/5.3.2; https://www.naijadial.com"
197.210.53.188 - - [30/Jan/2020:07:48:43 -0500] "GET / HTTP/1.1" 200 24588 "https://www.naijadial.com/find/?sortby=&orderby=&showposts=&keyword=Emmanuel&geo=&lat=&long=&location=&category=&lang=&view=&country=&city=&gender=" "Mozilla/5.0 (Linux; Android 8.1.0; DUB-LX1) AppleWebKit/537.36 (KHTML, like Gecko) Chrome/79.0.3945.136 Mobile Safari/537.36"
197.210.53.188 - - [30/Jan/2020:07:48:49 -0500] "GET /listingo/images/line-bar.jpg HTTP/1.1" 404 53100 "https://www.naijadial.com/naijadial/style.css?ver=3.2.2" "Mozilla/5.0 (Linux; Android 8.1.0; DUB-LX1) AppleWebKit/537.36 (KHTML, like Gecko) Chrome/79.0.3945.136 Mobile Safari/537.36"
193.109.85.12 - - [30/Jan/2020:07:48:56 -0500] "POST /wp-admin/admin-ajax.php HTTP/1.1" 200 47 "https://www.naijadial.com/wp-admin/options-general.php?page=tawkto_plugin" "Mozilla/5.0 (Windows NT 6.3; Win64; x64) AppleWebKit/537.36 (KHTML, like Gecko) Chrome/79.0.3945.130 Safari/537.36"
68.65.121.137 - - [30/Jan/2020:07:50:57 -0500] "POST /wp-cron.php?doing_wp_cron=1580388657.1451230049133300781250 HTTP/1.1" 200 - "https://www.naijadial.com/wp-cron.php?doing_wp_cron=1580388657.1451230049133300781250" "WordPress/5.3.2; https://www.naijadial.com"
193.109.85.12 - - [30/Jan/2020:07:50:56 -0500] "POST /wp-admin/admin-ajax.php HTTP/1.1" 200 47 "https://www.naijadial.com/wp-admin/options-general.php?page=tawkto_plugin" "Mozilla/5.0 (Windows NT 6.3; Win64; x64) AppleWebKit/537.36 (KHTML, like Gecko) Chrome/79.0.3945.130 Safari/537.36"
68.65.121.137 - - [30/Jan/2020:07:51:41 -0500] "POST /wp-cron.php?doing_wp_cron=1580388701.4859969615936279296875 HTTP/1.1" 200 - "https://www.naijadial.com/wp-cron.php?doing_wp_cron=1580388701.4859969615936279296875" "WordPress/5.3.2; https://www.naijadial.com"
193.109.85.12 - - [30/Jan/2020:07:51:41 -0500] "GET /wp-admin/users.php HTTP/1.1" 200 47139 "https://www.naijadial.com/wp-admin/options-general.php?page=tawkto_plugin" "Mozilla/5.0 (Windows NT 6.3; Win64; x64) AppleWebKit/537.36 (KHTML, like Gecko) Chrome/79.0.3945.130 Safari/537.36"
193.109.85.12 - - [30/Jan/2020:07:51:45 -0500] "GET /wp-json/jetpack/v4/jitm?message_path=wp%3Ausers%3Aadmin_notices&query=&_wpnonce=8f1d28b7d0 HTTP/1.1" 200 2 "https://www.naijadial.com/wp-admin/users.php" "Mozilla/5.0 (Windows NT 6.3; Win64; x64) AppleWebKit/537.36 (KHTML, like Gecko) Chrome/79.0.3945.130 Safari/537.36"
193.109.85.12 - - [30/Jan/2020:07:51:48 -0500] "GET /favicon.ico HTTP/1.1" 200 - "https://www.naijadial.com/wp-admin/users.php" "Mozilla/5.0 (Windows NT 6.3; Win64; x64) AppleWebKit/537.36 (KHTML, like Gecko) Chrome/79.0.3945.130 Safari/537.36"
68.65.121.137 - - [30/Jan/2020:07:52:00 -0500] "POST /wp-cron.php?doing_wp_cron=1580388720.0011949539184570312500 HTTP/1.1" 200 - "https://www.naijadial.com/wp-cron.php?doing_wp_cron=1580388720.0011949539184570312500" "WordPress/5.3.2; https://www.naijadial.com"
193.109.85.12 - - [30/Jan/2020:07:51:59 -0500] "GET /wp-admin/users.php?action=listingo_change_status&users=114&nonce=b40ef0d2a3 HTTP/1.1" 302 - "https://www.naijadial.com/wp-admin/users.php" "Mozilla/5.0 (Windows NT 6.3; Win64; x64) AppleWebKit/537.36 (KHTML, like Gecko) Chrome/79.0.3945.130 Safari/537.36"
193.109.85.12 - - [30/Jan/2020:07:52:02 -0500] "GET /wp-admin/users.php HTTP/1.1" 200 47119 "https://www.naijadial.com/wp-admin/users.php" "Mozilla/5.0 (Windows NT 6.3; Win64; x64) AppleWebKit/537.36 (KHTML, like Gecko) Chrome/79.0.3945.130 Safari/537.36"
68.65.121.137 - - [30/Jan/2020:07:52:08 -0500] "POST /wp-cron.php?doing_wp_cron=1580388728.7856290340423583984375 HTTP/1.1" 200 - "https://www.naijadial.com/wp-cron.php?doing_wp_cron=1580388728.7856290340423583984375" "WordPress/5.3.2; https://www.naijadial.com"
193.109.85.12 - - [30/Jan/2020:07:52:08 -0500] "GET /wp-json/jetpack/v4/jitm?message_path=wp%3Ausers%3Aadmin_notices&query=&_wpnonce=8f1d28b7d0 HTTP/1.1" 200 2 "https://www.naijadial.com/wp-admin/users.php" "Mozilla/5.0 (Windows NT 6.3; Win64; x64) AppleWebKit/537.36 (KHTML, like Gecko) Chrome/79.0.3945.130 Safari/537.36"
193.109.85.12 - - [30/Jan/2020:07:52:14 -0500] "GET /wp-admin/users.php?action=listingo_change_status&users=115&nonce=931c95c71f HTTP/1.1" 302 - "https://www.naijadial.com/wp-admin/users.php" "Mozilla/5.0 (Windows NT 6.3; Win64; x64) AppleWebKit/537.36 (KHTML, like Gecko) Chrome/79.0.3945.130 Safari/537.36"
193.109.85.12 - - [30/Jan/2020:07:52:16 -0500] "GET /wp-admin/users.php HTTP/1.1" 200 47098 "https://www.naijadial.com/wp-admin/users.php" "Mozilla/5.0 (Windows NT 6.3; Win64; x64) AppleWebKit/537.36 (KHTML, like Gecko) Chrome/79.0.3945.130 Safari/537.36"
193.109.85.12 - - [30/Jan/2020:07:52:23 -0500] "GET /wp-json/jetpack/v4/jitm?message_path=wp%3Ausers%3Aadmin_notices&query=&_wpnonce=8f1d28b7d0 HTTP/1.1" 200 2 "https://www.naijadial.com/wp-admin/users.php" "Mozilla/5.0 (Windows NT 6.3; Win64; x64) AppleWebKit/537.36 (KHTML, like Gecko) Chrome/79.0.3945.130 Safari/537.36"
68.65.121.137 - - [30/Jan/2020:07:53:13 -0500] "POST /wp-cron.php?doing_wp_cron=1580388793.1883690357208251953125 HTTP/1.1" 200 - "https://www.naijadial.com/wp-cron.php?doing_wp_cron=1580388793.1883690357208251953125" "WordPress/5.3.2; https://www.naijadial.com"
197.210.45.98 - - [30/Jan/2020:07:53:13 -0500] "GET /listingo/images/line-bar.jpg HTTP/1.1" 404 53100 "https://www.naijadial.com/account/" "Mozilla/5.0 (Linux; Android 9; Infinix X652A Build/PPR1.180610.011; wv) AppleWebKit/537.36 (KHTML, like Gecko) Version/4.0 Chrome/79.0.3945.136 Mobile Safari/537.36 [FB_IAB/FB4A;FBAV/254.0.0.37.125;]"
193.109.85.12 - - [30/Jan/2020:07:53:22 -0500] "POST /wp-admin/admin-ajax.php HTTP/1.1" 200 47 "https://www.naijadial.com/wp-admin/users.php" "Mozilla/5.0 (Windows NT 6.3; Win64; x64) AppleWebKit/537.36 (KHTML, like Gecko) Chrome/79.0.3945.130 Safari/537.36"
68.65.121.137 - - [30/Jan/2020:07:53:39 -0500] "POST /wp-cron.php?doing_wp_cron=1580388819.1415588855743408203125 HTTP/1.1" 200 - "https://www.naijadial.com/wp-cron.php?doing_wp_cron=1580388819.1415588855743408203125" "WordPress/5.3.2; https://www.naijadial.com"
193.109.85.12 - - [30/Jan/2020:07:53:38 -0500] "GET /wp-admin/edit.php?post_type=sp_ads HTTP/1.1" 200 45325 "https://www.naijadial.com/wp-admin/post.php?post=1242&action=edit" "Mozilla/5.0 (Windows NT 6.3; Win64; x64) AppleWebKit/537.36 (KHTML, like Gecko) Chrome/79.0.3945.130 Safari/537.36"
193.109.85.12 - - [30/Jan/2020:07:53:44 -0500] "POST /wp-admin/admin-ajax.php HTTP/1.1" 200 47 "https://www.naijadial.com/wp-admin/edit.php?post_type=sp_ads" "Mozilla/5.0 (Windows NT 6.3; Win64; x64) AppleWebKit/537.36 (KHTML, like Gecko) Chrome/79.0.3945.130 Safari/537.36"
193.109.85.12 - - [30/Jan/2020:07:53:45 -0500] "GET /wp-json/jetpack/v4/jitm?message_path=wp%3Aedit-sp_ads%3Aadmin_notices&query=post_type%253Dsp_ads&_wpnonce=8f1d28b7d0 HTTP/1.1" 200 2 "https://www.naijadial.com/wp-admin/edit.php?post_type=sp_ads" "Mozilla/5.0 (Windows NT 6.3; Win64; x64) AppleWebKit/537.36 (KHTML, like Gecko) Chrome/79.0.3945.130 Safari/537.36"
193.109.85.12 - - [30/Jan/2020:07:54:01 -0500] "POST /wp-admin/admin-ajax.php HTTP/1.1" 200 47 "https://www.naijadial.com/wp-admin/edit.php?post_type=sp_ads" "Mozilla/5.0 (Windows NT 6.3; Win64; x64) AppleWebKit/537.36 (KHTML, like Gecko) Chrome/79.0.3945.130 Safari/537.36"
68.65.121.137 - - [30/Jan/2020:07:54:38 -0500] "POST /wp-cron.php?doing_wp_cron=1580388877.9107420444488525390625 HTTP/1.1" 200 - "https://www.naijadial.com/wp-cron.php?doing_wp_cron=1580388877.9107420444488525390625" "WordPress/5.3.2; https://www.naijadial.com"
13.56.80.216 - - [30/Jan/2020:07:54:37 -0500] "GET / HTTP/1.1" 301 - "-" "Mozilla/5.0 (Macintosh; Intel Mac OS X 10_10_1) AppleWebKit/537.36 (KHTML, like Gecko) Chrome/40.0.2214.93 Safari/537.36"
13.56.80.216 - - [30/Jan/2020:07:54:38 -0500] "GET / HTTP/1.1" 200 24588 "-" "Mozilla/5.0 (Macintosh; Intel Mac OS X 10_10_1) AppleWebKit/537.36 (KHTML, like Gecko) Chrome/40.0.2214.93 Safari/537.36"
13.56.80.216 - - [30/Jan/2020:07:54:39 -0500] "GET /wp-json/oembed/1.0/embed?url=https%3A%2F%2Fwww.naijadial.com%2F HTTP/1.1" 200 2180 "-" "Faraday v0.15.4"
13.57.32.26 - - [30/Jan/2020:07:54:44 -0500] "GET /robots.txt HTTP/1.1" 200 69 "-" "Mozilla/5.0 (Macintosh; Intel Mac OS X 10_11_4) AppleWebKit/537.36 (KHTML, like Gecko) Chrome/50.0.2661.102 Safari/537.36"
13.57.32.26 - - [30/Jan/2020:07:54:45 -0500] "HEAD / HTTP/1.1" 301 - "-" "Mozilla/5.0 (Macintosh; Intel Mac OS X 10_11_4) AppleWebKit/537.36 (KHTML, like Gecko) Chrome/50.0.2661.102 Safari/537.36"
13.57.32.26 - - [30/Jan/2020:07:54:45 -0500] "HEAD / HTTP/1.1" 200 - "-" "Mozilla/5.0 (Macintosh; Intel Mac OS X 10_11_4) AppleWebKit/537.36 (KHTML, like Gecko) Chrome/50.0.2661.102 Safari/537.36"
13.57.32.26 - - [30/Jan/2020:07:54:45 -0500] "GET / HTTP/1.1" 301 - "-" "Mozilla/5.0 (X11; Linux x86_64) AppleWebKit/537.36 (KHTML, like Gecko) HeadlessChrome/77.0.3835.0 Safari/537.36"
13.57.32.26 - - [30/Jan/2020:07:54:46 -0500] "GET / HTTP/1.1" 301 - "-" "Mozilla/5.0 (Macintosh; Intel Mac OS X 10_11_4) AppleWebKit/537.36 (KHTML, like Gecko) Chrome/50.0.2661.102 Safari/537.36"
13.57.32.26 - - [30/Jan/2020:07:54:46 -0500] "HEAD / HTTP/1.1" 200 - "-" "Mozilla/5.0 (Macintosh; Intel Mac OS X 10_11_4) AppleWebKit/537.36 (KHTML, like Gecko) Chrome/50.0.2661.102 Safari/537.36"
13.57.32.26 - - [30/Jan/2020:07:54:46 -0500] "GET / HTTP/1.1" 200 24586 "-" "Mozilla/5.0 (X11; Linux x86_64) AppleWebKit/537.36 (KHTML, like Gecko) HeadlessChrome/77.0.3835.0 Safari/537.36"
13.57.32.26 - - [30/Jan/2020:07:54:47 -0500] "GET /cnt/plugins/vc-extensions-bundle/css/admin_icon.css?ver=5.3.2 HTTP/1.1" 200 1139 "https://www.naijadial.com/" "Mozilla/5.0 (X11; Linux x86_64) AppleWebKit/537.36 (KHTML, like Gecko) HeadlessChrome/77.0.3835.0 Safari/537.36"
13.57.32.26 - - [30/Jan/2020:07:54:47 -0500] "GET /cnt/plugins/contact-form-7/includes/css/styles.css?ver=5.1.6 HTTP/1.1" 200 649 "https://www.naijadial.com/" "Mozilla/5.0 (X11; Linux x86_64) AppleWebKit/537.36 (KHTML, like Gecko) HeadlessChrome/77.0.3835.0 Safari/537.36"
13.57.32.26 - - [30/Jan/2020:07:54:47 -0500] "GET /cnt/plugins/unyson/framework/extensions/breadcrumbs/static/css/style.css?ver=5.3.2 HTTP/1.1" 200 133 "https://www.naijadial.com/" "Mozilla/5.0 (X11; Linux x86_64) AppleWebKit/537.36 (KHTML, like Gecko) HeadlessChrome/77.0.3835.0 Safari/537.36"
13.57.32.26 - - [30/Jan/2020:07:54:47 -0500] "GET /cnt/plugins/mega-addons-for-visual-composer/css/style.css?ver=5.3.2 HTTP/1.1" 200 601 "https://www.naijadial.com/" "Mozilla/5.0 (X11; Linux x86_64) AppleWebKit/537.36 (KHTML, like Gecko) HeadlessChrome/77.0.3835.0 Safari/537.36"
13.57.32.26 - - [30/Jan/2020:07:54:47 -0500] "GET /cnt/plugins/gd-bbpress-toolbox/templates/default/css/widgets.min.css?ver=5.2.1.712 HTTP/1.1" 200 517 "https://www.naijadial.com/" "Mozilla/5.0 (X11; Linux x86_64) AppleWebKit/537.36 (KHTML, like Gecko) HeadlessChrome/77.0.3835.0 Safari/537.36"
13.57.32.26 - - [30/Jan/2020:07:54:47 -0500] "GET /cnt/plugins/unyson/framework/extensions/forms/static/css/frontend.css?ver=2.7.22 HTTP/1.1" 200 1645 "https://www.naijadial.com/" "Mozilla/5.0 (X11; Linux x86_64) AppleWebKit/537.36 (KHTML, like Gecko) HeadlessChrome/77.0.3835.0 Safari/537.36"
13.57.32.26 - - [30/Jan/2020:07:54:47 -0500] "GET /cnt/plugins/js_composer/assets/lib/bower/font-awesome/css/font-awesome.min.css?ver=6.0.5 HTTP/1.1" 200 6970 "https://www.naijadial.com/" "Mozilla/5.0 (X11; Linux x86_64) AppleWebKit/537.36 (KHTML, like Gecko) HeadlessChrome/77.0.3835.0 Safari/537.36"
13.57.32.26 - - [30/Jan/2020:07:54:47 -0500] "GET /cnt/plugins/revslider/public/assets/css/rs6.css?ver=6.0.7 HTTP/1.1" 200 11700 "https://www.naijadial.com/" "Mozilla/5.0 (X11; Linux x86_64) AppleWebKit/537.36 (KHTML, like Gecko) HeadlessChrome/77.0.3835.0 Safari/537.36"
13.57.32.26 - - [30/Jan/2020:07:54:47 -0500] "GET /cnt/plugins/bbpress/templates/default/css/bbpress.min.css?ver=2.6.3 HTTP/1.1" 200 5241 "https://www.naijadial.com/" "Mozilla/5.0 (X11; Linux x86_64) AppleWebKit/537.36 (KHTML, like Gecko) HeadlessChrome/77.0.3835.0 Safari/537.36"
13.57.32.26 - - [30/Jan/2020:07:54:47 -0500] "GET /cnt/plugins/mega-addons-for-visual-composer/css/ihover.css?ver=5.3.2 HTTP/1.1" 200 77665 "https://www.naijadial.com/" "Mozilla/5.0 (X11; Linux x86_64) AppleWebKit/537.36 (KHTML, like Gecko) HeadlessChrome/77.0.3835.0 Safari/537.36"
13.57.32.26 - - [30/Jan/2020:07:54:47 -0500] "GET /cnt/plugins/js_composer/assets/css/js_composer.min.css?ver=6.0.5 HTTP/1.1" 200 45758 "https://www.naijadial.com/" "Mozilla/5.0 (X11; Linux x86_64) AppleWebKit/537.36 (KHTML, like Gecko) HeadlessChrome/77.0.3835.0 Safari/537.36"
13.57.32.26 - - [30/Jan/2020:07:54:47 -0500] "GET /cnt/plugins/unyson/framework/extensions/builder/static/css/frontend-grid.css?ver=1.2.11 HTTP/1.1" 200 1961 "https://www.naijadial.com/" "Mozilla/5.0 (X11; Linux x86_64) AppleWebKit/537.36 (KHTML, like Gecko) HeadlessChrome/77.0.3835.0 Safari/537.36"
13.57.32.26 - - [30/Jan/2020:07:54:47 -0500] "GET /cnt/plugins/bbp-style-pack/css/bspstyle.css?ver=4.3.8 HTTP/1.1" 200 2657 "https://www.naijadial.com/" "Mozilla/5.0 (X11; Linux x86_64) AppleWebKit/537.36 (KHTML, like Gecko) HeadlessChrome/77.0.3835.0 Safari/537.36"
13.57.32.26 - - [30/Jan/2020:07:54:47 -0500] "GET /naijadial/css/bootstrap.min.css?ver=3.2.2 HTTP/1.1" 200 19749 "https://www.naijadial.com/" "Mozilla/5.0 (X11; Linux x86_64) AppleWebKit/537.36 (KHTML, like Gecko) HeadlessChrome/77.0.3835.0 Safari/537.36"
13.57.32.26 - - [30/Jan/2020:07:54:47 -0500] "GET /naijadial/css/chosen.css?ver=3.2.2 HTTP/1.1" 200 2142 "https://www.naijadial.com/" "Mozilla/5.0 (X11; Linux x86_64) AppleWebKit/537.36 (KHTML, like Gecko) HeadlessChrome/77.0.3835.0 Safari/537.36"
13.57.32.26 - - [30/Jan/2020:07:54:47 -0500] "GET /naijadial/css/owl.carousel.min.css?ver=3.2.2 HTTP/1.1" 200 834 "https://www.naijadial.com/" "Mozilla/5.0 (X11; Linux x86_64) AppleWebKit/537.36 (KHTML, like Gecko) HeadlessChrome/77.0.3835.0 Safari/537.36"
13.57.32.26 - - [30/Jan/2020:07:54:47 -0500] "GET /naijadial/css/prettyPhoto.css?ver=3.2.2 HTTP/1.1" 200 2777 "https://www.naijadial.com/" "Mozilla/5.0 (X11; Linux x86_64) AppleWebKit/537.36 (KHTML, like Gecko) HeadlessChrome/77.0.3835.0 Safari/537.36"
13.57.32.26 - - [30/Jan/2020:07:54:47 -0500] "GET /naijadial/css/normalize.css?ver=3.2.2 HTTP/1.1" 200 867 "https://www.naijadial.com/" "Mozilla/5.0 (X11; Linux x86_64) AppleWebKit/537.36 (KHTML, like Gecko) HeadlessChrome/77.0.3835.0 Safari/537.36"
13.57.32.26 - - [30/Jan/2020:07:54:47 -0500] "GET /naijadial/css/responsive.css?ver=3.2.2 HTTP/1.1" 200 12539 "https://www.naijadial.com/" "Mozilla/5.0 (X11; Linux x86_64) AppleWebKit/537.36 (KHTML, like Gecko) HeadlessChrome/77.0.3835.0 Safari/537.36"
13.57.32.26 - - [30/Jan/2020:07:54:47 -0500] "GET /naijadial/css/linearicons.css?ver=3.2.2 HTTP/1.1" 200 1610 "https://www.naijadial.com/" "Mozilla/5.0 (X11; Linux x86_64) AppleWebKit/537.36 (KHTML, like Gecko) HeadlessChrome/77.0.3835.0 Safari/537.36"
13.57.32.26 - - [30/Jan/2020:07:54:47 -0500] "GET /cnt/plugins/mega-addons-for-visual-composer/css/font-awesome/css/font-awesome.css?ver=5.3.2 HTTP/1.1" 200 7439 "https://www.naijadial.com/" "Mozilla/5.0 (X11; Linux x86_64) AppleWebKit/537.36 (KHTML, like Gecko) HeadlessChrome/77.0.3835.0 Safari/537.36"
13.57.32.26 - - [30/Jan/2020:07:54:47 -0500] "GET /naijadial/css/jquery-ui.css?ver=3.2.2 HTTP/1.1" 200 7036 "https://www.naijadial.com/" "Mozilla/5.0 (X11; Linux x86_64) AppleWebKit/537.36 (KHTML, like Gecko) HeadlessChrome/77.0.3835.0 Safari/537.36"
13.57.32.26 - - [30/Jan/2020:07:54:47 -0500] "GET /naijadial/css/transitions.css?ver=3.2.2 HTTP/1.1" 200 1476 "https://www.naijadial.com/" "Mozilla/5.0 (X11; Linux x86_64) AppleWebKit/537.36 (KHTML, like Gecko) HeadlessChrome/77.0.3835.0 Safari/537.36"
13.57.32.26 - - [30/Jan/2020:07:54:47 -0500] "GET /cnt/plugins/mega-addons-for-visual-composer/js/script.js?ver=5.3.2 HTTP/1.1" 200 1017 "https://www.naijadial.com/" "Mozilla/5.0 (X11; Linux x86_64) AppleWebKit/537.36 (KHTML, like Gecko) HeadlessChrome/77.0.3835.0 Safari/537.36"
13.57.32.26 - - [30/Jan/2020:07:54:47 -0500] "GET /naijadial/css/owl.theme.default.min.css?ver=3.2.2 HTTP/1.1" 200 366 "https://www.naijadial.com/" "Mozilla/5.0 (X11; Linux x86_64) AppleWebKit/537.36 (KHTML, like Gecko) HeadlessChrome/77.0.3835.0 Safari/537.36"
13.57.32.26 - - [30/Jan/2020:07:54:47 -0500] "GET /naijadial/css/scrollbar.css?ver=3.2.2 HTTP/1.1" 200 4060 "https://www.naijadial.com/" "Mozilla/5.0 (X11; Linux x86_64) AppleWebKit/537.36 (KHTML, like Gecko) HeadlessChrome/77.0.3835.0 Safari/537.36"
13.57.32.26 - - [30/Jan/2020:07:54:47 -0500] "GET /cnt/plugins/js_composer/assets/js/vendors/woocommerce-add-to-cart.js?ver=6.0.5 HTTP/1.1" 200 374 "https://www.naijadial.com/" "Mozilla/5.0 (X11; Linux x86_64) AppleWebKit/537.36 (KHTML, like Gecko) HeadlessChrome/77.0.3835.0 Safari/537.36"
13.57.32.26 - - [30/Jan/2020:07:54:47 -0500] "GET /naijadial/js/vendor/modernizr-2.8.3-respond-1.4.2.min.js?ver=3.2.2 HTTP/1.1" 200 8187 "https://www.naijadial.com/" "Mozilla/5.0 (X11; Linux x86_64) AppleWebKit/537.36 (KHTML, like Gecko) HeadlessChrome/77.0.3835.0 Safari/537.36"
13.57.32.26 - - [30/Jan/2020:07:54:47 -0500] "GET /cnt/plugins/revslider/public/assets/js/revolution.tools.min.js?ver=6.0 HTTP/1.1" 200 50582 "https://www.naijadial.com/" "Mozilla/5.0 (X11; Linux x86_64) AppleWebKit/537.36 (KHTML, like Gecko) HeadlessChrome/77.0.3835.0 Safari/537.36"
13.57.32.26 - - [30/Jan/2020:07:54:47 -0500] "GET /naijadial/css/chat_module.css?ver=3.2.2 HTTP/1.1" 200 3839 "https://www.naijadial.com/" "Mozilla/5.0 (X11; Linux x86_64) AppleWebKit/537.36 (KHTML, like Gecko) HeadlessChrome/77.0.3835.0 Safari/537.36"
13.57.32.26 - - [30/Jan/2020:07:54:47 -0500] "GET /cnt/plugins/unyson/framework/static/js/fw-form-helpers.js?ver=5.3.2 HTTP/1.1" 200 2525 "https://www.naijadial.com/" "Mozilla/5.0 (X11; Linux x86_64) AppleWebKit/537.36 (KHTML, like Gecko) HeadlessChrome/77.0.3835.0 Safari/537.36"
13.57.32.26 - - [30/Jan/2020:07:54:47 -0500] "GET /naijadial/css/color.css?ver=3.2.2 HTTP/1.1" 200 2884 "https://www.naijadial.com/" "Mozilla/5.0 (X11; Linux x86_64) AppleWebKit/537.36 (KHTML, like Gecko) HeadlessChrome/77.0.3835.0 Safari/537.36"
13.57.32.26 - - [30/Jan/2020:07:54:47 -0500] "GET /naijadial/js/countTo.js?ver=5.3.2 HTTP/1.1" 200 725 "https://www.naijadial.com/" "Mozilla/5.0 (X11; Linux x86_64) AppleWebKit/537.36 (KHTML, like Gecko) HeadlessChrome/77.0.3835.0 Safari/537.36"
13.57.32.26 - - [30/Jan/2020:07:54:47 -0500] "GET /naijadial/css/jquery.countdown.css?ver=3.2.2 HTTP/1.1" 200 472 "https://www.naijadial.com/" "Mozilla/5.0 (X11; Linux x86_64) AppleWebKit/537.36 (KHTML, like Gecko) HeadlessChrome/77.0.3835.0 Safari/537.36"
13.57.32.26 - - [30/Jan/2020:07:54:47 -0500] "GET /naijadial/js/appear.js?ver=5.3.2 HTTP/1.1" 200 714 "https://www.naijadial.com/" "Mozilla/5.0 (X11; Linux x86_64) AppleWebKit/537.36 (KHTML, like Gecko) HeadlessChrome/77.0.3835.0 Safari/537.36"
13.57.32.26 - - [30/Jan/2020:07:54:47 -0500] "GET /naijadial/css/datetimepicker.css?ver=3.2.2 HTTP/1.1" 200 4503 "https://www.naijadial.com/" "Mozilla/5.0 (X11; Linux x86_64) AppleWebKit/537.36 (KHTML, like Gecko) HeadlessChrome/77.0.3835.0 Safari/537.36"
13.57.32.26 - - [30/Jan/2020:07:54:47 -0500] "GET /naijadial/style.css?ver=3.2.2 HTTP/1.1" 200 61862 "https://www.naijadial.com/" "Mozilla/5.0 (X11; Linux x86_64) AppleWebKit/537.36 (KHTML, like Gecko) HeadlessChrome/77.0.3835.0 Safari/537.36"
13.57.32.26 - - [30/Jan/2020:07:54:47 -0500] "GET /naijadial/css/typo.css?ver=3.2.2 HTTP/1.1" 200 3322 "https://www.naijadial.com/" "Mozilla/5.0 (X11; Linux x86_64) AppleWebKit/537.36 (KHTML, like Gecko) HeadlessChrome/77.0.3835.0 Safari/537.36"
13.57.32.26 - - [30/Jan/2020:07:54:47 -0500] "GET /cnt/plugins/revslider/public/assets/js/rs6.min.js?ver=6.0.7 HTTP/1.1" 200 67313 "https://www.naijadial.com/" "Mozilla/5.0 (X11; Linux x86_64) AppleWebKit/537.36 (KHTML, like Gecko) HeadlessChrome/77.0.3835.0 Safari/537.36"
13.57.32.26 - - [30/Jan/2020:07:54:47 -0500] "GET / HTTP/1.1" 200 24584 "-" "Mozilla/5.0 (Macintosh; Intel Mac OS X 10_11_4) AppleWebKit/537.36 (KHTML, like Gecko) Chrome/50.0.2661.102 Safari/537.36"
13.57.32.26 - - [30/Jan/2020:07:54:48 -0500] "GET /files/so-css/so-css-listingo.css?ver=1580144791 HTTP/1.1" 200 1074 "https://www.naijadial.com/" "Mozilla/5.0 (X11; Linux x86_64) AppleWebKit/537.36 (KHTML, like Gecko) HeadlessChrome/77.0.3835.0 Safari/537.36"
13.57.32.26 - - [30/Jan/2020:07:54:48 -0500] "GET /cnt/plugins/unyson/framework/static/libs/linecons/css/linecons.css?ver=2.7.22 HTTP/1.1" 200 56006 "https://www.naijadial.com/" "Mozilla/5.0 (X11; Linux x86_64) AppleWebKit/537.36 (KHTML, like Gecko) HeadlessChrome/77.0.3835.0 Safari/537.36"
13.57.32.26 - - [30/Jan/2020:07:54:48 -0500] "GET /cnt/plugins/unyson/framework/static/libs/font-awesome/css/font-awesome.min.css?ver=2.7.22 HTTP/1.1" 200 7053 "https://www.naijadial.com/" "Mozilla/5.0 (X11; Linux x86_64) AppleWebKit/537.36 (KHTML, like Gecko) HeadlessChrome/77.0.3835.0 Safari/537.36"
13.57.32.26 - - [30/Jan/2020:07:54:48 -0500] "GET /cnt/plugins/unyson/framework/static/libs/lnr/css/lnr.css?ver=2.7.22 HTTP/1.1" 200 1660 "https://www.naijadial.com/" "Mozilla/5.0 (X11; Linux x86_64) AppleWebKit/537.36 (KHTML, like Gecko) HeadlessChrome/77.0.3835.0 Safari/537.36"
13.57.32.26 - - [30/Jan/2020:07:54:48 -0500] "GET /cnt/plugins/unyson/framework/static/libs/entypo/css/entypo.css?ver=2.7.22 HTTP/1.1" 200 3542 "https://www.naijadial.com/" "Mozilla/5.0 (X11; Linux x86_64) AppleWebKit/537.36 (KHTML, like Gecko) HeadlessChrome/77.0.3835.0 Safari/537.36"
13.57.32.26 - - [30/Jan/2020:07:54:48 -0500] "GET /cnt/plugins/unyson/framework/static/libs/unycon/unycon.css?ver=2.7.22 HTTP/1.1" 200 6088 "https://www.naijadial.com/" "Mozilla/5.0 (X11; Linux x86_64) AppleWebKit/537.36 (KHTML, like Gecko) HeadlessChrome/77.0.3835.0 Safari/537.36"
13.57.32.26 - - [30/Jan/2020:07:54:48 -0500] "GET /cnt/plugins/unyson/framework/static/libs/typcn/css/typcn.css?ver=2.7.22 HTTP/1.1" 200 3998 "https://www.naijadial.com/" "Mozilla/5.0 (X11; Linux x86_64) AppleWebKit/537.36 (KHTML, like Gecko) HeadlessChrome/77.0.3835.0 Safari/537.36"
13.57.32.26 - - [30/Jan/2020:07:54:48 -0500] "HEAD /account/ HTTP/1.1" 200 - "-" "Mozilla/5.0 (Macintosh; Intel Mac OS X 10_11_4) AppleWebKit/537.36 (KHTML, like Gecko) Chrome/50.0.2661.102 Safari/537.36"
13.57.32.26 - - [30/Jan/2020:07:54:49 -0500] "GET /naijadial/css/pogoslider.css?ver=3.2.2 HTTP/1.1" 200 3810 "https://www.naijadial.com/" "Mozilla/5.0 (X11; Linux x86_64) AppleWebKit/537.36 (KHTML, like Gecko) HeadlessChrome/77.0.3835.0 Safari/537.36"
13.57.32.26 - - [30/Jan/2020:07:54:49 -0500] "GET /cnt/plugins/vc-extensions-bundle/flipbox/css/style.css?ver=5.3.2 HTTP/1.1" 200 994 "https://www.naijadial.com/" "Mozilla/5.0 (X11; Linux x86_64) AppleWebKit/537.36 (KHTML, like Gecko) HeadlessChrome/77.0.3835.0 Safari/537.36"
13.57.32.26 - - [30/Jan/2020:07:54:49 -0500] "GET /cnt/plugins/contact-form-7/includes/js/scripts.js?ver=5.1.6 HTTP/1.1" 200 3993 "https://www.naijadial.com/" "Mozilla/5.0 (X11; Linux x86_64) AppleWebKit/537.36 (KHTML, like Gecko) HeadlessChrome/77.0.3835.0 Safari/537.36"
13.57.32.26 - - [30/Jan/2020:07:54:49 -0500] "HEAD /ads-search/ HTTP/1.1" 200 - "-" "Mozilla/5.0 (Macintosh; Intel Mac OS X 10_11_4) AppleWebKit/537.36 (KHTML, like Gecko) Chrome/50.0.2661.102 Safari/537.36"
13.57.32.26 - - [30/Jan/2020:07:54:49 -0500] "GET /naijadial/js/vendor/bootstrap.min.js?ver=3.2.2 HTTP/1.1" 200 9838 "https://www.naijadial.com/" "Mozilla/5.0 (X11; Linux x86_64) AppleWebKit/537.36 (KHTML, like Gecko) HeadlessChrome/77.0.3835.0 Safari/537.36"
13.57.32.26 - - [30/Jan/2020:07:54:49 -0500] "GET /naijadial/js/listingo_callbacks.js?ver=3.2.2 HTTP/1.1" 200 14766 "https://www.naijadial.com/" "Mozilla/5.0 (X11; Linux x86_64) AppleWebKit/537.36 (KHTML, like Gecko) HeadlessChrome/77.0.3835.0 Safari/537.36"
13.57.32.26 - - [30/Jan/2020:07:54:49 -0500] "GET /naijadial/framework-customizations/extensions/ads/static/js/fw_ext_ads_callbacks.js?ver=1.0 HTTP/1.1" 200 3002 "https://www.naijadial.com/" "Mozilla/5.0 (X11; Linux x86_64) AppleWebKit/537.36 (KHTML, like Gecko) HeadlessChrome/77.0.3835.0 Safari/537.36"
13.57.32.26 - - [30/Jan/2020:07:54:49 -0500] "GET /naijadial/js/gmap3.min.js?ver=5.3.2 HTTP/1.1" 200 8728 "https://www.naijadial.com/" "Mozilla/5.0 (X11; Linux x86_64) AppleWebKit/537.36 (KHTML, like Gecko) HeadlessChrome/77.0.3835.0 Safari/537.36"
13.57.32.26 - - [30/Jan/2020:07:54:49 -0500] "GET /naijadial/js/owl.carousel.min.js?ver=3.2.2 HTTP/1.1" 200 10584 "https://www.naijadial.com/" "Mozilla/5.0 (X11; Linux x86_64) AppleWebKit/537.36 (KHTML, like Gecko) HeadlessChrome/77.0.3835.0 Safari/537.36"
13.57.32.26 - - [30/Jan/2020:07:54:49 -0500] "GET /naijadial/js/jquery.countdown.js?ver=3.2.2 HTTP/1.1" 200 600 "https://www.naijadial.com/" "Mozilla/5.0 (X11; Linux x86_64) AppleWebKit/537.36 (KHTML, like Gecko) HeadlessChrome/77.0.3835.0 Safari/537.36"
13.57.32.26 - - [30/Jan/2020:07:54:49 -0500] "GET /naijadial/js/scrollbar.min.js?ver=3.2.2 HTTP/1.1" 200 12947 "https://www.naijadial.com/" "Mozilla/5.0 (X11; Linux x86_64) AppleWebKit/537.36 (KHTML, like Gecko) HeadlessChrome/77.0.3835.0 Safari/537.36"
13.57.32.26 - - [30/Jan/2020:07:54:49 -0500] "GET /naijadial/js/parallax.js?ver=5.3.2 HTTP/1.1" 200 2230 "https://www.naijadial.com/" "Mozilla/5.0 (X11; Linux x86_64) AppleWebKit/537.36 (KHTML, like Gecko) HeadlessChrome/77.0.3835.0 Safari/537.36"
13.57.32.26 - - [30/Jan/2020:07:54:49 -0500] "GET /naijadial/js/jquery.auto-complete.js?ver=3.2.2 HTTP/1.1" 200 1493 "https://www.naijadial.com/" "Mozilla/5.0 (X11; Linux x86_64) AppleWebKit/537.36 (KHTML, like Gecko) HeadlessChrome/77.0.3835.0 Safari/537.36"
13.57.32.26 - - [30/Jan/2020:07:54:49 -0500] "GET /naijadial/js/listingo_maps.js?ver=3.2.2 HTTP/1.1" 200 3070 "https://www.naijadial.com/" "Mozilla/5.0 (X11; Linux x86_64) AppleWebKit/537.36 (KHTML, like Gecko) HeadlessChrome/77.0.3835.0 Safari/537.36"
13.57.32.26 - - [30/Jan/2020:07:54:49 -0500] "GET /naijadial/js/datetimepicker.js?ver=3.2.2 HTTP/1.1" 200 20179 "https://www.naijadial.com/" "Mozilla/5.0 (X11; Linux x86_64) AppleWebKit/537.36 (KHTML, like Gecko) HeadlessChrome/77.0.3835.0 Safari/537.36"
13.57.32.26 - - [30/Jan/2020:07:54:49 -0500] "GET /naijadial/js/chosen.jquery.js?ver=3.2.2 HTTP/1.1" 200 7411 "https://www.naijadial.com/" "Mozilla/5.0 (X11; Linux x86_64) AppleWebKit/537.36 (KHTML, like Gecko) HeadlessChrome/77.0.3835.0 Safari/537.36"
13.57.32.26 - - [30/Jan/2020:07:54:50 -0500] "GET /cnt/plugins/vc-extensions-bundle/flipbox/js/init.min.js?ver=5.3.2 HTTP/1.1" 200 931 "https://www.naijadial.com/" "Mozilla/5.0 (X11; Linux x86_64) AppleWebKit/537.36 (KHTML, like Gecko) HeadlessChrome/77.0.3835.0 Safari/537.36"
13.57.32.26 - - [30/Jan/2020:07:54:50 -0500] "GET /cnt/plugins/js_composer/assets/js/dist/js_composer_front.min.js?ver=6.0.5 HTTP/1.1" 200 5818 "https://www.naijadial.com/" "Mozilla/5.0 (X11; Linux x86_64) AppleWebKit/537.36 (KHTML, like Gecko) HeadlessChrome/77.0.3835.0 Safari/537.36"
13.57.32.26 - - [30/Jan/2020:07:54:50 -0500] "GET /cluder/js/wp-emoji-release.min.js?ver=5.3.2 HTTP/1.1" 200 4626 "https://www.naijadial.com/" "Mozilla/5.0 (X11; Linux x86_64) AppleWebKit/537.36 (KHTML, like Gecko) HeadlessChrome/77.0.3835.0 Safari/537.36"
13.57.32.26 - - [30/Jan/2020:07:54:50 -0500] "GET /naijadial/js/pogoslider.js?ver=5.3.2 HTTP/1.1" 200 5001 "https://www.naijadial.com/" "Mozilla/5.0 (X11; Linux x86_64) AppleWebKit/537.36 (KHTML, like Gecko) HeadlessChrome/77.0.3835.0 Safari/537.36"
13.57.32.26 - - [30/Jan/2020:07:54:49 -0500] "HEAD /job-listing/ HTTP/1.1" 200 - "-" "Mozilla/5.0 (Macintosh; Intel Mac OS X 10_11_4) AppleWebKit/537.36 (KHTML, like Gecko) Chrome/50.0.2661.102 Safari/537.36"
13.57.32.26 - - [30/Jan/2020:07:54:51 -0500] "GET /cnt/plugins/js_composer/assets/lib/bower/font-awesome/fonts/fontawesome-webfont.woff2?v=4.7.0 HTTP/1.1" 200 77160 "https://www.naijadial.com/cnt/plugins/js_composer/assets/lib/bower/font-awesome/css/font-awesome.min.css?ver=6.0.5" "Mozilla/5.0 (X11; Linux x86_64) AppleWebKit/537.36 (KHTML, like Gecko) HeadlessChrome/77.0.3835.0 Safari/537.36"
13.57.32.26 - - [30/Jan/2020:07:54:50 -0500] "HEAD /post-questions/ HTTP/1.1" 200 - "-" "Mozilla/5.0 (Macintosh; Intel Mac OS X 10_11_4) AppleWebKit/537.36 (KHTML, like Gecko) Chrome/50.0.2661.102 Safari/537.36"
13.57.32.26 - - [30/Jan/2020:07:54:51 -0500] "GET /naijadial/fonts/Linearicons-Free.woff2?w118d HTTP/1.1" 200 21780 "https://www.naijadial.com/naijadial/css/linearicons.css?ver=3.2.2" "Mozilla/5.0 (X11; Linux x86_64) AppleWebKit/537.36 (KHTML, like Gecko) HeadlessChrome/77.0.3835.0 Safari/537.36"
13.57.32.26 - - [30/Jan/2020:07:54:51 -0500] "HEAD /contact-us/ HTTP/1.1" 200 - "-" "Mozilla/5.0 (Macintosh; Intel Mac OS X 10_11_4) AppleWebKit/537.36 (KHTML, like Gecko) Chrome/50.0.2661.102 Safari/537.36"
13.57.32.26 - - [30/Jan/2020:07:54:51 -0500] "GET /cnt/plugins/unyson/framework/static/libs/font-awesome/fonts/fontawesome-webfont.woff2?v=4.7.0 HTTP/1.1" 200 77160 "https://www.naijadial.com/cnt/plugins/unyson/framework/static/libs/font-awesome/css/font-awesome.min.css?ver=2.7.22" "Mozilla/5.0 (X11; Linux x86_64) AppleWebKit/537.36 (KHTML, like Gecko) HeadlessChrome/77.0.3835.0 Safari/537.36"
13.57.32.26 - - [30/Jan/2020:07:54:51 -0500] "GET /account/ HTTP/1.1" 200 14156 "-" "Mozilla/5.0 (Macintosh; Intel Mac OS X 10_11_4) AppleWebKit/537.36 (KHTML, like Gecko) Chrome/50.0.2661.102 Safari/537.36"
13.57.32.26 - - [30/Jan/2020:07:54:52 -0500] "HEAD /terms-and-conditions/ HTTP/1.1" 200 - "-" "Mozilla/5.0 (Macintosh; Intel Mac OS X 10_11_4) AppleWebKit/537.36 (KHTML, like Gecko) Chrome/50.0.2661.102 Safari/537.36"
13.57.32.26 - - [30/Jan/2020:07:54:52 -0500] "GET /ads-search/ HTTP/1.1" 200 16518 "-" "Mozilla/5.0 (Macintosh; Intel Mac OS X 10_11_4) AppleWebKit/537.36 (KHTML, like Gecko) Chrome/50.0.2661.102 Safari/537.36"
13.57.32.26 - - [30/Jan/2020:07:54:54 -0500] "POST /?wc-ajax=get_refreshed_fragments HTTP/1.1" 200 210 "https://www.naijadial.com/" "Mozilla/5.0 (X11; Linux x86_64) AppleWebKit/537.36 (KHTML, like Gecko) HeadlessChrome/77.0.3835.0 Safari/537.36"
13.57.32.26 - - [30/Jan/2020:07:54:53 -0500] "GET /job-listing/ HTTP/1.1" 200 19166 "-" "Mozilla/5.0 (Macintosh; Intel Mac OS X 10_11_4) AppleWebKit/537.36 (KHTML, like Gecko) Chrome/50.0.2661.102 Safari/537.36"
13.57.32.26 - - [30/Jan/2020:07:54:54 -0500] "GET /post-questions/ HTTP/1.1" 200 15317 "-" "Mozilla/5.0 (Macintosh; Intel Mac OS X 10_11_4) AppleWebKit/537.36 (KHTML, like Gecko) Chrome/50.0.2661.102 Safari/537.36"
13.57.32.26 - - [30/Jan/2020:07:54:55 -0500] "GET /contact-us/ HTTP/1.1" 200 12910 "-" "Mozilla/5.0 (Macintosh; Intel Mac OS X 10_11_4) AppleWebKit/537.36 (KHTML, like Gecko) Chrome/50.0.2661.102 Safari/537.36"
13.57.32.26 - - [30/Jan/2020:07:54:55 -0500] "GET /terms-and-conditions/ HTTP/1.1" 200 13881 "-" "Mozilla/5.0 (Macintosh; Intel Mac OS X 10_11_4) AppleWebKit/537.36 (KHTML, like Gecko) Chrome/50.0.2661.102 Safari/537.36"
193.109.85.12 - - [30/Jan/2020:07:44:13 -0500] "GET /wp-admin/post.php?post=1242&action=edit HTTP/1.1" 200 380930 "https://www.naijadial.com/wp-admin/edit.php?post_type=page" "Mozilla/5.0 (Windows NT 6.3; Win64; x64) AppleWebKit/537.36 (KHTML, like Gecko) Chrome/79.0.3945.130 Safari/537.36"
193.109.85.12 - - [30/Jan/2020:07:44:18 -0500] "GET /listingo/images/line-bar.jpg HTTP/1.1" 404 56697 "https://www.naijadial.com/naijadial/style.css?ver=3.2.2" "Mozilla/5.0 (Windows NT 6.3; Win64; x64) AppleWebKit/537.36 (KHTML, like Gecko) Chrome/79.0.3945.130 Safari/537.36"
193.109.85.12 - - [30/Jan/2020:07:44:20 -0500] "GET /wp-admin/post.php?post=1242&action=edit HTTP/1.1" 200 380898 "https://www.naijadial.com/wp-admin/post.php?post=1242&action=edit" "Mozilla/5.0 (Windows NT 6.3; Win64; x64) AppleWebKit/537.36 (KHTML, like Gecko) Chrome/79.0.3945.130 Safari/537.36"
193.109.85.12 - - [30/Jan/2020:07:44:52 -0500] "POST /wp-admin/admin-ajax.php HTTP/1.1" 200 47 "https://www.naijadial.com/wp-admin/options-general.php?page=tawkto_plugin" "Mozilla/5.0 (Windows NT 6.3; Win64; x64) AppleWebKit/537.36 (KHTML, like Gecko) Chrome/79.0.3945.130 Safari/537.36"
193.109.85.12 - - [30/Jan/2020:07:45:03 -0500] "GET /wp-admin/post.php?post=1242&action=edit HTTP/1.1" 200 380906 "https://www.naijadial.com/wp-admin/post.php?post=1242&action=edit" "Mozilla/5.0 (Windows NT 6.3; Win64; x64) AppleWebKit/537.36 (KHTML, like Gecko) Chrome/79.0.3945.130 Safari/537.36"
68.65.121.137 - - [30/Jan/2020:07:45:05 -0500] "POST /wp-cron.php?doing_wp_cron=1580388305.4962649345397949218750 HTTP/1.1" 200 - "https://www.naijadial.com/wp-cron.php?doing_wp_cron=1580388305.4962649345397949218750" "WordPress/5.3.2; https://www.naijadial.com"
193.109.85.12 - - [30/Jan/2020:07:45:03 -0500] "POST /wp-admin/admin-ajax.php HTTP/1.1" 200 47 "https://www.naijadial.com/wp-admin/options-general.php?page=tawkto_plugin" "Mozilla/5.0 (Windows NT 6.3; Win64; x64) AppleWebKit/537.36 (KHTML, like Gecko) Chrome/79.0.3945.130 Safari/537.36"
68.65.121.137 - - [30/Jan/2020:07:45:06 -0500] "POST /wp-cron.php?doing_wp_cron=1580388306.4946630001068115234375 HTTP/1.1" 200 - "https://www.naijadial.com/wp-cron.php?doing_wp_cron=1580388306.4946630001068115234375" "WordPress/5.3.2; https://www.naijadial.com"
