193.34.232.21 - - [31/Jan/2020:04:46:14 -0500] "POST /wp-admin/admin-ajax.php HTTP/1.1" 200 98 "https://www.naijadial.com/wp-admin/post.php?post=1242&action=edit" "Mozilla/5.0 (Windows NT 6.3; Win64; x64) AppleWebKit/537.36 (KHTML, like Gecko) Chrome/79.0.3945.130 Safari/537.36"
193.34.232.21 - - [31/Jan/2020:04:46:14 -0500] "GET /wp-admin/users.php?paged=1 HTTP/1.1" 200 47178 "https://www.naijadial.com/wp-admin/users.php?paged=2" "Mozilla/5.0 (Windows NT 6.3; Win64; x64) AppleWebKit/537.36 (KHTML, like Gecko) Chrome/79.0.3945.130 Safari/537.36"
193.34.232.21 - - [31/Jan/2020:04:46:26 -0500] "GET /wp-json/jetpack/v4/jitm?message_path=wp%3Ausers%3Aadmin_notices&query=paged%253D1&_wpnonce=173fbc110b HTTP/1.1" 200 2 "https://www.naijadial.com/wp-admin/users.php?paged=1" "Mozilla/5.0 (Windows NT 6.3; Win64; x64) AppleWebKit/537.36 (KHTML, like Gecko) Chrome/79.0.3945.130 Safari/537.36"
68.65.121.137 - - [31/Jan/2020:04:47:28 -0500] "POST /wp-cron.php?doing_wp_cron=1580464048.4685010910034179687500 HTTP/1.1" 200 - "https://www.naijadial.com/wp-cron.php?doing_wp_cron=1580464048.4685010910034179687500" "WordPress/5.3.2; https://www.naijadial.com"
193.34.232.21 - - [31/Jan/2020:04:47:28 -0500] "POST /wp-admin/admin-ajax.php HTTP/1.1" 200 47 "https://www.naijadial.com/wp-admin/users.php?paged=1" "Mozilla/5.0 (Windows NT 6.3; Win64; x64) AppleWebKit/537.36 (KHTML, like Gecko) Chrome/79.0.3945.130 Safari/537.36"
193.34.232.21 - - [31/Jan/2020:04:52:43 -0500] "GET /wp-json/jetpack/v4/jitm?message_path=wp%3Apage%3Aedit_form_top&query=post%253D1242%252Caction%253Dedit%252Cmessage%253D1&_wpnonce=173fbc110b HTTP/1.1" 200 2 "https://www.naijadial.com/wp-admin/post.php?post=1242&action=edit" "Mozilla/5.0 (Windows NT 6.3; Win64; x64) AppleWebKit/537.36 (KHTML, like Gecko) Chrome/79.0.3945.130 Safari/537.36"
193.34.232.21 - - [31/Jan/2020:04:52:44 -0500] "GET /wp-json/jetpack/v4/jitm?message_path=wp%3Apage%3Aadmin_notices&query=post%253D1242%252Caction%253Dedit%252Cmessage%253D1&_wpnonce=173fbc110b HTTP/1.1" 200 2 "https://www.naijadial.com/wp-admin/post.php?post=1242&action=edit" "Mozilla/5.0 (Windows NT 6.3; Win64; x64) AppleWebKit/537.36 (KHTML, like Gecko) Chrome/79.0.3945.130 Safari/537.36"
193.34.232.21 - - [31/Jan/2020:04:52:44 -0500] "POST /wp-admin/admin-ajax.php HTTP/1.1" 200 50449 "https://www.naijadial.com/wp-admin/post.php?post=1242&action=edit" "Mozilla/5.0 (Windows NT 6.3; Win64; x64) AppleWebKit/537.36 (KHTML, like Gecko) Chrome/79.0.3945.130 Safari/537.36"
193.34.232.21 - - [31/Jan/2020:04:52:44 -0500] "POST /wp-admin/admin-ajax.php HTTP/1.1" 200 67 "https://www.naijadial.com/wp-admin/post.php?post=1242&action=edit" "Mozilla/5.0 (Windows NT 6.3; Win64; x64) AppleWebKit/537.36 (KHTML, like Gecko) Chrome/79.0.3945.130 Safari/537.36"
193.34.232.21 - - [31/Jan/2020:04:52:48 -0500] "POST /wp-admin/admin-ajax.php HTTP/1.1" 200 11243 "https://www.naijadial.com/wp-admin/post.php?post=1242&action=edit" "Mozilla/5.0 (Windows NT 6.3; Win64; x64) AppleWebKit/537.36 (KHTML, like Gecko) Chrome/79.0.3945.130 Safari/537.36"
68.65.121.137 - - [31/Jan/2020:04:53:34 -0500] "POST /wp-cron.php?doing_wp_cron=1580464414.3512020111083984375000 HTTP/1.1" 200 - "https://www.naijadial.com/wp-cron.php?doing_wp_cron=1580464414.3512020111083984375000" "WordPress/5.3.2; https://www.naijadial.com"
193.34.232.21 - - [31/Jan/2020:04:53:34 -0500] "POST /wp-admin/admin-ajax.php HTTP/1.1" 200 47 "https://www.naijadial.com/wp-admin/users.php?paged=1" "Mozilla/5.0 (Windows NT 6.3; Win64; x64) AppleWebKit/537.36 (KHTML, like Gecko) Chrome/79.0.3945.130 Safari/537.36"
41.217.67.149 - - [31/Jan/2020:04:53:38 -0500] "GET /account/?fbclid=IwAR1YhJYyLyXIqxYg7HYNkHnQRyOjrwjJ9enc4Sdn7LAICfHeefE6gVNISng HTTP/1.1" 200 14239 "https://www.facebook.com/" "Mozilla/5.0 (Windows NT 10.0; Win64; x64) AppleWebKit/537.36 (KHTML, like Gecko) Chrome/79.0.3945.130 Safari/537.36"
41.217.67.149 - - [31/Jan/2020:04:53:44 -0500] "GET /listingo/images/line-bar.jpg HTTP/1.1" 404 53100 "https://www.naijadial.com/naijadial/style.css?ver=3.2.2" "Mozilla/5.0 (Windows NT 10.0; Win64; x64) AppleWebKit/537.36 (KHTML, like Gecko) Chrome/79.0.3945.130 Safari/537.36"
68.65.121.137 - - [31/Jan/2020:04:54:45 -0500] "POST /wp-cron.php?doing_wp_cron=1580464484.9993638992309570312500 HTTP/1.1" 200 - "https://www.naijadial.com/wp-cron.php?doing_wp_cron=1580464484.9993638992309570312500" "WordPress/5.3.2; https://www.naijadial.com"
193.34.232.21 - - [31/Jan/2020:04:54:44 -0500] "POST /wp-admin/admin-ajax.php HTTP/1.1" 200 98 "https://www.naijadial.com/wp-admin/post.php?post=1242&action=edit" "Mozilla/5.0 (Windows NT 6.3; Win64; x64) AppleWebKit/537.36 (KHTML, like Gecko) Chrome/79.0.3945.130 Safari/537.36"
68.65.121.137 - - [31/Jan/2020:04:55:33 -0500] "POST /wp-cron.php?doing_wp_cron=1580464532.9942119121551513671875 HTTP/1.1" 200 - "https://www.naijadial.com/wp-cron.php?doing_wp_cron=1580464532.9942119121551513671875" "WordPress/5.3.2; https://www.naijadial.com"
193.34.232.21 - - [31/Jan/2020:04:55:31 -0500] "POST /wp-admin/admin-ajax.php HTTP/1.1" 200 47 "https://www.naijadial.com/wp-admin/users.php?paged=1" "Mozilla/5.0 (Windows NT 6.3; Win64; x64) AppleWebKit/537.36 (KHTML, like Gecko) Chrome/79.0.3945.130 Safari/537.36"
68.65.121.137 - - [31/Jan/2020:04:56:46 -0500] "POST /wp-cron.php?doing_wp_cron=1580464606.7310390472412109375000 HTTP/1.1" 200 - "https://www.naijadial.com/wp-cron.php?doing_wp_cron=1580464606.7310390472412109375000" "WordPress/5.3.2; https://www.naijadial.com"
193.34.232.21 - - [31/Jan/2020:04:56:44 -0500] "POST /wp-admin/admin-ajax.php HTTP/1.1" 200 98 "https://www.naijadial.com/wp-admin/post.php?post=1242&action=edit" "Mozilla/5.0 (Windows NT 6.3; Win64; x64) AppleWebKit/537.36 (KHTML, like Gecko) Chrome/79.0.3945.130 Safari/537.36"
68.65.121.137 - - [31/Jan/2020:04:57:14 -0500] "POST /wp-cron.php?doing_wp_cron=1580464634.4004681110382080078125 HTTP/1.1" 200 - "https://www.naijadial.com/wp-cron.php?doing_wp_cron=1580464634.4004681110382080078125" "WordPress/5.3.2; https://www.naijadial.com"
41.138.187.210 - - [31/Jan/2020:04:57:14 -0500] "GET /account/ HTTP/1.1" 200 14158 "http://m.facebook.com/" "Mozilla/5.0 (Linux; Android 9; Infinix X626B Build/PPR1.180610.011; wv) AppleWebKit/537.36 (KHTML, like Gecko) Version/4.0 Chrome/79.0.3945.136 Mobile Safari/537.36 [FB_IAB/FB4A;FBAV/255.0.0.33.121;]"
41.138.187.210 - - [31/Jan/2020:04:57:16 -0500] "GET /cnt/plugins/vc-extensions-bundle/css/admin_icon.css?ver=5.3.2 HTTP/1.1" 304 - "https://www.naijadial.com/account/" "Mozilla/5.0 (Linux; Android 9; Infinix X626B Build/PPR1.180610.011; wv) AppleWebKit/537.36 (KHTML, like Gecko) Version/4.0 Chrome/79.0.3945.136 Mobile Safari/537.36 [FB_IAB/FB4A;FBAV/255.0.0.33.121;]"
41.138.187.210 - - [31/Jan/2020:04:57:16 -0500] "GET /cnt/plugins/gd-bbpress-toolbox/templates/default/css/widgets.min.css?ver=5.2.1.712 HTTP/1.1" 304 - "https://www.naijadial.com/account/" "Mozilla/5.0 (Linux; Android 9; Infinix X626B Build/PPR1.180610.011; wv) AppleWebKit/537.36 (KHTML, like Gecko) Version/4.0 Chrome/79.0.3945.136 Mobile Safari/537.36 [FB_IAB/FB4A;FBAV/255.0.0.33.121;]"
41.138.187.210 - - [31/Jan/2020:04:57:16 -0500] "GET /cnt/plugins/bbp-style-pack/css/bspstyle.css?ver=4.3.8 HTTP/1.1" 304 - "https://www.naijadial.com/account/" "Mozilla/5.0 (Linux; Android 9; Infinix X626B Build/PPR1.180610.011; wv) AppleWebKit/537.36 (KHTML, like Gecko) Version/4.0 Chrome/79.0.3945.136 Mobile Safari/537.36 [FB_IAB/FB4A;FBAV/255.0.0.33.121;]"
41.138.187.210 - - [31/Jan/2020:04:57:16 -0500] "GET /cnt/plugins/revslider/public/assets/css/rs6.css?ver=6.0.7 HTTP/1.1" 304 - "https://www.naijadial.com/account/" "Mozilla/5.0 (Linux; Android 9; Infinix X626B Build/PPR1.180610.011; wv) AppleWebKit/537.36 (KHTML, like Gecko) Version/4.0 Chrome/79.0.3945.136 Mobile Safari/537.36 [FB_IAB/FB4A;FBAV/255.0.0.33.121;]"
41.138.187.210 - - [31/Jan/2020:04:57:16 -0500] "GET /cnt/plugins/unyson/framework/extensions/forms/static/css/frontend.css?ver=2.7.22 HTTP/1.1" 304 - "https://www.naijadial.com/account/" "Mozilla/5.0 (Linux; Android 9; Infinix X626B Build/PPR1.180610.011; wv) AppleWebKit/537.36 (KHTML, like Gecko) Version/4.0 Chrome/79.0.3945.136 Mobile Safari/537.36 [FB_IAB/FB4A;FBAV/255.0.0.33.121;]"
41.138.187.210 - - [31/Jan/2020:04:57:16 -0500] "GET /cnt/plugins/mega-addons-for-visual-composer/css/style.css?ver=5.3.2 HTTP/1.1" 304 - "https://www.naijadial.com/account/" "Mozilla/5.0 (Linux; Android 9; Infinix X626B Build/PPR1.180610.011; wv) AppleWebKit/537.36 (KHTML, like Gecko) Version/4.0 Chrome/79.0.3945.136 Mobile Safari/537.36 [FB_IAB/FB4A;FBAV/255.0.0.33.121;]"
41.138.187.210 - - [31/Jan/2020:04:57:16 -0500] "GET /cnt/plugins/contact-form-7/includes/css/styles.css?ver=5.1.6 HTTP/1.1" 304 - "https://www.naijadial.com/account/" "Mozilla/5.0 (Linux; Android 9; Infinix X626B Build/PPR1.180610.011; wv) AppleWebKit/537.36 (KHTML, like Gecko) Version/4.0 Chrome/79.0.3945.136 Mobile Safari/537.36 [FB_IAB/FB4A;FBAV/255.0.0.33.121;]"
41.138.187.210 - - [31/Jan/2020:04:57:16 -0500] "GET /cnt/plugins/unyson/framework/extensions/builder/static/css/frontend-grid.css?ver=1.2.11 HTTP/1.1" 304 - "https://www.naijadial.com/account/" "Mozilla/5.0 (Linux; Android 9; Infinix X626B Build/PPR1.180610.011; wv) AppleWebKit/537.36 (KHTML, like Gecko) Version/4.0 Chrome/79.0.3945.136 Mobile Safari/537.36 [FB_IAB/FB4A;FBAV/255.0.0.33.121;]"
41.138.187.210 - - [31/Jan/2020:04:57:16 -0500] "GET /cnt/plugins/mega-addons-for-visual-composer/css/ihover.css?ver=5.3.2 HTTP/1.1" 304 - "https://www.naijadial.com/account/" "Mozilla/5.0 (Linux; Android 9; Infinix X626B Build/PPR1.180610.011; wv) AppleWebKit/537.36 (KHTML, like Gecko) Version/4.0 Chrome/79.0.3945.136 Mobile Safari/537.36 [FB_IAB/FB4A;FBAV/255.0.0.33.121;]"
41.138.187.210 - - [31/Jan/2020:04:57:16 -0500] "GET /cnt/plugins/unyson/framework/extensions/breadcrumbs/static/css/style.css?ver=5.3.2 HTTP/1.1" 304 - "https://www.naijadial.com/account/" "Mozilla/5.0 (Linux; Android 9; Infinix X626B Build/PPR1.180610.011; wv) AppleWebKit/537.36 (KHTML, like Gecko) Version/4.0 Chrome/79.0.3945.136 Mobile Safari/537.36 [FB_IAB/FB4A;FBAV/255.0.0.33.121;]"
41.138.187.210 - - [31/Jan/2020:04:57:16 -0500] "GET /cnt/plugins/mega-addons-for-visual-composer/css/font-awesome/css/font-awesome.css?ver=5.3.2 HTTP/1.1" 304 - "https://www.naijadial.com/account/" "Mozilla/5.0 (Linux; Android 9; Infinix X626B Build/PPR1.180610.011; wv) AppleWebKit/537.36 (KHTML, like Gecko) Version/4.0 Chrome/79.0.3945.136 Mobile Safari/537.36 [FB_IAB/FB4A;FBAV/255.0.0.33.121;]"
41.138.187.210 - - [31/Jan/2020:04:57:16 -0500] "GET /cnt/plugins/bbpress/templates/default/css/bbpress.min.css?ver=2.6.3 HTTP/1.1" 304 - "https://www.naijadial.com/account/" "Mozilla/5.0 (Linux; Android 9; Infinix X626B Build/PPR1.180610.011; wv) AppleWebKit/537.36 (KHTML, like Gecko) Version/4.0 Chrome/79.0.3945.136 Mobile Safari/537.36 [FB_IAB/FB4A;FBAV/255.0.0.33.121;]"
41.138.187.210 - - [31/Jan/2020:04:57:16 -0500] "GET /cnt/plugins/revslider/public/assets/js/rs6.min.js?ver=6.0.7 HTTP/1.1" 304 - "https://www.naijadial.com/account/" "Mozilla/5.0 (Linux; Android 9; Infinix X626B Build/PPR1.180610.011; wv) AppleWebKit/537.36 (KHTML, like Gecko) Version/4.0 Chrome/79.0.3945.136 Mobile Safari/537.36 [FB_IAB/FB4A;FBAV/255.0.0.33.121;]"
41.138.187.210 - - [31/Jan/2020:04:57:16 -0500] "GET /naijadial/css/color.css?ver=3.2.2 HTTP/1.1" 304 - "https://www.naijadial.com/account/" "Mozilla/5.0 (Linux; Android 9; Infinix X626B Build/PPR1.180610.011; wv) AppleWebKit/537.36 (KHTML, like Gecko) Version/4.0 Chrome/79.0.3945.136 Mobile Safari/537.36 [FB_IAB/FB4A;FBAV/255.0.0.33.121;]"
41.138.187.210 - - [31/Jan/2020:04:57:16 -0500] "GET /naijadial/css/owl.theme.default.min.css?ver=3.2.2 HTTP/1.1" 304 - "https://www.naijadial.com/account/" "Mozilla/5.0 (Linux; Android 9; Infinix X626B Build/PPR1.180610.011; wv) AppleWebKit/537.36 (KHTML, like Gecko) Version/4.0 Chrome/79.0.3945.136 Mobile Safari/537.36 [FB_IAB/FB4A;FBAV/255.0.0.33.121;]"
41.138.187.210 - - [31/Jan/2020:04:57:16 -0500] "GET /naijadial/style.css?ver=3.2.2 HTTP/1.1" 304 - "https://www.naijadial.com/account/" "Mozilla/5.0 (Linux; Android 9; Infinix X626B Build/PPR1.180610.011; wv) AppleWebKit/537.36 (KHTML, like Gecko) Version/4.0 Chrome/79.0.3945.136 Mobile Safari/537.36 [FB_IAB/FB4A;FBAV/255.0.0.33.121;]"
41.138.187.210 - - [31/Jan/2020:04:57:16 -0500] "GET /naijadial/css/datetimepicker.css?ver=3.2.2 HTTP/1.1" 304 - "https://www.naijadial.com/account/" "Mozilla/5.0 (Linux; Android 9; Infinix X626B Build/PPR1.180610.011; wv) AppleWebKit/537.36 (KHTML, like Gecko) Version/4.0 Chrome/79.0.3945.136 Mobile Safari/537.36 [FB_IAB/FB4A;FBAV/255.0.0.33.121;]"
41.138.187.210 - - [31/Jan/2020:04:57:16 -0500] "GET /naijadial/css/jquery-ui.css?ver=3.2.2 HTTP/1.1" 304 - "https://www.naijadial.com/account/" "Mozilla/5.0 (Linux; Android 9; Infinix X626B Build/PPR1.180610.011; wv) AppleWebKit/537.36 (KHTML, like Gecko) Version/4.0 Chrome/79.0.3945.136 Mobile Safari/537.36 [FB_IAB/FB4A;FBAV/255.0.0.33.121;]"
41.138.187.210 - - [31/Jan/2020:04:57:16 -0500] "GET /naijadial/css/prettyPhoto.css?ver=3.2.2 HTTP/1.1" 304 - "https://www.naijadial.com/account/" "Mozilla/5.0 (Linux; Android 9; Infinix X626B Build/PPR1.180610.011; wv) AppleWebKit/537.36 (KHTML, like Gecko) Version/4.0 Chrome/79.0.3945.136 Mobile Safari/537.36 [FB_IAB/FB4A;FBAV/255.0.0.33.121;]"
41.138.187.210 - - [31/Jan/2020:04:57:16 -0500] "GET /naijadial/css/normalize.css?ver=3.2.2 HTTP/1.1" 304 - "https://www.naijadial.com/account/" "Mozilla/5.0 (Linux; Android 9; Infinix X626B Build/PPR1.180610.011; wv) AppleWebKit/537.36 (KHTML, like Gecko) Version/4.0 Chrome/79.0.3945.136 Mobile Safari/537.36 [FB_IAB/FB4A;FBAV/255.0.0.33.121;]"
41.138.187.210 - - [31/Jan/2020:04:57:16 -0500] "GET /naijadial/css/typo.css?ver=3.2.2 HTTP/1.1" 304 - "https://www.naijadial.com/account/" "Mozilla/5.0 (Linux; Android 9; Infinix X626B Build/PPR1.180610.011; wv) AppleWebKit/537.36 (KHTML, like Gecko) Version/4.0 Chrome/79.0.3945.136 Mobile Safari/537.36 [FB_IAB/FB4A;FBAV/255.0.0.33.121;]"
41.138.187.210 - - [31/Jan/2020:04:57:16 -0500] "GET /naijadial/css/transitions.css?ver=3.2.2 HTTP/1.1" 304 - "https://www.naijadial.com/account/" "Mozilla/5.0 (Linux; Android 9; Infinix X626B Build/PPR1.180610.011; wv) AppleWebKit/537.36 (KHTML, like Gecko) Version/4.0 Chrome/79.0.3945.136 Mobile Safari/537.36 [FB_IAB/FB4A;FBAV/255.0.0.33.121;]"
41.138.187.210 - - [31/Jan/2020:04:57:16 -0500] "GET /naijadial/css/chosen.css?ver=3.2.2 HTTP/1.1" 304 - "https://www.naijadial.com/account/" "Mozilla/5.0 (Linux; Android 9; Infinix X626B Build/PPR1.180610.011; wv) AppleWebKit/537.36 (KHTML, like Gecko) Version/4.0 Chrome/79.0.3945.136 Mobile Safari/537.36 [FB_IAB/FB4A;FBAV/255.0.0.33.121;]"
41.138.187.210 - - [31/Jan/2020:04:57:16 -0500] "GET /cnt/plugins/mega-addons-for-visual-composer/js/script.js?ver=5.3.2 HTTP/1.1" 304 - "https://www.naijadial.com/account/" "Mozilla/5.0 (Linux; Android 9; Infinix X626B Build/PPR1.180610.011; wv) AppleWebKit/537.36 (KHTML, like Gecko) Version/4.0 Chrome/79.0.3945.136 Mobile Safari/537.36 [FB_IAB/FB4A;FBAV/255.0.0.33.121;]"
41.138.187.210 - - [31/Jan/2020:04:57:16 -0500] "GET /naijadial/css/bootstrap.min.css?ver=3.2.2 HTTP/1.1" 304 - "https://www.naijadial.com/account/" "Mozilla/5.0 (Linux; Android 9; Infinix X626B Build/PPR1.180610.011; wv) AppleWebKit/537.36 (KHTML, like Gecko) Version/4.0 Chrome/79.0.3945.136 Mobile Safari/537.36 [FB_IAB/FB4A;FBAV/255.0.0.33.121;]"
41.138.187.210 - - [31/Jan/2020:04:57:16 -0500] "GET /cnt/plugins/revslider/public/assets/js/revolution.tools.min.js?ver=6.0 HTTP/1.1" 304 - "https://www.naijadial.com/account/" "Mozilla/5.0 (Linux; Android 9; Infinix X626B Build/PPR1.180610.011; wv) AppleWebKit/537.36 (KHTML, like Gecko) Version/4.0 Chrome/79.0.3945.136 Mobile Safari/537.36 [FB_IAB/FB4A;FBAV/255.0.0.33.121;]"
41.138.187.210 - - [31/Jan/2020:04:57:16 -0500] "GET /naijadial/css/chat_module.css?ver=3.2.2 HTTP/1.1" 304 - "https://www.naijadial.com/account/" "Mozilla/5.0 (Linux; Android 9; Infinix X626B Build/PPR1.180610.011; wv) AppleWebKit/537.36 (KHTML, like Gecko) Version/4.0 Chrome/79.0.3945.136 Mobile Safari/537.36 [FB_IAB/FB4A;FBAV/255.0.0.33.121;]"
41.138.187.210 - - [31/Jan/2020:04:57:16 -0500] "GET /naijadial/css/responsive.css?ver=3.2.2 HTTP/1.1" 304 - "https://www.naijadial.com/account/" "Mozilla/5.0 (Linux; Android 9; Infinix X626B Build/PPR1.180610.011; wv) AppleWebKit/537.36 (KHTML, like Gecko) Version/4.0 Chrome/79.0.3945.136 Mobile Safari/537.36 [FB_IAB/FB4A;FBAV/255.0.0.33.121;]"
41.138.187.210 - - [31/Jan/2020:04:57:16 -0500] "GET /cnt/plugins/js_composer/assets/lib/bower/font-awesome/css/font-awesome.min.css?ver=6.0.5 HTTP/1.1" 304 - "https://www.naijadial.com/account/" "Mozilla/5.0 (Linux; Android 9; Infinix X626B Build/PPR1.180610.011; wv) AppleWebKit/537.36 (KHTML, like Gecko) Version/4.0 Chrome/79.0.3945.136 Mobile Safari/537.36 [FB_IAB/FB4A;FBAV/255.0.0.33.121;]"
41.138.187.210 - - [31/Jan/2020:04:57:16 -0500] "GET /naijadial/css/jquery.countdown.css?ver=3.2.2 HTTP/1.1" 304 - "https://www.naijadial.com/account/" "Mozilla/5.0 (Linux; Android 9; Infinix X626B Build/PPR1.180610.011; wv) AppleWebKit/537.36 (KHTML, like Gecko) Version/4.0 Chrome/79.0.3945.136 Mobile Safari/537.36 [FB_IAB/FB4A;FBAV/255.0.0.33.121;]"
41.138.187.210 - - [31/Jan/2020:04:57:16 -0500] "GET /naijadial/css/scrollbar.css?ver=3.2.2 HTTP/1.1" 304 - "https://www.naijadial.com/account/" "Mozilla/5.0 (Linux; Android 9; Infinix X626B Build/PPR1.180610.011; wv) AppleWebKit/537.36 (KHTML, like Gecko) Version/4.0 Chrome/79.0.3945.136 Mobile Safari/537.36 [FB_IAB/FB4A;FBAV/255.0.0.33.121;]"
41.138.187.210 - - [31/Jan/2020:04:57:16 -0500] "GET /naijadial/css/linearicons.css?ver=3.2.2 HTTP/1.1" 304 - "https://www.naijadial.com/account/" "Mozilla/5.0 (Linux; Android 9; Infinix X626B Build/PPR1.180610.011; wv) AppleWebKit/537.36 (KHTML, like Gecko) Version/4.0 Chrome/79.0.3945.136 Mobile Safari/537.36 [FB_IAB/FB4A;FBAV/255.0.0.33.121;]"
41.138.187.210 - - [31/Jan/2020:04:57:16 -0500] "GET /cnt/plugins/listingo_core/public/js/system-public.js?ver=3.2.1 HTTP/1.1" 304 - "https://www.naijadial.com/account/" "Mozilla/5.0 (Linux; Android 9; Infinix X626B Build/PPR1.180610.011; wv) AppleWebKit/537.36 (KHTML, like Gecko) Version/4.0 Chrome/79.0.3945.136 Mobile Safari/537.36 [FB_IAB/FB4A;FBAV/255.0.0.33.121;]"
41.138.187.210 - - [31/Jan/2020:04:57:16 -0500] "GET /naijadial/css/owl.carousel.min.css?ver=3.2.2 HTTP/1.1" 304 - "https://www.naijadial.com/account/" "Mozilla/5.0 (Linux; Android 9; Infinix X626B Build/PPR1.180610.011; wv) AppleWebKit/537.36 (KHTML, like Gecko) Version/4.0 Chrome/79.0.3945.136 Mobile Safari/537.36 [FB_IAB/FB4A;FBAV/255.0.0.33.121;]"
41.138.187.210 - - [31/Jan/2020:04:57:16 -0500] "GET /cnt/plugins/js_composer/assets/css/js_composer.min.css?ver=6.0.5 HTTP/1.1" 304 - "https://www.naijadial.com/account/" "Mozilla/5.0 (Linux; Android 9; Infinix X626B Build/PPR1.180610.011; wv) AppleWebKit/537.36 (KHTML, like Gecko) Version/4.0 Chrome/79.0.3945.136 Mobile Safari/537.36 [FB_IAB/FB4A;FBAV/255.0.0.33.121;]"
41.138.187.210 - - [31/Jan/2020:04:57:16 -0500] "GET /files/2019/12/NaijaDial-Logo.png HTTP/1.1" 304 - "https://www.naijadial.com/account/" "Mozilla/5.0 (Linux; Android 9; Infinix X626B Build/PPR1.180610.011; wv) AppleWebKit/537.36 (KHTML, like Gecko) Version/4.0 Chrome/79.0.3945.136 Mobile Safari/537.36 [FB_IAB/FB4A;FBAV/255.0.0.33.121;]"
41.138.187.210 - - [31/Jan/2020:04:57:16 -0500] "GET /naijadial/js/appear.js?ver=5.3.2 HTTP/1.1" 304 - "https://www.naijadial.com/account/" "Mozilla/5.0 (Linux; Android 9; Infinix X626B Build/PPR1.180610.011; wv) AppleWebKit/537.36 (KHTML, like Gecko) Version/4.0 Chrome/79.0.3945.136 Mobile Safari/537.36 [FB_IAB/FB4A;FBAV/255.0.0.33.121;]"
41.138.187.210 - - [31/Jan/2020:04:57:16 -0500] "GET /cnt/plugins/unyson/framework/static/js/fw-form-helpers.js?ver=5.3.2 HTTP/1.1" 304 - "https://www.naijadial.com/account/" "Mozilla/5.0 (Linux; Android 9; Infinix X626B Build/PPR1.180610.011; wv) AppleWebKit/537.36 (KHTML, like Gecko) Version/4.0 Chrome/79.0.3945.136 Mobile Safari/537.36 [FB_IAB/FB4A;FBAV/255.0.0.33.121;]"
41.138.187.210 - - [31/Jan/2020:04:57:16 -0500] "GET /naijadial/js/countTo.js?ver=5.3.2 HTTP/1.1" 304 - "https://www.naijadial.com/account/" "Mozilla/5.0 (Linux; Android 9; Infinix X626B Build/PPR1.180610.011; wv) AppleWebKit/537.36 (KHTML, like Gecko) Version/4.0 Chrome/79.0.3945.136 Mobile Safari/537.36 [FB_IAB/FB4A;FBAV/255.0.0.33.121;]"
41.138.187.210 - - [31/Jan/2020:04:57:16 -0500] "GET /cnt/plugins/js_composer/assets/js/vendors/woocommerce-add-to-cart.js?ver=6.0.5 HTTP/1.1" 304 - "https://www.naijadial.com/account/" "Mozilla/5.0 (Linux; Android 9; Infinix X626B Build/PPR1.180610.011; wv) AppleWebKit/537.36 (KHTML, like Gecko) Version/4.0 Chrome/79.0.3945.136 Mobile Safari/537.36 [FB_IAB/FB4A;FBAV/255.0.0.33.121;]"
41.138.187.210 - - [31/Jan/2020:04:57:16 -0500] "GET /naijadial/js/vendor/modernizr-2.8.3-respond-1.4.2.min.js?ver=3.2.2 HTTP/1.1" 304 - "https://www.naijadial.com/account/" "Mozilla/5.0 (Linux; Android 9; Infinix X626B Build/PPR1.180610.011; wv) AppleWebKit/537.36 (KHTML, like Gecko) Version/4.0 Chrome/79.0.3945.136 Mobile Safari/537.36 [FB_IAB/FB4A;FBAV/255.0.0.33.121;]"
41.138.187.210 - - [31/Jan/2020:04:57:17 -0500] "GET /files/so-css/so-css-listingo.css?ver=1580144791 HTTP/1.1" 304 - "https://www.naijadial.com/account/" "Mozilla/5.0 (Linux; Android 9; Infinix X626B Build/PPR1.180610.011; wv) AppleWebKit/537.36 (KHTML, like Gecko) Version/4.0 Chrome/79.0.3945.136 Mobile Safari/537.36 [FB_IAB/FB4A;FBAV/255.0.0.33.121;]"
41.138.187.210 - - [31/Jan/2020:04:57:17 -0500] "GET /cnt/plugins/unyson/framework/static/libs/linecons/css/linecons.css?ver=2.7.22 HTTP/1.1" 304 - "https://www.naijadial.com/account/" "Mozilla/5.0 (Linux; Android 9; Infinix X626B Build/PPR1.180610.011; wv) AppleWebKit/537.36 (KHTML, like Gecko) Version/4.0 Chrome/79.0.3945.136 Mobile Safari/537.36 [FB_IAB/FB4A;FBAV/255.0.0.33.121;]"
41.138.187.210 - - [31/Jan/2020:04:57:18 -0500] "GET /cnt/plugins/unyson/framework/static/libs/entypo/css/entypo.css?ver=2.7.22 HTTP/1.1" 304 - "https://www.naijadial.com/account/" "Mozilla/5.0 (Linux; Android 9; Infinix X626B Build/PPR1.180610.011; wv) AppleWebKit/537.36 (KHTML, like Gecko) Version/4.0 Chrome/79.0.3945.136 Mobile Safari/537.36 [FB_IAB/FB4A;FBAV/255.0.0.33.121;]"
41.138.187.210 - - [31/Jan/2020:04:57:18 -0500] "GET /cnt/plugins/unyson/framework/static/libs/lnr/css/lnr.css?ver=2.7.22 HTTP/1.1" 304 - "https://www.naijadial.com/account/" "Mozilla/5.0 (Linux; Android 9; Infinix X626B Build/PPR1.180610.011; wv) AppleWebKit/537.36 (KHTML, like Gecko) Version/4.0 Chrome/79.0.3945.136 Mobile Safari/537.36 [FB_IAB/FB4A;FBAV/255.0.0.33.121;]"
41.138.187.210 - - [31/Jan/2020:04:57:18 -0500] "GET /cnt/plugins/unyson/framework/static/libs/font-awesome/css/font-awesome.min.css?ver=2.7.22 HTTP/1.1" 304 - "https://www.naijadial.com/account/" "Mozilla/5.0 (Linux; Android 9; Infinix X626B Build/PPR1.180610.011; wv) AppleWebKit/537.36 (KHTML, like Gecko) Version/4.0 Chrome/79.0.3945.136 Mobile Safari/537.36 [FB_IAB/FB4A;FBAV/255.0.0.33.121;]"
41.138.187.210 - - [31/Jan/2020:04:57:18 -0500] "GET /cnt/plugins/js_composer/assets/lib/bower/font-awesome/fonts/fontawesome-webfont.woff2?v=4.7.0 HTTP/1.1" 304 - "https://www.naijadial.com/cnt/plugins/js_composer/assets/lib/bower/font-awesome/css/font-awesome.min.css?ver=6.0.5" "Mozilla/5.0 (Linux; Android 9; Infinix X626B Build/PPR1.180610.011; wv) AppleWebKit/537.36 (KHTML, like Gecko) Version/4.0 Chrome/79.0.3945.136 Mobile Safari/537.36 [FB_IAB/FB4A;FBAV/255.0.0.33.121;]"
41.138.187.210 - - [31/Jan/2020:04:57:18 -0500] "GET /naijadial/fonts/Linearicons-Free.woff2?w118d HTTP/1.1" 304 - "https://www.naijadial.com/naijadial/css/linearicons.css?ver=3.2.2" "Mozilla/5.0 (Linux; Android 9; Infinix X626B Build/PPR1.180610.011; wv) AppleWebKit/537.36 (KHTML, like Gecko) Version/4.0 Chrome/79.0.3945.136 Mobile Safari/537.36 [FB_IAB/FB4A;FBAV/255.0.0.33.121;]"
41.138.187.210 - - [31/Jan/2020:04:57:18 -0500] "GET /cnt/plugins/unyson/framework/static/libs/typcn/css/typcn.css?ver=2.7.22 HTTP/1.1" 304 - "https://www.naijadial.com/account/" "Mozilla/5.0 (Linux; Android 9; Infinix X626B Build/PPR1.180610.011; wv) AppleWebKit/537.36 (KHTML, like Gecko) Version/4.0 Chrome/79.0.3945.136 Mobile Safari/537.36 [FB_IAB/FB4A;FBAV/255.0.0.33.121;]"
41.138.187.210 - - [31/Jan/2020:04:57:19 -0500] "GET /cnt/plugins/unyson/framework/static/libs/font-awesome/fonts/fontawesome-webfont.woff2?v=4.7.0 HTTP/1.1" 304 - "https://www.naijadial.com/cnt/plugins/unyson/framework/static/libs/font-awesome/css/font-awesome.min.css?ver=2.7.22" "Mozilla/5.0 (Linux; Android 9; Infinix X626B Build/PPR1.180610.011; wv) AppleWebKit/537.36 (KHTML, like Gecko) Version/4.0 Chrome/79.0.3945.136 Mobile Safari/537.36 [FB_IAB/FB4A;FBAV/255.0.0.33.121;]"
41.138.187.210 - - [31/Jan/2020:04:57:19 -0500] "GET /cnt/plugins/unyson/framework/static/libs/unycon/unycon.css?ver=2.7.22 HTTP/1.1" 304 - "https://www.naijadial.com/account/" "Mozilla/5.0 (Linux; Android 9; Infinix X626B Build/PPR1.180610.011; wv) AppleWebKit/537.36 (KHTML, like Gecko) Version/4.0 Chrome/79.0.3945.136 Mobile Safari/537.36 [FB_IAB/FB4A;FBAV/255.0.0.33.121;]"
41.138.187.210 - - [31/Jan/2020:04:57:19 -0500] "GET /cnt/plugins/contact-form-7/includes/js/scripts.js?ver=5.1.6 HTTP/1.1" 304 - "https://www.naijadial.com/account/" "Mozilla/5.0 (Linux; Android 9; Infinix X626B Build/PPR1.180610.011; wv) AppleWebKit/537.36 (KHTML, like Gecko) Version/4.0 Chrome/79.0.3945.136 Mobile Safari/537.36 [FB_IAB/FB4A;FBAV/255.0.0.33.121;]"
41.138.187.210 - - [31/Jan/2020:04:57:20 -0500] "GET /naijadial/js/vendor/bootstrap.min.js?ver=3.2.2 HTTP/1.1" 304 - "https://www.naijadial.com/account/" "Mozilla/5.0 (Linux; Android 9; Infinix X626B Build/PPR1.180610.011; wv) AppleWebKit/537.36 (KHTML, like Gecko) Version/4.0 Chrome/79.0.3945.136 Mobile Safari/537.36 [FB_IAB/FB4A;FBAV/255.0.0.33.121;]"
41.138.187.210 - - [31/Jan/2020:04:57:20 -0500] "GET /naijadial/js/gmap3.min.js?ver=5.3.2 HTTP/1.1" 304 - "https://www.naijadial.com/account/" "Mozilla/5.0 (Linux; Android 9; Infinix X626B Build/PPR1.180610.011; wv) AppleWebKit/537.36 (KHTML, like Gecko) Version/4.0 Chrome/79.0.3945.136 Mobile Safari/537.36 [FB_IAB/FB4A;FBAV/255.0.0.33.121;]"
41.138.187.210 - - [31/Jan/2020:04:57:20 -0500] "GET /naijadial/js/jquery.countdown.js?ver=3.2.2 HTTP/1.1" 304 - "https://www.naijadial.com/account/" "Mozilla/5.0 (Linux; Android 9; Infinix X626B Build/PPR1.180610.011; wv) AppleWebKit/537.36 (KHTML, like Gecko) Version/4.0 Chrome/79.0.3945.136 Mobile Safari/537.36 [FB_IAB/FB4A;FBAV/255.0.0.33.121;]"
41.138.187.210 - - [31/Jan/2020:04:57:20 -0500] "GET /naijadial/js/owl.carousel.min.js?ver=3.2.2 HTTP/1.1" 304 - "https://www.naijadial.com/account/" "Mozilla/5.0 (Linux; Android 9; Infinix X626B Build/PPR1.180610.011; wv) AppleWebKit/537.36 (KHTML, like Gecko) Version/4.0 Chrome/79.0.3945.136 Mobile Safari/537.36 [FB_IAB/FB4A;FBAV/255.0.0.33.121;]"
41.138.187.210 - - [31/Jan/2020:04:57:20 -0500] "GET /naijadial/js/scrollbar.min.js?ver=3.2.2 HTTP/1.1" 304 - "https://www.naijadial.com/account/" "Mozilla/5.0 (Linux; Android 9; Infinix X626B Build/PPR1.180610.011; wv) AppleWebKit/537.36 (KHTML, like Gecko) Version/4.0 Chrome/79.0.3945.136 Mobile Safari/537.36 [FB_IAB/FB4A;FBAV/255.0.0.33.121;]"
41.138.187.210 - - [31/Jan/2020:04:57:20 -0500] "GET /naijadial/js/listingo_callbacks.js?ver=3.2.2 HTTP/1.1" 304 - "https://www.naijadial.com/account/" "Mozilla/5.0 (Linux; Android 9; Infinix X626B Build/PPR1.180610.011; wv) AppleWebKit/537.36 (KHTML, like Gecko) Version/4.0 Chrome/79.0.3945.136 Mobile Safari/537.36 [FB_IAB/FB4A;FBAV/255.0.0.33.121;]"
41.138.187.210 - - [31/Jan/2020:04:57:21 -0500] "GET /naijadial/js/chosen.jquery.js?ver=3.2.2 HTTP/1.1" 304 - "https://www.naijadial.com/account/" "Mozilla/5.0 (Linux; Android 9; Infinix X626B Build/PPR1.180610.011; wv) AppleWebKit/537.36 (KHTML, like Gecko) Version/4.0 Chrome/79.0.3945.136 Mobile Safari/537.36 [FB_IAB/FB4A;FBAV/255.0.0.33.121;]"
41.138.187.210 - - [31/Jan/2020:04:57:21 -0500] "GET /naijadial/js/datetimepicker.js?ver=3.2.2 HTTP/1.1" 304 - "https://www.naijadial.com/account/" "Mozilla/5.0 (Linux; Android 9; Infinix X626B Build/PPR1.180610.011; wv) AppleWebKit/537.36 (KHTML, like Gecko) Version/4.0 Chrome/79.0.3945.136 Mobile Safari/537.36 [FB_IAB/FB4A;FBAV/255.0.0.33.121;]"
41.138.187.210 - - [31/Jan/2020:04:57:21 -0500] "GET /naijadial/js/parallax.js?ver=5.3.2 HTTP/1.1" 304 - "https://www.naijadial.com/account/" "Mozilla/5.0 (Linux; Android 9; Infinix X626B Build/PPR1.180610.011; wv) AppleWebKit/537.36 (KHTML, like Gecko) Version/4.0 Chrome/79.0.3945.136 Mobile Safari/537.36 [FB_IAB/FB4A;FBAV/255.0.0.33.121;]"
41.138.187.210 - - [31/Jan/2020:04:57:21 -0500] "GET /naijadial/js/jquery.auto-complete.js?ver=3.2.2 HTTP/1.1" 304 - "https://www.naijadial.com/account/" "Mozilla/5.0 (Linux; Android 9; Infinix X626B Build/PPR1.180610.011; wv) AppleWebKit/537.36 (KHTML, like Gecko) Version/4.0 Chrome/79.0.3945.136 Mobile Safari/537.36 [FB_IAB/FB4A;FBAV/255.0.0.33.121;]"
41.138.187.210 - - [31/Jan/2020:04:57:21 -0500] "GET /naijadial/js/tipso.min.js?ver=5.3.2 HTTP/1.1" 304 - "https://www.naijadial.com/account/" "Mozilla/5.0 (Linux; Android 9; Infinix X626B Build/PPR1.180610.011; wv) AppleWebKit/537.36 (KHTML, like Gecko) Version/4.0 Chrome/79.0.3945.136 Mobile Safari/537.36 [FB_IAB/FB4A;FBAV/255.0.0.33.121;]"
41.138.187.210 - - [31/Jan/2020:04:57:21 -0500] "GET /cnt/plugins/js_composer/assets/js/dist/js_composer_front.min.js?ver=6.0.5 HTTP/1.1" 304 - "https://www.naijadial.com/account/" "Mozilla/5.0 (Linux; Android 9; Infinix X626B Build/PPR1.180610.011; wv) AppleWebKit/537.36 (KHTML, like Gecko) Version/4.0 Chrome/79.0.3945.136 Mobile Safari/537.36 [FB_IAB/FB4A;FBAV/255.0.0.33.121;]"
41.138.187.210 - - [31/Jan/2020:04:57:21 -0500] "GET /files/2020/01/NaijaDial-Logo.png HTTP/1.1" 304 - "https://www.naijadial.com/account/" "Mozilla/5.0 (Linux; Android 9; Infinix X626B Build/PPR1.180610.011; wv) AppleWebKit/537.36 (KHTML, like Gecko) Version/4.0 Chrome/79.0.3945.136 Mobile Safari/537.36 [FB_IAB/FB4A;FBAV/255.0.0.33.121;]"
41.138.187.210 - - [31/Jan/2020:04:57:22 -0500] "GET /cluder/js/wp-emoji-release.min.js?ver=5.3.2 HTTP/1.1" 304 - "https://www.naijadial.com/account/" "Mozilla/5.0 (Linux; Android 9; Infinix X626B Build/PPR1.180610.011; wv) AppleWebKit/537.36 (KHTML, like Gecko) Version/4.0 Chrome/79.0.3945.136 Mobile Safari/537.36 [FB_IAB/FB4A;FBAV/255.0.0.33.121;]"
41.138.187.210 - - [31/Jan/2020:04:57:22 -0500] "GET /listingo/images/line-bar.jpg HTTP/1.1" 404 53100 "https://www.naijadial.com/naijadial/style.css?ver=3.2.2" "Mozilla/5.0 (Linux; Android 9; Infinix X626B Build/PPR1.180610.011; wv) AppleWebKit/537.36 (KHTML, like Gecko) Version/4.0 Chrome/79.0.3945.136 Mobile Safari/537.36 [FB_IAB/FB4A;FBAV/255.0.0.33.121;]"
41.138.187.210 - - [31/Jan/2020:04:57:22 -0500] "POST /?wc-ajax=get_refreshed_fragments HTTP/1.1" 200 210 "https://www.naijadial.com/account/" "Mozilla/5.0 (Linux; Android 9; Infinix X626B Build/PPR1.180610.011; wv) AppleWebKit/537.36 (KHTML, like Gecko) Version/4.0 Chrome/79.0.3945.136 Mobile Safari/537.36 [FB_IAB/FB4A;FBAV/255.0.0.33.121;]"
41.138.187.210 - - [31/Jan/2020:04:57:23 -0500] "GET /favicon.ico HTTP/1.1" 200 - "https://www.naijadial.com/account/" "Mozilla/5.0 (Linux; Android 9; Infinix X626B Build/PPR1.180610.011; wv) AppleWebKit/537.36 (KHTML, like Gecko) Version/4.0 Chrome/79.0.3945.136 Mobile Safari/537.36 [FB_IAB/FB4A;FBAV/255.0.0.33.121;]"
193.34.232.21 - - [31/Jan/2020:04:57:25 -0500] "GET / HTTP/1.1" 301 - "-" "Mozilla/5.0 (Windows NT 6.3; Win64; x64) AppleWebKit/537.36 (KHTML, like Gecko) Chrome/79.0.3945.130 Safari/537.36"
193.34.232.21 - - [31/Jan/2020:04:57:25 -0500] "GET /robots.txt HTTP/1.1" 200 69 "-" "Mozilla/5.0 (Windows NT 6.3; Win64; x64) AppleWebKit/537.36 (KHTML, like Gecko) Chrome/79.0.3945.130 Safari/537.36"
193.34.232.21 - - [31/Jan/2020:04:57:27 -0500] "POST /wp-admin/admin-ajax.php HTTP/1.1" 200 47 "https://www.naijadial.com/wp-admin/users.php?paged=1" "Mozilla/5.0 (Windows NT 6.3; Win64; x64) AppleWebKit/537.36 (KHTML, like Gecko) Chrome/79.0.3945.130 Safari/537.36"
193.34.232.21 - - [31/Jan/2020:04:57:27 -0500] "GET / HTTP/1.1" 200 25243 "-" "Mozilla/5.0 (Windows NT 6.3; Win64; x64) AppleWebKit/537.36 (KHTML, like Gecko) Chrome/79.0.3945.130 Safari/537.36"
193.34.232.21 - - [31/Jan/2020:04:57:31 -0500] "GET /cnt/plugins/js_composer/assets/css/js_composer.min.css?ver=6.0.5 HTTP/1.1" 304 - "https://www.naijadial.com/" "Mozilla/5.0 (Windows NT 6.3; Win64; x64) AppleWebKit/537.36 (KHTML, like Gecko) Chrome/79.0.3945.130 Safari/537.36"
41.138.187.210 - - [31/Jan/2020:04:57:30 -0500] "GET /listingo/images/line-bar.jpg HTTP/1.1" 404 53100 "https://www.naijadial.com/account/" "Mozilla/5.0 (Linux; Android 9; Infinix X626B Build/PPR1.180610.011; wv) AppleWebKit/537.36 (KHTML, like Gecko) Version/4.0 Chrome/79.0.3945.136 Mobile Safari/537.36 [FB_IAB/FB4A;FBAV/255.0.0.33.121;]"
193.34.232.21 - - [31/Jan/2020:04:57:32 -0500] "GET /cnt/plugins/vc-extensions-bundle/flipbox/css/style.css?ver=5.3.2 HTTP/1.1" 304 - "https://www.naijadial.com/" "Mozilla/5.0 (Windows NT 6.3; Win64; x64) AppleWebKit/537.36 (KHTML, like Gecko) Chrome/79.0.3945.130 Safari/537.36"
193.34.232.21 - - [31/Jan/2020:04:57:32 -0500] "GET /naijadial/css/pogoslider.css?ver=3.2.2 HTTP/1.1" 304 - "https://www.naijadial.com/" "Mozilla/5.0 (Windows NT 6.3; Win64; x64) AppleWebKit/537.36 (KHTML, like Gecko) Chrome/79.0.3945.130 Safari/537.36"
193.34.232.21 - - [31/Jan/2020:04:57:32 -0500] "GET /files/2020/01/Real-Estate.png HTTP/1.1" 200 814041 "https://www.naijadial.com/" "Mozilla/5.0 (Windows NT 6.3; Win64; x64) AppleWebKit/537.36 (KHTML, like Gecko) Chrome/79.0.3945.130 Safari/537.36"
193.34.232.21 - - [31/Jan/2020:04:57:32 -0500] "GET /naijadial/images/slider-border.png HTTP/1.1" 200 3414 "https://www.naijadial.com/naijadial/style.css?ver=3.2.2" "Mozilla/5.0 (Windows NT 6.3; Win64; x64) AppleWebKit/537.36 (KHTML, like Gecko) Chrome/79.0.3945.130 Safari/537.36"
193.34.232.21 - - [31/Jan/2020:04:57:33 -0500] "GET /files/2019/12/Business.png HTTP/1.1" 200 964268 "https://www.naijadial.com/" "Mozilla/5.0 (Windows NT 6.3; Win64; x64) AppleWebKit/537.36 (KHTML, like Gecko) Chrome/79.0.3945.130 Safari/537.36"
193.34.232.21 - - [31/Jan/2020:04:57:33 -0500] "GET /files/2020/01/Professional.jpg HTTP/1.1" 200 200557 "https://www.naijadial.com/" "Mozilla/5.0 (Windows NT 6.3; Win64; x64) AppleWebKit/537.36 (KHTML, like Gecko) Chrome/79.0.3945.130 Safari/537.36"
193.34.232.21 - - [31/Jan/2020:04:57:33 -0500] "GET /files/2020/01/Transportation-and-Travel.jpg HTTP/1.1" 200 462747 "https://www.naijadial.com/" "Mozilla/5.0 (Windows NT 6.3; Win64; x64) AppleWebKit/537.36 (KHTML, like Gecko) Chrome/79.0.3945.130 Safari/537.36"
193.34.232.21 - - [31/Jan/2020:04:57:33 -0500] "GET /files/2020/01/General-Labour.jpg HTTP/1.1" 200 353541 "https://www.naijadial.com/" "Mozilla/5.0 (Windows NT 6.3; Win64; x64) AppleWebKit/537.36 (KHTML, like Gecko) Chrome/79.0.3945.130 Safari/537.36"
193.34.232.21 - - [31/Jan/2020:04:57:33 -0500] "GET /files/2020/01/Health-1.jpg HTTP/1.1" 200 537913 "https://www.naijadial.com/" "Mozilla/5.0 (Windows NT 6.3; Win64; x64) AppleWebKit/537.36 (KHTML, like Gecko) Chrome/79.0.3945.130 Safari/537.36"
193.34.232.21 - - [31/Jan/2020:04:57:33 -0500] "GET /files/2020/01/Beauty-and-Personal-Care.jpg HTTP/1.1" 200 233123 "https://www.naijadial.com/" "Mozilla/5.0 (Windows NT 6.3; Win64; x64) AppleWebKit/537.36 (KHTML, like Gecko) Chrome/79.0.3945.130 Safari/537.36"
193.34.232.21 - - [31/Jan/2020:04:57:33 -0500] "GET /files/2020/01/Food.jpg HTTP/1.1" 200 475098 "https://www.naijadial.com/" "Mozilla/5.0 (Windows NT 6.3; Win64; x64) AppleWebKit/537.36 (KHTML, like Gecko) Chrome/79.0.3945.130 Safari/537.36"
193.34.232.21 - - [31/Jan/2020:04:57:33 -0500] "GET /files/2020/01/Cleaning.jpg HTTP/1.1" 200 227690 "https://www.naijadial.com/" "Mozilla/5.0 (Windows NT 6.3; Win64; x64) AppleWebKit/537.36 (KHTML, like Gecko) Chrome/79.0.3945.130 Safari/537.36"
193.34.232.21 - - [31/Jan/2020:04:57:33 -0500] "GET /files/2020/01/training.jpg HTTP/1.1" 200 287642 "https://www.naijadial.com/" "Mozilla/5.0 (Windows NT 6.3; Win64; x64) AppleWebKit/537.36 (KHTML, like Gecko) Chrome/79.0.3945.130 Safari/537.36"
193.34.232.21 - - [31/Jan/2020:04:57:33 -0500] "GET /files/2020/01/Child-Care.jpg HTTP/1.1" 200 386763 "https://www.naijadial.com/" "Mozilla/5.0 (Windows NT 6.3; Win64; x64) AppleWebKit/537.36 (KHTML, like Gecko) Chrome/79.0.3945.130 Safari/537.36"
193.34.232.21 - - [31/Jan/2020:04:57:33 -0500] "GET /files/2020/01/Construction.jpg HTTP/1.1" 200 261711 "https://www.naijadial.com/" "Mozilla/5.0 (Windows NT 6.3; Win64; x64) AppleWebKit/537.36 (KHTML, like Gecko) Chrome/79.0.3945.130 Safari/537.36"
193.34.232.21 - - [31/Jan/2020:04:57:33 -0500] "GET /files/2020/01/Fashion.jpg HTTP/1.1" 200 447688 "https://www.naijadial.com/" "Mozilla/5.0 (Windows NT 6.3; Win64; x64) AppleWebKit/537.36 (KHTML, like Gecko) Chrome/79.0.3945.130 Safari/537.36"
193.34.232.21 - - [31/Jan/2020:04:57:33 -0500] "GET /files/2020/01/Repair.jpg HTTP/1.1" 200 300356 "https://www.naijadial.com/" "Mozilla/5.0 (Windows NT 6.3; Win64; x64) AppleWebKit/537.36 (KHTML, like Gecko) Chrome/79.0.3945.130 Safari/537.36"
193.34.232.21 - - [31/Jan/2020:04:57:32 -0500] "GET /files/2020/01/Events-Header.png HTTP/1.1" 200 2113474 "https://www.naijadial.com/" "Mozilla/5.0 (Windows NT 6.3; Win64; x64) AppleWebKit/537.36 (KHTML, like Gecko) Chrome/79.0.3945.130 Safari/537.36"
193.34.232.21 - - [31/Jan/2020:04:57:34 -0500] "GET /naijadial/js/pogoslider.js?ver=5.3.2 HTTP/1.1" 304 - "https://www.naijadial.com/" "Mozilla/5.0 (Windows NT 6.3; Win64; x64) AppleWebKit/537.36 (KHTML, like Gecko) Chrome/79.0.3945.130 Safari/537.36"
193.34.232.21 - - [31/Jan/2020:04:57:33 -0500] "GET /files/2020/01/Automotives.png HTTP/1.1" 200 2010349 "https://www.naijadial.com/" "Mozilla/5.0 (Windows NT 6.3; Win64; x64) AppleWebKit/537.36 (KHTML, like Gecko) Chrome/79.0.3945.130 Safari/537.36"
193.34.232.21 - - [31/Jan/2020:04:57:33 -0500] "GET /files/2020/01/banner.png HTTP/1.1" 200 2101342 "https://www.naijadial.com/" "Mozilla/5.0 (Windows NT 6.3; Win64; x64) AppleWebKit/537.36 (KHTML, like Gecko) Chrome/79.0.3945.130 Safari/537.36"
193.34.232.21 - - [31/Jan/2020:04:57:35 -0500] "GET /cnt/plugins/vc-extensions-bundle/flipbox/js/init.min.js?ver=5.3.2 HTTP/1.1" 304 - "https://www.naijadial.com/" "Mozilla/5.0 (Windows NT 6.3; Win64; x64) AppleWebKit/537.36 (KHTML, like Gecko) Chrome/79.0.3945.130 Safari/537.36"
193.34.232.21 - - [31/Jan/2020:04:57:35 -0500] "GET /files/2020/01/Child-Care-275x152.jpg HTTP/1.1" 200 30138 "https://www.naijadial.com/" "Mozilla/5.0 (Windows NT 6.3; Win64; x64) AppleWebKit/537.36 (KHTML, like Gecko) Chrome/79.0.3945.130 Safari/537.36"
193.34.232.21 - - [31/Jan/2020:04:57:35 -0500] "GET /files/2020/01/Adex-92x92.jpg HTTP/1.1" 200 3258 "https://www.naijadial.com/" "Mozilla/5.0 (Windows NT 6.3; Win64; x64) AppleWebKit/537.36 (KHTML, like Gecko) Chrome/79.0.3945.130 Safari/537.36"
193.34.232.21 - - [31/Jan/2020:04:57:35 -0500] "GET /files/2020/01/Cleaning-275x152.jpg HTTP/1.1" 200 21818 "https://www.naijadial.com/" "Mozilla/5.0 (Windows NT 6.3; Win64; x64) AppleWebKit/537.36 (KHTML, like Gecko) Chrome/79.0.3945.130 Safari/537.36"
193.34.232.21 - - [31/Jan/2020:04:57:35 -0500] "GET /files/2020/01/responsive-web-design-360x240.png HTTP/1.1" 200 68920 "https://www.naijadial.com/" "Mozilla/5.0 (Windows NT 6.3; Win64; x64) AppleWebKit/537.36 (KHTML, like Gecko) Chrome/79.0.3945.130 Safari/537.36"
193.34.232.21 - - [31/Jan/2020:04:57:35 -0500] "GET /files/2020/01/Matican-Logo-100x100.png HTTP/1.1" 200 7238 "https://www.naijadial.com/" "Mozilla/5.0 (Windows NT 6.3; Win64; x64) AppleWebKit/537.36 (KHTML, like Gecko) Chrome/79.0.3945.130 Safari/537.36"
193.34.232.21 - - [31/Jan/2020:04:57:35 -0500] "GET /listingo/images/line-bar.jpg HTTP/1.1" 404 56697 "https://www.naijadial.com/naijadial/style.css?ver=3.2.2" "Mozilla/5.0 (Windows NT 6.3; Win64; x64) AppleWebKit/537.36 (KHTML, like Gecko) Chrome/79.0.3945.130 Safari/537.36"
193.34.232.21 - - [31/Jan/2020:04:57:35 -0500] "POST /?wc-ajax=get_refreshed_fragments HTTP/1.1" 200 2401 "https://www.naijadial.com/" "Mozilla/5.0 (Windows NT 6.3; Win64; x64) AppleWebKit/537.36 (KHTML, like Gecko) Chrome/79.0.3945.130 Safari/537.36"
193.34.232.21 - - [31/Jan/2020:04:57:36 -0500] "GET /files/2020/01/jOB.png HTTP/1.1" 200 235089 "https://www.naijadial.com/" "Mozilla/5.0 (Windows NT 6.3; Win64; x64) AppleWebKit/537.36 (KHTML, like Gecko) Chrome/79.0.3945.130 Safari/537.36"
193.34.232.21 - - [31/Jan/2020:04:57:37 -0500] "GET /files/2020/01/105245014_megaphone_976alamy.jpg HTTP/1.1" 200 12003 "https://www.naijadial.com/" "Mozilla/5.0 (Windows NT 6.3; Win64; x64) AppleWebKit/537.36 (KHTML, like Gecko) Chrome/79.0.3945.130 Safari/537.36"
193.34.232.21 - - [31/Jan/2020:04:57:37 -0500] "GET /files/2020/01/FORUM.png HTTP/1.1" 200 542731 "https://www.naijadial.com/" "Mozilla/5.0 (Windows NT 6.3; Win64; x64) AppleWebKit/537.36 (KHTML, like Gecko) Chrome/79.0.3945.130 Safari/537.36"
41.138.187.210 - - [31/Jan/2020:04:57:42 -0500] "GET /ads-search/ HTTP/1.1" 200 16517 "https://www.naijadial.com/account/" "Mozilla/5.0 (Linux; Android 9; Infinix X626B Build/PPR1.180610.011; wv) AppleWebKit/537.36 (KHTML, like Gecko) Version/4.0 Chrome/79.0.3945.136 Mobile Safari/537.36 [FB_IAB/FB4A;FBAV/255.0.0.33.121;]"
41.138.187.210 - - [31/Jan/2020:04:57:44 -0500] "GET /new/wp-content/uploads/2020/01/header.jpg HTTP/1.1" 304 - "https://www.naijadial.com/ads-search/" "Mozilla/5.0 (Linux; Android 9; Infinix X626B Build/PPR1.180610.011; wv) AppleWebKit/537.36 (KHTML, like Gecko) Version/4.0 Chrome/79.0.3945.136 Mobile Safari/537.36 [FB_IAB/FB4A;FBAV/255.0.0.33.121;]"
41.138.187.210 - - [31/Jan/2020:04:57:45 -0500] "GET /naijadial/js/maps/markerclusterer.min.js?ver=3.2.2 HTTP/1.1" 304 - "https://www.naijadial.com/ads-search/" "Mozilla/5.0 (Linux; Android 9; Infinix X626B Build/PPR1.180610.011; wv) AppleWebKit/537.36 (KHTML, like Gecko) Version/4.0 Chrome/79.0.3945.136 Mobile Safari/537.36 [FB_IAB/FB4A;FBAV/255.0.0.33.121;]"
41.138.187.210 - - [31/Jan/2020:04:57:45 -0500] "GET /naijadial/js/maps/oms.min.js?ver=3.2.2 HTTP/1.1" 304 - "https://www.naijadial.com/ads-search/" "Mozilla/5.0 (Linux; Android 9; Infinix X626B Build/PPR1.180610.011; wv) AppleWebKit/537.36 (KHTML, like Gecko) Version/4.0 Chrome/79.0.3945.136 Mobile Safari/537.36 [FB_IAB/FB4A;FBAV/255.0.0.33.121;]"
41.138.187.210 - - [31/Jan/2020:04:57:45 -0500] "GET /naijadial/js/maps/infobox.js?ver=3.2.2 HTTP/1.1" 304 - "https://www.naijadial.com/ads-search/" "Mozilla/5.0 (Linux; Android 9; Infinix X626B Build/PPR1.180610.011; wv) AppleWebKit/537.36 (KHTML, like Gecko) Version/4.0 Chrome/79.0.3945.136 Mobile Safari/537.36 [FB_IAB/FB4A;FBAV/255.0.0.33.121;]"
41.138.187.210 - - [31/Jan/2020:04:57:45 -0500] "GET /naijadial/js/jquery.sticky-kit.min.js?ver=5.3.2 HTTP/1.1" 304 - "https://www.naijadial.com/ads-search/" "Mozilla/5.0 (Linux; Android 9; Infinix X626B Build/PPR1.180610.011; wv) AppleWebKit/537.36 (KHTML, like Gecko) Version/4.0 Chrome/79.0.3945.136 Mobile Safari/537.36 [FB_IAB/FB4A;FBAV/255.0.0.33.121;]"
41.138.187.210 - - [31/Jan/2020:04:57:45 -0500] "GET /naijadial/framework-customizations/extensions/ads/static/js/maps/ad_gmaps.js?ver=1.0 HTTP/1.1" 304 - "https://www.naijadial.com/ads-search/" "Mozilla/5.0 (Linux; Android 9; Infinix X626B Build/PPR1.180610.011; wv) AppleWebKit/537.36 (KHTML, like Gecko) Version/4.0 Chrome/79.0.3945.136 Mobile Safari/537.36 [FB_IAB/FB4A;FBAV/255.0.0.33.121;]"
41.138.187.210 - - [31/Jan/2020:04:57:45 -0500] "GET /naijadial/framework-customizations/extensions/ads/static/js/fw_ext_ads_callbacks.js?ver=1.0 HTTP/1.1" 304 - "https://www.naijadial.com/ads-search/" "Mozilla/5.0 (Linux; Android 9; Infinix X626B Build/PPR1.180610.011; wv) AppleWebKit/537.36 (KHTML, like Gecko) Version/4.0 Chrome/79.0.3945.136 Mobile Safari/537.36 [FB_IAB/FB4A;FBAV/255.0.0.33.121;]"
41.138.187.210 - - [31/Jan/2020:04:57:45 -0500] "GET /files/2020/01/Matican-Logo-100x100.png HTTP/1.1" 304 - "https://www.naijadial.com/ads-search/" "Mozilla/5.0 (Linux; Android 9; Infinix X626B Build/PPR1.180610.011; wv) AppleWebKit/537.36 (KHTML, like Gecko) Version/4.0 Chrome/79.0.3945.136 Mobile Safari/537.36 [FB_IAB/FB4A;FBAV/255.0.0.33.121;]"
41.138.187.210 - - [31/Jan/2020:04:57:45 -0500] "GET /files/2020/01/responsive-web-design-360x240.png HTTP/1.1" 304 - "https://www.naijadial.com/ads-search/" "Mozilla/5.0 (Linux; Android 9; Infinix X626B Build/PPR1.180610.011; wv) AppleWebKit/537.36 (KHTML, like Gecko) Version/4.0 Chrome/79.0.3945.136 Mobile Safari/537.36 [FB_IAB/FB4A;FBAV/255.0.0.33.121;]"
41.138.187.210 - - [31/Jan/2020:04:57:45 -0500] "GET /listingo/images/line-bar.jpg HTTP/1.1" 404 53100 "https://www.naijadial.com/naijadial/style.css?ver=3.2.2" "Mozilla/5.0 (Linux; Android 9; Infinix X626B Build/PPR1.180610.011; wv) AppleWebKit/537.36 (KHTML, like Gecko) Version/4.0 Chrome/79.0.3945.136 Mobile Safari/537.36 [FB_IAB/FB4A;FBAV/255.0.0.33.121;]"
41.138.187.210 - - [31/Jan/2020:04:57:47 -0500] "GET /files/2020/01/map.png HTTP/1.1" 304 - "https://www.naijadial.com/ads-search/" "Mozilla/5.0 (Linux; Android 9; Infinix X626B Build/PPR1.180610.011; wv) AppleWebKit/537.36 (KHTML, like Gecko) Version/4.0 Chrome/79.0.3945.136 Mobile Safari/537.36 [FB_IAB/FB4A;FBAV/255.0.0.33.121;]"
68.65.121.137 - - [31/Jan/2020:04:58:09 -0500] "POST /wp-cron.php?doing_wp_cron=1580464689.2820439338684082031250 HTTP/1.1" 200 - "https://www.naijadial.com/wp-cron.php?doing_wp_cron=1580464689.2820439338684082031250" "WordPress/5.3.2; https://www.naijadial.com"
193.34.232.21 - - [31/Jan/2020:04:58:09 -0500] "GET /ad/need-a-website/ HTTP/1.1" 200 17970 "https://www.naijadial.com/" "Mozilla/5.0 (Windows NT 6.3; Win64; x64) AppleWebKit/537.36 (KHTML, like Gecko) Chrome/79.0.3945.130 Safari/537.36"
193.34.232.21 - - [31/Jan/2020:04:58:15 -0500] "GET /files/2020/01/responsive-web-design-480x380.png HTTP/1.1" 200 134686 "https://www.naijadial.com/ad/need-a-website/" "Mozilla/5.0 (Windows NT 6.3; Win64; x64) AppleWebKit/537.36 (KHTML, like Gecko) Chrome/79.0.3945.130 Safari/537.36"
193.34.232.21 - - [31/Jan/2020:04:58:15 -0500] "GET /files/2020/01/Matican-Logo.png HTTP/1.1" 200 21479 "https://www.naijadial.com/ad/need-a-website/" "Mozilla/5.0 (Windows NT 6.3; Win64; x64) AppleWebKit/537.36 (KHTML, like Gecko) Chrome/79.0.3945.130 Safari/537.36"
193.34.232.21 - - [31/Jan/2020:04:58:15 -0500] "POST /?wc-ajax=get_refreshed_fragments HTTP/1.1" 200 2401 "https://www.naijadial.com/ad/need-a-website/" "Mozilla/5.0 (Windows NT 6.3; Win64; x64) AppleWebKit/537.36 (KHTML, like Gecko) Chrome/79.0.3945.130 Safari/537.36"
193.34.232.21 - - [31/Jan/2020:04:58:15 -0500] "GET /cnt/plugins/akismet/_inc/form.js?ver=4.1.3 HTTP/1.1" 200 318 "https://www.naijadial.com/ad/need-a-website/" "Mozilla/5.0 (Windows NT 6.3; Win64; x64) AppleWebKit/537.36 (KHTML, like Gecko) Chrome/79.0.3945.130 Safari/537.36"
193.34.232.21 - - [31/Jan/2020:04:58:18 -0500] "GET /listingo/images/line-bar.jpg HTTP/1.1" 404 56697 "https://www.naijadial.com/naijadial/style.css?ver=3.2.2" "Mozilla/5.0 (Windows NT 6.3; Win64; x64) AppleWebKit/537.36 (KHTML, like Gecko) Chrome/79.0.3945.130 Safari/537.36"
193.34.232.21 - - [31/Jan/2020:04:58:44 -0500] "POST /wp-admin/admin-ajax.php HTTP/1.1" 200 98 "https://www.naijadial.com/wp-admin/post.php?post=1242&action=edit" "Mozilla/5.0 (Windows NT 6.3; Win64; x64) AppleWebKit/537.36 (KHTML, like Gecko) Chrome/79.0.3945.130 Safari/537.36"
193.34.232.21 - - [31/Jan/2020:04:51:50 -0500] "POST /wp-admin/admin-ajax.php HTTP/1.1" 200 183 "https://www.naijadial.com/wp-admin/post.php?post=1242&action=edit" "Mozilla/5.0 (Windows NT 6.3; Win64; x64) AppleWebKit/537.36 (KHTML, like Gecko) Chrome/79.0.3945.130 Safari/537.36"
68.65.121.137 - - [31/Jan/2020:05:07:08 -0500] "POST /wp-cron.php?doing_wp_cron=1580465227.7349588871002197265625 HTTP/1.1" 200 - "https://www.naijadial.com/wp-cron.php?doing_wp_cron=1580465227.7349588871002197265625" "WordPress/5.3.2; https://www.naijadial.com"
193.34.232.21 - - [31/Jan/2020:05:07:03 -0500] "POST /wp-admin/admin-ajax.php HTTP/1.1" 200 98 "https://www.naijadial.com/wp-admin/post.php?post=1242&action=edit" "Mozilla/5.0 (Windows NT 6.3; Win64; x64) AppleWebKit/537.36 (KHTML, like Gecko) Chrome/79.0.3945.130 Safari/537.36"
68.65.121.137 - - [31/Jan/2020:05:08:56 -0500] "POST /wp-cron.php?doing_wp_cron=1580465336.2785789966583251953125 HTTP/1.1" 200 - "https://www.naijadial.com/wp-cron.php?doing_wp_cron=1580465336.2785789966583251953125" "WordPress/5.3.2; https://www.naijadial.com"
193.34.232.21 - - [31/Jan/2020:05:08:56 -0500] "POST /wp-admin/admin-ajax.php HTTP/1.1" 200 98 "https://www.naijadial.com/wp-admin/post.php?post=1242&action=edit" "Mozilla/5.0 (Windows NT 6.3; Win64; x64) AppleWebKit/537.36 (KHTML, like Gecko) Chrome/79.0.3945.130 Safari/537.36"
68.65.121.137 - - [31/Jan/2020:04:59:25 -0500] "POST /wp-cron.php?doing_wp_cron=1580464765.4866950511932373046875 HTTP/1.1" 200 - "https://www.naijadial.com/wp-cron.php?doing_wp_cron=1580464765.4866950511932373046875" "WordPress/5.3.2; https://www.naijadial.com"
193.34.232.21 - - [31/Jan/2020:04:59:25 -0500] "POST /wp-admin/admin-ajax.php HTTP/1.1" 200 111 "https://www.naijadial.com/ad/need-a-website/" "Mozilla/5.0 (Windows NT 6.3; Win64; x64) AppleWebKit/537.36 (KHTML, like Gecko) Chrome/79.0.3945.130 Safari/537.36"
193.34.232.21 - - [31/Jan/2020:04:59:26 -0500] "GET /files//qr-code/post-1799/1799.png HTTP/1.1" 200 379 "https://www.naijadial.com/ad/need-a-website/" "Mozilla/5.0 (Windows NT 6.3; Win64; x64) AppleWebKit/537.36 (KHTML, like Gecko) Chrome/79.0.3945.130 Safari/537.36"
