107.181.177.135 - - [30/Jan/2020:10:31:55 -0500] "GET /naijadial/js/parallax.js?ver=5.3.2 HTTP/1.1" 304 - "https://www.naijadial.com/information-technology-it/peboy/" "Mozilla/5.0 (Windows NT 6.3; Win64; x64) AppleWebKit/537.36 (KHTML, like Gecko) Chrome/79.0.3945.130 Safari/537.36"
107.181.177.135 - - [30/Jan/2020:10:31:55 -0500] "GET /naijadial/js/jRate.js?ver=5.3.2 HTTP/1.1" 304 - "https://www.naijadial.com/information-technology-it/peboy/" "Mozilla/5.0 (Windows NT 6.3; Win64; x64) AppleWebKit/537.36 (KHTML, like Gecko) Chrome/79.0.3945.130 Safari/537.36"
107.181.177.135 - - [30/Jan/2020:10:31:55 -0500] "GET /naijadial/js/emoji/emojionearea.min.js?ver=5.3.2 HTTP/1.1" 304 - "https://www.naijadial.com/information-technology-it/peboy/" "Mozilla/5.0 (Windows NT 6.3; Win64; x64) AppleWebKit/537.36 (KHTML, like Gecko) Chrome/79.0.3945.130 Safari/537.36"
107.181.177.135 - - [30/Jan/2020:10:31:56 -0500] "GET /naijadial/js/readmore.js?ver=3.2.2 HTTP/1.1" 304 - "https://www.naijadial.com/information-technology-it/peboy/" "Mozilla/5.0 (Windows NT 6.3; Win64; x64) AppleWebKit/537.36 (KHTML, like Gecko) Chrome/79.0.3945.130 Safari/537.36"
107.181.177.135 - - [30/Jan/2020:10:31:56 -0500] "GET /naijadial/js/maps/gmaps.js?ver=3.2.2 HTTP/1.1" 304 - "https://www.naijadial.com/information-technology-it/peboy/" "Mozilla/5.0 (Windows NT 6.3; Win64; x64) AppleWebKit/537.36 (KHTML, like Gecko) Chrome/79.0.3945.130 Safari/537.36"
107.181.177.135 - - [30/Jan/2020:10:31:57 -0500] "GET /cluder/js/tinymce/langs/wp-langs-en.js?ver=4960-20190918-tadv-5210 HTTP/1.1" 304 - "https://www.naijadial.com/information-technology-it/peboy/" "Mozilla/5.0 (Windows NT 6.3; Win64; x64) AppleWebKit/537.36 (KHTML, like Gecko) Chrome/79.0.3945.130 Safari/537.36"
107.181.177.135 - - [30/Jan/2020:10:31:57 -0500] "GET /cnt/plugins/revslider/public/assets/assets/transparent.png HTTP/1.1" 200 122 "https://www.naijadial.com/information-technology-it/peboy/" "Mozilla/5.0 (Windows NT 6.3; Win64; x64) AppleWebKit/537.36 (KHTML, like Gecko) Chrome/79.0.3945.130 Safari/537.36"
107.181.177.135 - - [30/Jan/2020:10:31:57 -0500] "GET /new/wp-content/uploads/2020/01/responsive-web-design.png HTTP/1.1" 200 435923 "https://www.naijadial.com/information-technology-it/peboy/" "Mozilla/5.0 (Windows NT 6.3; Win64; x64) AppleWebKit/537.36 (KHTML, like Gecko) Chrome/79.0.3945.130 Safari/537.36"
107.181.177.135 - - [30/Jan/2020:10:31:57 -0500] "GET /naijadial/framework-customizations/extensions/questionsanswers/static/img/thumbnails/start.png HTTP/1.1" 200 22282 "https://www.naijadial.com/information-technology-it/peboy/" "Mozilla/5.0 (Windows NT 6.3; Win64; x64) AppleWebKit/537.36 (KHTML, like Gecko) Chrome/79.0.3945.130 Safari/537.36"
107.181.177.135 - - [30/Jan/2020:10:31:57 -0500] "GET /new/wp-content/uploads/2020/01/My-Clinic.png HTTP/1.1" 200 33435 "https://www.naijadial.com/information-technology-it/peboy/" "Mozilla/5.0 (Windows NT 6.3; Win64; x64) AppleWebKit/537.36 (KHTML, like Gecko) Chrome/79.0.3945.130 Safari/537.36"
107.181.177.135 - - [30/Jan/2020:10:31:57 -0500] "GET /new/wp-content/uploads/2020/01/bg-1.png HTTP/1.1" 200 234823 "https://www.naijadial.com/information-technology-it/peboy/" "Mozilla/5.0 (Windows NT 6.3; Win64; x64) AppleWebKit/537.36 (KHTML, like Gecko) Chrome/79.0.3945.130 Safari/537.36"
107.181.177.135 - - [30/Jan/2020:10:31:57 -0500] "GET /naijadial/images/qrcode.png HTTP/1.1" 200 5161 "https://www.naijadial.com/information-technology-it/peboy/" "Mozilla/5.0 (Windows NT 6.3; Win64; x64) AppleWebKit/537.36 (KHTML, like Gecko) Chrome/79.0.3945.130 Safari/537.36"
107.181.177.135 - - [30/Jan/2020:10:31:57 -0500] "GET /files/2020/01/IMG_20200112_211013-92x92.jpg HTTP/1.1" 304 - "https://www.naijadial.com/information-technology-it/peboy/" "Mozilla/5.0 (Windows NT 6.3; Win64; x64) AppleWebKit/537.36 (KHTML, like Gecko) Chrome/79.0.3945.130 Safari/537.36"
107.181.177.135 - - [30/Jan/2020:10:31:57 -0500] "GET /files/2020/01/LOGO2.jpg HTTP/1.1" 200 37885 "https://www.naijadial.com/information-technology-it/peboy/" "Mozilla/5.0 (Windows NT 6.3; Win64; x64) AppleWebKit/537.36 (KHTML, like Gecko) Chrome/79.0.3945.130 Safari/537.36"
107.181.177.135 - - [30/Jan/2020:10:31:58 -0500] "GET /cnt/plugins/revslider/public/assets/assets/loader.gif HTTP/1.1" 200 2545 "https://www.naijadial.com/cnt/plugins/revslider/public/assets/css/rs6.css?ver=6.0.7" "Mozilla/5.0 (Windows NT 6.3; Win64; x64) AppleWebKit/537.36 (KHTML, like Gecko) Chrome/79.0.3945.130 Safari/537.36"
107.181.177.135 - - [30/Jan/2020:10:31:58 -0500] "POST /?wc-ajax=get_refreshed_fragments HTTP/1.1" 200 2401 "https://www.naijadial.com/information-technology-it/peboy/" "Mozilla/5.0 (Windows NT 6.3; Win64; x64) AppleWebKit/537.36 (KHTML, like Gecko) Chrome/79.0.3945.130 Safari/537.36"
107.181.177.135 - - [30/Jan/2020:10:31:58 -0500] "GET /files/2020/01/banner.png HTTP/1.1" 200 2101342 "https://www.naijadial.com/information-technology-it/peboy/" "Mozilla/5.0 (Windows NT 6.3; Win64; x64) AppleWebKit/537.36 (KHTML, like Gecko) Chrome/79.0.3945.130 Safari/537.36"
107.181.177.135 - - [30/Jan/2020:10:31:59 -0500] "GET /new/wp-content/uploads/2020/01/matican.png HTTP/1.1" 200 151956 "https://www.naijadial.com/information-technology-it/peboy/" "Mozilla/5.0 (Windows NT 6.3; Win64; x64) AppleWebKit/537.36 (KHTML, like Gecko) Chrome/79.0.3945.130 Safari/537.36"
107.181.177.135 - - [30/Jan/2020:10:31:59 -0500] "GET /listingo/images/line-bar.jpg HTTP/1.1" 404 56697 "https://www.naijadial.com/naijadial/style.css?ver=3.2.2" "Mozilla/5.0 (Windows NT 6.3; Win64; x64) AppleWebKit/537.36 (KHTML, like Gecko) Chrome/79.0.3945.130 Safari/537.36"
107.181.177.135 - - [30/Jan/2020:10:32:02 -0500] "GET /cluder/js/tinymce/themes/modern/theme.min.js?wp-mce-4960-20190918-tadv-5210 HTTP/1.1" 304 - "https://www.naijadial.com/information-technology-it/peboy/" "Mozilla/5.0 (Windows NT 6.3; Win64; x64) AppleWebKit/537.36 (KHTML, like Gecko) Chrome/79.0.3945.130 Safari/537.36"
107.181.177.135 - - [30/Jan/2020:10:32:03 -0500] "GET /files/2020/01/map.png HTTP/1.1" 200 5266 "https://www.naijadial.com/information-technology-it/peboy/" "Mozilla/5.0 (Windows NT 6.3; Win64; x64) AppleWebKit/537.36 (KHTML, like Gecko) Chrome/79.0.3945.130 Safari/537.36"
107.181.177.135 - - [30/Jan/2020:10:32:04 -0500] "GET /cnt/plugins/tinymce-advanced/mce/anchor/plugin.min.js?wp-mce-4960-20190918-tadv-5210 HTTP/1.1" 304 - "https://www.naijadial.com/information-technology-it/peboy/" "Mozilla/5.0 (Windows NT 6.3; Win64; x64) AppleWebKit/537.36 (KHTML, like Gecko) Chrome/79.0.3945.130 Safari/537.36"
107.181.177.135 - - [30/Jan/2020:10:32:04 -0500] "GET /cnt/plugins/tinymce-advanced/mce/insertdatetime/plugin.min.js?wp-mce-4960-20190918-tadv-5210 HTTP/1.1" 304 - "https://www.naijadial.com/information-technology-it/peboy/" "Mozilla/5.0 (Windows NT 6.3; Win64; x64) AppleWebKit/537.36 (KHTML, like Gecko) Chrome/79.0.3945.130 Safari/537.36"
107.181.177.135 - - [30/Jan/2020:10:32:04 -0500] "GET /cnt/plugins/tinymce-advanced/mce/code/plugin.min.js?wp-mce-4960-20190918-tadv-5210 HTTP/1.1" 304 - "https://www.naijadial.com/information-technology-it/peboy/" "Mozilla/5.0 (Windows NT 6.3; Win64; x64) AppleWebKit/537.36 (KHTML, like Gecko) Chrome/79.0.3945.130 Safari/537.36"
107.181.177.135 - - [30/Jan/2020:10:32:04 -0500] "GET /cnt/plugins/tinymce-advanced/mce/nonbreaking/plugin.min.js?wp-mce-4960-20190918-tadv-5210 HTTP/1.1" 304 - "https://www.naijadial.com/information-technology-it/peboy/" "Mozilla/5.0 (Windows NT 6.3; Win64; x64) AppleWebKit/537.36 (KHTML, like Gecko) Chrome/79.0.3945.130 Safari/537.36"
107.181.177.135 - - [30/Jan/2020:10:32:04 -0500] "GET /cnt/plugins/tinymce-advanced/mce/searchreplace/plugin.min.js?wp-mce-4960-20190918-tadv-5210 HTTP/1.1" 304 - "https://www.naijadial.com/information-technology-it/peboy/" "Mozilla/5.0 (Windows NT 6.3; Win64; x64) AppleWebKit/537.36 (KHTML, like Gecko) Chrome/79.0.3945.130 Safari/537.36"
107.181.177.135 - - [30/Jan/2020:10:32:04 -0500] "GET /cnt/plugins/tinymce-advanced/mce/print/plugin.min.js?wp-mce-4960-20190918-tadv-5210 HTTP/1.1" 304 - "https://www.naijadial.com/information-technology-it/peboy/" "Mozilla/5.0 (Windows NT 6.3; Win64; x64) AppleWebKit/537.36 (KHTML, like Gecko) Chrome/79.0.3945.130 Safari/537.36"
107.181.177.135 - - [30/Jan/2020:10:32:06 -0500] "GET /cnt/plugins/tinymce-advanced/mce/visualblocks/plugin.min.js?wp-mce-4960-20190918-tadv-5210 HTTP/1.1" 304 - "https://www.naijadial.com/information-technology-it/peboy/" "Mozilla/5.0 (Windows NT 6.3; Win64; x64) AppleWebKit/537.36 (KHTML, like Gecko) Chrome/79.0.3945.130 Safari/537.36"
107.181.177.135 - - [30/Jan/2020:10:32:06 -0500] "GET /cnt/plugins/tinymce-advanced/mce/advlist/plugin.min.js?wp-mce-4960-20190918-tadv-5210 HTTP/1.1" 304 - "https://www.naijadial.com/information-technology-it/peboy/" "Mozilla/5.0 (Windows NT 6.3; Win64; x64) AppleWebKit/537.36 (KHTML, like Gecko) Chrome/79.0.3945.130 Safari/537.36"
107.181.177.135 - - [30/Jan/2020:10:32:06 -0500] "GET /cnt/plugins/tinymce-advanced/mce/table/plugin.min.js?wp-mce-4960-20190918-tadv-5210 HTTP/1.1" 304 - "https://www.naijadial.com/information-technology-it/peboy/" "Mozilla/5.0 (Windows NT 6.3; Win64; x64) AppleWebKit/537.36 (KHTML, like Gecko) Chrome/79.0.3945.130 Safari/537.36"
107.181.177.135 - - [30/Jan/2020:10:32:06 -0500] "GET /cnt/plugins/tinymce-advanced/mce/wptadv/plugin.min.js?wp-mce-4960-20190918-tadv-5210 HTTP/1.1" 304 - "https://www.naijadial.com/information-technology-it/peboy/" "Mozilla/5.0 (Windows NT 6.3; Win64; x64) AppleWebKit/537.36 (KHTML, like Gecko) Chrome/79.0.3945.130 Safari/537.36"
107.181.177.135 - - [30/Jan/2020:10:32:06 -0500] "GET /cnt/plugins/tinymce-advanced/mce/visualchars/plugin.min.js?wp-mce-4960-20190918-tadv-5210 HTTP/1.1" 304 - "https://www.naijadial.com/information-technology-it/peboy/" "Mozilla/5.0 (Windows NT 6.3; Win64; x64) AppleWebKit/537.36 (KHTML, like Gecko) Chrome/79.0.3945.130 Safari/537.36"
107.181.177.135 - - [30/Jan/2020:10:32:07 -0500] "GET /cluder/js/tinymce/plugins/charmap/plugin.min.js?wp-mce-4960-20190918-tadv-5210 HTTP/1.1" 304 - "https://www.naijadial.com/information-technology-it/peboy/" "Mozilla/5.0 (Windows NT 6.3; Win64; x64) AppleWebKit/537.36 (KHTML, like Gecko) Chrome/79.0.3945.130 Safari/537.36"
107.181.177.135 - - [30/Jan/2020:10:32:08 -0500] "GET /cluder/js/tinymce/plugins/colorpicker/plugin.min.js?wp-mce-4960-20190918-tadv-5210 HTTP/1.1" 304 - "https://www.naijadial.com/information-technology-it/peboy/" "Mozilla/5.0 (Windows NT 6.3; Win64; x64) AppleWebKit/537.36 (KHTML, like Gecko) Chrome/79.0.3945.130 Safari/537.36"
107.181.177.135 - - [30/Jan/2020:10:32:08 -0500] "GET /cluder/js/tinymce/plugins/media/plugin.min.js?wp-mce-4960-20190918-tadv-5210 HTTP/1.1" 304 - "https://www.naijadial.com/information-technology-it/peboy/" "Mozilla/5.0 (Windows NT 6.3; Win64; x64) AppleWebKit/537.36 (KHTML, like Gecko) Chrome/79.0.3945.130 Safari/537.36"
107.181.177.135 - - [30/Jan/2020:10:32:08 -0500] "GET /cluder/js/tinymce/plugins/lists/plugin.min.js?wp-mce-4960-20190918-tadv-5210 HTTP/1.1" 304 - "https://www.naijadial.com/information-technology-it/peboy/" "Mozilla/5.0 (Windows NT 6.3; Win64; x64) AppleWebKit/537.36 (KHTML, like Gecko) Chrome/79.0.3945.130 Safari/537.36"
107.181.177.135 - - [30/Jan/2020:10:32:08 -0500] "GET /cluder/js/tinymce/plugins/hr/plugin.min.js?wp-mce-4960-20190918-tadv-5210 HTTP/1.1" 304 - "https://www.naijadial.com/information-technology-it/peboy/" "Mozilla/5.0 (Windows NT 6.3; Win64; x64) AppleWebKit/537.36 (KHTML, like Gecko) Chrome/79.0.3945.130 Safari/537.36"
107.181.177.135 - - [30/Jan/2020:10:32:08 -0500] "GET /cluder/js/tinymce/plugins/paste/plugin.min.js?wp-mce-4960-20190918-tadv-5210 HTTP/1.1" 304 - "https://www.naijadial.com/information-technology-it/peboy/" "Mozilla/5.0 (Windows NT 6.3; Win64; x64) AppleWebKit/537.36 (KHTML, like Gecko) Chrome/79.0.3945.130 Safari/537.36"
107.181.177.135 - - [30/Jan/2020:10:32:09 -0500] "GET /cluder/js/tinymce/plugins/wordpress/plugin.min.js?wp-mce-4960-20190918-tadv-5210 HTTP/1.1" 304 - "https://www.naijadial.com/information-technology-it/peboy/" "Mozilla/5.0 (Windows NT 6.3; Win64; x64) AppleWebKit/537.36 (KHTML, like Gecko) Chrome/79.0.3945.130 Safari/537.36"
107.181.177.135 - - [30/Jan/2020:10:32:09 -0500] "GET /cluder/js/tinymce/plugins/tabfocus/plugin.min.js?wp-mce-4960-20190918-tadv-5210 HTTP/1.1" 304 - "https://www.naijadial.com/information-technology-it/peboy/" "Mozilla/5.0 (Windows NT 6.3; Win64; x64) AppleWebKit/537.36 (KHTML, like Gecko) Chrome/79.0.3945.130 Safari/537.36"
107.181.177.135 - - [30/Jan/2020:10:32:09 -0500] "GET /cluder/js/tinymce/plugins/textcolor/plugin.min.js?wp-mce-4960-20190918-tadv-5210 HTTP/1.1" 304 - "https://www.naijadial.com/information-technology-it/peboy/" "Mozilla/5.0 (Windows NT 6.3; Win64; x64) AppleWebKit/537.36 (KHTML, like Gecko) Chrome/79.0.3945.130 Safari/537.36"
107.181.177.135 - - [30/Jan/2020:10:32:09 -0500] "GET /cluder/js/tinymce/plugins/wpautoresize/plugin.min.js?wp-mce-4960-20190918-tadv-5210 HTTP/1.1" 304 - "https://www.naijadial.com/information-technology-it/peboy/" "Mozilla/5.0 (Windows NT 6.3; Win64; x64) AppleWebKit/537.36 (KHTML, like Gecko) Chrome/79.0.3945.130 Safari/537.36"
107.181.177.135 - - [30/Jan/2020:10:32:09 -0500] "GET /cluder/js/tinymce/plugins/fullscreen/plugin.min.js?wp-mce-4960-20190918-tadv-5210 HTTP/1.1" 304 - "https://www.naijadial.com/information-technology-it/peboy/" "Mozilla/5.0 (Windows NT 6.3; Win64; x64) AppleWebKit/537.36 (KHTML, like Gecko) Chrome/79.0.3945.130 Safari/537.36"
107.181.177.135 - - [30/Jan/2020:10:32:09 -0500] "GET /cluder/js/tinymce/plugins/wpeditimage/plugin.min.js?wp-mce-4960-20190918-tadv-5210 HTTP/1.1" 304 - "https://www.naijadial.com/information-technology-it/peboy/" "Mozilla/5.0 (Windows NT 6.3; Win64; x64) AppleWebKit/537.36 (KHTML, like Gecko) Chrome/79.0.3945.130 Safari/537.36"
107.181.177.135 - - [30/Jan/2020:10:32:09 -0500] "GET /cluder/js/tinymce/plugins/wpgallery/plugin.min.js?wp-mce-4960-20190918-tadv-5210 HTTP/1.1" 304 - "https://www.naijadial.com/information-technology-it/peboy/" "Mozilla/5.0 (Windows NT 6.3; Win64; x64) AppleWebKit/537.36 (KHTML, like Gecko) Chrome/79.0.3945.130 Safari/537.36"
107.181.177.135 - - [30/Jan/2020:10:32:09 -0500] "GET /cluder/js/tinymce/plugins/wpemoji/plugin.min.js?wp-mce-4960-20190918-tadv-5210 HTTP/1.1" 304 - "https://www.naijadial.com/information-technology-it/peboy/" "Mozilla/5.0 (Windows NT 6.3; Win64; x64) AppleWebKit/537.36 (KHTML, like Gecko) Chrome/79.0.3945.130 Safari/537.36"
107.181.177.135 - - [30/Jan/2020:10:32:09 -0500] "GET /cluder/js/tinymce/plugins/wplink/plugin.min.js?wp-mce-4960-20190918-tadv-5210 HTTP/1.1" 304 - "https://www.naijadial.com/information-technology-it/peboy/" "Mozilla/5.0 (Windows NT 6.3; Win64; x64) AppleWebKit/537.36 (KHTML, like Gecko) Chrome/79.0.3945.130 Safari/537.36"
107.181.177.135 - - [30/Jan/2020:10:32:10 -0500] "GET /cluder/js/tinymce/plugins/wpdialogs/plugin.min.js?wp-mce-4960-20190918-tadv-5210 HTTP/1.1" 304 - "https://www.naijadial.com/information-technology-it/peboy/" "Mozilla/5.0 (Windows NT 6.3; Win64; x64) AppleWebKit/537.36 (KHTML, like Gecko) Chrome/79.0.3945.130 Safari/537.36"
107.181.177.135 - - [30/Jan/2020:10:32:10 -0500] "GET /cluder/js/tinymce/plugins/wpview/plugin.min.js?wp-mce-4960-20190918-tadv-5210 HTTP/1.1" 304 - "https://www.naijadial.com/information-technology-it/peboy/" "Mozilla/5.0 (Windows NT 6.3; Win64; x64) AppleWebKit/537.36 (KHTML, like Gecko) Chrome/79.0.3945.130 Safari/537.36"
107.181.177.135 - - [30/Jan/2020:10:32:10 -0500] "GET /cluder/js/tinymce/plugins/wptextpattern/plugin.min.js?wp-mce-4960-20190918-tadv-5210 HTTP/1.1" 304 - "https://www.naijadial.com/information-technology-it/peboy/" "Mozilla/5.0 (Windows NT 6.3; Win64; x64) AppleWebKit/537.36 (KHTML, like Gecko) Chrome/79.0.3945.130 Safari/537.36"
107.181.177.135 - - [30/Jan/2020:10:32:11 -0500] "GET /cluder/js/tinymce/plugins/image/plugin.min.js?wp-mce-4960-20190918-tadv-5210 HTTP/1.1" 304 - "https://www.naijadial.com/information-technology-it/peboy/" "Mozilla/5.0 (Windows NT 6.3; Win64; x64) AppleWebKit/537.36 (KHTML, like Gecko) Chrome/79.0.3945.130 Safari/537.36"
68.65.121.137 - - [30/Jan/2020:10:44:36 -0500] "POST /wp-cron.php?doing_wp_cron=1580399076.0089089870452880859375 HTTP/1.1" 200 - "https://www.naijadial.com/wp-cron.php?doing_wp_cron=1580399076.0089089870452880859375" "WordPress/5.3.2; https://www.naijadial.com"
41.190.2.88 - - [30/Jan/2020:10:44:34 -0500] "GET /contact-us/ HTTP/1.1" 200 12908 "https://www.naijadial.com/job-listing/" "Mozilla/5.0 (Linux; Android 5.1.1; SM-J120FN) AppleWebKit/537.36 (KHTML, like Gecko) Chrome/77.0.3865.73 Mobile Safari/537.36"
41.190.2.88 - - [30/Jan/2020:10:44:42 -0500] "GET /dashboard/?ref=settings&identity=103 HTTP/1.1" 200 13212 "https://www.naijadial.com/account/" "Mozilla/5.0 (Linux; Android 5.1.1; SM-J120FN) AppleWebKit/537.36 (KHTML, like Gecko) Chrome/77.0.3865.73 Mobile Safari/537.36"
41.190.2.88 - - [30/Jan/2020:10:44:42 -0500] "GET /listingo/images/line-bar.jpg HTTP/1.1" 404 53100 "https://www.naijadial.com/naijadial/style.css?ver=3.2.2" "Mozilla/5.0 (Linux; Android 5.1.1; SM-J120FN) AppleWebKit/537.36 (KHTML, like Gecko) Chrome/77.0.3865.73 Mobile Safari/537.36"
41.190.2.88 - - [30/Jan/2020:10:44:43 -0500] "GET /dashboard/?ref=hours&identity=103 HTTP/1.1" 200 13211 "https://www.naijadial.com/dashboard/?ref=services&identity=103" "Mozilla/5.0 (Linux; Android 5.1.1; SM-J120FN) AppleWebKit/537.36 (KHTML, like Gecko) Chrome/77.0.3865.73 Mobile Safari/537.36"
41.190.2.88 - - [30/Jan/2020:10:44:44 -0500] "POST /?wc-ajax=get_refreshed_fragments HTTP/1.1" 200 210 "https://www.naijadial.com/contact-us/" "Mozilla/5.0 (Linux; Android 5.1.1; SM-J120FN) AppleWebKit/537.36 (KHTML, like Gecko) Chrome/77.0.3865.73 Mobile Safari/537.36"
68.65.121.137 - - [30/Jan/2020:10:37:14 -0500] "POST /wp-cron.php?doing_wp_cron=1580398633.7302689552307128906250 HTTP/1.1" 200 - "https://www.naijadial.com/wp-cron.php?doing_wp_cron=1580398633.7302689552307128906250" "WordPress/5.3.2; https://www.naijadial.com"
107.181.177.135 - - [30/Jan/2020:10:37:03 -0500] "POST /wp-admin/admin-ajax.php HTTP/1.1" 200 47 "https://www.naijadial.com/wp-admin/admin.php?page=stats&day=2020-01-30" "Mozilla/5.0 (Windows NT 6.3; Win64; x64) AppleWebKit/537.36 (KHTML, like Gecko) Chrome/79.0.3945.130 Safari/537.36"
68.65.121.137 - - [30/Jan/2020:10:39:04 -0500] "POST /wp-cron.php?doing_wp_cron=1580398744.2219350337982177734375 HTTP/1.1" 200 - "https://www.naijadial.com/wp-cron.php?doing_wp_cron=1580398744.2219350337982177734375" "WordPress/5.3.2; https://www.naijadial.com"
107.181.177.135 - - [30/Jan/2020:10:39:04 -0500] "POST /wp-admin/admin-ajax.php HTTP/1.1" 200 47 "https://www.naijadial.com/wp-admin/admin.php?page=stats&day=2020-01-30" "Mozilla/5.0 (Windows NT 6.3; Win64; x64) AppleWebKit/537.36 (KHTML, like Gecko) Chrome/79.0.3945.130 Safari/537.36"
68.65.121.137 - - [30/Jan/2020:10:41:04 -0500] "POST /wp-cron.php?doing_wp_cron=1580398864.7327818870544433593750 HTTP/1.1" 200 - "https://www.naijadial.com/wp-cron.php?doing_wp_cron=1580398864.7327818870544433593750" "WordPress/5.3.2; https://www.naijadial.com"
107.181.177.135 - - [30/Jan/2020:10:41:04 -0500] "POST /wp-admin/admin-ajax.php HTTP/1.1" 200 47 "https://www.naijadial.com/wp-admin/admin.php?page=stats&day=2020-01-30" "Mozilla/5.0 (Windows NT 6.3; Win64; x64) AppleWebKit/537.36 (KHTML, like Gecko) Chrome/79.0.3945.130 Safari/537.36"
68.65.121.137 - - [30/Jan/2020:10:43:06 -0500] "POST /wp-cron.php?doing_wp_cron=1580398985.9472100734710693359375 HTTP/1.1" 200 - "https://www.naijadial.com/wp-cron.php?doing_wp_cron=1580398985.9472100734710693359375" "WordPress/5.3.2; https://www.naijadial.com"
107.181.177.135 - - [30/Jan/2020:10:43:05 -0500] "POST /wp-admin/admin-ajax.php HTTP/1.1" 200 47 "https://www.naijadial.com/wp-admin/admin.php?page=stats&day=2020-01-30" "Mozilla/5.0 (Windows NT 6.3; Win64; x64) AppleWebKit/537.36 (KHTML, like Gecko) Chrome/79.0.3945.130 Safari/537.36"
107.181.177.135 - - [30/Jan/2020:10:32:14 -0500] "GET /cluder/css/dashicons.min.css?ver=5.3.2&wp-mce-4960-20190918-tadv-5210 HTTP/1.1" 304 - "https://www.naijadial.com/information-technology-it/peboy/" "Mozilla/5.0 (Windows NT 6.3; Win64; x64) AppleWebKit/537.36 (KHTML, like Gecko) Chrome/79.0.3945.130 Safari/537.36"
107.181.177.135 - - [30/Jan/2020:10:32:14 -0500] "GET /cluder/js/tinymce/skins/lightgray/content.min.css?wp-mce-4960-20190918-tadv-5210 HTTP/1.1" 304 - "https://www.naijadial.com/information-technology-it/peboy/" "Mozilla/5.0 (Windows NT 6.3; Win64; x64) AppleWebKit/537.36 (KHTML, like Gecko) Chrome/79.0.3945.130 Safari/537.36"
107.181.177.135 - - [30/Jan/2020:10:32:15 -0500] "GET /cluder/js/tinymce/skins/wordpress/wp-content.css?ver=5.3.2&wp-mce-4960-20190918-tadv-5210 HTTP/1.1" 304 - "https://www.naijadial.com/information-technology-it/peboy/" "Mozilla/5.0 (Windows NT 6.3; Win64; x64) AppleWebKit/537.36 (KHTML, like Gecko) Chrome/79.0.3945.130 Safari/537.36"
107.181.177.135 - - [30/Jan/2020:10:32:16 -0500] "GET /cluder/js/tinymce/skins/lightgray/skin.min.css?wp-mce-4960-20190918-tadv-5210 HTTP/1.1" 304 - "https://www.naijadial.com/information-technology-it/peboy/" "Mozilla/5.0 (Windows NT 6.3; Win64; x64) AppleWebKit/537.36 (KHTML, like Gecko) Chrome/79.0.3945.130 Safari/537.36"
107.181.177.135 - - [30/Jan/2020:10:32:17 -0500] "GET /cnt/plugins/js_composer/assets/lib/bower/font-awesome/fonts/fontawesome-webfont.woff2?v=4.7.0 HTTP/1.1" 304 - "https://www.naijadial.com/cnt/plugins/js_composer/assets/lib/bower/font-awesome/css/font-awesome.min.css?ver=6.0.5" "Mozilla/5.0 (Windows NT 6.3; Win64; x64) AppleWebKit/537.36 (KHTML, like Gecko) Chrome/79.0.3945.130 Safari/537.36"
107.181.177.135 - - [30/Jan/2020:10:32:17 -0500] "GET /naijadial/fonts/Linearicons-Free.woff2?w118d HTTP/1.1" 304 - "https://www.naijadial.com/naijadial/css/linearicons.css?ver=3.2.2" "Mozilla/5.0 (Windows NT 6.3; Win64; x64) AppleWebKit/537.36 (KHTML, like Gecko) Chrome/79.0.3945.130 Safari/537.36"
107.181.177.135 - - [30/Jan/2020:10:32:17 -0500] "GET /cnt/plugins/unyson/framework/static/libs/font-awesome/fonts/fontawesome-webfont.woff2?v=4.7.0 HTTP/1.1" 304 - "https://www.naijadial.com/cnt/plugins/unyson/framework/static/libs/font-awesome/css/font-awesome.min.css?ver=2.7.22" "Mozilla/5.0 (Windows NT 6.3; Win64; x64) AppleWebKit/537.36 (KHTML, like Gecko) Chrome/79.0.3945.130 Safari/537.36"
68.65.121.137 - - [30/Jan/2020:10:33:02 -0500] "POST /wp-cron.php?doing_wp_cron=1580398382.6487259864807128906250 HTTP/1.1" 200 - "https://www.naijadial.com/wp-cron.php?doing_wp_cron=1580398382.6487259864807128906250" "WordPress/5.3.2; https://www.naijadial.com"
107.181.177.135 - - [30/Jan/2020:10:33:02 -0500] "POST /wp-admin/admin-ajax.php HTTP/1.1" 200 47 "https://www.naijadial.com/wp-admin/admin.php?page=stats&day=2020-01-30" "Mozilla/5.0 (Windows NT 6.3; Win64; x64) AppleWebKit/537.36 (KHTML, like Gecko) Chrome/79.0.3945.130 Safari/537.36"
68.65.121.137 - - [30/Jan/2020:10:35:03 -0500] "POST /wp-cron.php?doing_wp_cron=1580398503.6271550655364990234375 HTTP/1.1" 200 - "https://www.naijadial.com/wp-cron.php?doing_wp_cron=1580398503.6271550655364990234375" "WordPress/5.3.2; https://www.naijadial.com"
107.181.177.135 - - [30/Jan/2020:10:35:03 -0500] "POST /wp-admin/admin-ajax.php HTTP/1.1" 200 47 "https://www.naijadial.com/wp-admin/admin.php?page=stats&day=2020-01-30" "Mozilla/5.0 (Windows NT 6.3; Win64; x64) AppleWebKit/537.36 (KHTML, like Gecko) Chrome/79.0.3945.130 Safari/537.36"
68.65.121.137 - - [30/Jan/2020:10:53:23 -0500] "POST /wp-cron.php?doing_wp_cron=1580399603.4341700077056884765625 HTTP/1.1" 200 - "https://www.naijadial.com/wp-cron.php?doing_wp_cron=1580399603.4341700077056884765625" "WordPress/5.3.2; https://www.naijadial.com"
107.181.177.135 - - [30/Jan/2020:10:53:17 -0500] "POST /wp-admin/admin-ajax.php HTTP/1.1" 200 47 "https://www.naijadial.com/wp-admin/admin.php?page=stats&day=2020-01-30" "Mozilla/5.0 (Windows NT 6.3; Win64; x64) AppleWebKit/537.36 (KHTML, like Gecko) Chrome/79.0.3945.130 Safari/537.36"
68.65.121.137 - - [30/Jan/2020:10:53:42 -0500] "POST /wp-cron.php?doing_wp_cron=1580399622.7679030895233154296875 HTTP/1.1" 200 - "https://www.naijadial.com/wp-cron.php?doing_wp_cron=1580399622.7679030895233154296875" "WordPress/5.3.2; https://www.naijadial.com"
66.102.8.131 - - [30/Jan/2020:10:53:42 -0500] "GET /?key=a191a033a2c3f744dadd48001cc6d6fd&verifyemail=peboytheking@gmail.com HTTP/1.1" 301 - "-" "Mozilla/5.0 (Windows NT 10.0; Win64; x64) AppleWebKit/537.36 (KHTML, like Gecko) Chrome/67.0.3396.99 Safari/537.36"
66.102.8.135 - - [30/Jan/2020:10:53:43 -0500] "GET /?key=a191a033a2c3f744dadd48001cc6d6fd&verifyemail=peboytheking%40gmail.com HTTP/1.1" 200 24589 "-" "Mozilla/5.0 (Windows NT 10.0; Win64; x64) AppleWebKit/537.36 (KHTML, like Gecko) Chrome/67.0.3396.99 Safari/537.36"
66.102.8.131 - - [30/Jan/2020:10:53:45 -0500] "GET /cnt/plugins/mega-addons-for-visual-composer/css/font-awesome/css/font-awesome.css?ver=5.3.2 HTTP/1.1" 200 7439 "https://www.naijadial.com/?key=a191a033a2c3f744dadd48001cc6d6fd&verifyemail=peboytheking%40gmail.com" "Mozilla/5.0 (Windows NT 10.0; Win64; x64) AppleWebKit/537.36 (KHTML, like Gecko) Chrome/67.0.3396.99 Safari/537.36"
66.102.8.137 - - [30/Jan/2020:10:53:45 -0500] "GET /cnt/plugins/gd-bbpress-toolbox/templates/default/css/widgets.min.css?ver=5.2.1.712 HTTP/1.1" 200 517 "https://www.naijadial.com/?key=a191a033a2c3f744dadd48001cc6d6fd&verifyemail=peboytheking%40gmail.com" "Mozilla/5.0 (Windows NT 10.0; Win64; x64) AppleWebKit/537.36 (KHTML, like Gecko) Chrome/67.0.3396.99 Safari/537.36"
66.102.8.135 - - [30/Jan/2020:10:53:45 -0500] "GET /cnt/plugins/mega-addons-for-visual-composer/css/style.css?ver=5.3.2 HTTP/1.1" 200 601 "https://www.naijadial.com/?key=a191a033a2c3f744dadd48001cc6d6fd&verifyemail=peboytheking%40gmail.com" "Mozilla/5.0 (Windows NT 10.0; Win64; x64) AppleWebKit/537.36 (KHTML, like Gecko) Chrome/67.0.3396.99 Safari/537.36"
66.102.8.137 - - [30/Jan/2020:10:53:45 -0500] "GET /naijadial/css/bootstrap.min.css?ver=3.2.2 HTTP/1.1" 200 19749 "https://www.naijadial.com/?key=a191a033a2c3f744dadd48001cc6d6fd&verifyemail=peboytheking%40gmail.com" "Mozilla/5.0 (Windows NT 10.0; Win64; x64) AppleWebKit/537.36 (KHTML, like Gecko) Chrome/67.0.3396.99 Safari/537.36"
66.102.8.137 - - [30/Jan/2020:10:53:45 -0500] "GET /naijadial/css/normalize.css?ver=3.2.2 HTTP/1.1" 304 - "https://www.naijadial.com/?key=a191a033a2c3f744dadd48001cc6d6fd&verifyemail=peboytheking%40gmail.com" "Mozilla/5.0 (Windows NT 10.0; Win64; x64) AppleWebKit/537.36 (KHTML, like Gecko) Chrome/67.0.3396.99 Safari/537.36"
66.102.8.137 - - [30/Jan/2020:10:53:45 -0500] "GET /naijadial/css/scrollbar.css?ver=3.2.2 HTTP/1.1" 304 - "https://www.naijadial.com/?key=a191a033a2c3f744dadd48001cc6d6fd&verifyemail=peboytheking%40gmail.com" "Mozilla/5.0 (Windows NT 10.0; Win64; x64) AppleWebKit/537.36 (KHTML, like Gecko) Chrome/67.0.3396.99 Safari/537.36"
66.102.8.131 - - [30/Jan/2020:10:53:45 -0500] "GET /cnt/plugins/contact-form-7/includes/css/styles.css?ver=5.1.6 HTTP/1.1" 304 - "https://www.naijadial.com/?key=a191a033a2c3f744dadd48001cc6d6fd&verifyemail=peboytheking%40gmail.com" "Mozilla/5.0 (Windows NT 10.0; Win64; x64) AppleWebKit/537.36 (KHTML, like Gecko) Chrome/67.0.3396.99 Safari/537.36"
66.102.8.136 - - [30/Jan/2020:10:53:45 -0500] "GET /cnt/plugins/unyson/framework/extensions/forms/static/css/frontend.css?ver=2.7.22 HTTP/1.1" 200 1645 "https://www.naijadial.com/?key=a191a033a2c3f744dadd48001cc6d6fd&verifyemail=peboytheking%40gmail.com" "Mozilla/5.0 (Windows NT 10.0; Win64; x64) AppleWebKit/537.36 (KHTML, like Gecko) Chrome/67.0.3396.99 Safari/537.36"
66.102.8.135 - - [30/Jan/2020:10:53:45 -0500] "GET /cnt/plugins/unyson/framework/extensions/breadcrumbs/static/css/style.css?ver=5.3.2 HTTP/1.1" 200 133 "https://www.naijadial.com/?key=a191a033a2c3f744dadd48001cc6d6fd&verifyemail=peboytheking%40gmail.com" "Mozilla/5.0 (Windows NT 10.0; Win64; x64) AppleWebKit/537.36 (KHTML, like Gecko) Chrome/67.0.3396.99 Safari/537.36"
66.102.8.135 - - [30/Jan/2020:10:53:45 -0500] "GET /naijadial/css/datetimepicker.css?ver=3.2.2 HTTP/1.1" 200 4503 "https://www.naijadial.com/?key=a191a033a2c3f744dadd48001cc6d6fd&verifyemail=peboytheking%40gmail.com" "Mozilla/5.0 (Windows NT 10.0; Win64; x64) AppleWebKit/537.36 (KHTML, like Gecko) Chrome/67.0.3396.99 Safari/537.36"
66.102.8.137 - - [30/Jan/2020:10:53:45 -0500] "GET /naijadial/css/linearicons.css?ver=3.2.2 HTTP/1.1" 304 - "https://www.naijadial.com/?key=a191a033a2c3f744dadd48001cc6d6fd&verifyemail=peboytheking%40gmail.com" "Mozilla/5.0 (Windows NT 10.0; Win64; x64) AppleWebKit/537.36 (KHTML, like Gecko) Chrome/67.0.3396.99 Safari/537.36"
66.102.8.134 - - [30/Jan/2020:10:53:45 -0500] "GET /naijadial/css/owl.carousel.min.css?ver=3.2.2 HTTP/1.1" 200 834 "https://www.naijadial.com/?key=a191a033a2c3f744dadd48001cc6d6fd&verifyemail=peboytheking%40gmail.com" "Mozilla/5.0 (Windows NT 10.0; Win64; x64) AppleWebKit/537.36 (KHTML, like Gecko) Chrome/67.0.3396.99 Safari/537.36"
66.102.8.135 - - [30/Jan/2020:10:53:45 -0500] "GET /naijadial/css/jquery-ui.css?ver=3.2.2 HTTP/1.1" 200 7036 "https://www.naijadial.com/?key=a191a033a2c3f744dadd48001cc6d6fd&verifyemail=peboytheking%40gmail.com" "Mozilla/5.0 (Windows NT 10.0; Win64; x64) AppleWebKit/537.36 (KHTML, like Gecko) Chrome/67.0.3396.99 Safari/537.36"
66.102.8.135 - - [30/Jan/2020:10:53:45 -0500] "GET /naijadial/css/typo.css?ver=3.2.2 HTTP/1.1" 200 3322 "https://www.naijadial.com/?key=a191a033a2c3f744dadd48001cc6d6fd&verifyemail=peboytheking%40gmail.com" "Mozilla/5.0 (Windows NT 10.0; Win64; x64) AppleWebKit/537.36 (KHTML, like Gecko) Chrome/67.0.3396.99 Safari/537.36"
66.102.8.137 - - [30/Jan/2020:10:53:45 -0500] "GET /cnt/plugins/unyson/framework/extensions/builder/static/css/frontend-grid.css?ver=1.2.11 HTTP/1.1" 200 1961 "https://www.naijadial.com/?key=a191a033a2c3f744dadd48001cc6d6fd&verifyemail=peboytheking%40gmail.com" "Mozilla/5.0 (Windows NT 10.0; Win64; x64) AppleWebKit/537.36 (KHTML, like Gecko) Chrome/67.0.3396.99 Safari/537.36"
66.102.8.131 - - [30/Jan/2020:10:53:45 -0500] "GET /cnt/plugins/js_composer/assets/lib/bower/font-awesome/css/font-awesome.min.css?ver=6.0.5 HTTP/1.1" 200 6970 "https://www.naijadial.com/?key=a191a033a2c3f744dadd48001cc6d6fd&verifyemail=peboytheking%40gmail.com" "Mozilla/5.0 (Windows NT 10.0; Win64; x64) AppleWebKit/537.36 (KHTML, like Gecko) Chrome/67.0.3396.99 Safari/537.36"
66.102.8.135 - - [30/Jan/2020:10:53:45 -0500] "GET /naijadial/css/color.css?ver=3.2.2 HTTP/1.1" 200 2884 "https://www.naijadial.com/?key=a191a033a2c3f744dadd48001cc6d6fd&verifyemail=peboytheking%40gmail.com" "Mozilla/5.0 (Windows NT 10.0; Win64; x64) AppleWebKit/537.36 (KHTML, like Gecko) Chrome/67.0.3396.99 Safari/537.36"
66.102.8.131 - - [30/Jan/2020:10:53:45 -0500] "GET /naijadial/css/owl.theme.default.min.css?ver=3.2.2 HTTP/1.1" 304 - "https://www.naijadial.com/?key=a191a033a2c3f744dadd48001cc6d6fd&verifyemail=peboytheking%40gmail.com" "Mozilla/5.0 (Windows NT 10.0; Win64; x64) AppleWebKit/537.36 (KHTML, like Gecko) Chrome/67.0.3396.99 Safari/537.36"
66.102.8.131 - - [30/Jan/2020:10:53:45 -0500] "GET /naijadial/css/jquery.countdown.css?ver=3.2.2 HTTP/1.1" 200 472 "https://www.naijadial.com/?key=a191a033a2c3f744dadd48001cc6d6fd&verifyemail=peboytheking%40gmail.com" "Mozilla/5.0 (Windows NT 10.0; Win64; x64) AppleWebKit/537.36 (KHTML, like Gecko) Chrome/67.0.3396.99 Safari/537.36"
66.102.8.138 - - [30/Jan/2020:10:53:45 -0500] "GET /cnt/plugins/bbp-style-pack/css/bspstyle.css?ver=4.3.8 HTTP/1.1" 304 - "https://www.naijadial.com/?key=a191a033a2c3f744dadd48001cc6d6fd&verifyemail=peboytheking%40gmail.com" "Mozilla/5.0 (Windows NT 10.0; Win64; x64) AppleWebKit/537.36 (KHTML, like Gecko) Chrome/67.0.3396.99 Safari/537.36"
66.102.8.138 - - [30/Jan/2020:10:53:45 -0500] "GET /cnt/plugins/js_composer/assets/css/js_composer.min.css?ver=6.0.5 HTTP/1.1" 200 45758 "https://www.naijadial.com/?key=a191a033a2c3f744dadd48001cc6d6fd&verifyemail=peboytheking%40gmail.com" "Mozilla/5.0 (Windows NT 10.0; Win64; x64) AppleWebKit/537.36 (KHTML, like Gecko) Chrome/67.0.3396.99 Safari/537.36"
66.102.8.136 - - [30/Jan/2020:10:53:45 -0500] "GET /naijadial/css/transitions.css?ver=3.2.2 HTTP/1.1" 200 1476 "https://www.naijadial.com/?key=a191a033a2c3f744dadd48001cc6d6fd&verifyemail=peboytheking%40gmail.com" "Mozilla/5.0 (Windows NT 10.0; Win64; x64) AppleWebKit/537.36 (KHTML, like Gecko) Chrome/67.0.3396.99 Safari/537.36"
66.102.8.138 - - [30/Jan/2020:10:53:45 -0500] "GET /naijadial/css/chat_module.css?ver=3.2.2 HTTP/1.1" 200 3839 "https://www.naijadial.com/?key=a191a033a2c3f744dadd48001cc6d6fd&verifyemail=peboytheking%40gmail.com" "Mozilla/5.0 (Windows NT 10.0; Win64; x64) AppleWebKit/537.36 (KHTML, like Gecko) Chrome/67.0.3396.99 Safari/537.36"
66.102.8.137 - - [30/Jan/2020:10:53:45 -0500] "GET /cnt/plugins/vc-extensions-bundle/css/admin_icon.css?ver=5.3.2 HTTP/1.1" 304 - "https://www.naijadial.com/?key=a191a033a2c3f744dadd48001cc6d6fd&verifyemail=peboytheking%40gmail.com" "Mozilla/5.0 (Windows NT 10.0; Win64; x64) AppleWebKit/537.36 (KHTML, like Gecko) Chrome/67.0.3396.99 Safari/537.36"
66.102.8.134 - - [30/Jan/2020:10:53:45 -0500] "GET /cnt/plugins/mega-addons-for-visual-composer/css/ihover.css?ver=5.3.2 HTTP/1.1" 200 77665 "https://www.naijadial.com/?key=a191a033a2c3f744dadd48001cc6d6fd&verifyemail=peboytheking%40gmail.com" "Mozilla/5.0 (Windows NT 10.0; Win64; x64) AppleWebKit/537.36 (KHTML, like Gecko) Chrome/67.0.3396.99 Safari/537.36"
66.102.8.138 - - [30/Jan/2020:10:53:45 -0500] "GET /naijadial/css/prettyPhoto.css?ver=3.2.2 HTTP/1.1" 200 2777 "https://www.naijadial.com/?key=a191a033a2c3f744dadd48001cc6d6fd&verifyemail=peboytheking%40gmail.com" "Mozilla/5.0 (Windows NT 10.0; Win64; x64) AppleWebKit/537.36 (KHTML, like Gecko) Chrome/67.0.3396.99 Safari/537.36"
66.102.8.138 - - [30/Jan/2020:10:53:45 -0500] "GET /naijadial/style.css?ver=3.2.2 HTTP/1.1" 200 61862 "https://www.naijadial.com/?key=a191a033a2c3f744dadd48001cc6d6fd&verifyemail=peboytheking%40gmail.com" "Mozilla/5.0 (Windows NT 10.0; Win64; x64) AppleWebKit/537.36 (KHTML, like Gecko) Chrome/67.0.3396.99 Safari/537.36"
66.102.8.137 - - [30/Jan/2020:10:53:45 -0500] "GET /naijadial/css/chosen.css?ver=3.2.2 HTTP/1.1" 200 2142 "https://www.naijadial.com/?key=a191a033a2c3f744dadd48001cc6d6fd&verifyemail=peboytheking%40gmail.com" "Mozilla/5.0 (Windows NT 10.0; Win64; x64) AppleWebKit/537.36 (KHTML, like Gecko) Chrome/67.0.3396.99 Safari/537.36"
66.102.8.137 - - [30/Jan/2020:10:53:45 -0500] "GET /cnt/plugins/revslider/public/assets/css/rs6.css?ver=6.0.7 HTTP/1.1" 200 11700 "https://www.naijadial.com/?key=a191a033a2c3f744dadd48001cc6d6fd&verifyemail=peboytheking%40gmail.com" "Mozilla/5.0 (Windows NT 10.0; Win64; x64) AppleWebKit/537.36 (KHTML, like Gecko) Chrome/67.0.3396.99 Safari/537.36"
66.102.8.136 - - [30/Jan/2020:10:53:45 -0500] "GET /cnt/plugins/unyson/framework/static/libs/lnr/css/lnr.css?ver=2.7.22 HTTP/1.1" 200 1660 "https://www.naijadial.com/?key=a191a033a2c3f744dadd48001cc6d6fd&verifyemail=peboytheking%40gmail.com" "Mozilla/5.0 (Windows NT 10.0; Win64; x64) AppleWebKit/537.36 (KHTML, like Gecko) Chrome/67.0.3396.99 Safari/537.36"
66.102.8.137 - - [30/Jan/2020:10:53:45 -0500] "GET /cnt/plugins/vc-extensions-bundle/flipbox/css/style.css?ver=5.3.2 HTTP/1.1" 200 994 "https://www.naijadial.com/?key=a191a033a2c3f744dadd48001cc6d6fd&verifyemail=peboytheking%40gmail.com" "Mozilla/5.0 (Windows NT 10.0; Win64; x64) AppleWebKit/537.36 (KHTML, like Gecko) Chrome/67.0.3396.99 Safari/537.36"
66.102.8.137 - - [30/Jan/2020:10:53:45 -0500] "GET /naijadial/css/responsive.css?ver=3.2.2 HTTP/1.1" 200 12539 "https://www.naijadial.com/?key=a191a033a2c3f744dadd48001cc6d6fd&verifyemail=peboytheking%40gmail.com" "Mozilla/5.0 (Windows NT 10.0; Win64; x64) AppleWebKit/537.36 (KHTML, like Gecko) Chrome/67.0.3396.99 Safari/537.36"
66.102.8.135 - - [30/Jan/2020:10:53:45 -0500] "GET /cnt/plugins/revslider/public/assets/js/revolution.tools.min.js?ver=6.0 HTTP/1.1" 304 - "https://www.naijadial.com/?key=a191a033a2c3f744dadd48001cc6d6fd&verifyemail=peboytheking%40gmail.com" "Mozilla/5.0 (Windows NT 10.0; Win64; x64) AppleWebKit/537.36 (KHTML, like Gecko) Chrome/67.0.3396.99 Safari/537.36"
66.102.8.137 - - [30/Jan/2020:10:53:45 -0500] "GET /cnt/plugins/js_composer/assets/js/vendors/woocommerce-add-to-cart.js?ver=6.0.5 HTTP/1.1" 304 - "https://www.naijadial.com/?key=a191a033a2c3f744dadd48001cc6d6fd&verifyemail=peboytheking%40gmail.com" "Mozilla/5.0 (Windows NT 10.0; Win64; x64) AppleWebKit/537.36 (KHTML, like Gecko) Chrome/67.0.3396.99 Safari/537.36"
66.102.8.135 - - [30/Jan/2020:10:53:45 -0500] "GET /naijadial/js/countTo.js?ver=5.3.2 HTTP/1.1" 304 - "https://www.naijadial.com/?key=a191a033a2c3f744dadd48001cc6d6fd&verifyemail=peboytheking%40gmail.com" "Mozilla/5.0 (Windows NT 10.0; Win64; x64) AppleWebKit/537.36 (KHTML, like Gecko) Chrome/67.0.3396.99 Safari/537.36"
66.102.8.131 - - [30/Jan/2020:10:53:45 -0500] "GET /naijadial/css/pogoslider.css?ver=3.2.2 HTTP/1.1" 200 3810 "https://www.naijadial.com/?key=a191a033a2c3f744dadd48001cc6d6fd&verifyemail=peboytheking%40gmail.com" "Mozilla/5.0 (Windows NT 10.0; Win64; x64) AppleWebKit/537.36 (KHTML, like Gecko) Chrome/67.0.3396.99 Safari/537.36"
66.102.8.131 - - [30/Jan/2020:10:53:45 -0500] "GET /naijadial/js/vendor/modernizr-2.8.3-respond-1.4.2.min.js?ver=3.2.2 HTTP/1.1" 304 - "https://www.naijadial.com/?key=a191a033a2c3f744dadd48001cc6d6fd&verifyemail=peboytheking%40gmail.com" "Mozilla/5.0 (Windows NT 10.0; Win64; x64) AppleWebKit/537.36 (KHTML, like Gecko) Chrome/67.0.3396.99 Safari/537.36"
66.102.8.137 - - [30/Jan/2020:10:53:45 -0500] "GET /cnt/plugins/unyson/framework/static/libs/linecons/css/linecons.css?ver=2.7.22 HTTP/1.1" 200 56006 "https://www.naijadial.com/?key=a191a033a2c3f744dadd48001cc6d6fd&verifyemail=peboytheking%40gmail.com" "Mozilla/5.0 (Windows NT 10.0; Win64; x64) AppleWebKit/537.36 (KHTML, like Gecko) Chrome/67.0.3396.99 Safari/537.36"
66.102.8.134 - - [30/Jan/2020:10:53:45 -0500] "GET /cnt/plugins/revslider/public/assets/js/rs6.min.js?ver=6.0.7 HTTP/1.1" 304 - "https://www.naijadial.com/?key=a191a033a2c3f744dadd48001cc6d6fd&verifyemail=peboytheking%40gmail.com" "Mozilla/5.0 (Windows NT 10.0; Win64; x64) AppleWebKit/537.36 (KHTML, like Gecko) Chrome/67.0.3396.99 Safari/537.36"
66.102.8.131 - - [30/Jan/2020:10:53:45 -0500] "GET /cnt/plugins/unyson/framework/static/js/fw-form-helpers.js?ver=5.3.2 HTTP/1.1" 304 - "https://www.naijadial.com/?key=a191a033a2c3f744dadd48001cc6d6fd&verifyemail=peboytheking%40gmail.com" "Mozilla/5.0 (Windows NT 10.0; Win64; x64) AppleWebKit/537.36 (KHTML, like Gecko) Chrome/67.0.3396.99 Safari/537.36"
66.102.8.131 - - [30/Jan/2020:10:53:45 -0500] "GET /cnt/plugins/unyson/framework/static/libs/unycon/unycon.css?ver=2.7.22 HTTP/1.1" 304 - "https://www.naijadial.com/?key=a191a033a2c3f744dadd48001cc6d6fd&verifyemail=peboytheking%40gmail.com" "Mozilla/5.0 (Windows NT 10.0; Win64; x64) AppleWebKit/537.36 (KHTML, like Gecko) Chrome/67.0.3396.99 Safari/537.36"
66.102.8.138 - - [30/Jan/2020:10:53:45 -0500] "GET /naijadial/js/appear.js?ver=5.3.2 HTTP/1.1" 304 - "https://www.naijadial.com/?key=a191a033a2c3f744dadd48001cc6d6fd&verifyemail=peboytheking%40gmail.com" "Mozilla/5.0 (Windows NT 10.0; Win64; x64) AppleWebKit/537.36 (KHTML, like Gecko) Chrome/67.0.3396.99 Safari/537.36"
66.102.8.138 - - [30/Jan/2020:10:53:45 -0500] "GET /cnt/plugins/unyson/framework/static/libs/font-awesome/css/font-awesome.min.css?ver=2.7.22 HTTP/1.1" 200 7053 "https://www.naijadial.com/?key=a191a033a2c3f744dadd48001cc6d6fd&verifyemail=peboytheking%40gmail.com" "Mozilla/5.0 (Windows NT 10.0; Win64; x64) AppleWebKit/537.36 (KHTML, like Gecko) Chrome/67.0.3396.99 Safari/537.36"
66.102.8.138 - - [30/Jan/2020:10:53:45 -0500] "GET /cnt/plugins/unyson/framework/static/libs/typcn/css/typcn.css?ver=2.7.22 HTTP/1.1" 200 3998 "https://www.naijadial.com/?key=a191a033a2c3f744dadd48001cc6d6fd&verifyemail=peboytheking%40gmail.com" "Mozilla/5.0 (Windows NT 10.0; Win64; x64) AppleWebKit/537.36 (KHTML, like Gecko) Chrome/67.0.3396.99 Safari/537.36"
66.102.8.136 - - [30/Jan/2020:10:53:45 -0500] "GET /files/so-css/so-css-listingo.css?ver=1580144791 HTTP/1.1" 304 - "https://www.naijadial.com/?key=a191a033a2c3f744dadd48001cc6d6fd&verifyemail=peboytheking%40gmail.com" "Mozilla/5.0 (Windows NT 10.0; Win64; x64) AppleWebKit/537.36 (KHTML, like Gecko) Chrome/67.0.3396.99 Safari/537.36"
66.102.8.136 - - [30/Jan/2020:10:53:45 -0500] "GET /cnt/plugins/unyson/framework/static/libs/entypo/css/entypo.css?ver=2.7.22 HTTP/1.1" 200 3542 "https://www.naijadial.com/?key=a191a033a2c3f744dadd48001cc6d6fd&verifyemail=peboytheking%40gmail.com" "Mozilla/5.0 (Windows NT 10.0; Win64; x64) AppleWebKit/537.36 (KHTML, like Gecko) Chrome/67.0.3396.99 Safari/537.36"
66.102.8.135 - - [30/Jan/2020:10:53:45 -0500] "GET /naijadial/js/jquery.countdown.js?ver=3.2.2 HTTP/1.1" 200 600 "https://www.naijadial.com/?key=a191a033a2c3f744dadd48001cc6d6fd&verifyemail=peboytheking%40gmail.com" "Mozilla/5.0 (Windows NT 10.0; Win64; x64) AppleWebKit/537.36 (KHTML, like Gecko) Chrome/67.0.3396.99 Safari/537.36"
66.102.8.131 - - [30/Jan/2020:10:53:45 -0500] "GET /naijadial/js/listingo_callbacks.js?ver=3.2.2 HTTP/1.1" 304 - "https://www.naijadial.com/?key=a191a033a2c3f744dadd48001cc6d6fd&verifyemail=peboytheking%40gmail.com" "Mozilla/5.0 (Windows NT 10.0; Win64; x64) AppleWebKit/537.36 (KHTML, like Gecko) Chrome/67.0.3396.99 Safari/537.36"
66.102.8.137 - - [30/Jan/2020:10:53:45 -0500] "GET /naijadial/js/vendor/bootstrap.min.js?ver=3.2.2 HTTP/1.1" 200 9838 "https://www.naijadial.com/?key=a191a033a2c3f744dadd48001cc6d6fd&verifyemail=peboytheking%40gmail.com" "Mozilla/5.0 (Windows NT 10.0; Win64; x64) AppleWebKit/537.36 (KHTML, like Gecko) Chrome/67.0.3396.99 Safari/537.36"
66.102.8.135 - - [30/Jan/2020:10:53:45 -0500] "GET /naijadial/js/owl.carousel.min.js?ver=3.2.2 HTTP/1.1" 304 - "https://www.naijadial.com/?key=a191a033a2c3f744dadd48001cc6d6fd&verifyemail=peboytheking%40gmail.com" "Mozilla/5.0 (Windows NT 10.0; Win64; x64) AppleWebKit/537.36 (KHTML, like Gecko) Chrome/67.0.3396.99 Safari/537.36"
66.102.8.131 - - [30/Jan/2020:10:53:45 -0500] "GET /cnt/plugins/mega-addons-for-visual-composer/js/script.js?ver=5.3.2 HTTP/1.1" 304 - "https://www.naijadial.com/?key=a191a033a2c3f744dadd48001cc6d6fd&verifyemail=peboytheking%40gmail.com" "Mozilla/5.0 (Windows NT 10.0; Win64; x64) AppleWebKit/537.36 (KHTML, like Gecko) Chrome/67.0.3396.99 Safari/537.36"
66.102.8.134 - - [30/Jan/2020:10:53:45 -0500] "GET /cnt/plugins/contact-form-7/includes/js/scripts.js?ver=5.1.6 HTTP/1.1" 304 - "https://www.naijadial.com/?key=a191a033a2c3f744dadd48001cc6d6fd&verifyemail=peboytheking%40gmail.com" "Mozilla/5.0 (Windows NT 10.0; Win64; x64) AppleWebKit/537.36 (KHTML, like Gecko) Chrome/67.0.3396.99 Safari/537.36"
66.102.8.134 - - [30/Jan/2020:10:53:45 -0500] "GET /naijadial/framework-customizations/extensions/ads/static/js/fw_ext_ads_callbacks.js?ver=1.0 HTTP/1.1" 304 - "https://www.naijadial.com/?key=a191a033a2c3f744dadd48001cc6d6fd&verifyemail=peboytheking%40gmail.com" "Mozilla/5.0 (Windows NT 10.0; Win64; x64) AppleWebKit/537.36 (KHTML, like Gecko) Chrome/67.0.3396.99 Safari/537.36"
66.102.8.131 - - [30/Jan/2020:10:53:45 -0500] "GET /naijadial/js/gmap3.min.js?ver=5.3.2 HTTP/1.1" 304 - "https://www.naijadial.com/?key=a191a033a2c3f744dadd48001cc6d6fd&verifyemail=peboytheking%40gmail.com" "Mozilla/5.0 (Windows NT 10.0; Win64; x64) AppleWebKit/537.36 (KHTML, like Gecko) Chrome/67.0.3396.99 Safari/537.36"
66.102.8.131 - - [30/Jan/2020:10:53:45 -0500] "GET /naijadial/js/scrollbar.min.js?ver=3.2.2 HTTP/1.1" 304 - "https://www.naijadial.com/?key=a191a033a2c3f744dadd48001cc6d6fd&verifyemail=peboytheking%40gmail.com" "Mozilla/5.0 (Windows NT 10.0; Win64; x64) AppleWebKit/537.36 (KHTML, like Gecko) Chrome/67.0.3396.99 Safari/537.36"
66.102.8.138 - - [30/Jan/2020:10:53:45 -0500] "GET /naijadial/js/datetimepicker.js?ver=3.2.2 HTTP/1.1" 304 - "https://www.naijadial.com/?key=a191a033a2c3f744dadd48001cc6d6fd&verifyemail=peboytheking%40gmail.com" "Mozilla/5.0 (Windows NT 10.0; Win64; x64) AppleWebKit/537.36 (KHTML, like Gecko) Chrome/67.0.3396.99 Safari/537.36"
66.102.8.134 - - [30/Jan/2020:10:53:45 -0500] "GET /naijadial/js/chosen.jquery.js?ver=3.2.2 HTTP/1.1" 304 - "https://www.naijadial.com/?key=a191a033a2c3f744dadd48001cc6d6fd&verifyemail=peboytheking%40gmail.com" "Mozilla/5.0 (Windows NT 10.0; Win64; x64) AppleWebKit/537.36 (KHTML, like Gecko) Chrome/67.0.3396.99 Safari/537.36"
66.102.8.137 - - [30/Jan/2020:10:53:45 -0500] "GET /naijadial/js/parallax.js?ver=5.3.2 HTTP/1.1" 200 2230 "https://www.naijadial.com/?key=a191a033a2c3f744dadd48001cc6d6fd&verifyemail=peboytheking%40gmail.com" "Mozilla/5.0 (Windows NT 10.0; Win64; x64) AppleWebKit/537.36 (KHTML, like Gecko) Chrome/67.0.3396.99 Safari/537.36"
66.102.8.135 - - [30/Jan/2020:10:53:45 -0500] "GET /cluder/js/wp-emoji-release.min.js?ver=5.3.2 HTTP/1.1" 200 4626 "https://www.naijadial.com/?key=a191a033a2c3f744dadd48001cc6d6fd&verifyemail=peboytheking%40gmail.com" "Mozilla/5.0 (Windows NT 10.0; Win64; x64) AppleWebKit/537.36 (KHTML, like Gecko) Chrome/67.0.3396.99 Safari/537.36"
66.102.8.135 - - [30/Jan/2020:10:53:45 -0500] "GET /naijadial/js/listingo_maps.js?ver=3.2.2 HTTP/1.1" 200 3070 "https://www.naijadial.com/?key=a191a033a2c3f744dadd48001cc6d6fd&verifyemail=peboytheking%40gmail.com" "Mozilla/5.0 (Windows NT 10.0; Win64; x64) AppleWebKit/537.36 (KHTML, like Gecko) Chrome/67.0.3396.99 Safari/537.36"
66.102.8.138 - - [30/Jan/2020:10:53:45 -0500] "GET /files/2020/01/Adex-92x92.jpg HTTP/1.1" 304 - "https://www.naijadial.com/?key=a191a033a2c3f744dadd48001cc6d6fd&verifyemail=peboytheking%40gmail.com" "Mozilla/5.0 (Windows NT 10.0; Win64; x64) AppleWebKit/537.36 (KHTML, like Gecko) Chrome/67.0.3396.99 Safari/537.36"
66.102.8.131 - - [30/Jan/2020:10:53:45 -0500] "GET /files/2020/01/Child-Care-275x152.jpg HTTP/1.1" 304 - "https://www.naijadial.com/?key=a191a033a2c3f744dadd48001cc6d6fd&verifyemail=peboytheking%40gmail.com" "Mozilla/5.0 (Windows NT 10.0; Win64; x64) AppleWebKit/537.36 (KHTML, like Gecko) Chrome/67.0.3396.99 Safari/537.36"
66.102.8.138 - - [30/Jan/2020:10:53:45 -0500] "GET /naijadial/js/pogoslider.js?ver=5.3.2 HTTP/1.1" 200 5001 "https://www.naijadial.com/?key=a191a033a2c3f744dadd48001cc6d6fd&verifyemail=peboytheking%40gmail.com" "Mozilla/5.0 (Windows NT 10.0; Win64; x64) AppleWebKit/537.36 (KHTML, like Gecko) Chrome/67.0.3396.99 Safari/537.36"
66.102.8.134 - - [30/Jan/2020:10:53:45 -0500] "GET /files/2020/01/training-275x152.jpg HTTP/1.1" 304 - "https://www.naijadial.com/?key=a191a033a2c3f744dadd48001cc6d6fd&verifyemail=peboytheking%40gmail.com" "Mozilla/5.0 (Windows NT 10.0; Win64; x64) AppleWebKit/537.36 (KHTML, like Gecko) Chrome/67.0.3396.99 Safari/537.36"
66.102.8.136 - - [30/Jan/2020:10:53:45 -0500] "GET /files/2020/01/Professional-275x152.jpg HTTP/1.1" 304 - "https://www.naijadial.com/?key=a191a033a2c3f744dadd48001cc6d6fd&verifyemail=peboytheking%40gmail.com" "Mozilla/5.0 (Windows NT 10.0; Win64; x64) AppleWebKit/537.36 (KHTML, like Gecko) Chrome/67.0.3396.99 Safari/537.36"
66.102.8.137 - - [30/Jan/2020:10:53:45 -0500] "GET /files/2019/12/Business-275x152.png HTTP/1.1" 200 43020 "https://www.naijadial.com/?key=a191a033a2c3f744dadd48001cc6d6fd&verifyemail=peboytheking%40gmail.com" "Mozilla/5.0 (Windows NT 10.0; Win64; x64) AppleWebKit/537.36 (KHTML, like Gecko) Chrome/67.0.3396.99 Safari/537.36"
66.102.8.134 - - [30/Jan/2020:10:53:45 -0500] "GET /files/2020/01/Fashion-275x152.jpg HTTP/1.1" 304 - "https://www.naijadial.com/?key=a191a033a2c3f744dadd48001cc6d6fd&verifyemail=peboytheking%40gmail.com" "Mozilla/5.0 (Windows NT 10.0; Win64; x64) AppleWebKit/537.36 (KHTML, like Gecko) Chrome/67.0.3396.99 Safari/537.36"
66.102.8.131 - - [30/Jan/2020:10:53:45 -0500] "GET /naijadial/js/jquery.auto-complete.js?ver=3.2.2 HTTP/1.1" 304 - "https://www.naijadial.com/?key=a191a033a2c3f744dadd48001cc6d6fd&verifyemail=peboytheking%40gmail.com" "Mozilla/5.0 (Windows NT 10.0; Win64; x64) AppleWebKit/537.36 (KHTML, like Gecko) Chrome/67.0.3396.99 Safari/537.36"
66.102.8.135 - - [30/Jan/2020:10:53:45 -0500] "GET /cnt/plugins/js_composer/assets/js/dist/js_composer_front.min.js?ver=6.0.5 HTTP/1.1" 200 5818 "https://www.naijadial.com/?key=a191a033a2c3f744dadd48001cc6d6fd&verifyemail=peboytheking%40gmail.com" "Mozilla/5.0 (Windows NT 10.0; Win64; x64) AppleWebKit/537.36 (KHTML, like Gecko) Chrome/67.0.3396.99 Safari/537.36"
66.102.8.138 - - [30/Jan/2020:10:53:45 -0500] "GET /cnt/plugins/vc-extensions-bundle/flipbox/js/init.min.js?ver=5.3.2 HTTP/1.1" 200 931 "https://www.naijadial.com/?key=a191a033a2c3f744dadd48001cc6d6fd&verifyemail=peboytheking%40gmail.com" "Mozilla/5.0 (Windows NT 10.0; Win64; x64) AppleWebKit/537.36 (KHTML, like Gecko) Chrome/67.0.3396.99 Safari/537.36"
66.102.8.135 - - [30/Jan/2020:10:53:45 -0500] "GET /files/2020/01/Cleaning-275x152.jpg HTTP/1.1" 200 21818 "https://www.naijadial.com/?key=a191a033a2c3f744dadd48001cc6d6fd&verifyemail=peboytheking%40gmail.com" "Mozilla/5.0 (Windows NT 10.0; Win64; x64) AppleWebKit/537.36 (KHTML, like Gecko) Chrome/67.0.3396.99 Safari/537.36"
66.102.8.137 - - [30/Jan/2020:10:53:45 -0500] "GET /files/2020/01/NaijaDial-Avatar-92x92.png HTTP/1.1" 304 - "https://www.naijadial.com/?key=a191a033a2c3f744dadd48001cc6d6fd&verifyemail=peboytheking%40gmail.com" "Mozilla/5.0 (Windows NT 10.0; Win64; x64) AppleWebKit/537.36 (KHTML, like Gecko) Chrome/67.0.3396.99 Safari/537.36"
66.102.8.134 - - [30/Jan/2020:10:53:45 -0500] "GET /files/2020/01/Food-275x152.jpg HTTP/1.1" 304 - "https://www.naijadial.com/?key=a191a033a2c3f744dadd48001cc6d6fd&verifyemail=peboytheking%40gmail.com" "Mozilla/5.0 (Windows NT 10.0; Win64; x64) AppleWebKit/537.36 (KHTML, like Gecko) Chrome/67.0.3396.99 Safari/537.36"
