154.118.76.104 - - [31/Jan/2020:03:10:15 -0500] "GET /cnt/plugins/js_composer/assets/vc/loaders/spinner-light.svg HTTP/1.1" 200 239 "https://www.naijadial.com/cnt/plugins/js_composer/assets/css/js_composer_backend_editor.min.css?ver=6.0.5" "Mozilla/5.0 (Windows NT 6.3; Win64; x64) AppleWebKit/537.36 (KHTML, like Gecko) Chrome/79.0.3945.130 Safari/537.36"
197.210.46.206 - - [31/Jan/2020:03:10:16 -0500] "GET /cnt/plugins/tinymce-advanced/mce/anchor/plugin.min.js?wp-mce-4960-20190918-tadv-5210 HTTP/1.1" 200 759 "https://www.naijadial.com/dashboard/?ref=settings&identity=134" "Mozilla/5.0 (Linux; Android 6.0; HTC_M8x) AppleWebKit/537.36 (KHTML, like Gecko) Chrome/78.0.3904.108 Mobile Safari/537.36"
197.210.46.206 - - [31/Jan/2020:03:10:16 -0500] "GET /cnt/plugins/tinymce-advanced/mce/code/plugin.min.js?wp-mce-4960-20190918-tadv-5210 HTTP/1.1" 200 524 "https://www.naijadial.com/dashboard/?ref=settings&identity=134" "Mozilla/5.0 (Linux; Android 6.0; HTC_M8x) AppleWebKit/537.36 (KHTML, like Gecko) Chrome/78.0.3904.108 Mobile Safari/537.36"
197.210.46.206 - - [31/Jan/2020:03:10:16 -0500] "GET /cnt/plugins/tinymce-advanced/mce/insertdatetime/plugin.min.js?wp-mce-4960-20190918-tadv-5210 HTTP/1.1" 200 1103 "https://www.naijadial.com/dashboard/?ref=settings&identity=134" "Mozilla/5.0 (Linux; Android 6.0; HTC_M8x) AppleWebKit/537.36 (KHTML, like Gecko) Chrome/78.0.3904.108 Mobile Safari/537.36"
197.210.46.206 - - [31/Jan/2020:03:10:16 -0500] "GET /cnt/plugins/tinymce-advanced/mce/nonbreaking/plugin.min.js?wp-mce-4960-20190918-tadv-5210 HTTP/1.1" 200 541 "https://www.naijadial.com/dashboard/?ref=settings&identity=134" "Mozilla/5.0 (Linux; Android 6.0; HTC_M8x) AppleWebKit/537.36 (KHTML, like Gecko) Chrome/78.0.3904.108 Mobile Safari/537.36"
197.210.46.206 - - [31/Jan/2020:03:10:16 -0500] "GET /cnt/plugins/tinymce-advanced/mce/print/plugin.min.js?wp-mce-4960-20190918-tadv-5210 HTTP/1.1" 200 263 "https://www.naijadial.com/dashboard/?ref=settings&identity=134" "Mozilla/5.0 (Linux; Android 6.0; HTC_M8x) AppleWebKit/537.36 (KHTML, like Gecko) Chrome/78.0.3904.108 Mobile Safari/537.36"
154.118.76.104 - - [31/Jan/2020:03:10:16 -0500] "GET /cnt/plugins/listingo_vc_shortcodes//vc_custom/shortcodes/sp-search-form-2/images/screenshot.png HTTP/1.1" 200 694 "https://www.naijadial.com/wp-admin/post.php?post=1242&action=edit" "Mozilla/5.0 (Windows NT 6.3; Win64; x64) AppleWebKit/537.36 (KHTML, like Gecko) Chrome/79.0.3945.130 Safari/537.36"
197.210.46.206 - - [31/Jan/2020:03:10:16 -0500] "GET /cnt/plugins/tinymce-advanced/mce/searchreplace/plugin.min.js?wp-mce-4960-20190918-tadv-5210 HTTP/1.1" 200 2905 "https://www.naijadial.com/dashboard/?ref=settings&identity=134" "Mozilla/5.0 (Linux; Android 6.0; HTC_M8x) AppleWebKit/537.36 (KHTML, like Gecko) Chrome/78.0.3904.108 Mobile Safari/537.36"
197.210.46.206 - - [31/Jan/2020:03:10:16 -0500] "GET /cluder/js/tinymce/plugins/colorpicker/plugin.min.js?wp-mce-4960-20190918-tadv-5210 HTTP/1.1" 200 656 "https://www.naijadial.com/dashboard/?ref=settings&identity=134" "Mozilla/5.0 (Linux; Android 6.0; HTC_M8x) AppleWebKit/537.36 (KHTML, like Gecko) Chrome/78.0.3904.108 Mobile Safari/537.36"
197.210.46.206 - - [31/Jan/2020:03:10:16 -0500] "GET /cnt/plugins/tinymce-advanced/mce/visualblocks/plugin.min.js?wp-mce-4960-20190918-tadv-5210 HTTP/1.1" 200 729 "https://www.naijadial.com/dashboard/?ref=settings&identity=134" "Mozilla/5.0 (Linux; Android 6.0; HTC_M8x) AppleWebKit/537.36 (KHTML, like Gecko) Chrome/78.0.3904.108 Mobile Safari/537.36"
197.210.46.206 - - [31/Jan/2020:03:10:16 -0500] "GET /cnt/plugins/tinymce-advanced/mce/table/plugin.min.js?wp-mce-4960-20190918-tadv-5210 HTTP/1.1" 200 34548 "https://www.naijadial.com/dashboard/?ref=settings&identity=134" "Mozilla/5.0 (Linux; Android 6.0; HTC_M8x) AppleWebKit/537.36 (KHTML, like Gecko) Chrome/78.0.3904.108 Mobile Safari/537.36"
197.210.46.206 - - [31/Jan/2020:03:10:16 -0500] "GET /cnt/plugins/tinymce-advanced/mce/visualchars/plugin.min.js?wp-mce-4960-20190918-tadv-5210 HTTP/1.1" 200 2176 "https://www.naijadial.com/dashboard/?ref=settings&identity=134" "Mozilla/5.0 (Linux; Android 6.0; HTC_M8x) AppleWebKit/537.36 (KHTML, like Gecko) Chrome/78.0.3904.108 Mobile Safari/537.36"
197.210.46.206 - - [31/Jan/2020:03:10:16 -0500] "GET /cnt/plugins/tinymce-advanced/mce/advlist/plugin.min.js?wp-mce-4960-20190918-tadv-5210 HTTP/1.1" 200 978 "https://www.naijadial.com/dashboard/?ref=settings&identity=134" "Mozilla/5.0 (Linux; Android 6.0; HTC_M8x) AppleWebKit/537.36 (KHTML, like Gecko) Chrome/78.0.3904.108 Mobile Safari/537.36"
197.210.46.206 - - [31/Jan/2020:03:10:16 -0500] "GET /cluder/js/tinymce/plugins/charmap/plugin.min.js?wp-mce-4960-20190918-tadv-5210 HTTP/1.1" 200 3244 "https://www.naijadial.com/dashboard/?ref=settings&identity=134" "Mozilla/5.0 (Linux; Android 6.0; HTC_M8x) AppleWebKit/537.36 (KHTML, like Gecko) Chrome/78.0.3904.108 Mobile Safari/537.36"
197.210.46.206 - - [31/Jan/2020:03:10:16 -0500] "GET /cnt/plugins/tinymce-advanced/mce/wptadv/plugin.min.js?wp-mce-4960-20190918-tadv-5210 HTTP/1.1" 200 1491 "https://www.naijadial.com/dashboard/?ref=settings&identity=134" "Mozilla/5.0 (Linux; Android 6.0; HTC_M8x) AppleWebKit/537.36 (KHTML, like Gecko) Chrome/78.0.3904.108 Mobile Safari/537.36"
154.118.76.104 - - [31/Jan/2020:03:10:17 -0500] "GET /naijadial/framework-customizations/extensions/shortcodes/shortcodes/column/thumbnails/1_2.png HTTP/1.1" 200 158 "https://www.naijadial.com/wp-admin/post.php?post=1242&action=edit" "Mozilla/5.0 (Windows NT 6.3; Win64; x64) AppleWebKit/537.36 (KHTML, like Gecko) Chrome/79.0.3945.130 Safari/537.36"
154.118.76.104 - - [31/Jan/2020:03:10:17 -0500] "GET /naijadial/framework-customizations/extensions/shortcodes/shortcodes/column/thumbnails/1_1.png HTTP/1.1" 200 152 "https://www.naijadial.com/wp-admin/post.php?post=1242&action=edit" "Mozilla/5.0 (Windows NT 6.3; Win64; x64) AppleWebKit/537.36 (KHTML, like Gecko) Chrome/79.0.3945.130 Safari/537.36"
154.118.76.104 - - [31/Jan/2020:03:10:16 -0500] "POST /wp-admin/admin-ajax.php HTTP/1.1" 200 11243 "https://www.naijadial.com/wp-admin/post.php?post=1242&action=edit" "Mozilla/5.0 (Windows NT 6.3; Win64; x64) AppleWebKit/537.36 (KHTML, like Gecko) Chrome/79.0.3945.130 Safari/537.36"
197.210.46.206 - - [31/Jan/2020:03:10:17 -0500] "GET /cluder/js/tinymce/plugins/hr/plugin.min.js?wp-mce-4960-20190918-tadv-5210 HTTP/1.1" 200 246 "https://www.naijadial.com/dashboard/?ref=settings&identity=134" "Mozilla/5.0 (Linux; Android 6.0; HTC_M8x) AppleWebKit/537.36 (KHTML, like Gecko) Chrome/78.0.3904.108 Mobile Safari/537.36"
154.118.76.104 - - [31/Jan/2020:03:10:17 -0500] "GET /naijadial/framework-customizations/extensions/shortcodes/shortcodes/column/thumbnails/1_3.png HTTP/1.1" 200 160 "https://www.naijadial.com/wp-admin/post.php?post=1242&action=edit" "Mozilla/5.0 (Windows NT 6.3; Win64; x64) AppleWebKit/537.36 (KHTML, like Gecko) Chrome/79.0.3945.130 Safari/537.36"
197.210.46.206 - - [31/Jan/2020:03:10:17 -0500] "GET /cluder/js/tinymce/plugins/media/plugin.min.js?wp-mce-4960-20190918-tadv-5210 HTTP/1.1" 200 5409 "https://www.naijadial.com/dashboard/?ref=settings&identity=134" "Mozilla/5.0 (Linux; Android 6.0; HTC_M8x) AppleWebKit/537.36 (KHTML, like Gecko) Chrome/78.0.3904.108 Mobile Safari/537.36"
197.210.46.206 - - [31/Jan/2020:03:10:17 -0500] "GET /cluder/js/tinymce/plugins/tabfocus/plugin.min.js?wp-mce-4960-20190918-tadv-5210 HTTP/1.1" 200 794 "https://www.naijadial.com/dashboard/?ref=settings&identity=134" "Mozilla/5.0 (Linux; Android 6.0; HTC_M8x) AppleWebKit/537.36 (KHTML, like Gecko) Chrome/78.0.3904.108 Mobile Safari/537.36"
197.210.46.206 - - [31/Jan/2020:03:10:17 -0500] "GET /cluder/js/tinymce/plugins/paste/plugin.min.js?wp-mce-4960-20190918-tadv-5210 HTTP/1.1" 200 11360 "https://www.naijadial.com/dashboard/?ref=settings&identity=134" "Mozilla/5.0 (Linux; Android 6.0; HTC_M8x) AppleWebKit/537.36 (KHTML, like Gecko) Chrome/78.0.3904.108 Mobile Safari/537.36"
197.210.46.206 - - [31/Jan/2020:03:10:17 -0500] "GET /cluder/js/tinymce/plugins/lists/plugin.min.js?wp-mce-4960-20190918-tadv-5210 HTTP/1.1" 200 9135 "https://www.naijadial.com/dashboard/?ref=settings&identity=134" "Mozilla/5.0 (Linux; Android 6.0; HTC_M8x) AppleWebKit/537.36 (KHTML, like Gecko) Chrome/78.0.3904.108 Mobile Safari/537.36"
197.210.46.206 - - [31/Jan/2020:03:10:18 -0500] "GET /cluder/js/tinymce/plugins/textcolor/plugin.min.js?wp-mce-4960-20190918-tadv-5210 HTTP/1.1" 200 1942 "https://www.naijadial.com/dashboard/?ref=settings&identity=134" "Mozilla/5.0 (Linux; Android 6.0; HTC_M8x) AppleWebKit/537.36 (KHTML, like Gecko) Chrome/78.0.3904.108 Mobile Safari/537.36"
197.210.46.206 - - [31/Jan/2020:03:10:18 -0500] "GET /cluder/js/tinymce/plugins/fullscreen/plugin.min.js?wp-mce-4960-20190918-tadv-5210 HTTP/1.1" 200 890 "https://www.naijadial.com/dashboard/?ref=settings&identity=134" "Mozilla/5.0 (Linux; Android 6.0; HTC_M8x) AppleWebKit/537.36 (KHTML, like Gecko) Chrome/78.0.3904.108 Mobile Safari/537.36"
197.210.46.206 - - [31/Jan/2020:03:10:18 -0500] "GET /cluder/js/tinymce/plugins/wordpress/plugin.min.js?wp-mce-4960-20190918-tadv-5210 HTTP/1.1" 200 6143 "https://www.naijadial.com/dashboard/?ref=settings&identity=134" "Mozilla/5.0 (Linux; Android 6.0; HTC_M8x) AppleWebKit/537.36 (KHTML, like Gecko) Chrome/78.0.3904.108 Mobile Safari/537.36"
197.210.46.206 - - [31/Jan/2020:03:10:18 -0500] "GET /cluder/js/tinymce/plugins/wpautoresize/plugin.min.js?wp-mce-4960-20190918-tadv-5210 HTTP/1.1" 200 900 "https://www.naijadial.com/dashboard/?ref=settings&identity=134" "Mozilla/5.0 (Linux; Android 6.0; HTC_M8x) AppleWebKit/537.36 (KHTML, like Gecko) Chrome/78.0.3904.108 Mobile Safari/537.36"
68.65.121.137 - - [31/Jan/2020:03:10:13 -0500] "POST /wp-cron.php?doing_wp_cron=1580458212.9851620197296142578125 HTTP/1.1" 200 - "https://www.naijadial.com/wp-cron.php?doing_wp_cron=1580458212.9851620197296142578125" "WordPress/5.3.2; https://www.naijadial.com"
197.210.46.206 - - [31/Jan/2020:03:10:18 -0500] "GET /cluder/js/tinymce/plugins/wpemoji/plugin.min.js?wp-mce-4960-20190918-tadv-5210 HTTP/1.1" 200 736 "https://www.naijadial.com/dashboard/?ref=settings&identity=134" "Mozilla/5.0 (Linux; Android 6.0; HTC_M8x) AppleWebKit/537.36 (KHTML, like Gecko) Chrome/78.0.3904.108 Mobile Safari/537.36"
197.210.46.206 - - [31/Jan/2020:03:10:18 -0500] "GET /cluder/js/tinymce/plugins/wpeditimage/plugin.min.js?wp-mce-4960-20190918-tadv-5210 HTTP/1.1" 200 4466 "https://www.naijadial.com/dashboard/?ref=settings&identity=134" "Mozilla/5.0 (Linux; Android 6.0; HTC_M8x) AppleWebKit/537.36 (KHTML, like Gecko) Chrome/78.0.3904.108 Mobile Safari/537.36"
197.210.46.206 - - [31/Jan/2020:03:10:18 -0500] "GET /cluder/js/tinymce/plugins/wpgallery/plugin.min.js?wp-mce-4960-20190918-tadv-5210 HTTP/1.1" 200 725 "https://www.naijadial.com/dashboard/?ref=settings&identity=134" "Mozilla/5.0 (Linux; Android 6.0; HTC_M8x) AppleWebKit/537.36 (KHTML, like Gecko) Chrome/78.0.3904.108 Mobile Safari/537.36"
197.210.46.206 - - [31/Jan/2020:03:10:18 -0500] "GET /cluder/js/tinymce/plugins/wplink/plugin.min.js?wp-mce-4960-20190918-tadv-5210 HTTP/1.1" 200 3345 "https://www.naijadial.com/dashboard/?ref=settings&identity=134" "Mozilla/5.0 (Linux; Android 6.0; HTC_M8x) AppleWebKit/537.36 (KHTML, like Gecko) Chrome/78.0.3904.108 Mobile Safari/537.36"
154.118.76.104 - - [31/Jan/2020:03:10:18 -0500] "GET /naijadial/framework-customizations/extensions/shortcodes/shortcodes/column/thumbnails/1_5.png HTTP/1.1" 200 18652 "https://www.naijadial.com/wp-admin/post.php?post=1242&action=edit" "Mozilla/5.0 (Windows NT 6.3; Win64; x64) AppleWebKit/537.36 (KHTML, like Gecko) Chrome/79.0.3945.130 Safari/537.36"
197.210.46.206 - - [31/Jan/2020:03:10:18 -0500] "GET /cluder/js/tinymce/plugins/wptextpattern/plugin.min.js?wp-mce-4960-20190918-tadv-5210 HTTP/1.1" 200 1411 "https://www.naijadial.com/dashboard/?ref=settings&identity=134" "Mozilla/5.0 (Linux; Android 6.0; HTC_M8x) AppleWebKit/537.36 (KHTML, like Gecko) Chrome/78.0.3904.108 Mobile Safari/537.36"
197.210.46.206 - - [31/Jan/2020:03:10:18 -0500] "GET /cluder/js/tinymce/plugins/wpdialogs/plugin.min.js?wp-mce-4960-20190918-tadv-5210 HTTP/1.1" 200 635 "https://www.naijadial.com/dashboard/?ref=settings&identity=134" "Mozilla/5.0 (Linux; Android 6.0; HTC_M8x) AppleWebKit/537.36 (KHTML, like Gecko) Chrome/78.0.3904.108 Mobile Safari/537.36"
197.210.46.206 - - [31/Jan/2020:03:10:18 -0500] "GET /cluder/js/tinymce/plugins/wpview/plugin.min.js?wp-mce-4960-20190918-tadv-5210 HTTP/1.1" 200 1237 "https://www.naijadial.com/dashboard/?ref=settings&identity=134" "Mozilla/5.0 (Linux; Android 6.0; HTC_M8x) AppleWebKit/537.36 (KHTML, like Gecko) Chrome/78.0.3904.108 Mobile Safari/537.36"
197.210.46.206 - - [31/Jan/2020:03:10:19 -0500] "GET /cluder/js/tinymce/plugins/image/plugin.min.js?wp-mce-4960-20190918-tadv-5210 HTTP/1.1" 200 5497 "https://www.naijadial.com/dashboard/?ref=settings&identity=134" "Mozilla/5.0 (Linux; Android 6.0; HTC_M8x) AppleWebKit/537.36 (KHTML, like Gecko) Chrome/78.0.3904.108 Mobile Safari/537.36"
154.118.76.104 - - [31/Jan/2020:03:10:19 -0500] "GET /naijadial/framework-customizations/extensions/shortcodes/shortcodes/column/thumbnails/1_4.png HTTP/1.1" 200 159 "https://www.naijadial.com/wp-admin/post.php?post=1242&action=edit" "Mozilla/5.0 (Windows NT 6.3; Win64; x64) AppleWebKit/537.36 (KHTML, like Gecko) Chrome/79.0.3945.130 Safari/537.36"
197.210.46.206 - - [31/Jan/2020:03:10:19 -0500] "GET /cluder/js/tinymce/skins/lightgray/skin.min.css?wp-mce-4960-20190918-tadv-5210 HTTP/1.1" 200 8437 "https://www.naijadial.com/dashboard/?ref=settings&identity=134" "Mozilla/5.0 (Linux; Android 6.0; HTC_M8x) AppleWebKit/537.36 (KHTML, like Gecko) Chrome/78.0.3904.108 Mobile Safari/537.36"
197.210.46.206 - - [31/Jan/2020:03:10:19 -0500] "GET /cluder/css/dashicons.min.css?ver=5.3.2&wp-mce-4960-20190918-tadv-5210 HTTP/1.1" 200 28481 "https://www.naijadial.com/dashboard/?ref=settings&identity=134" "Mozilla/5.0 (Linux; Android 6.0; HTC_M8x) AppleWebKit/537.36 (KHTML, like Gecko) Chrome/78.0.3904.108 Mobile Safari/537.36"
197.210.46.206 - - [31/Jan/2020:03:10:19 -0500] "GET /cluder/js/tinymce/skins/wordpress/wp-content.css?ver=5.3.2&wp-mce-4960-20190918-tadv-5210 HTTP/1.1" 200 2688 "https://www.naijadial.com/dashboard/?ref=settings&identity=134" "Mozilla/5.0 (Linux; Android 6.0; HTC_M8x) AppleWebKit/537.36 (KHTML, like Gecko) Chrome/78.0.3904.108 Mobile Safari/537.36"
197.210.46.206 - - [31/Jan/2020:03:10:20 -0500] "GET /cluder/js/tinymce/skins/lightgray/content.min.css?wp-mce-4960-20190918-tadv-5210 HTTP/1.1" 200 1317 "https://www.naijadial.com/dashboard/?ref=settings&identity=134" "Mozilla/5.0 (Linux; Android 6.0; HTC_M8x) AppleWebKit/537.36 (KHTML, like Gecko) Chrome/78.0.3904.108 Mobile Safari/537.36"
154.118.76.104 - - [31/Jan/2020:03:10:21 -0500] "GET /naijadial/framework-customizations/extensions/shortcodes/shortcodes/column/thumbnails/2_3.png HTTP/1.1" 200 158 "https://www.naijadial.com/wp-admin/post.php?post=1242&action=edit" "Mozilla/5.0 (Windows NT 6.3; Win64; x64) AppleWebKit/537.36 (KHTML, like Gecko) Chrome/79.0.3945.130 Safari/537.36"
154.118.76.104 - - [31/Jan/2020:03:10:21 -0500] "GET /naijadial/framework-customizations/extensions/shortcodes/shortcodes/column/thumbnails/2_5.png HTTP/1.1" 200 2831 "https://www.naijadial.com/wp-admin/post.php?post=1242&action=edit" "Mozilla/5.0 (Windows NT 6.3; Win64; x64) AppleWebKit/537.36 (KHTML, like Gecko) Chrome/79.0.3945.130 Safari/537.36"
154.118.76.104 - - [31/Jan/2020:03:10:21 -0500] "GET /naijadial/framework-customizations/extensions/shortcodes/shortcodes/column/thumbnails/1_6.png HTTP/1.1" 200 18192 "https://www.naijadial.com/wp-admin/post.php?post=1242&action=edit" "Mozilla/5.0 (Windows NT 6.3; Win64; x64) AppleWebKit/537.36 (KHTML, like Gecko) Chrome/79.0.3945.130 Safari/537.36"
154.118.76.104 - - [31/Jan/2020:03:10:22 -0500] "GET /naijadial/framework-customizations/extensions/shortcodes/shortcodes/column/thumbnails/3_4.png HTTP/1.1" 200 156 "https://www.naijadial.com/wp-admin/post.php?post=1242&action=edit" "Mozilla/5.0 (Windows NT 6.3; Win64; x64) AppleWebKit/537.36 (KHTML, like Gecko) Chrome/79.0.3945.130 Safari/537.36"
154.118.76.104 - - [31/Jan/2020:03:10:22 -0500] "GET /naijadial/framework-customizations/extensions/shortcodes/shortcodes/column/thumbnails/3_5.png HTTP/1.1" 200 156 "https://www.naijadial.com/wp-admin/post.php?post=1242&action=edit" "Mozilla/5.0 (Windows NT 6.3; Win64; x64) AppleWebKit/537.36 (KHTML, like Gecko) Chrome/79.0.3945.130 Safari/537.36"
154.118.76.104 - - [31/Jan/2020:03:10:23 -0500] "GET /cnt/plugins/unyson/framework/extensions/shortcodes/shortcodes/accordion/static/img/page_builder.png HTTP/1.1" 200 15044 "https://www.naijadial.com/wp-admin/post.php?post=1242&action=edit" "Mozilla/5.0 (Windows NT 6.3; Win64; x64) AppleWebKit/537.36 (KHTML, like Gecko) Chrome/79.0.3945.130 Safari/537.36"
154.118.76.104 - - [31/Jan/2020:03:10:23 -0500] "GET /naijadial/framework-customizations/extensions/shortcodes/shortcodes/column/thumbnails/5_6.png HTTP/1.1" 200 156 "https://www.naijadial.com/wp-admin/post.php?post=1242&action=edit" "Mozilla/5.0 (Windows NT 6.3; Win64; x64) AppleWebKit/537.36 (KHTML, like Gecko) Chrome/79.0.3945.130 Safari/537.36"
197.210.46.206 - - [31/Jan/2020:03:10:22 -0500] "GET /dashboard/apple-touch-icon.png HTTP/1.1" 404 56800 "https://www.naijadial.com/dashboard/?ref=settings&identity=134" "Mozilla/5.0 (Linux; Android 6.0; HTC_M8x) AppleWebKit/537.36 (KHTML, like Gecko) Chrome/78.0.3904.108 Mobile Safari/537.36"
154.118.76.104 - - [31/Jan/2020:03:10:23 -0500] "GET /cnt/plugins/unyson/framework/extensions/shortcodes/shortcodes/button/static/img/page_builder.png HTTP/1.1" 200 15971 "https://www.naijadial.com/wp-admin/post.php?post=1242&action=edit" "Mozilla/5.0 (Windows NT 6.3; Win64; x64) AppleWebKit/537.36 (KHTML, like Gecko) Chrome/79.0.3945.130 Safari/537.36"
154.118.76.104 - - [31/Jan/2020:03:10:24 -0500] "GET /cnt/plugins/unyson/framework/extensions/shortcodes/shortcodes/calendar/static/img/page_builder.png HTTP/1.1" 200 15400 "https://www.naijadial.com/wp-admin/post.php?post=1242&action=edit" "Mozilla/5.0 (Windows NT 6.3; Win64; x64) AppleWebKit/537.36 (KHTML, like Gecko) Chrome/79.0.3945.130 Safari/537.36"
154.118.76.104 - - [31/Jan/2020:03:10:24 -0500] "GET /cnt/plugins/unyson/framework/extensions/shortcodes/shortcodes/call-to-action/static/img/page_builder.png HTTP/1.1" 200 15516 "https://www.naijadial.com/wp-admin/post.php?post=1242&action=edit" "Mozilla/5.0 (Windows NT 6.3; Win64; x64) AppleWebKit/537.36 (KHTML, like Gecko) Chrome/79.0.3945.130 Safari/537.36"
154.118.76.104 - - [31/Jan/2020:03:10:24 -0500] "POST /wp-admin/admin-ajax.php HTTP/1.1" 200 47 "https://www.naijadial.com/wp-admin/index.php" "Mozilla/5.0 (Windows NT 6.3; Win64; x64) AppleWebKit/537.36 (KHTML, like Gecko) Chrome/79.0.3945.130 Safari/537.36"
154.118.76.104 - - [31/Jan/2020:03:10:25 -0500] "GET /cnt/plugins/unyson/framework/extensions/forms/extensions/contact-forms/shortcodes/contact-form/static/img/page_builder.png HTTP/1.1" 200 16886 "https://www.naijadial.com/wp-admin/post.php?post=1242&action=edit" "Mozilla/5.0 (Windows NT 6.3; Win64; x64) AppleWebKit/537.36 (KHTML, like Gecko) Chrome/79.0.3945.130 Safari/537.36"
154.118.76.104 - - [31/Jan/2020:03:10:26 -0500] "GET /cnt/plugins/unyson/framework/extensions/shortcodes/shortcodes/divider/static/img/page_builder.png HTTP/1.1" 200 14940 "https://www.naijadial.com/wp-admin/post.php?post=1242&action=edit" "Mozilla/5.0 (Windows NT 6.3; Win64; x64) AppleWebKit/537.36 (KHTML, like Gecko) Chrome/79.0.3945.130 Safari/537.36"
154.118.76.104 - - [31/Jan/2020:03:10:28 -0500] "GET /cnt/plugins/unyson/framework/extensions/shortcodes/shortcodes/icon/static/img/page_builder.png HTTP/1.1" 200 15976 "https://www.naijadial.com/wp-admin/post.php?post=1242&action=edit" "Mozilla/5.0 (Windows NT 6.3; Win64; x64) AppleWebKit/537.36 (KHTML, like Gecko) Chrome/79.0.3945.130 Safari/537.36"
154.118.76.104 - - [31/Jan/2020:03:10:28 -0500] "GET /cnt/plugins/unyson/framework/extensions/shortcodes/shortcodes/icon-box/static/img/page_builder.png HTTP/1.1" 200 16057 "https://www.naijadial.com/wp-admin/post.php?post=1242&action=edit" "Mozilla/5.0 (Windows NT 6.3; Win64; x64) AppleWebKit/537.36 (KHTML, like Gecko) Chrome/79.0.3945.130 Safari/537.36"
154.118.76.104 - - [31/Jan/2020:03:10:28 -0500] "GET /cnt/plugins/unyson/framework/extensions/shortcodes/shortcodes/notification/static/img/page_builder.png HTTP/1.1" 200 16151 "https://www.naijadial.com/wp-admin/post.php?post=1242&action=edit" "Mozilla/5.0 (Windows NT 6.3; Win64; x64) AppleWebKit/537.36 (KHTML, like Gecko) Chrome/79.0.3945.130 Safari/537.36"
154.118.76.104 - - [31/Jan/2020:03:10:29 -0500] "GET /cnt/plugins/unyson/framework/extensions/shortcodes/shortcodes/table/static/img/page_builder.png HTTP/1.1" 200 14964 "https://www.naijadial.com/wp-admin/post.php?post=1242&action=edit" "Mozilla/5.0 (Windows NT 6.3; Win64; x64) AppleWebKit/537.36 (KHTML, like Gecko) Chrome/79.0.3945.130 Safari/537.36"
154.118.76.104 - - [31/Jan/2020:03:10:29 -0500] "GET /cnt/plugins/unyson/framework/extensions/shortcodes/shortcodes/special-heading/static/img/page_builder.png HTTP/1.1" 200 15433 "https://www.naijadial.com/wp-admin/post.php?post=1242&action=edit" "Mozilla/5.0 (Windows NT 6.3; Win64; x64) AppleWebKit/537.36 (KHTML, like Gecko) Chrome/79.0.3945.130 Safari/537.36"
154.118.76.104 - - [31/Jan/2020:03:10:29 -0500] "GET /cnt/plugins/unyson/framework/extensions/shortcodes/shortcodes/tabs/static/img/page_builder.png HTTP/1.1" 200 14954 "https://www.naijadial.com/wp-admin/post.php?post=1242&action=edit" "Mozilla/5.0 (Windows NT 6.3; Win64; x64) AppleWebKit/537.36 (KHTML, like Gecko) Chrome/79.0.3945.130 Safari/537.36"
154.118.76.104 - - [31/Jan/2020:03:10:31 -0500] "GET /cnt/plugins/unyson/framework/extensions/shortcodes/shortcodes/team-member/static/img/page_builder.png HTTP/1.1" 200 15991 "https://www.naijadial.com/wp-admin/post.php?post=1242&action=edit" "Mozilla/5.0 (Windows NT 6.3; Win64; x64) AppleWebKit/537.36 (KHTML, like Gecko) Chrome/79.0.3945.130 Safari/537.36"
154.118.76.104 - - [31/Jan/2020:03:10:31 -0500] "GET /cnt/plugins/unyson/framework/extensions/shortcodes/shortcodes/text-block/static/img/page_builder.png HTTP/1.1" 200 14960 "https://www.naijadial.com/wp-admin/post.php?post=1242&action=edit" "Mozilla/5.0 (Windows NT 6.3; Win64; x64) AppleWebKit/537.36 (KHTML, like Gecko) Chrome/79.0.3945.130 Safari/537.36"
154.118.76.104 - - [31/Jan/2020:03:10:31 -0500] "GET /cnt/plugins/unyson/framework/extensions/shortcodes/shortcodes/widget-area/static/img/page_builder.png HTTP/1.1" 200 15401 "https://www.naijadial.com/wp-admin/post.php?post=1242&action=edit" "Mozilla/5.0 (Windows NT 6.3; Win64; x64) AppleWebKit/537.36 (KHTML, like Gecko) Chrome/79.0.3945.130 Safari/537.36"
154.118.76.104 - - [31/Jan/2020:03:10:32 -0500] "GET /naijadial/framework-customizations/extensions/shortcodes/shortcodes/sp-recent-questions-slider/static/img/page_builder.png HTTP/1.1" 200 1037 "https://www.naijadial.com/wp-admin/post.php?post=1242&action=edit" "Mozilla/5.0 (Windows NT 6.3; Win64; x64) AppleWebKit/537.36 (KHTML, like Gecko) Chrome/79.0.3945.130 Safari/537.36"
154.118.76.104 - - [31/Jan/2020:03:10:32 -0500] "GET /cnt/plugins/unyson/framework/extensions/shortcodes/shortcodes/testimonials/static/img/page_builder.png HTTP/1.1" 200 16013 "https://www.naijadial.com/wp-admin/post.php?post=1242&action=edit" "Mozilla/5.0 (Windows NT 6.3; Win64; x64) AppleWebKit/537.36 (KHTML, like Gecko) Chrome/79.0.3945.130 Safari/537.36"
154.118.76.104 - - [31/Jan/2020:03:10:32 -0500] "GET /naijadial/framework-customizations/extensions/shortcodes/shortcodes/sp-articles/static/img/page_builder.png HTTP/1.1" 200 391 "https://www.naijadial.com/wp-admin/post.php?post=1242&action=edit" "Mozilla/5.0 (Windows NT 6.3; Win64; x64) AppleWebKit/537.36 (KHTML, like Gecko) Chrome/79.0.3945.130 Safari/537.36"
154.118.76.104 - - [31/Jan/2020:03:10:32 -0500] "GET /naijadial/framework-customizations/extensions/shortcodes/shortcodes/sp-video/static/img/page_builder.png HTTP/1.1" 200 714 "https://www.naijadial.com/wp-admin/post.php?post=1242&action=edit" "Mozilla/5.0 (Windows NT 6.3; Win64; x64) AppleWebKit/537.36 (KHTML, like Gecko) Chrome/79.0.3945.130 Safari/537.36"
154.118.76.104 - - [31/Jan/2020:03:10:33 -0500] "GET /naijadial/framework-customizations/extensions/shortcodes/shortcodes/sp-authentication/static/img/page_builder.png HTTP/1.1" 200 1039 "https://www.naijadial.com/wp-admin/post.php?post=1242&action=edit" "Mozilla/5.0 (Windows NT 6.3; Win64; x64) AppleWebKit/537.36 (KHTML, like Gecko) Chrome/79.0.3945.130 Safari/537.36"
154.118.76.104 - - [31/Jan/2020:03:10:33 -0500] "GET /naijadial/framework-customizations/extensions/shortcodes/shortcodes/sp-slider/static/img/page_builder.png HTTP/1.1" 200 547 "https://www.naijadial.com/wp-admin/post.php?post=1242&action=edit" "Mozilla/5.0 (Windows NT 6.3; Win64; x64) AppleWebKit/537.36 (KHTML, like Gecko) Chrome/79.0.3945.130 Safari/537.36"
154.118.76.104 - - [31/Jan/2020:03:10:33 -0500] "GET /naijadial/framework-customizations/extensions/shortcodes/shortcodes/sp-call-to-action/static/img/page_builder.png HTTP/1.1" 200 883 "https://www.naijadial.com/wp-admin/post.php?post=1242&action=edit" "Mozilla/5.0 (Windows NT 6.3; Win64; x64) AppleWebKit/537.36 (KHTML, like Gecko) Chrome/79.0.3945.130 Safari/537.36"
154.118.76.104 - - [31/Jan/2020:03:10:34 -0500] "GET /naijadial/framework-customizations/extensions/shortcodes/shortcodes/sp-categories-home/static/img/page_builder.png HTTP/1.1" 200 496 "https://www.naijadial.com/wp-admin/post.php?post=1242&action=edit" "Mozilla/5.0 (Windows NT 6.3; Win64; x64) AppleWebKit/537.36 (KHTML, like Gecko) Chrome/79.0.3945.130 Safari/537.36"
154.118.76.104 - - [31/Jan/2020:03:10:34 -0500] "GET /naijadial/framework-customizations/extensions/shortcodes/shortcodes/sp-categories/static/img/page_builder.png HTTP/1.1" 200 496 "https://www.naijadial.com/wp-admin/post.php?post=1242&action=edit" "Mozilla/5.0 (Windows NT 6.3; Win64; x64) AppleWebKit/537.36 (KHTML, like Gecko) Chrome/79.0.3945.130 Safari/537.36"
154.118.76.104 - - [31/Jan/2020:03:10:35 -0500] "GET /naijadial/framework-customizations/extensions/shortcodes/shortcodes/sp-cities/static/img/page_builder.png HTTP/1.1" 200 391 "https://www.naijadial.com/wp-admin/post.php?post=1242&action=edit" "Mozilla/5.0 (Windows NT 6.3; Win64; x64) AppleWebKit/537.36 (KHTML, like Gecko) Chrome/79.0.3945.130 Safari/537.36"
154.118.76.104 - - [31/Jan/2020:03:10:35 -0500] "GET /naijadial/framework-customizations/extensions/shortcodes/shortcodes/sp-contries/static/img/page_builder.png HTTP/1.1" 200 391 "https://www.naijadial.com/wp-admin/post.php?post=1242&action=edit" "Mozilla/5.0 (Windows NT 6.3; Win64; x64) AppleWebKit/537.36 (KHTML, like Gecko) Chrome/79.0.3945.130 Safari/537.36"
154.118.76.104 - - [31/Jan/2020:03:10:35 -0500] "GET /naijadial/framework-customizations/extensions/shortcodes/shortcodes/sp-contact-form/static/img/page_builder.png HTTP/1.1" 200 843 "https://www.naijadial.com/wp-admin/post.php?post=1242&action=edit" "Mozilla/5.0 (Windows NT 6.3; Win64; x64) AppleWebKit/537.36 (KHTML, like Gecko) Chrome/79.0.3945.130 Safari/537.36"
154.118.76.104 - - [31/Jan/2020:03:10:35 -0500] "GET /naijadial/framework-customizations/extensions/shortcodes/shortcodes/sp-counter/static/img/page_builder.png HTTP/1.1" 200 554 "https://www.naijadial.com/wp-admin/post.php?post=1242&action=edit" "Mozilla/5.0 (Windows NT 6.3; Win64; x64) AppleWebKit/537.36 (KHTML, like Gecko) Chrome/79.0.3945.130 Safari/537.36"
154.118.76.104 - - [31/Jan/2020:03:10:37 -0500] "GET /naijadial/framework-customizations/extensions/shortcodes/shortcodes/sp-featured-users/static/img/page_builder.png HTTP/1.1" 200 648 "https://www.naijadial.com/wp-admin/post.php?post=1242&action=edit" "Mozilla/5.0 (Windows NT 6.3; Win64; x64) AppleWebKit/537.36 (KHTML, like Gecko) Chrome/79.0.3945.130 Safari/537.36"
154.118.76.104 - - [31/Jan/2020:03:10:37 -0500] "GET /naijadial/framework-customizations/extensions/shortcodes/shortcodes/sp-featured-users-v2/static/img/page_builder.png HTTP/1.1" 200 648 "https://www.naijadial.com/wp-admin/post.php?post=1242&action=edit" "Mozilla/5.0 (Windows NT 6.3; Win64; x64) AppleWebKit/537.36 (KHTML, like Gecko) Chrome/79.0.3945.130 Safari/537.36"
154.118.76.104 - - [31/Jan/2020:03:10:37 -0500] "GET /naijadial/framework-customizations/extensions/shortcodes/shortcodes/sp_featured_users_ajax/static/img/page_builder.png HTTP/1.1" 200 648 "https://www.naijadial.com/wp-admin/post.php?post=1242&action=edit" "Mozilla/5.0 (Windows NT 6.3; Win64; x64) AppleWebKit/537.36 (KHTML, like Gecko) Chrome/79.0.3945.130 Safari/537.36"
154.118.76.104 - - [31/Jan/2020:03:10:37 -0500] "GET /naijadial/framework-customizations/extensions/shortcodes/shortcodes/sp-gallery/static/img/page_builder.png HTTP/1.1" 200 550 "https://www.naijadial.com/wp-admin/post.php?post=1242&action=edit" "Mozilla/5.0 (Windows NT 6.3; Win64; x64) AppleWebKit/537.36 (KHTML, like Gecko) Chrome/79.0.3945.130 Safari/537.36"
154.118.76.104 - - [31/Jan/2020:03:10:38 -0500] "GET /naijadial/framework-customizations/extensions/shortcodes/shortcodes/sp_featured_provider_banner/static/img/page_builder.png HTTP/1.1" 200 648 "https://www.naijadial.com/wp-admin/post.php?post=1242&action=edit" "Mozilla/5.0 (Windows NT 6.3; Win64; x64) AppleWebKit/537.36 (KHTML, like Gecko) Chrome/79.0.3945.130 Safari/537.36"
154.118.76.104 - - [31/Jan/2020:03:10:38 -0500] "GET /naijadial/framework-customizations/extensions/shortcodes/shortcodes/sp-google-map/static/img/page_builder.png HTTP/1.1" 200 743 "https://www.naijadial.com/wp-admin/post.php?post=1242&action=edit" "Mozilla/5.0 (Windows NT 6.3; Win64; x64) AppleWebKit/537.36 (KHTML, like Gecko) Chrome/79.0.3945.130 Safari/537.36"
154.118.76.104 - - [31/Jan/2020:03:10:39 -0500] "GET /naijadial/framework-customizations/extensions/shortcodes/shortcodes/sp-home-slider/static/img/page_builder.png HTTP/1.1" 200 547 "https://www.naijadial.com/wp-admin/post.php?post=1242&action=edit" "Mozilla/5.0 (Windows NT 6.3; Win64; x64) AppleWebKit/537.36 (KHTML, like Gecko) Chrome/79.0.3945.130 Safari/537.36"
154.118.76.104 - - [31/Jan/2020:03:10:39 -0500] "GET /naijadial/framework-customizations/extensions/shortcodes/shortcodes/sp-home-slider-v4/static/img/page_builder.png HTTP/1.1" 200 547 "https://www.naijadial.com/wp-admin/post.php?post=1242&action=edit" "Mozilla/5.0 (Windows NT 6.3; Win64; x64) AppleWebKit/537.36 (KHTML, like Gecko) Chrome/79.0.3945.130 Safari/537.36"
154.118.76.104 - - [31/Jan/2020:03:10:39 -0500] "GET /naijadial/framework-customizations/extensions/shortcodes/shortcodes/sp-service-providers/static/img/page_builder.png HTTP/1.1" 200 972 "https://www.naijadial.com/wp-admin/post.php?post=1242&action=edit" "Mozilla/5.0 (Windows NT 6.3; Win64; x64) AppleWebKit/537.36 (KHTML, like Gecko) Chrome/79.0.3945.130 Safari/537.36"
154.118.76.104 - - [31/Jan/2020:03:10:40 -0500] "GET /naijadial/framework-customizations/extensions/shortcodes/shortcodes/sp-service-providers-v2/static/img/page_builder.png HTTP/1.1" 200 972 "https://www.naijadial.com/wp-admin/post.php?post=1242&action=edit" "Mozilla/5.0 (Windows NT 6.3; Win64; x64) AppleWebKit/537.36 (KHTML, like Gecko) Chrome/79.0.3945.130 Safari/537.36"
154.118.76.104 - - [31/Jan/2020:03:10:40 -0500] "GET /naijadial/framework-customizations/extensions/shortcodes/shortcodes/sp-newsletter-v2/static/img/page_builder.png HTTP/1.1" 200 850 "https://www.naijadial.com/wp-admin/post.php?post=1242&action=edit" "Mozilla/5.0 (Windows NT 6.3; Win64; x64) AppleWebKit/537.36 (KHTML, like Gecko) Chrome/79.0.3945.130 Safari/537.36"
154.118.76.104 - - [31/Jan/2020:03:10:40 -0500] "GET /naijadial/framework-customizations/extensions/shortcodes/shortcodes/sp-newsletter/static/img/page_builder.png HTTP/1.1" 200 850 "https://www.naijadial.com/wp-admin/post.php?post=1242&action=edit" "Mozilla/5.0 (Windows NT 6.3; Win64; x64) AppleWebKit/537.36 (KHTML, like Gecko) Chrome/79.0.3945.130 Safari/537.36"
154.118.76.104 - - [31/Jan/2020:03:10:41 -0500] "GET /naijadial/framework-customizations/extensions/shortcodes/shortcodes/sp-news-posts/static/img/page_builder.png HTTP/1.1" 200 1037 "https://www.naijadial.com/wp-admin/post.php?post=1242&action=edit" "Mozilla/5.0 (Windows NT 6.3; Win64; x64) AppleWebKit/537.36 (KHTML, like Gecko) Chrome/79.0.3945.130 Safari/537.36"
154.118.76.104 - - [31/Jan/2020:03:10:41 -0500] "GET /naijadial/framework-customizations/extensions/shortcodes/shortcodes/sp-news-posts-v2/static/img/page_builder.png HTTP/1.1" 200 1037 "https://www.naijadial.com/wp-admin/post.php?post=1242&action=edit" "Mozilla/5.0 (Windows NT 6.3; Win64; x64) AppleWebKit/537.36 (KHTML, like Gecko) Chrome/79.0.3945.130 Safari/537.36"
154.118.76.104 - - [31/Jan/2020:03:10:41 -0500] "GET /naijadial/framework-customizations/extensions/shortcodes/shortcodes/sp-our-partners/static/img/page_builder.png HTTP/1.1" 200 791 "https://www.naijadial.com/wp-admin/post.php?post=1242&action=edit" "Mozilla/5.0 (Windows NT 6.3; Win64; x64) AppleWebKit/537.36 (KHTML, like Gecko) Chrome/79.0.3945.130 Safari/537.36"
154.118.76.104 - - [31/Jan/2020:03:10:42 -0500] "GET /naijadial/framework-customizations/extensions/shortcodes/shortcodes/sp_packages/static/img/page_builder.png HTTP/1.1" 200 445 "https://www.naijadial.com/wp-admin/post.php?post=1242&action=edit" "Mozilla/5.0 (Windows NT 6.3; Win64; x64) AppleWebKit/537.36 (KHTML, like Gecko) Chrome/79.0.3945.130 Safari/537.36"
154.118.76.104 - - [31/Jan/2020:03:10:42 -0500] "GET /naijadial/framework-customizations/extensions/shortcodes/shortcodes/sp-post-questions/static/img/page_builder.png HTTP/1.1" 200 926 "https://www.naijadial.com/wp-admin/post.php?post=1242&action=edit" "Mozilla/5.0 (Windows NT 6.3; Win64; x64) AppleWebKit/537.36 (KHTML, like Gecko) Chrome/79.0.3945.130 Safari/537.36"
154.118.76.104 - - [31/Jan/2020:03:10:42 -0500] "GET /naijadial/framework-customizations/extensions/shortcodes/shortcodes/providers-by-cats/static/img/page_builder.png HTTP/1.1" 200 972 "https://www.naijadial.com/wp-admin/post.php?post=1242&action=edit" "Mozilla/5.0 (Windows NT 6.3; Win64; x64) AppleWebKit/537.36 (KHTML, like Gecko) Chrome/79.0.3945.130 Safari/537.36"
154.118.76.104 - - [31/Jan/2020:03:10:43 -0500] "GET /naijadial/framework-customizations/extensions/shortcodes/shortcodes/sp_search_form/static/img/page_builder.png HTTP/1.1" 200 925 "https://www.naijadial.com/wp-admin/post.php?post=1242&action=edit" "Mozilla/5.0 (Windows NT 6.3; Win64; x64) AppleWebKit/537.36 (KHTML, like Gecko) Chrome/79.0.3945.130 Safari/537.36"
154.118.76.104 - - [31/Jan/2020:03:10:43 -0500] "GET /naijadial/framework-customizations/extensions/shortcodes/shortcodes/sp-recent-ads/static/img/page_builder.png HTTP/1.1" 200 391 "https://www.naijadial.com/wp-admin/post.php?post=1242&action=edit" "Mozilla/5.0 (Windows NT 6.3; Win64; x64) AppleWebKit/537.36 (KHTML, like Gecko) Chrome/79.0.3945.130 Safari/537.36"
154.118.76.104 - - [31/Jan/2020:03:10:43 -0500] "GET /naijadial/framework-customizations/extensions/shortcodes/shortcodes/sp-recent-questions/static/img/page_builder.png HTTP/1.1" 200 1037 "https://www.naijadial.com/wp-admin/post.php?post=1242&action=edit" "Mozilla/5.0 (Windows NT 6.3; Win64; x64) AppleWebKit/537.36 (KHTML, like Gecko) Chrome/79.0.3945.130 Safari/537.36"
154.118.76.104 - - [31/Jan/2020:03:10:44 -0500] "GET /naijadial/framework-customizations/extensions/shortcodes/shortcodes/sp_search_form_v2/static/img/page_builder.png HTTP/1.1" 200 925 "https://www.naijadial.com/wp-admin/post.php?post=1242&action=edit" "Mozilla/5.0 (Windows NT 6.3; Win64; x64) AppleWebKit/537.36 (KHTML, like Gecko) Chrome/79.0.3945.130 Safari/537.36"
154.118.76.104 - - [31/Jan/2020:03:10:44 -0500] "GET /naijadial/framework-customizations/extensions/shortcodes/shortcodes/sp_search_form_v3/static/img/page_builder.png HTTP/1.1" 200 925 "https://www.naijadial.com/wp-admin/post.php?post=1242&action=edit" "Mozilla/5.0 (Windows NT 6.3; Win64; x64) AppleWebKit/537.36 (KHTML, like Gecko) Chrome/79.0.3945.130 Safari/537.36"
154.118.76.104 - - [31/Jan/2020:03:10:44 -0500] "GET /naijadial/framework-customizations/extensions/shortcodes/shortcodes/sp-search-questions/static/img/page_builder.png HTTP/1.1" 200 926 "https://www.naijadial.com/wp-admin/post.php?post=1242&action=edit" "Mozilla/5.0 (Windows NT 6.3; Win64; x64) AppleWebKit/537.36 (KHTML, like Gecko) Chrome/79.0.3945.130 Safari/537.36"
154.118.76.104 - - [31/Jan/2020:03:10:44 -0500] "GET /naijadial/framework-customizations/extensions/shortcodes/shortcodes/sp-section-heading-v2/static/img/page_builder.png HTTP/1.1" 200 1096 "https://www.naijadial.com/wp-admin/post.php?post=1242&action=edit" "Mozilla/5.0 (Windows NT 6.3; Win64; x64) AppleWebKit/537.36 (KHTML, like Gecko) Chrome/79.0.3945.130 Safari/537.36"
154.118.76.104 - - [31/Jan/2020:03:10:45 -0500] "GET /naijadial/framework-customizations/extensions/shortcodes/shortcodes/sp-section-heading/static/img/page_builder.png HTTP/1.1" 200 1096 "https://www.naijadial.com/wp-admin/post.php?post=1242&action=edit" "Mozilla/5.0 (Windows NT 6.3; Win64; x64) AppleWebKit/537.36 (KHTML, like Gecko) Chrome/79.0.3945.130 Safari/537.36"
154.118.76.104 - - [31/Jan/2020:03:10:46 -0500] "GET /naijadial/framework-customizations/extensions/shortcodes/shortcodes/sp-services/static/img/page_builder.png HTTP/1.1" 200 991 "https://www.naijadial.com/wp-admin/post.php?post=1242&action=edit" "Mozilla/5.0 (Windows NT 6.3; Win64; x64) AppleWebKit/537.36 (KHTML, like Gecko) Chrome/79.0.3945.130 Safari/537.36"
154.118.76.104 - - [31/Jan/2020:03:10:46 -0500] "GET /naijadial/framework-customizations/extensions/shortcodes/shortcodes/sp-services-v2/static/img/page_builder.png HTTP/1.1" 200 991 "https://www.naijadial.com/wp-admin/post.php?post=1242&action=edit" "Mozilla/5.0 (Windows NT 6.3; Win64; x64) AppleWebKit/537.36 (KHTML, like Gecko) Chrome/79.0.3945.130 Safari/537.36"
154.118.76.104 - - [31/Jan/2020:03:10:46 -0500] "GET /naijadial/framework-customizations/extensions/shortcodes/shortcodes/sp-sponser-slider/static/img/page_builder.png HTTP/1.1" 200 991 "https://www.naijadial.com/wp-admin/post.php?post=1242&action=edit" "Mozilla/5.0 (Windows NT 6.3; Win64; x64) AppleWebKit/537.36 (KHTML, like Gecko) Chrome/79.0.3945.130 Safari/537.36"
154.118.76.104 - - [31/Jan/2020:03:10:46 -0500] "GET /naijadial/framework-customizations/extensions/shortcodes/shortcodes/sp-timeline/static/img/page_builder.png HTTP/1.1" 200 609 "https://www.naijadial.com/wp-admin/post.php?post=1242&action=edit" "Mozilla/5.0 (Windows NT 6.3; Win64; x64) AppleWebKit/537.36 (KHTML, like Gecko) Chrome/79.0.3945.130 Safari/537.36"
154.118.76.104 - - [31/Jan/2020:03:10:47 -0500] "GET /naijadial/framework-customizations/extensions/shortcodes/shortcodes/sp-testimonials/static/img/page_builder.png HTTP/1.1" 200 850 "https://www.naijadial.com/wp-admin/post.php?post=1242&action=edit" "Mozilla/5.0 (Windows NT 6.3; Win64; x64) AppleWebKit/537.36 (KHTML, like Gecko) Chrome/79.0.3945.130 Safari/537.36"
154.118.76.104 - - [31/Jan/2020:03:10:47 -0500] "GET /naijadial/framework-customizations/extensions/shortcodes/shortcodes/sp-testimonials-v2/static/img/page_builder.png HTTP/1.1" 200 850 "https://www.naijadial.com/wp-admin/post.php?post=1242&action=edit" "Mozilla/5.0 (Windows NT 6.3; Win64; x64) AppleWebKit/537.36 (KHTML, like Gecko) Chrome/79.0.3945.130 Safari/537.36"
154.118.76.104 - - [31/Jan/2020:03:10:47 -0500] "GET /naijadial/framework-customizations/extensions/shortcodes/shortcodes/sp-top-categories/static/img/page_builder.png HTTP/1.1" 200 496 "https://www.naijadial.com/wp-admin/post.php?post=1242&action=edit" "Mozilla/5.0 (Windows NT 6.3; Win64; x64) AppleWebKit/537.36 (KHTML, like Gecko) Chrome/79.0.3945.130 Safari/537.36"
154.118.76.104 - - [31/Jan/2020:03:10:48 -0500] "GET /naijadial/framework-customizations/extensions/shortcodes/shortcodes/sp-trending-categories/static/img/page_builder.png HTTP/1.1" 200 496 "https://www.naijadial.com/wp-admin/post.php?post=1242&action=edit" "Mozilla/5.0 (Windows NT 6.3; Win64; x64) AppleWebKit/537.36 (KHTML, like Gecko) Chrome/79.0.3945.130 Safari/537.36"
154.118.76.104 - - [31/Jan/2020:03:10:48 -0500] "GET /naijadial/framework-customizations/extensions/shortcodes/shortcodes/sp-services-slider/static/img/page_builder.png HTTP/1.1" 200 991 "https://www.naijadial.com/wp-admin/post.php?post=1242&action=edit" "Mozilla/5.0 (Windows NT 6.3; Win64; x64) AppleWebKit/537.36 (KHTML, like Gecko) Chrome/79.0.3945.130 Safari/537.36"
154.118.76.104 - - [31/Jan/2020:03:10:48 -0500] "GET /cnt/plugins/unyson/framework/extensions/shortcodes/shortcodes/media-video/static/img/page_builder.png HTTP/1.1" 200 15057 "https://www.naijadial.com/wp-admin/post.php?post=1242&action=edit" "Mozilla/5.0 (Windows NT 6.3; Win64; x64) AppleWebKit/537.36 (KHTML, like Gecko) Chrome/79.0.3945.130 Safari/537.36"
154.118.76.104 - - [31/Jan/2020:03:10:49 -0500] "GET /naijadial/framework-customizations/extensions/shortcodes/shortcodes/sp-text-block/static/img/page_builder.png HTTP/1.1" 200 520 "https://www.naijadial.com/wp-admin/post.php?post=1242&action=edit" "Mozilla/5.0 (Windows NT 6.3; Win64; x64) AppleWebKit/537.36 (KHTML, like Gecko) Chrome/79.0.3945.130 Safari/537.36"
154.118.76.104 - - [31/Jan/2020:03:10:49 -0500] "GET /cnt/plugins/unyson/framework/extensions/shortcodes/shortcodes/media-image/static/img/page_builder.png HTTP/1.1" 200 15993 "https://www.naijadial.com/wp-admin/post.php?post=1242&action=edit" "Mozilla/5.0 (Windows NT 6.3; Win64; x64) AppleWebKit/537.36 (KHTML, like Gecko) Chrome/79.0.3945.130 Safari/537.36"
154.118.76.104 - - [31/Jan/2020:03:10:49 -0500] "GET /cnt/plugins/listingo_vc_shortcodes//vc_custom/shortcodes/sp-featured-listing/images/screenshot.png HTTP/1.1" 200 648 "https://www.naijadial.com/wp-admin/post.php?post=1242&action=edit" "Mozilla/5.0 (Windows NT 6.3; Win64; x64) AppleWebKit/537.36 (KHTML, like Gecko) Chrome/79.0.3945.130 Safari/537.36"
154.118.76.104 - - [31/Jan/2020:03:10:50 -0500] "GET /cnt/plugins/vc-extensions-bundle/img/icon_flipbox.png HTTP/1.1" 200 1387 "https://www.naijadial.com/cnt/plugins/vc-extensions-bundle/css/admin_icon.css?ver=5.3.2" "Mozilla/5.0 (Windows NT 6.3; Win64; x64) AppleWebKit/537.36 (KHTML, like Gecko) Chrome/79.0.3945.130 Safari/537.36"
154.118.76.104 - - [31/Jan/2020:03:10:50 -0500] "GET /cnt/plugins/listingo_vc_shortcodes//vc_custom/shortcodes/sp-newsletter-v2/images/screenshot.png HTTP/1.1" 200 520 "https://www.naijadial.com/wp-admin/post.php?post=1242&action=edit" "Mozilla/5.0 (Windows NT 6.3; Win64; x64) AppleWebKit/537.36 (KHTML, like Gecko) Chrome/79.0.3945.130 Safari/537.36"
154.118.76.104 - - [31/Jan/2020:03:10:50 -0500] "GET /cnt/plugins/listingo_vc_shortcodes//vc_custom/shortcodes/sp-blog-posts/images/screenshot.png HTTP/1.1" 200 1037 "https://www.naijadial.com/wp-admin/post.php?post=1242&action=edit" "Mozilla/5.0 (Windows NT 6.3; Win64; x64) AppleWebKit/537.36 (KHTML, like Gecko) Chrome/79.0.3945.130 Safari/537.36"
154.118.76.104 - - [31/Jan/2020:03:10:51 -0500] "GET /cnt/plugins/unyson/framework/extensions/shortcodes/extensions/wp-shortcodes/static/js/plugin.js?wp-mce-4960-20190918-tadv-5210 HTTP/1.1" 304 - "https://www.naijadial.com/wp-admin/post.php?post=1242&action=edit" "Mozilla/5.0 (Windows NT 6.3; Win64; x64) AppleWebKit/537.36 (KHTML, like Gecko) Chrome/79.0.3945.130 Safari/537.36"
154.118.76.104 - - [31/Jan/2020:03:10:51 -0500] "GET /cnt/plugins/revslider/admin/assets/js/shortcode_generator/tinymce.js?wp-mce-4960-20190918-tadv-5210 HTTP/1.1" 304 - "https://www.naijadial.com/wp-admin/post.php?post=1242&action=edit" "Mozilla/5.0 (Windows NT 6.3; Win64; x64) AppleWebKit/537.36 (KHTML, like Gecko) Chrome/79.0.3945.130 Safari/537.36"
154.118.76.104 - - [31/Jan/2020:03:10:53 -0500] "GET /cnt/plugins/unyson/framework/extensions/shortcodes/extensions/wp-shortcodes/static/css/content.css?wp-mce-4960-20190918-tadv-5210 HTTP/1.1" 304 - "https://www.naijadial.com/wp-admin/post.php?post=1242&action=edit" "Mozilla/5.0 (Windows NT 6.3; Win64; x64) AppleWebKit/537.36 (KHTML, like Gecko) Chrome/79.0.3945.130 Safari/537.36"
154.118.76.104 - - [31/Jan/2020:03:10:53 -0500] "GET /cnt/plugins/unyson/framework/static/libs/unycon/fonts/Unycon.ttf?-s8ws3j HTTP/1.1" 304 - "https://www.naijadial.com/cnt/plugins/unyson/framework/static/libs/unycon/unycon.css?ver=2.7.22" "Mozilla/5.0 (Windows NT 6.3; Win64; x64) AppleWebKit/537.36 (KHTML, like Gecko) Chrome/79.0.3945.130 Safari/537.36"
154.118.76.104 - - [31/Jan/2020:03:10:53 -0500] "GET /naijadial/admin/css/listingo-editor-style.css?wp-mce-4960-20190918-tadv-5210 HTTP/1.1" 304 - "https://www.naijadial.com/wp-admin/post.php?post=1242&action=edit" "Mozilla/5.0 (Windows NT 6.3; Win64; x64) AppleWebKit/537.36 (KHTML, like Gecko) Chrome/79.0.3945.130 Safari/537.36"
154.118.76.104 - - [31/Jan/2020:03:10:53 -0500] "POST /wp-admin/admin-ajax.php HTTP/1.1" 200 47 "https://www.naijadial.com/wp-admin/edit.php?post_type=page" "Mozilla/5.0 (Windows NT 6.3; Win64; x64) AppleWebKit/537.36 (KHTML, like Gecko) Chrome/79.0.3945.130 Safari/537.36"
154.118.76.104 - - [31/Jan/2020:03:10:53 -0500] "GET /cnt/plugins/js_composer/assets/css/lib/typicons/src/font/typicons.woff HTTP/1.1" 304 - "https://www.naijadial.com/cnt/plugins/js_composer/assets/css/lib/typicons/src/font/typicons.min.css?ver=6.0.5" "Mozilla/5.0 (Windows NT 6.3; Win64; x64) AppleWebKit/537.36 (KHTML, like Gecko) Chrome/79.0.3945.130 Safari/537.36"
154.118.76.104 - - [31/Jan/2020:03:10:54 -0500] "GET /cnt/plugins/unyson/framework/static/libs/unycon/unycon.css?wp-mce-4960-20190918-tadv-5210 HTTP/1.1" 304 - "https://www.naijadial.com/wp-admin/post.php?post=1242&action=edit" "Mozilla/5.0 (Windows NT 6.3; Win64; x64) AppleWebKit/537.36 (KHTML, like Gecko) Chrome/79.0.3945.130 Safari/537.36"
154.118.76.104 - - [31/Jan/2020:03:10:53 -0500] "POST /wp-admin/admin-ajax.php HTTP/1.1" 200 47 "https://www.naijadial.com/wp-admin/admin.php?page=jetpack" "Mozilla/5.0 (Windows NT 6.3; Win64; x64) AppleWebKit/537.36 (KHTML, like Gecko) Chrome/79.0.3945.130 Safari/537.36"
154.118.76.104 - - [31/Jan/2020:03:10:54 -0500] "GET /cnt/plugins/unyson/framework/static/libs/entypo/fonts/entypo.woff HTTP/1.1" 304 - "https://www.naijadial.com/cnt/plugins/unyson/framework/static/libs/entypo/css/entypo.css?ver=2.7.22" "Mozilla/5.0 (Windows NT 6.3; Win64; x64) AppleWebKit/537.36 (KHTML, like Gecko) Chrome/79.0.3945.130 Safari/537.36"
154.118.76.104 - - [31/Jan/2020:03:10:54 -0500] "GET /cnt/plugins/unyson/framework/static/libs/font-awesome/css/font-awesome.min.css?wp-mce-4960-20190918-tadv-5210 HTTP/1.1" 304 - "https://www.naijadial.com/wp-admin/post.php?post=1242&action=edit" "Mozilla/5.0 (Windows NT 6.3; Win64; x64) AppleWebKit/537.36 (KHTML, like Gecko) Chrome/79.0.3945.130 Safari/537.36"
154.118.76.104 - - [31/Jan/2020:03:10:56 -0500] "GET /cluder/js/tinymce/skins/lightgray/fonts/tinymce.woff HTTP/1.1" 304 - "https://www.naijadial.com/cluder/js/tinymce/skins/lightgray/skin.min.css?wp-mce-4960-20190918-tadv-5210" "Mozilla/5.0 (Windows NT 6.3; Win64; x64) AppleWebKit/537.36 (KHTML, like Gecko) Chrome/79.0.3945.130 Safari/537.36"
68.65.121.137 - - [31/Jan/2020:03:11:22 -0500] "POST /wp-cron.php?doing_wp_cron=1580458281.9698770046234130859375 HTTP/1.1" 200 - "https://www.naijadial.com/wp-cron.php?doing_wp_cron=1580458281.9698770046234130859375" "WordPress/5.3.2; https://www.naijadial.com"
66.249.64.211 - - [31/Jan/2020:03:11:21 -0500] "GET /ads.txt HTTP/1.1" 301 - "-" "Mozilla/5.0 (compatible; Googlebot/2.1; +http://www.google.com/bot.html)"
66.249.64.137 - - [31/Jan/2020:03:11:22 -0500] "GET /ads.txt HTTP/1.1" 404 52350 "-" "Mozilla/5.0 (compatible; Googlebot/2.1; +http://www.google.com/bot.html)"
66.249.64.209 - - [31/Jan/2020:03:11:24 -0500] "GET /ads.txt HTTP/1.1" 301 - "-" "Mozilla/5.0 (compatible; Googlebot/2.1; +http://www.google.com/bot.html)"
66.249.64.135 - - [31/Jan/2020:03:11:24 -0500] "GET /ads.txt HTTP/1.1" 404 52350 "-" "Mozilla/5.0 (compatible; Googlebot/2.1; +http://www.google.com/bot.html)"
154.118.76.104 - - [31/Jan/2020:03:11:26 -0500] "POST /wp-admin/admin-ajax.php HTTP/1.1" 200 47 "https://www.naijadial.com/wp-admin/users.php?paged=1" "Mozilla/5.0 (Windows NT 6.3; Win64; x64) AppleWebKit/537.36 (KHTML, like Gecko) Chrome/79.0.3945.130 Safari/537.36"
68.65.121.137 - - [31/Jan/2020:03:14:23 -0500] "POST /wp-cron.php?doing_wp_cron=1580458463.6689119338989257812500 HTTP/1.1" 200 - "https://www.naijadial.com/wp-cron.php?doing_wp_cron=1580458463.6689119338989257812500" "WordPress/5.3.2; https://www.naijadial.com"
207.46.13.139 - - [31/Jan/2020:03:14:19 -0500] "GET / HTTP/1.1" 200 24587 "-" "Mozilla/5.0 (compatible; bingbot/2.0; +http://www.bing.com/bingbot.htm)"
154.118.76.104 - - [31/Jan/2020:03:14:26 -0500] "POST /wp-admin/admin-ajax.php HTTP/1.1" 200 47 "https://www.naijadial.com/wp-admin/index.php" "Mozilla/5.0 (Windows NT 6.3; Win64; x64) AppleWebKit/537.36 (KHTML, like Gecko) Chrome/79.0.3945.130 Safari/537.36"
154.118.76.104 - - [31/Jan/2020:03:14:53 -0500] "POST /wp-admin/admin-ajax.php HTTP/1.1" 200 47 "https://www.naijadial.com/wp-admin/edit.php?post_type=page" "Mozilla/5.0 (Windows NT 6.3; Win64; x64) AppleWebKit/537.36 (KHTML, like Gecko) Chrome/79.0.3945.130 Safari/537.36"
154.118.76.104 - - [31/Jan/2020:03:14:54 -0500] "POST /wp-admin/admin-ajax.php HTTP/1.1" 200 47 "https://www.naijadial.com/wp-admin/admin.php?page=jetpack" "Mozilla/5.0 (Windows NT 6.3; Win64; x64) AppleWebKit/537.36 (KHTML, like Gecko) Chrome/79.0.3945.130 Safari/537.36"
68.65.121.137 - - [31/Jan/2020:03:14:59 -0500] "POST /wp-cron.php?doing_wp_cron=1580458499.2298328876495361328125 HTTP/1.1" 200 - "https://www.naijadial.com/wp-cron.php?doing_wp_cron=1580458499.2298328876495361328125" "WordPress/5.3.2; https://www.naijadial.com"
