105.112.59.97 - - [30/Jan/2020:13:41:55 -0500] "GET /cnt/plugins/revslider/public/assets/assets/loader.gif HTTP/1.1" 304 - "https://www.naijadial.com/cnt/plugins/revslider/public/assets/css/rs6.css?ver=6.0.7" "Mozilla/5.0 (Linux; Android 9; TECNO KB7j) AppleWebKit/537.36 (KHTML, like Gecko) Chrome/72.0.3626.121 Mobile Safari/537.36"
105.112.59.97 - - [30/Jan/2020:13:41:55 -0500] "GET /naijadial/images/ui-icons_444444_256x240.png HTTP/1.1" 200 6992 "https://www.naijadial.com/naijadial/css/jquery-ui.css?ver=3.2.2" "Mozilla/5.0 (Linux; Android 9; TECNO KB7j) AppleWebKit/537.36 (KHTML, like Gecko) Chrome/72.0.3626.121 Mobile Safari/537.36"
105.112.59.97 - - [30/Jan/2020:13:41:55 -0500] "GET /files/2020/01/Construction.jpg HTTP/1.1" 304 - "https://www.naijadial.com/construction-renovation/bolarinwa-azeez/" "Mozilla/5.0 (Linux; Android 9; TECNO KB7j) AppleWebKit/537.36 (KHTML, like Gecko) Chrome/72.0.3626.121 Mobile Safari/537.36"
105.112.59.97 - - [30/Jan/2020:13:41:59 -0500] "GET /files/2020/01/map.png HTTP/1.1" 304 - "https://www.naijadial.com/construction-renovation/bolarinwa-azeez/" "Mozilla/5.0 (Linux; Android 9; TECNO KB7j) AppleWebKit/537.36 (KHTML, like Gecko) Chrome/72.0.3626.121 Mobile Safari/537.36"
68.65.121.137 - - [30/Jan/2020:13:42:35 -0500] "POST /wp-cron.php?doing_wp_cron=1580409755.4457600116729736328125 HTTP/1.1" 200 - "https://www.naijadial.com/wp-cron.php?doing_wp_cron=1580409755.4457600116729736328125" "WordPress/5.3.2; https://www.naijadial.com"
105.112.59.97 - - [30/Jan/2020:13:42:35 -0500] "GET /construction-renovation/bolarinwa-azeez/apple-touch-icon.png HTTP/1.1" 404 59690 "https://www.naijadial.com/construction-renovation/bolarinwa-azeez/" "Mozilla/5.0 (Linux; Android 9; TECNO KB7j) AppleWebKit/537.36 (KHTML, like Gecko) Chrome/72.0.3626.121 Mobile Safari/537.36"
68.65.121.137 - - [30/Jan/2020:13:44:01 -0500] "POST /wp-cron.php?doing_wp_cron=1580409841.4873819351196289062500 HTTP/1.1" 200 - "https://www.naijadial.com/wp-cron.php?doing_wp_cron=1580409841.4873819351196289062500" "WordPress/5.3.2; https://www.naijadial.com"
105.112.59.97 - - [30/Jan/2020:13:44:01 -0500] "GET /ads-search/ HTTP/1.1" 200 17479 "https://www.naijadial.com/construction-renovation/bolarinwa-azeez/" "Mozilla/5.0 (Linux; Android 9; TECNO KB7j) AppleWebKit/537.36 (KHTML, like Gecko) Chrome/72.0.3626.121 Mobile Safari/537.36"
105.112.59.97 - - [30/Jan/2020:13:44:01 -0500] "GET /ads-search/ HTTP/1.1" 200 17479 "https://www.naijadial.com/construction-renovation/bolarinwa-azeez/" "Mozilla/5.0 (Linux; Android 9; TECNO KB7j) AppleWebKit/537.36 (KHTML, like Gecko) Chrome/72.0.3626.121 Mobile Safari/537.36"
105.112.59.97 - - [30/Jan/2020:13:44:04 -0500] "GET /new/wp-content/uploads/2020/01/header.jpg HTTP/1.1" 304 - "https://www.naijadial.com/ads-search/" "Mozilla/5.0 (Linux; Android 9; TECNO KB7j) AppleWebKit/537.36 (KHTML, like Gecko) Chrome/72.0.3626.121 Mobile Safari/537.36"
105.112.59.97 - - [30/Jan/2020:13:44:05 -0500] "GET /naijadial/js/maps/markerclusterer.min.js?ver=3.2.2 HTTP/1.1" 200 4348 "https://www.naijadial.com/ads-search/" "Mozilla/5.0 (Linux; Android 9; TECNO KB7j) AppleWebKit/537.36 (KHTML, like Gecko) Chrome/72.0.3626.121 Mobile Safari/537.36"
105.112.59.97 - - [30/Jan/2020:13:44:05 -0500] "GET /naijadial/js/maps/infobox.js?ver=3.2.2 HTTP/1.1" 200 5920 "https://www.naijadial.com/ads-search/" "Mozilla/5.0 (Linux; Android 9; TECNO KB7j) AppleWebKit/537.36 (KHTML, like Gecko) Chrome/72.0.3626.121 Mobile Safari/537.36"
105.112.59.97 - - [30/Jan/2020:13:44:06 -0500] "GET /files/2020/01/responsive-web-design-360x240.png HTTP/1.1" 304 - "https://www.naijadial.com/ads-search/" "Mozilla/5.0 (Linux; Android 9; TECNO KB7j) AppleWebKit/537.36 (KHTML, like Gecko) Chrome/72.0.3626.121 Mobile Safari/537.36"
105.112.59.97 - - [30/Jan/2020:13:44:06 -0500] "GET /files/2020/01/Matican-Logo-100x100.png HTTP/1.1" 304 - "https://www.naijadial.com/ads-search/" "Mozilla/5.0 (Linux; Android 9; TECNO KB7j) AppleWebKit/537.36 (KHTML, like Gecko) Chrome/72.0.3626.121 Mobile Safari/537.36"
105.112.59.97 - - [30/Jan/2020:13:44:06 -0500] "GET /naijadial/js/maps/oms.min.js?ver=3.2.2 HTTP/1.1" 200 3591 "https://www.naijadial.com/ads-search/" "Mozilla/5.0 (Linux; Android 9; TECNO KB7j) AppleWebKit/537.36 (KHTML, like Gecko) Chrome/72.0.3626.121 Mobile Safari/537.36"
105.112.59.97 - - [30/Jan/2020:13:44:06 -0500] "GET /naijadial/framework-customizations/extensions/ads/static/js/maps/ad_gmaps.js?ver=1.0 HTTP/1.1" 200 2613 "https://www.naijadial.com/ads-search/" "Mozilla/5.0 (Linux; Android 9; TECNO KB7j) AppleWebKit/537.36 (KHTML, like Gecko) Chrome/72.0.3626.121 Mobile Safari/537.36"
105.112.59.97 - - [30/Jan/2020:13:44:06 -0500] "GET /naijadial/js/jquery.sticky-kit.min.js?ver=5.3.2 HTTP/1.1" 200 1305 "https://www.naijadial.com/ads-search/" "Mozilla/5.0 (Linux; Android 9; TECNO KB7j) AppleWebKit/537.36 (KHTML, like Gecko) Chrome/72.0.3626.121 Mobile Safari/537.36"
68.65.121.137 - - [30/Jan/2020:13:44:06 -0500] "POST /wp-cron.php?doing_wp_cron=1580409846.2372970581054687500000 HTTP/1.1" 200 - "https://www.naijadial.com/wp-cron.php?doing_wp_cron=1580409846.2372970581054687500000" "WordPress/5.3.2; https://www.naijadial.com"
105.112.59.97 - - [30/Jan/2020:13:44:06 -0500] "GET /listingo/images/line-bar.jpg HTTP/1.1" 404 59690 "https://www.naijadial.com/naijadial/style.css?ver=3.2.2" "Mozilla/5.0 (Linux; Android 9; TECNO KB7j) AppleWebKit/537.36 (KHTML, like Gecko) Chrome/72.0.3626.121 Mobile Safari/537.36"
105.112.59.97 - - [30/Jan/2020:13:44:25 -0500] "GET /ads-search/apple-touch-icon.png HTTP/1.1" 404 58940 "https://www.naijadial.com/ads-search/" "Mozilla/5.0 (Linux; Android 9; TECNO KB7j) AppleWebKit/537.36 (KHTML, like Gecko) Chrome/72.0.3626.121 Mobile Safari/537.36"
68.65.121.137 - - [30/Jan/2020:13:51:21 -0500] "POST /wp-cron.php?doing_wp_cron=1580410281.0923929214477539062500 HTTP/1.1" 200 - "https://www.naijadial.com/wp-cron.php?doing_wp_cron=1580410281.0923929214477539062500" "WordPress/5.3.2; https://www.naijadial.com"
105.112.18.102 - - [30/Jan/2020:13:51:19 -0500] "GET /dashboard/?ref=settings&identity=120 HTTP/1.1" 200 17147 "https://www.naijadial.com/account/" "Mozilla/5.0 (Linux; Android 5.1; DP7CPRO Build/LMY47I) AppleWebKit/537.36 (KHTML, like Gecko) Chrome/69.0.3497.100 Safari/537.36"
105.112.18.102 - - [30/Jan/2020:13:51:32 -0500] "GET / HTTP/1.1" 200 25132 "-" "Mozilla/5.0 (Linux; Android 5.1; DP7CPRO Build/LMY47I) AppleWebKit/537.36 (KHTML, like Gecko) Chrome/69.0.3497.100 Safari/537.36"
105.112.18.102 - - [30/Jan/2020:13:51:39 -0500] "GET /files/2020/01/Professional-275x152.jpg HTTP/1.1" 304 - "https://www.naijadial.com/" "Mozilla/5.0 (Linux; Android 5.1; DP7CPRO Build/LMY47I) AppleWebKit/537.36 (KHTML, like Gecko) Chrome/69.0.3497.100 Safari/537.36"
105.112.18.102 - - [30/Jan/2020:13:51:41 -0500] "GET /files/2019/12/Business-275x152.png HTTP/1.1" 304 - "https://www.naijadial.com/" "Mozilla/5.0 (Linux; Android 5.1; DP7CPRO Build/LMY47I) AppleWebKit/537.36 (KHTML, like Gecko) Chrome/69.0.3497.100 Safari/537.36"
105.112.18.102 - - [30/Jan/2020:13:51:41 -0500] "GET /files/2020/01/training.jpg HTTP/1.1" 304 - "https://www.naijadial.com/" "Mozilla/5.0 (Linux; Android 5.1; DP7CPRO Build/LMY47I) AppleWebKit/537.36 (KHTML, like Gecko) Chrome/69.0.3497.100 Safari/537.36"
105.112.18.102 - - [30/Jan/2020:13:51:41 -0500] "GET /files/2020/01/Transportation-and-Travel.jpg HTTP/1.1" 304 - "https://www.naijadial.com/" "Mozilla/5.0 (Linux; Android 5.1; DP7CPRO Build/LMY47I) AppleWebKit/537.36 (KHTML, like Gecko) Chrome/69.0.3497.100 Safari/537.36"
105.112.18.102 - - [30/Jan/2020:13:51:41 -0500] "GET /files/2020/01/Matican-Logo-100x100.png HTTP/1.1" 304 - "https://www.naijadial.com/" "Mozilla/5.0 (Linux; Android 5.1; DP7CPRO Build/LMY47I) AppleWebKit/537.36 (KHTML, like Gecko) Chrome/69.0.3497.100 Safari/537.36"
105.112.18.102 - - [30/Jan/2020:13:51:41 -0500] "GET /files/2020/01/Cleaning-275x152.jpg HTTP/1.1" 304 - "https://www.naijadial.com/" "Mozilla/5.0 (Linux; Android 5.1; DP7CPRO Build/LMY47I) AppleWebKit/537.36 (KHTML, like Gecko) Chrome/69.0.3497.100 Safari/537.36"
105.112.18.102 - - [30/Jan/2020:13:51:41 -0500] "GET /files/2020/01/responsive-web-design-360x240.png HTTP/1.1" 304 - "https://www.naijadial.com/" "Mozilla/5.0 (Linux; Android 5.1; DP7CPRO Build/LMY47I) AppleWebKit/537.36 (KHTML, like Gecko) Chrome/69.0.3497.100 Safari/537.36"
105.112.18.102 - - [30/Jan/2020:13:51:41 -0500] "GET /files/2020/01/Professional.jpg HTTP/1.1" 304 - "https://www.naijadial.com/" "Mozilla/5.0 (Linux; Android 5.1; DP7CPRO Build/LMY47I) AppleWebKit/537.36 (KHTML, like Gecko) Chrome/69.0.3497.100 Safari/537.36"
105.112.18.102 - - [30/Jan/2020:13:51:41 -0500] "GET /files/2020/01/Real-Estate.png HTTP/1.1" 304 - "https://www.naijadial.com/" "Mozilla/5.0 (Linux; Android 5.1; DP7CPRO Build/LMY47I) AppleWebKit/537.36 (KHTML, like Gecko) Chrome/69.0.3497.100 Safari/537.36"
105.112.18.102 - - [30/Jan/2020:13:51:41 -0500] "GET /files/2020/01/Events-Header.png HTTP/1.1" 304 - "https://www.naijadial.com/" "Mozilla/5.0 (Linux; Android 5.1; DP7CPRO Build/LMY47I) AppleWebKit/537.36 (KHTML, like Gecko) Chrome/69.0.3497.100 Safari/537.36"
105.112.18.102 - - [30/Jan/2020:13:51:41 -0500] "GET /files/2020/01/Fashion.jpg HTTP/1.1" 304 - "https://www.naijadial.com/" "Mozilla/5.0 (Linux; Android 5.1; DP7CPRO Build/LMY47I) AppleWebKit/537.36 (KHTML, like Gecko) Chrome/69.0.3497.100 Safari/537.36"
105.112.18.102 - - [30/Jan/2020:13:51:41 -0500] "GET /files/2020/01/banner.png HTTP/1.1" 304 - "https://www.naijadial.com/" "Mozilla/5.0 (Linux; Android 5.1; DP7CPRO Build/LMY47I) AppleWebKit/537.36 (KHTML, like Gecko) Chrome/69.0.3497.100 Safari/537.36"
68.65.121.137 - - [30/Jan/2020:13:51:41 -0500] "POST /wp-cron.php?doing_wp_cron=1580410301.5573520660400390625000 HTTP/1.1" 200 - "https://www.naijadial.com/wp-cron.php?doing_wp_cron=1580410301.5573520660400390625000" "WordPress/5.3.2; https://www.naijadial.com"
105.112.18.102 - - [30/Jan/2020:13:51:41 -0500] "GET /listingo/images/line-bar.jpg HTTP/1.1" 404 55944 "https://www.naijadial.com/naijadial/style.css?ver=3.2.2" "Mozilla/5.0 (Linux; Android 5.1; DP7CPRO Build/LMY47I) AppleWebKit/537.36 (KHTML, like Gecko) Chrome/69.0.3497.100 Safari/537.36"
105.112.18.102 - - [30/Jan/2020:13:51:47 -0500] "POST /?wc-ajax=get_refreshed_fragments HTTP/1.1" 200 210 "https://www.naijadial.com/" "Mozilla/5.0 (Linux; Android 5.1; DP7CPRO Build/LMY47I) AppleWebKit/537.36 (KHTML, like Gecko) Chrome/69.0.3497.100 Safari/537.36"
68.65.121.137 - - [30/Jan/2020:13:57:29 -0500] "POST /wp-cron.php?doing_wp_cron=1580410649.6262969970703125000000 HTTP/1.1" 200 - "https://www.naijadial.com/wp-cron.php?doing_wp_cron=1580410649.6262969970703125000000" "WordPress/5.3.2; https://www.naijadial.com"
220.181.108.152 - - [30/Jan/2020:13:57:27 -0500] "GET /wp-json/ HTTP/1.1" 200 809887 "-" "Mozilla/5.0 (compatible; Baiduspider/2.0; +http://www.baidu.com/search/spider.html)"
68.65.121.137 - - [30/Jan/2020:13:59:08 -0500] "POST /wp-cron.php?doing_wp_cron=1580410748.7405259609222412109375 HTTP/1.1" 200 - "https://www.naijadial.com/wp-cron.php?doing_wp_cron=1580410748.7405259609222412109375" "WordPress/5.3.2; https://www.naijadial.com"
66.249.65.103 - - [30/Jan/2020:13:59:06 -0500] "GET /new/sub_category/business-consultancy/ HTTP/1.1" 404 52861 "-" "Mozilla/5.0 (Linux; Android 6.0.1; Nexus 5X Build/MMB29P) AppleWebKit/537.36 (KHTML, like Gecko) Chrome/41.0.2272.96 Mobile Safari/537.36 (compatible; Googlebot/2.1; +http://www.google.com/bot.html)"
197.210.70.53 - - [30/Jan/2020:13:59:52 -0500] "GET /account/ HTTP/1.1" 200 14154 "-" "Mozilla/5.0 (Linux; Android 8.1.0; itel W5001P) AppleWebKit/537.36 (KHTML, like Gecko) Chrome/70.0.3538.110 Mobile Safari/537.36"
197.210.70.53 - - [30/Jan/2020:13:59:55 -0500] "GET /cnt/plugins/gd-bbpress-toolbox/templates/default/css/widgets.min.css?ver=5.2.1.712 HTTP/1.1" 304 - "https://www.naijadial.com/account/" "Mozilla/5.0 (Linux; Android 8.1.0; itel W5001P) AppleWebKit/537.36 (KHTML, like Gecko) Chrome/70.0.3538.110 Mobile Safari/537.36"
197.210.70.53 - - [30/Jan/2020:13:59:55 -0500] "GET /cnt/plugins/vc-extensions-bundle/css/admin_icon.css?ver=5.3.2 HTTP/1.1" 304 - "https://www.naijadial.com/account/" "Mozilla/5.0 (Linux; Android 8.1.0; itel W5001P) AppleWebKit/537.36 (KHTML, like Gecko) Chrome/70.0.3538.110 Mobile Safari/537.36"
197.210.70.53 - - [30/Jan/2020:13:59:55 -0500] "GET /cnt/plugins/unyson/framework/extensions/breadcrumbs/static/css/style.css?ver=5.3.2 HTTP/1.1" 304 - "https://www.naijadial.com/account/" "Mozilla/5.0 (Linux; Android 8.1.0; itel W5001P) AppleWebKit/537.36 (KHTML, like Gecko) Chrome/70.0.3538.110 Mobile Safari/537.36"
197.210.70.53 - - [30/Jan/2020:13:59:55 -0500] "GET /cnt/plugins/mega-addons-for-visual-composer/css/style.css?ver=5.3.2 HTTP/1.1" 304 - "https://www.naijadial.com/account/" "Mozilla/5.0 (Linux; Android 8.1.0; itel W5001P) AppleWebKit/537.36 (KHTML, like Gecko) Chrome/70.0.3538.110 Mobile Safari/537.36"
197.210.70.53 - - [30/Jan/2020:13:59:55 -0500] "GET /cnt/plugins/contact-form-7/includes/css/styles.css?ver=5.1.6 HTTP/1.1" 304 - "https://www.naijadial.com/account/" "Mozilla/5.0 (Linux; Android 8.1.0; itel W5001P) AppleWebKit/537.36 (KHTML, like Gecko) Chrome/70.0.3538.110 Mobile Safari/537.36"
197.210.70.53 - - [30/Jan/2020:13:59:55 -0500] "GET /cnt/plugins/bbp-style-pack/css/bspstyle.css?ver=4.3.8 HTTP/1.1" 304 - "https://www.naijadial.com/account/" "Mozilla/5.0 (Linux; Android 8.1.0; itel W5001P) AppleWebKit/537.36 (KHTML, like Gecko) Chrome/70.0.3538.110 Mobile Safari/537.36"
197.210.70.53 - - [30/Jan/2020:13:59:55 -0500] "GET /cnt/plugins/bbpress/templates/default/css/bbpress.min.css?ver=2.6.3 HTTP/1.1" 304 - "https://www.naijadial.com/account/" "Mozilla/5.0 (Linux; Android 8.1.0; itel W5001P) AppleWebKit/537.36 (KHTML, like Gecko) Chrome/70.0.3538.110 Mobile Safari/537.36"
197.210.70.53 - - [30/Jan/2020:13:59:55 -0500] "GET /cnt/plugins/revslider/public/assets/css/rs6.css?ver=6.0.7 HTTP/1.1" 304 - "https://www.naijadial.com/account/" "Mozilla/5.0 (Linux; Android 8.1.0; itel W5001P) AppleWebKit/537.36 (KHTML, like Gecko) Chrome/70.0.3538.110 Mobile Safari/537.36"
197.210.70.53 - - [30/Jan/2020:13:59:55 -0500] "GET /cnt/plugins/mega-addons-for-visual-composer/css/font-awesome/css/font-awesome.css?ver=5.3.2 HTTP/1.1" 304 - "https://www.naijadial.com/account/" "Mozilla/5.0 (Linux; Android 8.1.0; itel W5001P) AppleWebKit/537.36 (KHTML, like Gecko) Chrome/70.0.3538.110 Mobile Safari/537.36"
197.210.70.53 - - [30/Jan/2020:13:59:55 -0500] "GET /cnt/plugins/unyson/framework/extensions/builder/static/css/frontend-grid.css?ver=1.2.11 HTTP/1.1" 304 - "https://www.naijadial.com/account/" "Mozilla/5.0 (Linux; Android 8.1.0; itel W5001P) AppleWebKit/537.36 (KHTML, like Gecko) Chrome/70.0.3538.110 Mobile Safari/537.36"
197.210.70.53 - - [30/Jan/2020:13:59:55 -0500] "GET /cnt/plugins/js_composer/assets/css/js_composer.min.css?ver=6.0.5 HTTP/1.1" 304 - "https://www.naijadial.com/account/" "Mozilla/5.0 (Linux; Android 8.1.0; itel W5001P) AppleWebKit/537.36 (KHTML, like Gecko) Chrome/70.0.3538.110 Mobile Safari/537.36"
197.210.70.53 - - [30/Jan/2020:13:59:55 -0500] "GET /naijadial/css/jquery-ui.css?ver=3.2.2 HTTP/1.1" 304 - "https://www.naijadial.com/account/" "Mozilla/5.0 (Linux; Android 8.1.0; itel W5001P) AppleWebKit/537.36 (KHTML, like Gecko) Chrome/70.0.3538.110 Mobile Safari/537.36"
197.210.70.53 - - [30/Jan/2020:13:59:55 -0500] "GET /cnt/plugins/unyson/framework/extensions/forms/static/css/frontend.css?ver=2.7.22 HTTP/1.1" 304 - "https://www.naijadial.com/account/" "Mozilla/5.0 (Linux; Android 8.1.0; itel W5001P) AppleWebKit/537.36 (KHTML, like Gecko) Chrome/70.0.3538.110 Mobile Safari/537.36"
197.210.70.53 - - [30/Jan/2020:13:59:55 -0500] "GET /cnt/plugins/mega-addons-for-visual-composer/css/ihover.css?ver=5.3.2 HTTP/1.1" 304 - "https://www.naijadial.com/account/" "Mozilla/5.0 (Linux; Android 8.1.0; itel W5001P) AppleWebKit/537.36 (KHTML, like Gecko) Chrome/70.0.3538.110 Mobile Safari/537.36"
197.210.70.53 - - [30/Jan/2020:13:59:55 -0500] "GET /naijadial/css/owl.carousel.min.css?ver=3.2.2 HTTP/1.1" 304 - "https://www.naijadial.com/account/" "Mozilla/5.0 (Linux; Android 8.1.0; itel W5001P) AppleWebKit/537.36 (KHTML, like Gecko) Chrome/70.0.3538.110 Mobile Safari/537.36"
197.210.70.53 - - [30/Jan/2020:13:59:55 -0500] "GET /cnt/plugins/js_composer/assets/lib/bower/font-awesome/css/font-awesome.min.css?ver=6.0.5 HTTP/1.1" 304 - "https://www.naijadial.com/account/" "Mozilla/5.0 (Linux; Android 8.1.0; itel W5001P) AppleWebKit/537.36 (KHTML, like Gecko) Chrome/70.0.3538.110 Mobile Safari/537.36"
197.210.70.53 - - [30/Jan/2020:13:59:55 -0500] "GET /naijadial/css/datetimepicker.css?ver=3.2.2 HTTP/1.1" 304 - "https://www.naijadial.com/account/" "Mozilla/5.0 (Linux; Android 8.1.0; itel W5001P) AppleWebKit/537.36 (KHTML, like Gecko) Chrome/70.0.3538.110 Mobile Safari/537.36"
197.210.70.53 - - [30/Jan/2020:13:59:55 -0500] "GET /naijadial/css/owl.theme.default.min.css?ver=3.2.2 HTTP/1.1" 304 - "https://www.naijadial.com/account/" "Mozilla/5.0 (Linux; Android 8.1.0; itel W5001P) AppleWebKit/537.36 (KHTML, like Gecko) Chrome/70.0.3538.110 Mobile Safari/537.36"
197.210.70.53 - - [30/Jan/2020:13:59:55 -0500] "GET /naijadial/css/scrollbar.css?ver=3.2.2 HTTP/1.1" 304 - "https://www.naijadial.com/account/" "Mozilla/5.0 (Linux; Android 8.1.0; itel W5001P) AppleWebKit/537.36 (KHTML, like Gecko) Chrome/70.0.3538.110 Mobile Safari/537.36"
197.210.70.53 - - [30/Jan/2020:13:59:55 -0500] "GET /naijadial/css/chosen.css?ver=3.2.2 HTTP/1.1" 304 - "https://www.naijadial.com/account/" "Mozilla/5.0 (Linux; Android 8.1.0; itel W5001P) AppleWebKit/537.36 (KHTML, like Gecko) Chrome/70.0.3538.110 Mobile Safari/537.36"
197.210.70.53 - - [30/Jan/2020:13:59:55 -0500] "GET /naijadial/css/linearicons.css?ver=3.2.2 HTTP/1.1" 304 - "https://www.naijadial.com/account/" "Mozilla/5.0 (Linux; Android 8.1.0; itel W5001P) AppleWebKit/537.36 (KHTML, like Gecko) Chrome/70.0.3538.110 Mobile Safari/537.36"
197.210.70.53 - - [30/Jan/2020:13:59:55 -0500] "GET /naijadial/css/bootstrap.min.css?ver=3.2.2 HTTP/1.1" 304 - "https://www.naijadial.com/account/" "Mozilla/5.0 (Linux; Android 8.1.0; itel W5001P) AppleWebKit/537.36 (KHTML, like Gecko) Chrome/70.0.3538.110 Mobile Safari/537.36"
197.210.70.53 - - [30/Jan/2020:13:59:55 -0500] "GET /naijadial/css/transitions.css?ver=3.2.2 HTTP/1.1" 304 - "https://www.naijadial.com/account/" "Mozilla/5.0 (Linux; Android 8.1.0; itel W5001P) AppleWebKit/537.36 (KHTML, like Gecko) Chrome/70.0.3538.110 Mobile Safari/537.36"
197.210.70.53 - - [30/Jan/2020:13:59:55 -0500] "GET /cnt/plugins/unyson/framework/static/libs/entypo/css/entypo.css?ver=2.7.22 HTTP/1.1" 304 - "https://www.naijadial.com/account/" "Mozilla/5.0 (Linux; Android 8.1.0; itel W5001P) AppleWebKit/537.36 (KHTML, like Gecko) Chrome/70.0.3538.110 Mobile Safari/537.36"
197.210.70.53 - - [30/Jan/2020:13:59:55 -0500] "GET /cnt/plugins/unyson/framework/static/libs/linecons/css/linecons.css?ver=2.7.22 HTTP/1.1" 304 - "https://www.naijadial.com/account/" "Mozilla/5.0 (Linux; Android 8.1.0; itel W5001P) AppleWebKit/537.36 (KHTML, like Gecko) Chrome/70.0.3538.110 Mobile Safari/537.36"
197.210.70.53 - - [30/Jan/2020:13:59:55 -0500] "GET /cnt/plugins/unyson/framework/static/libs/typcn/css/typcn.css?ver=2.7.22 HTTP/1.1" 304 - "https://www.naijadial.com/account/" "Mozilla/5.0 (Linux; Android 8.1.0; itel W5001P) AppleWebKit/537.36 (KHTML, like Gecko) Chrome/70.0.3538.110 Mobile Safari/537.36"
197.210.70.53 - - [30/Jan/2020:13:59:55 -0500] "GET /cnt/plugins/unyson/framework/static/js/fw-form-helpers.js?ver=5.3.2 HTTP/1.1" 304 - "https://www.naijadial.com/account/" "Mozilla/5.0 (Linux; Android 8.1.0; itel W5001P) AppleWebKit/537.36 (KHTML, like Gecko) Chrome/70.0.3538.110 Mobile Safari/537.36"
197.210.70.53 - - [30/Jan/2020:13:59:55 -0500] "GET /cnt/plugins/mega-addons-for-visual-composer/js/script.js?ver=5.3.2 HTTP/1.1" 304 - "https://www.naijadial.com/account/" "Mozilla/5.0 (Linux; Android 8.1.0; itel W5001P) AppleWebKit/537.36 (KHTML, like Gecko) Chrome/70.0.3538.110 Mobile Safari/537.36"
197.210.70.53 - - [30/Jan/2020:13:59:55 -0500] "GET /naijadial/css/chat_module.css?ver=3.2.2 HTTP/1.1" 304 - "https://www.naijadial.com/account/" "Mozilla/5.0 (Linux; Android 8.1.0; itel W5001P) AppleWebKit/537.36 (KHTML, like Gecko) Chrome/70.0.3538.110 Mobile Safari/537.36"
197.210.70.53 - - [30/Jan/2020:13:59:55 -0500] "GET /naijadial/style.css?ver=3.2.2 HTTP/1.1" 304 - "https://www.naijadial.com/account/" "Mozilla/5.0 (Linux; Android 8.1.0; itel W5001P) AppleWebKit/537.36 (KHTML, like Gecko) Chrome/70.0.3538.110 Mobile Safari/537.36"
197.210.70.53 - - [30/Jan/2020:13:59:55 -0500] "GET /naijadial/css/prettyPhoto.css?ver=3.2.2 HTTP/1.1" 304 - "https://www.naijadial.com/account/" "Mozilla/5.0 (Linux; Android 8.1.0; itel W5001P) AppleWebKit/537.36 (KHTML, like Gecko) Chrome/70.0.3538.110 Mobile Safari/537.36"
197.210.70.53 - - [30/Jan/2020:13:59:55 -0500] "GET /cnt/plugins/unyson/framework/static/libs/unycon/unycon.css?ver=2.7.22 HTTP/1.1" 304 - "https://www.naijadial.com/account/" "Mozilla/5.0 (Linux; Android 8.1.0; itel W5001P) AppleWebKit/537.36 (KHTML, like Gecko) Chrome/70.0.3538.110 Mobile Safari/537.36"
197.210.70.53 - - [30/Jan/2020:13:59:55 -0500] "GET /naijadial/js/appear.js?ver=5.3.2 HTTP/1.1" 304 - "https://www.naijadial.com/account/" "Mozilla/5.0 (Linux; Android 8.1.0; itel W5001P) AppleWebKit/537.36 (KHTML, like Gecko) Chrome/70.0.3538.110 Mobile Safari/537.36"
197.210.70.53 - - [30/Jan/2020:13:59:55 -0500] "GET /cnt/plugins/js_composer/assets/js/vendors/woocommerce-add-to-cart.js?ver=6.0.5 HTTP/1.1" 304 - "https://www.naijadial.com/account/" "Mozilla/5.0 (Linux; Android 8.1.0; itel W5001P) AppleWebKit/537.36 (KHTML, like Gecko) Chrome/70.0.3538.110 Mobile Safari/537.36"
197.210.70.53 - - [30/Jan/2020:13:59:55 -0500] "GET /naijadial/css/color.css?ver=3.2.2 HTTP/1.1" 304 - "https://www.naijadial.com/account/" "Mozilla/5.0 (Linux; Android 8.1.0; itel W5001P) AppleWebKit/537.36 (KHTML, like Gecko) Chrome/70.0.3538.110 Mobile Safari/537.36"
197.210.70.53 - - [30/Jan/2020:13:59:55 -0500] "GET /naijadial/css/jquery.countdown.css?ver=3.2.2 HTTP/1.1" 304 - "https://www.naijadial.com/account/" "Mozilla/5.0 (Linux; Android 8.1.0; itel W5001P) AppleWebKit/537.36 (KHTML, like Gecko) Chrome/70.0.3538.110 Mobile Safari/537.36"
197.210.70.53 - - [30/Jan/2020:13:59:55 -0500] "GET /cnt/plugins/revslider/public/assets/js/revolution.tools.min.js?ver=6.0 HTTP/1.1" 304 - "https://www.naijadial.com/account/" "Mozilla/5.0 (Linux; Android 8.1.0; itel W5001P) AppleWebKit/537.36 (KHTML, like Gecko) Chrome/70.0.3538.110 Mobile Safari/537.36"
197.210.70.53 - - [30/Jan/2020:13:59:55 -0500] "GET /naijadial/js/vendor/modernizr-2.8.3-respond-1.4.2.min.js?ver=3.2.2 HTTP/1.1" 304 - "https://www.naijadial.com/account/" "Mozilla/5.0 (Linux; Android 8.1.0; itel W5001P) AppleWebKit/537.36 (KHTML, like Gecko) Chrome/70.0.3538.110 Mobile Safari/537.36"
197.210.70.53 - - [30/Jan/2020:13:59:55 -0500] "GET /naijadial/css/responsive.css?ver=3.2.2 HTTP/1.1" 304 - "https://www.naijadial.com/account/" "Mozilla/5.0 (Linux; Android 8.1.0; itel W5001P) AppleWebKit/537.36 (KHTML, like Gecko) Chrome/70.0.3538.110 Mobile Safari/537.36"
197.210.70.53 - - [30/Jan/2020:13:59:55 -0500] "GET /files/2019/12/NaijaDial-Logo.png HTTP/1.1" 304 - "https://www.naijadial.com/account/" "Mozilla/5.0 (Linux; Android 8.1.0; itel W5001P) AppleWebKit/537.36 (KHTML, like Gecko) Chrome/70.0.3538.110 Mobile Safari/537.36"
197.210.70.53 - - [30/Jan/2020:13:59:55 -0500] "GET /naijadial/css/normalize.css?ver=3.2.2 HTTP/1.1" 304 - "https://www.naijadial.com/account/" "Mozilla/5.0 (Linux; Android 8.1.0; itel W5001P) AppleWebKit/537.36 (KHTML, like Gecko) Chrome/70.0.3538.110 Mobile Safari/537.36"
197.210.70.53 - - [30/Jan/2020:13:59:55 -0500] "GET /naijadial/css/typo.css?ver=3.2.2 HTTP/1.1" 304 - "https://www.naijadial.com/account/" "Mozilla/5.0 (Linux; Android 8.1.0; itel W5001P) AppleWebKit/537.36 (KHTML, like Gecko) Chrome/70.0.3538.110 Mobile Safari/537.36"
197.210.70.53 - - [30/Jan/2020:13:59:55 -0500] "GET /files/so-css/so-css-listingo.css?ver=1580144791 HTTP/1.1" 304 - "https://www.naijadial.com/account/" "Mozilla/5.0 (Linux; Android 8.1.0; itel W5001P) AppleWebKit/537.36 (KHTML, like Gecko) Chrome/70.0.3538.110 Mobile Safari/537.36"
197.210.70.53 - - [30/Jan/2020:13:59:55 -0500] "GET /cnt/plugins/unyson/framework/static/libs/lnr/css/lnr.css?ver=2.7.22 HTTP/1.1" 304 - "https://www.naijadial.com/account/" "Mozilla/5.0 (Linux; Android 8.1.0; itel W5001P) AppleWebKit/537.36 (KHTML, like Gecko) Chrome/70.0.3538.110 Mobile Safari/537.36"
197.210.70.53 - - [30/Jan/2020:13:59:55 -0500] "GET /cnt/plugins/unyson/framework/static/libs/font-awesome/css/font-awesome.min.css?ver=2.7.22 HTTP/1.1" 304 - "https://www.naijadial.com/account/" "Mozilla/5.0 (Linux; Android 8.1.0; itel W5001P) AppleWebKit/537.36 (KHTML, like Gecko) Chrome/70.0.3538.110 Mobile Safari/537.36"
197.210.70.53 - - [30/Jan/2020:13:59:55 -0500] "GET /naijadial/js/countTo.js?ver=5.3.2 HTTP/1.1" 304 - "https://www.naijadial.com/account/" "Mozilla/5.0 (Linux; Android 8.1.0; itel W5001P) AppleWebKit/537.36 (KHTML, like Gecko) Chrome/70.0.3538.110 Mobile Safari/537.36"
197.210.70.53 - - [30/Jan/2020:13:59:55 -0500] "GET /cnt/plugins/revslider/public/assets/js/rs6.min.js?ver=6.0.7 HTTP/1.1" 304 - "https://www.naijadial.com/account/" "Mozilla/5.0 (Linux; Android 8.1.0; itel W5001P) AppleWebKit/537.36 (KHTML, like Gecko) Chrome/70.0.3538.110 Mobile Safari/537.36"
197.210.70.53 - - [30/Jan/2020:14:00:01 -0500] "GET /cnt/plugins/contact-form-7/includes/js/scripts.js?ver=5.1.6 HTTP/1.1" 304 - "https://www.naijadial.com/account/" "Mozilla/5.0 (Linux; Android 8.1.0; itel W5001P) AppleWebKit/537.36 (KHTML, like Gecko) Chrome/70.0.3538.110 Mobile Safari/537.36"
197.210.70.53 - - [30/Jan/2020:14:00:03 -0500] "GET /naijadial/js/vendor/bootstrap.min.js?ver=3.2.2 HTTP/1.1" 304 - "https://www.naijadial.com/account/" "Mozilla/5.0 (Linux; Android 8.1.0; itel W5001P) AppleWebKit/537.36 (KHTML, like Gecko) Chrome/70.0.3538.110 Mobile Safari/537.36"
197.210.70.53 - - [30/Jan/2020:14:00:04 -0500] "GET /cnt/plugins/js_composer/assets/js/dist/js_composer_front.min.js?ver=6.0.5 HTTP/1.1" 304 - "https://www.naijadial.com/account/" "Mozilla/5.0 (Linux; Android 8.1.0; itel W5001P) AppleWebKit/537.36 (KHTML, like Gecko) Chrome/70.0.3538.110 Mobile Safari/537.36"
197.210.70.53 - - [30/Jan/2020:14:00:04 -0500] "GET /naijadial/fonts/Linearicons-Free.woff2?w118d HTTP/1.1" 304 - "https://www.naijadial.com/naijadial/css/linearicons.css?ver=3.2.2" "Mozilla/5.0 (Linux; Android 8.1.0; itel W5001P) AppleWebKit/537.36 (KHTML, like Gecko) Chrome/70.0.3538.110 Mobile Safari/537.36"
197.210.70.53 - - [30/Jan/2020:14:00:04 -0500] "GET /naijadial/js/gmap3.min.js?ver=5.3.2 HTTP/1.1" 304 - "https://www.naijadial.com/account/" "Mozilla/5.0 (Linux; Android 8.1.0; itel W5001P) AppleWebKit/537.36 (KHTML, like Gecko) Chrome/70.0.3538.110 Mobile Safari/537.36"
197.210.70.53 - - [30/Jan/2020:14:00:04 -0500] "GET /naijadial/js/jquery.countdown.js?ver=3.2.2 HTTP/1.1" 304 - "https://www.naijadial.com/account/" "Mozilla/5.0 (Linux; Android 8.1.0; itel W5001P) AppleWebKit/537.36 (KHTML, like Gecko) Chrome/70.0.3538.110 Mobile Safari/537.36"
197.210.70.53 - - [30/Jan/2020:14:00:04 -0500] "GET /naijadial/js/owl.carousel.min.js?ver=3.2.2 HTTP/1.1" 304 - "https://www.naijadial.com/account/" "Mozilla/5.0 (Linux; Android 8.1.0; itel W5001P) AppleWebKit/537.36 (KHTML, like Gecko) Chrome/70.0.3538.110 Mobile Safari/537.36"
197.210.70.53 - - [30/Jan/2020:14:00:04 -0500] "GET /naijadial/js/listingo_callbacks.js?ver=3.2.2 HTTP/1.1" 304 - "https://www.naijadial.com/account/" "Mozilla/5.0 (Linux; Android 8.1.0; itel W5001P) AppleWebKit/537.36 (KHTML, like Gecko) Chrome/70.0.3538.110 Mobile Safari/537.36"
197.210.70.53 - - [30/Jan/2020:14:00:04 -0500] "GET /naijadial/js/scrollbar.min.js?ver=3.2.2 HTTP/1.1" 304 - "https://www.naijadial.com/account/" "Mozilla/5.0 (Linux; Android 8.1.0; itel W5001P) AppleWebKit/537.36 (KHTML, like Gecko) Chrome/70.0.3538.110 Mobile Safari/537.36"
197.210.70.53 - - [30/Jan/2020:14:00:04 -0500] "GET /naijadial/js/chosen.jquery.js?ver=3.2.2 HTTP/1.1" 304 - "https://www.naijadial.com/account/" "Mozilla/5.0 (Linux; Android 8.1.0; itel W5001P) AppleWebKit/537.36 (KHTML, like Gecko) Chrome/70.0.3538.110 Mobile Safari/537.36"
197.210.70.53 - - [30/Jan/2020:14:00:04 -0500] "GET /naijadial/js/parallax.js?ver=5.3.2 HTTP/1.1" 304 - "https://www.naijadial.com/account/" "Mozilla/5.0 (Linux; Android 8.1.0; itel W5001P) AppleWebKit/537.36 (KHTML, like Gecko) Chrome/70.0.3538.110 Mobile Safari/537.36"
197.210.70.53 - - [30/Jan/2020:14:00:04 -0500] "GET /naijadial/js/datetimepicker.js?ver=3.2.2 HTTP/1.1" 304 - "https://www.naijadial.com/account/" "Mozilla/5.0 (Linux; Android 8.1.0; itel W5001P) AppleWebKit/537.36 (KHTML, like Gecko) Chrome/70.0.3538.110 Mobile Safari/537.36"
197.210.70.53 - - [30/Jan/2020:14:00:04 -0500] "GET /naijadial/js/jquery.auto-complete.js?ver=3.2.2 HTTP/1.1" 304 - "https://www.naijadial.com/account/" "Mozilla/5.0 (Linux; Android 8.1.0; itel W5001P) AppleWebKit/537.36 (KHTML, like Gecko) Chrome/70.0.3538.110 Mobile Safari/537.36"
197.210.70.53 - - [30/Jan/2020:14:00:04 -0500] "GET /cluder/js/wp-emoji-release.min.js?ver=5.3.2 HTTP/1.1" 304 - "https://www.naijadial.com/account/" "Mozilla/5.0 (Linux; Android 8.1.0; itel W5001P) AppleWebKit/537.36 (KHTML, like Gecko) Chrome/70.0.3538.110 Mobile Safari/537.36"
197.210.70.53 - - [30/Jan/2020:14:00:04 -0500] "GET /files/2020/01/NaijaDial-Logo.png HTTP/1.1" 304 - "https://www.naijadial.com/account/" "Mozilla/5.0 (Linux; Android 8.1.0; itel W5001P) AppleWebKit/537.36 (KHTML, like Gecko) Chrome/70.0.3538.110 Mobile Safari/537.36"
197.210.70.53 - - [30/Jan/2020:14:00:04 -0500] "GET /cnt/plugins/js_composer/assets/lib/bower/font-awesome/fonts/fontawesome-webfont.woff2?v=4.7.0 HTTP/1.1" 304 - "https://www.naijadial.com/cnt/plugins/js_composer/assets/lib/bower/font-awesome/css/font-awesome.min.css?ver=6.0.5" "Mozilla/5.0 (Linux; Android 8.1.0; itel W5001P) AppleWebKit/537.36 (KHTML, like Gecko) Chrome/70.0.3538.110 Mobile Safari/537.36"
68.65.121.137 - - [30/Jan/2020:14:00:05 -0500] "POST /wp-cron.php?doing_wp_cron=1580410805.8306550979614257812500 HTTP/1.1" 200 - "https://www.naijadial.com/wp-cron.php?doing_wp_cron=1580410805.8306550979614257812500" "WordPress/5.3.2; https://www.naijadial.com"
197.210.70.53 - - [30/Jan/2020:14:00:06 -0500] "GET /cnt/plugins/unyson/framework/static/libs/font-awesome/fonts/fontawesome-webfont.woff2?v=4.7.0 HTTP/1.1" 304 - "https://www.naijadial.com/cnt/plugins/unyson/framework/static/libs/font-awesome/css/font-awesome.min.css?ver=2.7.22" "Mozilla/5.0 (Linux; Android 8.1.0; itel W5001P) AppleWebKit/537.36 (KHTML, like Gecko) Chrome/70.0.3538.110 Mobile Safari/537.36"
197.210.70.53 - - [30/Jan/2020:14:00:05 -0500] "GET /listingo/images/line-bar.jpg HTTP/1.1" 404 53100 "https://www.naijadial.com/naijadial/style.css?ver=3.2.2" "Mozilla/5.0 (Linux; Android 8.1.0; itel W5001P) AppleWebKit/537.36 (KHTML, like Gecko) Chrome/70.0.3538.110 Mobile Safari/537.36"
68.65.121.137 - - [30/Jan/2020:14:00:16 -0500] "POST /wp-cron.php?doing_wp_cron=1580410816.1248528957366943359375 HTTP/1.1" 200 - "https://www.naijadial.com/wp-cron.php?doing_wp_cron=1580410816.1248528957366943359375" "WordPress/5.3.2; https://www.naijadial.com"
197.210.70.53 - - [30/Jan/2020:14:00:15 -0500] "POST /?wc-ajax=get_refreshed_fragments HTTP/1.1" 200 210 "https://www.naijadial.com/account/" "Mozilla/5.0 (Linux; Android 8.1.0; itel W5001P) AppleWebKit/537.36 (KHTML, like Gecko) Chrome/70.0.3538.110 Mobile Safari/537.36"
197.210.70.53 - - [30/Jan/2020:14:00:18 -0500] "GET /favicon.ico HTTP/1.1" 200 - "https://www.naijadial.com/account/" "Mozilla/5.0 (Linux; Android 8.1.0; itel W5001P) AppleWebKit/537.36 (KHTML, like Gecko) Chrome/70.0.3538.110 Mobile Safari/537.36"
197.210.70.53 - - [30/Jan/2020:14:00:18 -0500] "GET /account/apple-touch-icon.png HTTP/1.1" 404 52350 "https://www.naijadial.com/account/" "Mozilla/5.0 (Linux; Android 8.1.0; itel W5001P) AppleWebKit/537.36 (KHTML, like Gecko) Chrome/70.0.3538.110 Mobile Safari/537.36"
68.65.121.137 - - [30/Jan/2020:14:01:07 -0500] "POST /wp-cron.php?doing_wp_cron=1580410867.1822259426116943359375 HTTP/1.1" 200 - "https://www.naijadial.com/wp-cron.php?doing_wp_cron=1580410867.1822259426116943359375" "WordPress/5.3.2; https://www.naijadial.com"
197.210.70.53 - - [30/Jan/2020:14:01:07 -0500] "GET /account/ HTTP/1.1" 200 14155 "https://www.naijadial.com/account/" "Mozilla/5.0 (Linux; Android 8.1.0; itel W5001P) AppleWebKit/537.36 (KHTML, like Gecko) Chrome/70.0.3538.110 Mobile Safari/537.36"
197.210.70.53 - - [30/Jan/2020:14:01:14 -0500] "GET /listingo/images/line-bar.jpg HTTP/1.1" 404 53100 "https://www.naijadial.com/naijadial/style.css?ver=3.2.2" "Mozilla/5.0 (Linux; Android 8.1.0; itel W5001P) AppleWebKit/537.36 (KHTML, like Gecko) Chrome/70.0.3538.110 Mobile Safari/537.36"
68.65.121.137 - - [30/Jan/2020:14:02:38 -0500] "POST /wp-cron.php?doing_wp_cron=1580410958.8359339237213134765625 HTTP/1.1" 200 - "https://www.naijadial.com/wp-cron.php?doing_wp_cron=1580410958.8359339237213134765625" "WordPress/5.3.2; https://www.naijadial.com"
95.163.255.35 - - [30/Jan/2020:14:02:38 -0500] "GET /robots.txt HTTP/1.1" 200 69 "-" "Mozilla/5.0 (compatible; Linux x86_64; Mail.RU_Bot/2.0; +http://go.mail.ru/help/robots)"
95.163.255.35 - - [30/Jan/2020:14:02:44 -0500] "GET /jobs/ HTTP/1.1" 404 52350 "-" "Mozilla/5.0 (compatible; Linux x86_64; Mail.RU_Bot/2.0; +http://go.mail.ru/help/robots)"
197.210.70.53 - - [30/Jan/2020:14:02:57 -0500] "GET /terms-and-conditions/ HTTP/1.1" 200 13880 "https://www.naijadial.com/account/" "Mozilla/5.0 (Linux; Android 8.1.0; itel W5001P) AppleWebKit/537.36 (KHTML, like Gecko) Chrome/70.0.3538.110 Mobile Safari/537.36"
197.210.70.53 - - [30/Jan/2020:14:03:01 -0500] "GET /listingo/images/line-bar.jpg HTTP/1.1" 404 53100 "https://www.naijadial.com/naijadial/style.css?ver=3.2.2" "Mozilla/5.0 (Linux; Android 8.1.0; itel W5001P) AppleWebKit/537.36 (KHTML, like Gecko) Chrome/70.0.3538.110 Mobile Safari/537.36"
68.65.121.137 - - [30/Jan/2020:14:03:05 -0500] "POST /wp-cron.php?doing_wp_cron=1580410985.4360570907592773437500 HTTP/1.1" 200 - "https://www.naijadial.com/wp-cron.php?doing_wp_cron=1580410985.4360570907592773437500" "WordPress/5.3.2; https://www.naijadial.com"
197.210.70.53 - - [30/Jan/2020:14:03:05 -0500] "GET /terms-and-conditions/apple-touch-icon.png HTTP/1.1" 404 52350 "https://www.naijadial.com/terms-and-conditions/" "Mozilla/5.0 (Linux; Android 8.1.0; itel W5001P) AppleWebKit/537.36 (KHTML, like Gecko) Chrome/70.0.3538.110 Mobile Safari/537.36"
197.210.70.53 - - [30/Jan/2020:14:03:56 -0500] "POST /wp-admin/admin-ajax.php HTTP/1.1" 200 68 "https://www.naijadial.com/account/" "Mozilla/5.0 (Linux; Android 8.1.0; itel W5001P) AppleWebKit/537.36 (KHTML, like Gecko) Chrome/70.0.3538.110 Mobile Safari/537.36"
68.65.121.137 - - [30/Jan/2020:14:05:52 -0500] "POST /wp-cron.php?doing_wp_cron=1580411152.7424769401550292968750 HTTP/1.1" 200 - "https://www.naijadial.com/wp-cron.php?doing_wp_cron=1580411152.7424769401550292968750" "WordPress/5.3.2; https://www.naijadial.com"
197.210.70.53 - - [30/Jan/2020:14:05:50 -0500] "POST /wp-admin/admin-ajax.php HTTP/1.1" 200 71 "https://www.naijadial.com/account/" "Mozilla/5.0 (Linux; Android 8.1.0; itel W5001P) AppleWebKit/537.36 (KHTML, like Gecko) Chrome/70.0.3538.110 Mobile Safari/537.36"
68.65.121.137 - - [30/Jan/2020:14:06:11 -0500] "POST /wp-cron.php?doing_wp_cron=1580411171.6369700431823730468750 HTTP/1.1" 200 - "https://www.naijadial.com/wp-cron.php?doing_wp_cron=1580411171.6369700431823730468750" "WordPress/5.3.2; https://www.naijadial.com"
129.205.114.35 - - [30/Jan/2020:14:06:11 -0500] "GET /account/ HTTP/1.1" 200 14154 "http://m.facebook.com/" "Mozilla/5.0 (Linux; Android 8.1.0; TECNO B1f Build/O11019; wv) AppleWebKit/537.36 (KHTML, like Gecko) Version/4.0 Chrome/70.0.3538.110 Mobile Safari/537.36 [FB_IAB/FB4A;FBAV/247.0.0.42.116;]"
192.0.113.244 - - [30/Jan/2020:14:06:37 -0500] "POST /xmlrpc.php?for=jetpack&token=QnAj%24o5mLE3EzK%29fA%24kIDJcGKW9yy0rE%3A1%3A1×tamp=1580411197&nonce=AeHQGDnNka&body-hash=kzxrbSboEq1%2FSP%2FXEsIetgtdtkc%3D&signature=I%2FD1V1M9BYeYunmDDxJesXHXtoc%3D HTTP/1.1" 200 1560 "https://www.naijadial.com/xmlrpc.php?for=jetpack&token=QnAj%24o5mLE3EzK%29fA%24kIDJcGKW9yy0rE%3A1%3A1×tamp=1580411197&nonce=AeHQGDnNka&body-hash=kzxrbSboEq1%2FSP%2FXEsIetgtdtkc%3D&signature=I%2FD1V1M9BYeYunmDDxJesXHXtoc%3D" "Jetpack by WordPress.com"
209.85.238.43 - - [30/Jan/2020:14:06:38 -0500] "GET /files/2019/12/NaijaDial-Logo.png HTTP/1.1" 304 - "http://mail.google.com/" "Mozilla/5.0 (Windows NT 10.0; Win64; x64) AppleWebKit/537.36 (KHTML, like Gecko) Chrome/42.0.2311.135 Safari/537.36 Edge/12.246 Mozilla/5.0"
209.85.238.43 - - [30/Jan/2020:14:06:39 -0500] "GET /files/2020/01/Email-Header.png HTTP/1.1" 304 - "http://mail.google.com/" "Mozilla/5.0 (Windows NT 10.0; Win64; x64) AppleWebKit/537.36 (KHTML, like Gecko) Chrome/42.0.2311.135 Safari/537.36 Edge/12.246 Mozilla/5.0"
209.85.238.41 - - [30/Jan/2020:14:06:39 -0500] "GET /files/2020/01/NaijaDial.png HTTP/1.1" 304 - "http://mail.google.com/" "Mozilla/5.0 (Windows NT 10.0; Win64; x64) AppleWebKit/537.36 (KHTML, like Gecko) Chrome/42.0.2311.135 Safari/537.36 Edge/12.246 Mozilla/5.0"
197.210.70.53 - - [30/Jan/2020:14:06:35 -0500] "POST /wp-admin/admin-ajax.php HTTP/1.1" 200 194 "https://www.naijadial.com/account/" "Mozilla/5.0 (Linux; Android 8.1.0; itel W5001P) AppleWebKit/537.36 (KHTML, like Gecko) Chrome/70.0.3538.110 Mobile Safari/537.36"
197.210.70.53 - - [30/Jan/2020:14:06:41 -0500] "GET /dashboard/?ref=settings&identity=122 HTTP/1.1" 200 17280 "https://www.naijadial.com/account/" "Mozilla/5.0 (Linux; Android 8.1.0; itel W5001P) AppleWebKit/537.36 (KHTML, like Gecko) Chrome/70.0.3538.110 Mobile Safari/537.36"
197.210.70.53 - - [30/Jan/2020:14:06:46 -0500] "GET /listingo/images/line-bar.jpg HTTP/1.1" 404 55960 "https://www.naijadial.com/naijadial/style.css?ver=3.2.2" "Mozilla/5.0 (Linux; Android 8.1.0; itel W5001P) AppleWebKit/537.36 (KHTML, like Gecko) Chrome/70.0.3538.110 Mobile Safari/537.36"
68.65.121.137 - - [30/Jan/2020:14:07:07 -0500] "POST /wp-cron.php?doing_wp_cron=1580411227.1386299133300781250000 HTTP/1.1" 200 - "https://www.naijadial.com/wp-cron.php?doing_wp_cron=1580411227.1386299133300781250000" "WordPress/5.3.2; https://www.naijadial.com"
197.210.70.53 - - [30/Jan/2020:14:07:06 -0500] "GET /dashboard/apple-touch-icon.png HTTP/1.1" 404 55210 "https://www.naijadial.com/dashboard/?ref=settings&identity=122" "Mozilla/5.0 (Linux; Android 8.1.0; itel W5001P) AppleWebKit/537.36 (KHTML, like Gecko) Chrome/70.0.3538.110 Mobile Safari/537.36"
66.249.93.67 - - [30/Jan/2020:14:07:35 -0500] "GET /files/2020/01/Email-Header.png HTTP/1.1" 304 - "-" "Mozilla/5.0 (Windows NT 5.1; rv:11.0) Gecko Firefox/11.0 (via ggpht.com GoogleImageProxy)"
66.249.93.70 - - [30/Jan/2020:14:07:35 -0500] "GET /files/2019/12/NaijaDial-Logo.png HTTP/1.1" 304 - "-" "Mozilla/5.0 (Windows NT 5.1; rv:11.0) Gecko Firefox/11.0 (via ggpht.com GoogleImageProxy)"
66.249.93.67 - - [30/Jan/2020:14:07:35 -0500] "GET /files/2020/01/NaijaDial.png HTTP/1.1" 304 - "-" "Mozilla/5.0 (Windows NT 5.1; rv:11.0) Gecko Firefox/11.0 (via ggpht.com GoogleImageProxy)"
197.210.70.53 - - [30/Jan/2020:14:07:59 -0500] "GET /?key=101c1a4e3cc0341627070da480ecaab9&verifyemail=foremostpoweracademy@gmail.com HTTP/1.1" 301 - "android-app://com.google.android.gm" "Mozilla/5.0 (Linux; Android 8.1.0; itel W5001P) AppleWebKit/537.36 (KHTML, like Gecko) Chrome/70.0.3538.110 Mobile Safari/537.36"
197.210.70.53 - - [30/Jan/2020:14:08:00 -0500] "GET /?key=101c1a4e3cc0341627070da480ecaab9&verifyemail=foremostpoweracademy%40gmail.com HTTP/1.1" 200 25204 "android-app://com.google.android.gm" "Mozilla/5.0 (Linux; Android 8.1.0; itel W5001P) AppleWebKit/537.36 (KHTML, like Gecko) Chrome/70.0.3538.110 Mobile Safari/537.36"
68.65.121.137 - - [30/Jan/2020:14:08:06 -0500] "POST /wp-cron.php?doing_wp_cron=1580411286.7105770111083984375000 HTTP/1.1" 200 - "https://www.naijadial.com/wp-cron.php?doing_wp_cron=1580411286.7105770111083984375000" "WordPress/5.3.2; https://www.naijadial.com"
197.210.70.53 - - [30/Jan/2020:14:08:06 -0500] "GET /listingo/images/line-bar.jpg HTTP/1.1" 404 55960 "https://www.naijadial.com/naijadial/style.css?ver=3.2.2" "Mozilla/5.0 (Linux; Android 8.1.0; itel W5001P) AppleWebKit/537.36 (KHTML, like Gecko) Chrome/70.0.3538.110 Mobile Safari/537.36"
197.210.70.53 - - [30/Jan/2020:14:08:13 -0500] "POST /?wc-ajax=get_refreshed_fragments HTTP/1.1" 200 210 "https://www.naijadial.com/?key=101c1a4e3cc0341627070da480ecaab9&verifyemail=foremostpoweracademy%40gmail.com" "Mozilla/5.0 (Linux; Android 8.1.0; itel W5001P) AppleWebKit/537.36 (KHTML, like Gecko) Chrome/70.0.3538.110 Mobile Safari/537.36"
197.211.53.140 - - [30/Jan/2020:14:08:21 -0500] "POST /account/ HTTP/1.1" 200 14155 "https://www.naijadial.com/account/" "Mozilla/5.0 (Linux; Android 8.1.0; TECNO B1f Build/O11019; wv) AppleWebKit/537.36 (KHTML, like Gecko) Version/4.0 Chrome/70.0.3538.110 Mobile Safari/537.36 [FB_IAB/FB4A;FBAV/247.0.0.42.116;]"
197.210.44.240 - - [30/Jan/2020:14:08:41 -0500] "GET / HTTP/1.1" 200 24589 "-" "Mozilla/5.0 (Android 7.0; Mobile; rv:61.0) Gecko/61.0 Firefox/61.0"
197.210.44.240 - - [30/Jan/2020:14:08:43 -0500] "GET /cnt/plugins/vc-extensions-bundle/css/admin_icon.css?ver=5.3.2 HTTP/1.1" 304 - "https://www.naijadial.com/" "Mozilla/5.0 (Android 7.0; Mobile; rv:61.0) Gecko/61.0 Firefox/61.0"
197.210.44.240 - - [30/Jan/2020:14:08:43 -0500] "GET /cnt/plugins/gd-bbpress-toolbox/templates/default/css/widgets.min.css?ver=5.2.1.712 HTTP/1.1" 304 - "https://www.naijadial.com/" "Mozilla/5.0 (Android 7.0; Mobile; rv:61.0) Gecko/61.0 Firefox/61.0"
197.210.44.240 - - [30/Jan/2020:14:08:43 -0500] "GET /cnt/plugins/bbpress/templates/default/css/bbpress.min.css?ver=2.6.3 HTTP/1.1" 304 - "https://www.naijadial.com/" "Mozilla/5.0 (Android 7.0; Mobile; rv:61.0) Gecko/61.0 Firefox/61.0"
197.210.44.240 - - [30/Jan/2020:14:08:43 -0500] "GET /cnt/plugins/contact-form-7/includes/css/styles.css?ver=5.1.6 HTTP/1.1" 304 - "https://www.naijadial.com/" "Mozilla/5.0 (Android 7.0; Mobile; rv:61.0) Gecko/61.0 Firefox/61.0"
197.210.44.240 - - [30/Jan/2020:14:08:43 -0500] "GET /cnt/plugins/mega-addons-for-visual-composer/css/ihover.css?ver=5.3.2 HTTP/1.1" 304 - "https://www.naijadial.com/" "Mozilla/5.0 (Android 7.0; Mobile; rv:61.0) Gecko/61.0 Firefox/61.0"
197.210.44.240 - - [30/Jan/2020:14:08:43 -0500] "GET /cnt/plugins/unyson/framework/extensions/breadcrumbs/static/css/style.css?ver=5.3.2 HTTP/1.1" 304 - "https://www.naijadial.com/" "Mozilla/5.0 (Android 7.0; Mobile; rv:61.0) Gecko/61.0 Firefox/61.0"
197.210.44.240 - - [30/Jan/2020:14:08:43 -0500] "GET /cnt/plugins/unyson/framework/extensions/forms/static/css/frontend.css?ver=2.7.22 HTTP/1.1" 304 - "https://www.naijadial.com/" "Mozilla/5.0 (Android 7.0; Mobile; rv:61.0) Gecko/61.0 Firefox/61.0"
197.210.44.240 - - [30/Jan/2020:14:08:43 -0500] "GET /cnt/plugins/js_composer/assets/css/js_composer.min.css?ver=6.0.5 HTTP/1.1" 304 - "https://www.naijadial.com/" "Mozilla/5.0 (Android 7.0; Mobile; rv:61.0) Gecko/61.0 Firefox/61.0"
197.210.44.240 - - [30/Jan/2020:14:08:43 -0500] "GET /cnt/plugins/mega-addons-for-visual-composer/css/font-awesome/css/font-awesome.css?ver=5.3.2 HTTP/1.1" 304 - "https://www.naijadial.com/" "Mozilla/5.0 (Android 7.0; Mobile; rv:61.0) Gecko/61.0 Firefox/61.0"
197.210.44.240 - - [30/Jan/2020:14:08:43 -0500] "GET /cnt/plugins/mega-addons-for-visual-composer/css/style.css?ver=5.3.2 HTTP/1.1" 304 - "https://www.naijadial.com/" "Mozilla/5.0 (Android 7.0; Mobile; rv:61.0) Gecko/61.0 Firefox/61.0"
197.210.44.240 - - [30/Jan/2020:14:08:43 -0500] "GET /cnt/plugins/bbp-style-pack/css/bspstyle.css?ver=4.3.8 HTTP/1.1" 304 - "https://www.naijadial.com/" "Mozilla/5.0 (Android 7.0; Mobile; rv:61.0) Gecko/61.0 Firefox/61.0"
197.210.44.240 - - [30/Jan/2020:14:08:43 -0500] "GET /naijadial/css/bootstrap.min.css?ver=3.2.2 HTTP/1.1" 304 - "https://www.naijadial.com/" "Mozilla/5.0 (Android 7.0; Mobile; rv:61.0) Gecko/61.0 Firefox/61.0"
197.210.44.240 - - [30/Jan/2020:14:08:43 -0500] "GET /cnt/plugins/js_composer/assets/lib/bower/font-awesome/css/font-awesome.min.css?ver=6.0.5 HTTP/1.1" 304 - "https://www.naijadial.com/" "Mozilla/5.0 (Android 7.0; Mobile; rv:61.0) Gecko/61.0 Firefox/61.0"
197.210.44.240 - - [30/Jan/2020:14:08:43 -0500] "GET /naijadial/css/normalize.css?ver=3.2.2 HTTP/1.1" 304 - "https://www.naijadial.com/" "Mozilla/5.0 (Android 7.0; Mobile; rv:61.0) Gecko/61.0 Firefox/61.0"
197.210.44.240 - - [30/Jan/2020:14:08:43 -0500] "GET /cnt/plugins/revslider/public/assets/css/rs6.css?ver=6.0.7 HTTP/1.1" 304 - "https://www.naijadial.com/" "Mozilla/5.0 (Android 7.0; Mobile; rv:61.0) Gecko/61.0 Firefox/61.0"
197.210.44.240 - - [30/Jan/2020:14:08:43 -0500] "GET /cnt/plugins/unyson/framework/extensions/builder/static/css/frontend-grid.css?ver=1.2.11 HTTP/1.1" 304 - "https://www.naijadial.com/" "Mozilla/5.0 (Android 7.0; Mobile; rv:61.0) Gecko/61.0 Firefox/61.0"
197.210.44.240 - - [30/Jan/2020:14:08:44 -0500] "GET /naijadial/css/owl.carousel.min.css?ver=3.2.2 HTTP/1.1" 304 - "https://www.naijadial.com/" "Mozilla/5.0 (Android 7.0; Mobile; rv:61.0) Gecko/61.0 Firefox/61.0"
197.210.44.240 - - [30/Jan/2020:14:08:44 -0500] "GET /naijadial/css/chosen.css?ver=3.2.2 HTTP/1.1" 304 - "https://www.naijadial.com/" "Mozilla/5.0 (Android 7.0; Mobile; rv:61.0) Gecko/61.0 Firefox/61.0"
197.210.44.240 - - [30/Jan/2020:14:08:44 -0500] "GET /naijadial/css/jquery-ui.css?ver=3.2.2 HTTP/1.1" 304 - "https://www.naijadial.com/" "Mozilla/5.0 (Android 7.0; Mobile; rv:61.0) Gecko/61.0 Firefox/61.0"
197.210.44.240 - - [30/Jan/2020:14:08:44 -0500] "GET /naijadial/css/jquery.countdown.css?ver=3.2.2 HTTP/1.1" 304 - "https://www.naijadial.com/" "Mozilla/5.0 (Android 7.0; Mobile; rv:61.0) Gecko/61.0 Firefox/61.0"
197.210.44.240 - - [30/Jan/2020:14:08:44 -0500] "GET /naijadial/css/color.css?ver=3.2.2 HTTP/1.1" 304 - "https://www.naijadial.com/" "Mozilla/5.0 (Android 7.0; Mobile; rv:61.0) Gecko/61.0 Firefox/61.0"
197.210.44.240 - - [30/Jan/2020:14:08:44 -0500] "GET /naijadial/css/scrollbar.css?ver=3.2.2 HTTP/1.1" 304 - "https://www.naijadial.com/" "Mozilla/5.0 (Android 7.0; Mobile; rv:61.0) Gecko/61.0 Firefox/61.0"
197.210.44.240 - - [30/Jan/2020:14:08:44 -0500] "GET /naijadial/css/chat_module.css?ver=3.2.2 HTTP/1.1" 304 - "https://www.naijadial.com/" "Mozilla/5.0 (Android 7.0; Mobile; rv:61.0) Gecko/61.0 Firefox/61.0"
197.210.44.240 - - [30/Jan/2020:14:08:44 -0500] "GET /naijadial/css/datetimepicker.css?ver=3.2.2 HTTP/1.1" 304 - "https://www.naijadial.com/" "Mozilla/5.0 (Android 7.0; Mobile; rv:61.0) Gecko/61.0 Firefox/61.0"
197.210.44.240 - - [30/Jan/2020:14:08:44 -0500] "GET /naijadial/css/prettyPhoto.css?ver=3.2.2 HTTP/1.1" 304 - "https://www.naijadial.com/" "Mozilla/5.0 (Android 7.0; Mobile; rv:61.0) Gecko/61.0 Firefox/61.0"
197.210.44.240 - - [30/Jan/2020:14:08:44 -0500] "GET /naijadial/css/owl.theme.default.min.css?ver=3.2.2 HTTP/1.1" 304 - "https://www.naijadial.com/" "Mozilla/5.0 (Android 7.0; Mobile; rv:61.0) Gecko/61.0 Firefox/61.0"
197.210.44.240 - - [30/Jan/2020:14:08:44 -0500] "GET /naijadial/css/typo.css?ver=3.2.2 HTTP/1.1" 304 - "https://www.naijadial.com/" "Mozilla/5.0 (Android 7.0; Mobile; rv:61.0) Gecko/61.0 Firefox/61.0"
197.210.44.240 - - [30/Jan/2020:14:08:44 -0500] "GET /naijadial/style.css?ver=3.2.2 HTTP/1.1" 304 - "https://www.naijadial.com/" "Mozilla/5.0 (Android 7.0; Mobile; rv:61.0) Gecko/61.0 Firefox/61.0"
197.210.44.240 - - [30/Jan/2020:14:08:44 -0500] "GET /naijadial/css/transitions.css?ver=3.2.2 HTTP/1.1" 304 - "https://www.naijadial.com/" "Mozilla/5.0 (Android 7.0; Mobile; rv:61.0) Gecko/61.0 Firefox/61.0"
197.210.44.240 - - [30/Jan/2020:14:08:44 -0500] "GET /naijadial/css/linearicons.css?ver=3.2.2 HTTP/1.1" 304 - "https://www.naijadial.com/" "Mozilla/5.0 (Android 7.0; Mobile; rv:61.0) Gecko/61.0 Firefox/61.0"
197.210.44.240 - - [30/Jan/2020:14:08:44 -0500] "GET /cnt/plugins/js_composer/assets/js/vendors/woocommerce-add-to-cart.js?ver=6.0.5 HTTP/1.1" 304 - "https://www.naijadial.com/" "Mozilla/5.0 (Android 7.0; Mobile; rv:61.0) Gecko/61.0 Firefox/61.0"
197.210.44.240 - - [30/Jan/2020:14:08:44 -0500] "GET /naijadial/js/vendor/modernizr-2.8.3-respond-1.4.2.min.js?ver=3.2.2 HTTP/1.1" 304 - "https://www.naijadial.com/" "Mozilla/5.0 (Android 7.0; Mobile; rv:61.0) Gecko/61.0 Firefox/61.0"
197.210.44.240 - - [30/Jan/2020:14:08:44 -0500] "GET /cnt/plugins/mega-addons-for-visual-composer/js/script.js?ver=5.3.2 HTTP/1.1" 304 - "https://www.naijadial.com/" "Mozilla/5.0 (Android 7.0; Mobile; rv:61.0) Gecko/61.0 Firefox/61.0"
197.210.44.240 - - [30/Jan/2020:14:08:44 -0500] "GET /naijadial/js/countTo.js?ver=5.3.2 HTTP/1.1" 304 - "https://www.naijadial.com/" "Mozilla/5.0 (Android 7.0; Mobile; rv:61.0) Gecko/61.0 Firefox/61.0"
197.210.44.240 - - [30/Jan/2020:14:08:44 -0500] "GET /naijadial/js/appear.js?ver=5.3.2 HTTP/1.1" 304 - "https://www.naijadial.com/" "Mozilla/5.0 (Android 7.0; Mobile; rv:61.0) Gecko/61.0 Firefox/61.0"
197.210.44.240 - - [30/Jan/2020:14:08:44 -0500] "GET /cnt/plugins/revslider/public/assets/js/revolution.tools.min.js?ver=6.0 HTTP/1.1" 304 - "https://www.naijadial.com/" "Mozilla/5.0 (Android 7.0; Mobile; rv:61.0) Gecko/61.0 Firefox/61.0"
197.210.44.240 - - [30/Jan/2020:14:08:44 -0500] "GET /cnt/plugins/revslider/public/assets/js/rs6.min.js?ver=6.0.7 HTTP/1.1" 304 - "https://www.naijadial.com/" "Mozilla/5.0 (Android 7.0; Mobile; rv:61.0) Gecko/61.0 Firefox/61.0"
197.210.44.240 - - [30/Jan/2020:14:08:44 -0500] "GET /cnt/plugins/unyson/framework/static/js/fw-form-helpers.js?ver=5.3.2 HTTP/1.1" 304 - "https://www.naijadial.com/" "Mozilla/5.0 (Android 7.0; Mobile; rv:61.0) Gecko/61.0 Firefox/61.0"
