105.112.53.113 - - [31/Jan/2020:04:31:11 -0500] "GET /naijadial/css/jquery-ui.css?ver=3.2.2 HTTP/1.1" 304 - "https://www.naijadial.com/" "Mozilla/5.0 (Linux; Android 5.1.1; SM-G920V Build/LMY47X) AppleWebKit/537.36 (KHTML, like Gecko) Chrome/49.0.2623.110 Mobile Safari/537.36 OPR/36.2.2126.102826"
105.112.53.113 - - [31/Jan/2020:04:31:11 -0500] "GET /naijadial/css/linearicons.css?ver=3.2.2 HTTP/1.1" 304 - "https://www.naijadial.com/" "Mozilla/5.0 (Linux; Android 5.1.1; SM-G920V Build/LMY47X) AppleWebKit/537.36 (KHTML, like Gecko) Chrome/49.0.2623.110 Mobile Safari/537.36 OPR/36.2.2126.102826"
105.112.53.113 - - [31/Jan/2020:04:31:11 -0500] "GET /naijadial/css/owl.theme.default.min.css?ver=3.2.2 HTTP/1.1" 304 - "https://www.naijadial.com/" "Mozilla/5.0 (Linux; Android 5.1.1; SM-G920V Build/LMY47X) AppleWebKit/537.36 (KHTML, like Gecko) Chrome/49.0.2623.110 Mobile Safari/537.36 OPR/36.2.2126.102826"
105.112.53.113 - - [31/Jan/2020:04:31:11 -0500] "GET /naijadial/css/prettyPhoto.css?ver=3.2.2 HTTP/1.1" 304 - "https://www.naijadial.com/" "Mozilla/5.0 (Linux; Android 5.1.1; SM-G920V Build/LMY47X) AppleWebKit/537.36 (KHTML, like Gecko) Chrome/49.0.2623.110 Mobile Safari/537.36 OPR/36.2.2126.102826"
105.112.53.113 - - [31/Jan/2020:04:31:11 -0500] "GET /naijadial/css/owl.carousel.min.css?ver=3.2.2 HTTP/1.1" 304 - "https://www.naijadial.com/" "Mozilla/5.0 (Linux; Android 5.1.1; SM-G920V Build/LMY47X) AppleWebKit/537.36 (KHTML, like Gecko) Chrome/49.0.2623.110 Mobile Safari/537.36 OPR/36.2.2126.102826"
105.112.53.113 - - [31/Jan/2020:04:31:11 -0500] "GET /cnt/plugins/js_composer/assets/css/js_composer.min.css?ver=6.0.5 HTTP/1.1" 304 - "https://www.naijadial.com/" "Mozilla/5.0 (Linux; Android 5.1.1; SM-G920V Build/LMY47X) AppleWebKit/537.36 (KHTML, like Gecko) Chrome/49.0.2623.110 Mobile Safari/537.36 OPR/36.2.2126.102826"
105.112.53.113 - - [31/Jan/2020:04:31:11 -0500] "GET /naijadial/css/bootstrap.min.css?ver=3.2.2 HTTP/1.1" 304 - "https://www.naijadial.com/" "Mozilla/5.0 (Linux; Android 5.1.1; SM-G920V Build/LMY47X) AppleWebKit/537.36 (KHTML, like Gecko) Chrome/49.0.2623.110 Mobile Safari/537.36 OPR/36.2.2126.102826"
105.112.53.113 - - [31/Jan/2020:04:31:11 -0500] "GET /naijadial/css/chosen.css?ver=3.2.2 HTTP/1.1" 304 - "https://www.naijadial.com/" "Mozilla/5.0 (Linux; Android 5.1.1; SM-G920V Build/LMY47X) AppleWebKit/537.36 (KHTML, like Gecko) Chrome/49.0.2623.110 Mobile Safari/537.36 OPR/36.2.2126.102826"
105.112.53.113 - - [31/Jan/2020:04:31:11 -0500] "GET /naijadial/css/typo.css?ver=3.2.2 HTTP/1.1" 304 - "https://www.naijadial.com/" "Mozilla/5.0 (Linux; Android 5.1.1; SM-G920V Build/LMY47X) AppleWebKit/537.36 (KHTML, like Gecko) Chrome/49.0.2623.110 Mobile Safari/537.36 OPR/36.2.2126.102826"
105.112.53.113 - - [31/Jan/2020:04:31:11 -0500] "GET /naijadial/css/datetimepicker.css?ver=3.2.2 HTTP/1.1" 304 - "https://www.naijadial.com/" "Mozilla/5.0 (Linux; Android 5.1.1; SM-G920V Build/LMY47X) AppleWebKit/537.36 (KHTML, like Gecko) Chrome/49.0.2623.110 Mobile Safari/537.36 OPR/36.2.2126.102826"
105.112.53.113 - - [31/Jan/2020:04:31:11 -0500] "GET /naijadial/style.css?ver=3.2.2 HTTP/1.1" 304 - "https://www.naijadial.com/" "Mozilla/5.0 (Linux; Android 5.1.1; SM-G920V Build/LMY47X) AppleWebKit/537.36 (KHTML, like Gecko) Chrome/49.0.2623.110 Mobile Safari/537.36 OPR/36.2.2126.102826"
105.112.53.113 - - [31/Jan/2020:04:31:11 -0500] "GET /naijadial/css/transitions.css?ver=3.2.2 HTTP/1.1" 304 - "https://www.naijadial.com/" "Mozilla/5.0 (Linux; Android 5.1.1; SM-G920V Build/LMY47X) AppleWebKit/537.36 (KHTML, like Gecko) Chrome/49.0.2623.110 Mobile Safari/537.36 OPR/36.2.2126.102826"
105.112.53.113 - - [31/Jan/2020:04:31:11 -0500] "GET /naijadial/css/color.css?ver=3.2.2 HTTP/1.1" 304 - "https://www.naijadial.com/" "Mozilla/5.0 (Linux; Android 5.1.1; SM-G920V Build/LMY47X) AppleWebKit/537.36 (KHTML, like Gecko) Chrome/49.0.2623.110 Mobile Safari/537.36 OPR/36.2.2126.102826"
105.112.53.113 - - [31/Jan/2020:04:31:11 -0500] "GET /cluder/js/wp-emoji-release.min.js?ver=5.3.2 HTTP/1.1" 304 - "https://www.naijadial.com/" "Mozilla/5.0 (Linux; Android 5.1.1; SM-G920V Build/LMY47X) AppleWebKit/537.36 (KHTML, like Gecko) Chrome/49.0.2623.110 Mobile Safari/537.36 OPR/36.2.2126.102826"
105.112.53.113 - - [31/Jan/2020:04:31:11 -0500] "GET /naijadial/css/responsive.css?ver=3.2.2 HTTP/1.1" 304 - "https://www.naijadial.com/" "Mozilla/5.0 (Linux; Android 5.1.1; SM-G920V Build/LMY47X) AppleWebKit/537.36 (KHTML, like Gecko) Chrome/49.0.2623.110 Mobile Safari/537.36 OPR/36.2.2126.102826"
105.112.53.113 - - [31/Jan/2020:04:31:11 -0500] "GET /cnt/plugins/unyson/framework/static/libs/typcn/css/typcn.css?ver=2.7.22 HTTP/1.1" 304 - "https://www.naijadial.com/" "Mozilla/5.0 (Linux; Android 5.1.1; SM-G920V Build/LMY47X) AppleWebKit/537.36 (KHTML, like Gecko) Chrome/49.0.2623.110 Mobile Safari/537.36 OPR/36.2.2126.102826"
105.112.53.113 - - [31/Jan/2020:04:31:11 -0500] "GET /cnt/plugins/unyson/framework/static/libs/entypo/css/entypo.css?ver=2.7.22 HTTP/1.1" 304 - "https://www.naijadial.com/" "Mozilla/5.0 (Linux; Android 5.1.1; SM-G920V Build/LMY47X) AppleWebKit/537.36 (KHTML, like Gecko) Chrome/49.0.2623.110 Mobile Safari/537.36 OPR/36.2.2126.102826"
105.112.53.113 - - [31/Jan/2020:04:31:11 -0500] "GET /naijadial/css/chat_module.css?ver=3.2.2 HTTP/1.1" 304 - "https://www.naijadial.com/" "Mozilla/5.0 (Linux; Android 5.1.1; SM-G920V Build/LMY47X) AppleWebKit/537.36 (KHTML, like Gecko) Chrome/49.0.2623.110 Mobile Safari/537.36 OPR/36.2.2126.102826"
105.112.53.113 - - [31/Jan/2020:04:31:11 -0500] "GET /naijadial/css/pogoslider.css?ver=3.2.2 HTTP/1.1" 304 - "https://www.naijadial.com/" "Mozilla/5.0 (Linux; Android 5.1.1; SM-G920V Build/LMY47X) AppleWebKit/537.36 (KHTML, like Gecko) Chrome/49.0.2623.110 Mobile Safari/537.36 OPR/36.2.2126.102826"
105.112.53.113 - - [31/Jan/2020:04:31:11 -0500] "GET /cnt/plugins/unyson/framework/static/libs/lnr/css/lnr.css?ver=2.7.22 HTTP/1.1" 304 - "https://www.naijadial.com/" "Mozilla/5.0 (Linux; Android 5.1.1; SM-G920V Build/LMY47X) AppleWebKit/537.36 (KHTML, like Gecko) Chrome/49.0.2623.110 Mobile Safari/537.36 OPR/36.2.2126.102826"
105.112.53.113 - - [31/Jan/2020:04:31:11 -0500] "GET /cnt/plugins/vc-extensions-bundle/flipbox/css/style.css?ver=5.3.2 HTTP/1.1" 304 - "https://www.naijadial.com/" "Mozilla/5.0 (Linux; Android 5.1.1; SM-G920V Build/LMY47X) AppleWebKit/537.36 (KHTML, like Gecko) Chrome/49.0.2623.110 Mobile Safari/537.36 OPR/36.2.2126.102826"
105.112.53.113 - - [31/Jan/2020:04:31:11 -0500] "GET /cnt/plugins/unyson/framework/static/libs/linecons/css/linecons.css?ver=2.7.22 HTTP/1.1" 304 - "https://www.naijadial.com/" "Mozilla/5.0 (Linux; Android 5.1.1; SM-G920V Build/LMY47X) AppleWebKit/537.36 (KHTML, like Gecko) Chrome/49.0.2623.110 Mobile Safari/537.36 OPR/36.2.2126.102826"
105.112.53.113 - - [31/Jan/2020:04:31:11 -0500] "GET /cnt/plugins/unyson/framework/static/libs/font-awesome/css/font-awesome.min.css?ver=2.7.22 HTTP/1.1" 304 - "https://www.naijadial.com/" "Mozilla/5.0 (Linux; Android 5.1.1; SM-G920V Build/LMY47X) AppleWebKit/537.36 (KHTML, like Gecko) Chrome/49.0.2623.110 Mobile Safari/537.36 OPR/36.2.2126.102826"
105.112.53.113 - - [31/Jan/2020:04:31:11 -0500] "GET /cnt/plugins/mega-addons-for-visual-composer/js/script.js?ver=5.3.2 HTTP/1.1" 304 - "https://www.naijadial.com/" "Mozilla/5.0 (Linux; Android 5.1.1; SM-G920V Build/LMY47X) AppleWebKit/537.36 (KHTML, like Gecko) Chrome/49.0.2623.110 Mobile Safari/537.36 OPR/36.2.2126.102826"
105.112.53.113 - - [31/Jan/2020:04:31:11 -0500] "GET /cnt/plugins/revslider/public/assets/js/revolution.tools.min.js?ver=6.0 HTTP/1.1" 304 - "https://www.naijadial.com/" "Mozilla/5.0 (Linux; Android 5.1.1; SM-G920V Build/LMY47X) AppleWebKit/537.36 (KHTML, like Gecko) Chrome/49.0.2623.110 Mobile Safari/537.36 OPR/36.2.2126.102826"
105.112.53.113 - - [31/Jan/2020:04:31:11 -0500] "GET /files/so-css/so-css-listingo.css?ver=1580144791 HTTP/1.1" 304 - "https://www.naijadial.com/" "Mozilla/5.0 (Linux; Android 5.1.1; SM-G920V Build/LMY47X) AppleWebKit/537.36 (KHTML, like Gecko) Chrome/49.0.2623.110 Mobile Safari/537.36 OPR/36.2.2126.102826"
105.112.53.113 - - [31/Jan/2020:04:31:11 -0500] "GET /cnt/plugins/unyson/framework/static/libs/unycon/unycon.css?ver=2.7.22 HTTP/1.1" 304 - "https://www.naijadial.com/" "Mozilla/5.0 (Linux; Android 5.1.1; SM-G920V Build/LMY47X) AppleWebKit/537.36 (KHTML, like Gecko) Chrome/49.0.2623.110 Mobile Safari/537.36 OPR/36.2.2126.102826"
105.112.53.113 - - [31/Jan/2020:04:31:11 -0500] "GET /cnt/plugins/unyson/framework/static/js/fw-form-helpers.js?ver=5.3.2 HTTP/1.1" 304 - "https://www.naijadial.com/" "Mozilla/5.0 (Linux; Android 5.1.1; SM-G920V Build/LMY47X) AppleWebKit/537.36 (KHTML, like Gecko) Chrome/49.0.2623.110 Mobile Safari/537.36 OPR/36.2.2126.102826"
105.112.53.113 - - [31/Jan/2020:04:31:11 -0500] "GET /cnt/plugins/revslider/public/assets/js/rs6.min.js?ver=6.0.7 HTTP/1.1" 304 - "https://www.naijadial.com/" "Mozilla/5.0 (Linux; Android 5.1.1; SM-G920V Build/LMY47X) AppleWebKit/537.36 (KHTML, like Gecko) Chrome/49.0.2623.110 Mobile Safari/537.36 OPR/36.2.2126.102826"
105.112.53.113 - - [31/Jan/2020:04:31:11 -0500] "GET /naijadial/js/gmap3.min.js?ver=5.3.2 HTTP/1.1" 304 - "https://www.naijadial.com/" "Mozilla/5.0 (Linux; Android 5.1.1; SM-G920V Build/LMY47X) AppleWebKit/537.36 (KHTML, like Gecko) Chrome/49.0.2623.110 Mobile Safari/537.36 OPR/36.2.2126.102826"
105.112.53.113 - - [31/Jan/2020:04:31:11 -0500] "GET /naijadial/js/vendor/bootstrap.min.js?ver=3.2.2 HTTP/1.1" 304 - "https://www.naijadial.com/" "Mozilla/5.0 (Linux; Android 5.1.1; SM-G920V Build/LMY47X) AppleWebKit/537.36 (KHTML, like Gecko) Chrome/49.0.2623.110 Mobile Safari/537.36 OPR/36.2.2126.102826"
105.112.53.113 - - [31/Jan/2020:04:31:11 -0500] "GET /naijadial/js/countTo.js?ver=5.3.2 HTTP/1.1" 304 - "https://www.naijadial.com/" "Mozilla/5.0 (Linux; Android 5.1.1; SM-G920V Build/LMY47X) AppleWebKit/537.36 (KHTML, like Gecko) Chrome/49.0.2623.110 Mobile Safari/537.36 OPR/36.2.2126.102826"
105.112.53.113 - - [31/Jan/2020:04:31:11 -0500] "GET /cnt/plugins/contact-form-7/includes/js/scripts.js?ver=5.1.6 HTTP/1.1" 304 - "https://www.naijadial.com/" "Mozilla/5.0 (Linux; Android 5.1.1; SM-G920V Build/LMY47X) AppleWebKit/537.36 (KHTML, like Gecko) Chrome/49.0.2623.110 Mobile Safari/537.36 OPR/36.2.2126.102826"
105.112.53.113 - - [31/Jan/2020:04:31:11 -0500] "GET /files/2020/01/Child-Care-275x152.jpg HTTP/1.1" 304 - "https://www.naijadial.com/" "Mozilla/5.0 (Linux; Android 5.1.1; SM-G920V Build/LMY47X) AppleWebKit/537.36 (KHTML, like Gecko) Chrome/49.0.2623.110 Mobile Safari/537.36 OPR/36.2.2126.102826"
105.112.53.113 - - [31/Jan/2020:04:31:11 -0500] "GET /files/2020/01/Cleaning-275x152.jpg HTTP/1.1" 200 21818 "https://www.naijadial.com/" "Mozilla/5.0 (Linux; Android 5.1.1; SM-G920V Build/LMY47X) AppleWebKit/537.36 (KHTML, like Gecko) Chrome/49.0.2623.110 Mobile Safari/537.36 OPR/36.2.2126.102826"
105.112.53.113 - - [31/Jan/2020:04:31:11 -0500] "GET /naijadial/js/chosen.jquery.js?ver=3.2.2 HTTP/1.1" 304 - "https://www.naijadial.com/" "Mozilla/5.0 (Linux; Android 5.1.1; SM-G920V Build/LMY47X) AppleWebKit/537.36 (KHTML, like Gecko) Chrome/49.0.2623.110 Mobile Safari/537.36 OPR/36.2.2126.102826"
105.112.53.113 - - [31/Jan/2020:04:31:11 -0500] "GET /files/2020/01/Construction-275x152.jpg HTTP/1.1" 304 - "https://www.naijadial.com/" "Mozilla/5.0 (Linux; Android 5.1.1; SM-G920V Build/LMY47X) AppleWebKit/537.36 (KHTML, like Gecko) Chrome/49.0.2623.110 Mobile Safari/537.36 OPR/36.2.2126.102826"
105.112.53.113 - - [31/Jan/2020:04:31:11 -0500] "GET /naijadial/js/jquery.auto-complete.js?ver=3.2.2 HTTP/1.1" 304 - "https://www.naijadial.com/" "Mozilla/5.0 (Linux; Android 5.1.1; SM-G920V Build/LMY47X) AppleWebKit/537.36 (KHTML, like Gecko) Chrome/49.0.2623.110 Mobile Safari/537.36 OPR/36.2.2126.102826"
105.112.53.113 - - [31/Jan/2020:04:31:11 -0500] "GET /naijadial/framework-customizations/extensions/ads/static/js/fw_ext_ads_callbacks.js?ver=1.0 HTTP/1.1" 304 - "https://www.naijadial.com/" "Mozilla/5.0 (Linux; Android 5.1.1; SM-G920V Build/LMY47X) AppleWebKit/537.36 (KHTML, like Gecko) Chrome/49.0.2623.110 Mobile Safari/537.36 OPR/36.2.2126.102826"
105.112.53.113 - - [31/Jan/2020:04:31:11 -0500] "GET /naijadial/js/datetimepicker.js?ver=3.2.2 HTTP/1.1" 304 - "https://www.naijadial.com/" "Mozilla/5.0 (Linux; Android 5.1.1; SM-G920V Build/LMY47X) AppleWebKit/537.36 (KHTML, like Gecko) Chrome/49.0.2623.110 Mobile Safari/537.36 OPR/36.2.2126.102826"
105.112.53.113 - - [31/Jan/2020:04:31:11 -0500] "GET /naijadial/js/listingo_maps.js?ver=3.2.2 HTTP/1.1" 304 - "https://www.naijadial.com/" "Mozilla/5.0 (Linux; Android 5.1.1; SM-G920V Build/LMY47X) AppleWebKit/537.36 (KHTML, like Gecko) Chrome/49.0.2623.110 Mobile Safari/537.36 OPR/36.2.2126.102826"
105.112.53.113 - - [31/Jan/2020:04:31:11 -0500] "GET /files/2020/01/Adex-92x92.jpg HTTP/1.1" 304 - "https://www.naijadial.com/" "Mozilla/5.0 (Linux; Android 5.1.1; SM-G920V Build/LMY47X) AppleWebKit/537.36 (KHTML, like Gecko) Chrome/49.0.2623.110 Mobile Safari/537.36 OPR/36.2.2126.102826"
105.112.53.113 - - [31/Jan/2020:04:31:11 -0500] "GET /files/2020/01/NaijaDial-Avatar-92x92.png HTTP/1.1" 304 - "https://www.naijadial.com/" "Mozilla/5.0 (Linux; Android 5.1.1; SM-G920V Build/LMY47X) AppleWebKit/537.36 (KHTML, like Gecko) Chrome/49.0.2623.110 Mobile Safari/537.36 OPR/36.2.2126.102826"
105.112.53.113 - - [31/Jan/2020:04:31:11 -0500] "GET /naijadial/js/jquery.countdown.js?ver=3.2.2 HTTP/1.1" 304 - "https://www.naijadial.com/" "Mozilla/5.0 (Linux; Android 5.1.1; SM-G920V Build/LMY47X) AppleWebKit/537.36 (KHTML, like Gecko) Chrome/49.0.2623.110 Mobile Safari/537.36 OPR/36.2.2126.102826"
105.112.53.113 - - [31/Jan/2020:04:31:11 -0500] "GET /naijadial/js/owl.carousel.min.js?ver=3.2.2 HTTP/1.1" 304 - "https://www.naijadial.com/" "Mozilla/5.0 (Linux; Android 5.1.1; SM-G920V Build/LMY47X) AppleWebKit/537.36 (KHTML, like Gecko) Chrome/49.0.2623.110 Mobile Safari/537.36 OPR/36.2.2126.102826"
105.112.53.113 - - [31/Jan/2020:04:31:11 -0500] "GET /files/2020/01/responsive-web-design-360x240.png HTTP/1.1" 304 - "https://www.naijadial.com/" "Mozilla/5.0 (Linux; Android 5.1.1; SM-G920V Build/LMY47X) AppleWebKit/537.36 (KHTML, like Gecko) Chrome/49.0.2623.110 Mobile Safari/537.36 OPR/36.2.2126.102826"
105.112.53.113 - - [31/Jan/2020:04:31:11 -0500] "GET /naijadial/js/pogoslider.js?ver=5.3.2 HTTP/1.1" 304 - "https://www.naijadial.com/" "Mozilla/5.0 (Linux; Android 5.1.1; SM-G920V Build/LMY47X) AppleWebKit/537.36 (KHTML, like Gecko) Chrome/49.0.2623.110 Mobile Safari/537.36 OPR/36.2.2126.102826"
105.112.53.113 - - [31/Jan/2020:04:31:11 -0500] "GET /files/2020/01/training-275x152.jpg HTTP/1.1" 304 - "https://www.naijadial.com/" "Mozilla/5.0 (Linux; Android 5.1.1; SM-G920V Build/LMY47X) AppleWebKit/537.36 (KHTML, like Gecko) Chrome/49.0.2623.110 Mobile Safari/537.36 OPR/36.2.2126.102826"
105.112.53.113 - - [31/Jan/2020:04:31:11 -0500] "GET /files/2019/12/NaijaDial-Logo.png HTTP/1.1" 304 - "https://www.naijadial.com/" "Mozilla/5.0 (Linux; Android 5.1.1; SM-G920V Build/LMY47X) AppleWebKit/537.36 (KHTML, like Gecko) Chrome/49.0.2623.110 Mobile Safari/537.36 OPR/36.2.2126.102826"
105.112.53.113 - - [31/Jan/2020:04:31:11 -0500] "GET /naijadial/js/scrollbar.min.js?ver=3.2.2 HTTP/1.1" 304 - "https://www.naijadial.com/" "Mozilla/5.0 (Linux; Android 5.1.1; SM-G920V Build/LMY47X) AppleWebKit/537.36 (KHTML, like Gecko) Chrome/49.0.2623.110 Mobile Safari/537.36 OPR/36.2.2126.102826"
105.112.53.113 - - [31/Jan/2020:04:31:11 -0500] "GET /files/2020/01/Fashion-275x152.jpg HTTP/1.1" 304 - "https://www.naijadial.com/" "Mozilla/5.0 (Linux; Android 5.1.1; SM-G920V Build/LMY47X) AppleWebKit/537.36 (KHTML, like Gecko) Chrome/49.0.2623.110 Mobile Safari/537.36 OPR/36.2.2126.102826"
105.112.53.113 - - [31/Jan/2020:04:31:11 -0500] "GET /files/2020/01/Food-275x152.jpg HTTP/1.1" 304 - "https://www.naijadial.com/" "Mozilla/5.0 (Linux; Android 5.1.1; SM-G920V Build/LMY47X) AppleWebKit/537.36 (KHTML, like Gecko) Chrome/49.0.2623.110 Mobile Safari/537.36 OPR/36.2.2126.102826"
105.112.53.113 - - [31/Jan/2020:04:31:11 -0500] "GET /naijadial/js/vendor/modernizr-2.8.3-respond-1.4.2.min.js?ver=3.2.2 HTTP/1.1" 304 - "https://www.naijadial.com/" "Mozilla/5.0 (Linux; Android 5.1.1; SM-G920V Build/LMY47X) AppleWebKit/537.36 (KHTML, like Gecko) Chrome/49.0.2623.110 Mobile Safari/537.36 OPR/36.2.2126.102826"
105.112.53.113 - - [31/Jan/2020:04:31:11 -0500] "GET /naijadial/js/listingo_callbacks.js?ver=3.2.2 HTTP/1.1" 304 - "https://www.naijadial.com/" "Mozilla/5.0 (Linux; Android 5.1.1; SM-G920V Build/LMY47X) AppleWebKit/537.36 (KHTML, like Gecko) Chrome/49.0.2623.110 Mobile Safari/537.36 OPR/36.2.2126.102826"
105.112.53.113 - - [31/Jan/2020:04:31:11 -0500] "GET /naijadial/js/parallax.js?ver=5.3.2 HTTP/1.1" 304 - "https://www.naijadial.com/" "Mozilla/5.0 (Linux; Android 5.1.1; SM-G920V Build/LMY47X) AppleWebKit/537.36 (KHTML, like Gecko) Chrome/49.0.2623.110 Mobile Safari/537.36 OPR/36.2.2126.102826"
105.112.53.113 - - [31/Jan/2020:04:31:11 -0500] "GET /cnt/plugins/js_composer/assets/js/dist/js_composer_front.min.js?ver=6.0.5 HTTP/1.1" 304 - "https://www.naijadial.com/" "Mozilla/5.0 (Linux; Android 5.1.1; SM-G920V Build/LMY47X) AppleWebKit/537.36 (KHTML, like Gecko) Chrome/49.0.2623.110 Mobile Safari/537.36 OPR/36.2.2126.102826"
105.112.53.113 - - [31/Jan/2020:04:31:11 -0500] "GET /files/2019/12/Business-275x152.png HTTP/1.1" 200 43020 "https://www.naijadial.com/" "Mozilla/5.0 (Linux; Android 5.1.1; SM-G920V Build/LMY47X) AppleWebKit/537.36 (KHTML, like Gecko) Chrome/49.0.2623.110 Mobile Safari/537.36 OPR/36.2.2126.102826"
105.112.53.113 - - [31/Jan/2020:04:31:11 -0500] "GET /cnt/plugins/js_composer/assets/js/vendors/woocommerce-add-to-cart.js?ver=6.0.5 HTTP/1.1" 304 - "https://www.naijadial.com/" "Mozilla/5.0 (Linux; Android 5.1.1; SM-G920V Build/LMY47X) AppleWebKit/537.36 (KHTML, like Gecko) Chrome/49.0.2623.110 Mobile Safari/537.36 OPR/36.2.2126.102826"
105.112.53.113 - - [31/Jan/2020:04:31:12 -0500] "GET /files/2020/01/Professional-275x152.jpg HTTP/1.1" 304 - "https://www.naijadial.com/" "Mozilla/5.0 (Linux; Android 5.1.1; SM-G920V Build/LMY47X) AppleWebKit/537.36 (KHTML, like Gecko) Chrome/49.0.2623.110 Mobile Safari/537.36 OPR/36.2.2126.102826"
105.112.53.113 - - [31/Jan/2020:04:31:12 -0500] "GET /cnt/plugins/vc-extensions-bundle/flipbox/js/init.min.js?ver=5.3.2 HTTP/1.1" 304 - "https://www.naijadial.com/" "Mozilla/5.0 (Linux; Android 5.1.1; SM-G920V Build/LMY47X) AppleWebKit/537.36 (KHTML, like Gecko) Chrome/49.0.2623.110 Mobile Safari/537.36 OPR/36.2.2126.102826"
105.112.53.113 - - [31/Jan/2020:04:31:12 -0500] "GET /files/2020/01/Matican-Logo-100x100.png HTTP/1.1" 304 - "https://www.naijadial.com/" "Mozilla/5.0 (Linux; Android 5.1.1; SM-G920V Build/LMY47X) AppleWebKit/537.36 (KHTML, like Gecko) Chrome/49.0.2623.110 Mobile Safari/537.36 OPR/36.2.2126.102826"
105.112.53.113 - - [31/Jan/2020:04:31:12 -0500] "GET /files/2020/01/NaijaDial-Logo.png HTTP/1.1" 304 - "https://www.naijadial.com/" "Mozilla/5.0 (Linux; Android 5.1.1; SM-G920V Build/LMY47X) AppleWebKit/537.36 (KHTML, like Gecko) Chrome/49.0.2623.110 Mobile Safari/537.36 OPR/36.2.2126.102826"
105.112.53.113 - - [31/Jan/2020:04:31:12 -0500] "GET /naijadial/js/appear.js?ver=5.3.2 HTTP/1.1" 304 - "https://www.naijadial.com/" "Mozilla/5.0 (Linux; Android 5.1.1; SM-G920V Build/LMY47X) AppleWebKit/537.36 (KHTML, like Gecko) Chrome/49.0.2623.110 Mobile Safari/537.36 OPR/36.2.2126.102826"
192.0.112.180 - - [31/Jan/2020:04:31:17 -0500] "POST /xmlrpc.php?for=jetpack&token=QnAj%24o5mLE3EzK%29fA%24kIDJcGKW9yy0rE%3A1%3A1×tamp=1580463076&nonce=BjzjLLdzjU&body-hash=UY0PqZc%2BVud0eluQ6HOcMCyL7WA%3D&signature=E5nscx7eAMqoQkVpP1Yy34g9%2BaQ%3D HTTP/1.1" 200 1553 "https://www.naijadial.com/xmlrpc.php?for=jetpack&token=QnAj%24o5mLE3EzK%29fA%24kIDJcGKW9yy0rE%3A1%3A1×tamp=1580463076&nonce=BjzjLLdzjU&body-hash=UY0PqZc%2BVud0eluQ6HOcMCyL7WA%3D&signature=E5nscx7eAMqoQkVpP1Yy34g9%2BaQ%3D" "Jetpack by WordPress.com"
197.210.71.167 - - [31/Jan/2020:04:31:15 -0500] "POST /wp-admin/admin-ajax.php HTTP/1.1" 200 195 "https://www.naijadial.com/account/" "Mozilla/5.0 (Linux; Android 9; TECNO KB7j) AppleWebKit/537.36 (KHTML, like Gecko) Chrome/78.0.3904.108 Mobile Safari/537.36"
105.112.53.113 - - [31/Jan/2020:04:31:20 -0500] "GET /files/2020/01/Real-Estate.png HTTP/1.1" 304 - "https://www.naijadial.com/" "Mozilla/5.0 (Linux; Android 5.1.1; SM-G920V Build/LMY47X) AppleWebKit/537.36 (KHTML, like Gecko) Chrome/49.0.2623.110 Mobile Safari/537.36 OPR/36.2.2126.102826"
105.112.53.113 - - [31/Jan/2020:04:31:20 -0500] "GET /files/2020/01/Child-Care.jpg HTTP/1.1" 304 - "https://www.naijadial.com/" "Mozilla/5.0 (Linux; Android 5.1.1; SM-G920V Build/LMY47X) AppleWebKit/537.36 (KHTML, like Gecko) Chrome/49.0.2623.110 Mobile Safari/537.36 OPR/36.2.2126.102826"
105.112.53.113 - - [31/Jan/2020:04:31:20 -0500] "GET /files/2020/01/Cleaning.jpg HTTP/1.1" 304 - "https://www.naijadial.com/" "Mozilla/5.0 (Linux; Android 5.1.1; SM-G920V Build/LMY47X) AppleWebKit/537.36 (KHTML, like Gecko) Chrome/49.0.2623.110 Mobile Safari/537.36 OPR/36.2.2126.102826"
105.112.53.113 - - [31/Jan/2020:04:31:20 -0500] "GET /files/2020/01/Health-1.jpg HTTP/1.1" 304 - "https://www.naijadial.com/" "Mozilla/5.0 (Linux; Android 5.1.1; SM-G920V Build/LMY47X) AppleWebKit/537.36 (KHTML, like Gecko) Chrome/49.0.2623.110 Mobile Safari/537.36 OPR/36.2.2126.102826"
105.112.53.113 - - [31/Jan/2020:04:31:20 -0500] "GET /files/2020/01/Food.jpg HTTP/1.1" 304 - "https://www.naijadial.com/" "Mozilla/5.0 (Linux; Android 5.1.1; SM-G920V Build/LMY47X) AppleWebKit/537.36 (KHTML, like Gecko) Chrome/49.0.2623.110 Mobile Safari/537.36 OPR/36.2.2126.102826"
105.112.53.113 - - [31/Jan/2020:04:31:20 -0500] "GET /files/2020/01/Beauty-and-Personal-Care.jpg HTTP/1.1" 304 - "https://www.naijadial.com/" "Mozilla/5.0 (Linux; Android 5.1.1; SM-G920V Build/LMY47X) AppleWebKit/537.36 (KHTML, like Gecko) Chrome/49.0.2623.110 Mobile Safari/537.36 OPR/36.2.2126.102826"
105.112.53.113 - - [31/Jan/2020:04:31:20 -0500] "GET /cnt/plugins/unyson/framework/static/libs/font-awesome/fonts/fontawesome-webfont.woff2?v=4.7.0 HTTP/1.1" 304 - "https://www.naijadial.com/cnt/plugins/unyson/framework/static/libs/font-awesome/css/font-awesome.min.css?ver=2.7.22" "Mozilla/5.0 (Linux; Android 5.1.1; SM-G920V Build/LMY47X) AppleWebKit/537.36 (KHTML, like Gecko) Chrome/49.0.2623.110 Mobile Safari/537.36 OPR/36.2.2126.102826"
105.112.53.113 - - [31/Jan/2020:04:31:20 -0500] "GET /files/2020/01/Professional.jpg HTTP/1.1" 304 - "https://www.naijadial.com/" "Mozilla/5.0 (Linux; Android 5.1.1; SM-G920V Build/LMY47X) AppleWebKit/537.36 (KHTML, like Gecko) Chrome/49.0.2623.110 Mobile Safari/537.36 OPR/36.2.2126.102826"
105.112.53.113 - - [31/Jan/2020:04:31:20 -0500] "GET /naijadial/images/slider-border.png HTTP/1.1" 304 - "https://www.naijadial.com/naijadial/style.css?ver=3.2.2" "Mozilla/5.0 (Linux; Android 5.1.1; SM-G920V Build/LMY47X) AppleWebKit/537.36 (KHTML, like Gecko) Chrome/49.0.2623.110 Mobile Safari/537.36 OPR/36.2.2126.102826"
105.112.53.113 - - [31/Jan/2020:04:31:20 -0500] "GET /files/2020/01/Events-Header.png HTTP/1.1" 304 - "https://www.naijadial.com/" "Mozilla/5.0 (Linux; Android 5.1.1; SM-G920V Build/LMY47X) AppleWebKit/537.36 (KHTML, like Gecko) Chrome/49.0.2623.110 Mobile Safari/537.36 OPR/36.2.2126.102826"
105.112.53.113 - - [31/Jan/2020:04:31:20 -0500] "GET /files/2020/01/Fashion.jpg HTTP/1.1" 304 - "https://www.naijadial.com/" "Mozilla/5.0 (Linux; Android 5.1.1; SM-G920V Build/LMY47X) AppleWebKit/537.36 (KHTML, like Gecko) Chrome/49.0.2623.110 Mobile Safari/537.36 OPR/36.2.2126.102826"
105.112.53.113 - - [31/Jan/2020:04:31:20 -0500] "GET /files/2020/01/Transportation-and-Travel.jpg HTTP/1.1" 304 - "https://www.naijadial.com/" "Mozilla/5.0 (Linux; Android 5.1.1; SM-G920V Build/LMY47X) AppleWebKit/537.36 (KHTML, like Gecko) Chrome/49.0.2623.110 Mobile Safari/537.36 OPR/36.2.2126.102826"
105.112.53.113 - - [31/Jan/2020:04:31:21 -0500] "GET /files/2020/01/Construction.jpg HTTP/1.1" 304 - "https://www.naijadial.com/" "Mozilla/5.0 (Linux; Android 5.1.1; SM-G920V Build/LMY47X) AppleWebKit/537.36 (KHTML, like Gecko) Chrome/49.0.2623.110 Mobile Safari/537.36 OPR/36.2.2126.102826"
105.112.53.113 - - [31/Jan/2020:04:31:21 -0500] "GET /files/2020/01/banner.png HTTP/1.1" 304 - "https://www.naijadial.com/" "Mozilla/5.0 (Linux; Android 5.1.1; SM-G920V Build/LMY47X) AppleWebKit/537.36 (KHTML, like Gecko) Chrome/49.0.2623.110 Mobile Safari/537.36 OPR/36.2.2126.102826"
105.112.53.113 - - [31/Jan/2020:04:31:21 -0500] "GET /files/2020/01/training.jpg HTTP/1.1" 304 - "https://www.naijadial.com/" "Mozilla/5.0 (Linux; Android 5.1.1; SM-G920V Build/LMY47X) AppleWebKit/537.36 (KHTML, like Gecko) Chrome/49.0.2623.110 Mobile Safari/537.36 OPR/36.2.2126.102826"
105.112.53.113 - - [31/Jan/2020:04:31:21 -0500] "GET /files/2020/01/Automotives.png HTTP/1.1" 304 - "https://www.naijadial.com/" "Mozilla/5.0 (Linux; Android 5.1.1; SM-G920V Build/LMY47X) AppleWebKit/537.36 (KHTML, like Gecko) Chrome/49.0.2623.110 Mobile Safari/537.36 OPR/36.2.2126.102826"
105.112.53.113 - - [31/Jan/2020:04:31:20 -0500] "GET /listingo/images/line-bar.jpg HTTP/1.1" 404 53100 "https://www.naijadial.com/naijadial/style.css?ver=3.2.2" "Mozilla/5.0 (Linux; Android 5.1.1; SM-G920V Build/LMY47X) AppleWebKit/537.36 (KHTML, like Gecko) Chrome/49.0.2623.110 Mobile Safari/537.36 OPR/36.2.2126.102826"
105.112.53.113 - - [31/Jan/2020:04:31:21 -0500] "GET /files/2020/01/Repair.jpg HTTP/1.1" 304 - "https://www.naijadial.com/" "Mozilla/5.0 (Linux; Android 5.1.1; SM-G920V Build/LMY47X) AppleWebKit/537.36 (KHTML, like Gecko) Chrome/49.0.2623.110 Mobile Safari/537.36 OPR/36.2.2126.102826"
105.112.53.113 - - [31/Jan/2020:04:31:21 -0500] "GET /files/2020/01/General-Labour.jpg HTTP/1.1" 304 - "https://www.naijadial.com/" "Mozilla/5.0 (Linux; Android 5.1.1; SM-G920V Build/LMY47X) AppleWebKit/537.36 (KHTML, like Gecko) Chrome/49.0.2623.110 Mobile Safari/537.36 OPR/36.2.2126.102826"
105.112.53.113 - - [31/Jan/2020:04:31:21 -0500] "GET /files/2019/12/Business.png HTTP/1.1" 304 - "https://www.naijadial.com/" "Mozilla/5.0 (Linux; Android 5.1.1; SM-G920V Build/LMY47X) AppleWebKit/537.36 (KHTML, like Gecko) Chrome/49.0.2623.110 Mobile Safari/537.36 OPR/36.2.2126.102826"
197.210.71.167 - - [31/Jan/2020:04:31:21 -0500] "GET /dashboard/?ref=settings&identity=135 HTTP/1.1" 200 17263 "https://www.naijadial.com/account/" "Mozilla/5.0 (Linux; Android 9; TECNO KB7j) AppleWebKit/537.36 (KHTML, like Gecko) Chrome/78.0.3904.108 Mobile Safari/537.36"
105.112.53.113 - - [31/Jan/2020:04:31:21 -0500] "GET /cluder/js/dist/vendor/wp-polyfill-formdata.min.js?ver=3.0.12 HTTP/1.1" 200 2754 "https://www.naijadial.com/" "Mozilla/5.0 (Linux; Android 5.1.1; SM-G920V Build/LMY47X) AppleWebKit/537.36 (KHTML, like Gecko) Chrome/49.0.2623.110 Mobile Safari/537.36 OPR/36.2.2126.102826"
105.112.53.113 - - [31/Jan/2020:04:31:29 -0500] "GET /files/2020/01/105245014_megaphone_976alamy.jpg HTTP/1.1" 304 - "https://www.naijadial.com/" "Mozilla/5.0 (Linux; Android 5.1.1; SM-G920V Build/LMY47X) AppleWebKit/537.36 (KHTML, like Gecko) Chrome/49.0.2623.110 Mobile Safari/537.36 OPR/36.2.2126.102826"
105.112.53.113 - - [31/Jan/2020:04:31:29 -0500] "POST /?wc-ajax=get_refreshed_fragments HTTP/1.1" 200 210 "https://www.naijadial.com/" "Mozilla/5.0 (Linux; Android 5.1.1; SM-G920V Build/LMY47X) AppleWebKit/537.36 (KHTML, like Gecko) Chrome/49.0.2623.110 Mobile Safari/537.36 OPR/36.2.2126.102826"
105.112.53.113 - - [31/Jan/2020:04:31:30 -0500] "GET /files/2020/01/jOB.png HTTP/1.1" 304 - "https://www.naijadial.com/" "Mozilla/5.0 (Linux; Android 5.1.1; SM-G920V Build/LMY47X) AppleWebKit/537.36 (KHTML, like Gecko) Chrome/49.0.2623.110 Mobile Safari/537.36 OPR/36.2.2126.102826"
105.112.53.113 - - [31/Jan/2020:04:31:30 -0500] "GET /files/2020/01/FORUM.png HTTP/1.1" 304 - "https://www.naijadial.com/" "Mozilla/5.0 (Linux; Android 5.1.1; SM-G920V Build/LMY47X) AppleWebKit/537.36 (KHTML, like Gecko) Chrome/49.0.2623.110 Mobile Safari/537.36 OPR/36.2.2126.102826"
197.210.71.167 - - [31/Jan/2020:04:31:30 -0500] "GET /naijadial/js/linkify/linkify-string.min.js?ver=5.3.2 HTTP/1.1" 304 - "https://www.naijadial.com/dashboard/?ref=settings&identity=135" "Mozilla/5.0 (Linux; Android 9; TECNO KB7j) AppleWebKit/537.36 (KHTML, like Gecko) Chrome/78.0.3904.108 Mobile Safari/537.36"
197.210.71.167 - - [31/Jan/2020:04:31:30 -0500] "GET /naijadial/framework-customizations/extensions/articles/static/js/fw_ext_articles_callbacks.js?ver=1.0 HTTP/1.1" 304 - "https://www.naijadial.com/dashboard/?ref=settings&identity=135" "Mozilla/5.0 (Linux; Android 9; TECNO KB7j) AppleWebKit/537.36 (KHTML, like Gecko) Chrome/78.0.3904.108 Mobile Safari/537.36"
197.210.71.167 - - [31/Jan/2020:04:31:30 -0500] "GET /naijadial/js/linkify/linkify-jquery.min.js?ver=5.3.2 HTTP/1.1" 304 - "https://www.naijadial.com/dashboard/?ref=settings&identity=135" "Mozilla/5.0 (Linux; Android 9; TECNO KB7j) AppleWebKit/537.36 (KHTML, like Gecko) Chrome/78.0.3904.108 Mobile Safari/537.36"
197.210.71.167 - - [31/Jan/2020:04:31:30 -0500] "GET /naijadial/js/linkify/linkify.min.js?ver=5.3.2 HTTP/1.1" 304 - "https://www.naijadial.com/dashboard/?ref=settings&identity=135" "Mozilla/5.0 (Linux; Android 9; TECNO KB7j) AppleWebKit/537.36 (KHTML, like Gecko) Chrome/78.0.3904.108 Mobile Safari/537.36"
197.210.71.167 - - [31/Jan/2020:04:31:30 -0500] "GET /naijadial/js/user-dashboard.js?ver=3.2.2 HTTP/1.1" 304 - "https://www.naijadial.com/dashboard/?ref=settings&identity=135" "Mozilla/5.0 (Linux; Android 9; TECNO KB7j) AppleWebKit/537.36 (KHTML, like Gecko) Chrome/78.0.3904.108 Mobile Safari/537.36"
197.210.71.167 - - [31/Jan/2020:04:31:31 -0500] "GET /files/2020/01/banner-270x120.png HTTP/1.1" 304 - "https://www.naijadial.com/dashboard/?ref=settings&identity=135" "Mozilla/5.0 (Linux; Android 9; TECNO KB7j) AppleWebKit/537.36 (KHTML, like Gecko) Chrome/78.0.3904.108 Mobile Safari/537.36"
2a03:2880:32ff:15::face:b00c - - [31/Jan/2020:04:27:00 -0500] "GET / HTTP/1.1" 206 24588 "-" "facebookexternalhit/1.1 (+http://www.facebook.com/externalhit_uatext.php)"
2a03:2880:32ff:15::face:b00c - - [31/Jan/2020:04:27:01 -0500] "GET / HTTP/1.1" 206 24585 "-" "facebookexternalhit/1.1 (+http://www.facebook.com/externalhit_uatext.php)"
2a03:2880:32ff:b::face:b00c - - [31/Jan/2020:04:27:04 -0500] "GET / HTTP/1.1" 301 - "-" "facebookexternalhit/1.1 (+http://www.facebook.com/externalhit_uatext.php)"
2a03:2880:32ff:13::face:b00c - - [31/Jan/2020:04:27:04 -0500] "GET / HTTP/1.1" 301 - "-" "facebookexternalhit/1.1 (+http://www.facebook.com/externalhit_uatext.php)"
68.65.121.137 - - [31/Jan/2020:04:27:05 -0500] "POST /wp-cron.php?doing_wp_cron=1580462825.1737990379333496093750 HTTP/1.1" 200 - "https://www.naijadial.com/wp-cron.php?doing_wp_cron=1580462825.1737990379333496093750" "WordPress/5.3.2; https://www.naijadial.com"
68.65.121.137 - - [31/Jan/2020:04:27:05 -0500] "POST /wp-cron.php?doing_wp_cron=1580462825.1738290786743164062500 HTTP/1.1" 200 - "https://www.naijadial.com/wp-cron.php?doing_wp_cron=1580462825.1738290786743164062500" "WordPress/5.3.2; https://www.naijadial.com"
2a03:2880:32ff:13::face:b00c - - [31/Jan/2020:04:27:04 -0500] "GET / HTTP/1.1" 206 24589 "-" "facebookexternalhit/1.1 (+http://www.facebook.com/externalhit_uatext.php)"
2a03:2880:32ff:b::face:b00c - - [31/Jan/2020:04:27:04 -0500] "GET / HTTP/1.1" 206 24589 "-" "facebookexternalhit/1.1 (+http://www.facebook.com/externalhit_uatext.php)"
193.34.232.21 - - [31/Jan/2020:04:27:28 -0500] "POST /wp-admin/admin-ajax.php HTTP/1.1" 200 98 "https://www.naijadial.com/wp-admin/post.php?post=1242&action=edit" "Mozilla/5.0 (Windows NT 6.3; Win64; x64) AppleWebKit/537.36 (KHTML, like Gecko) Chrome/79.0.3945.130 Safari/537.36"
68.65.121.137 - - [31/Jan/2020:04:37:40 -0500] "POST /wp-cron.php?doing_wp_cron=1580463460.5856831073760986328125 HTTP/1.1" 200 - "https://www.naijadial.com/wp-cron.php?doing_wp_cron=1580463460.5856831073760986328125" "WordPress/5.3.2; https://www.naijadial.com"
193.34.232.21 - - [31/Jan/2020:04:37:38 -0500] "POST /wp-admin/admin-ajax.php HTTP/1.1" 200 98 "https://www.naijadial.com/wp-admin/post.php?post=1242&action=edit" "Mozilla/5.0 (Windows NT 6.3; Win64; x64) AppleWebKit/537.36 (KHTML, like Gecko) Chrome/79.0.3945.130 Safari/537.36"
68.65.121.137 - - [31/Jan/2020:04:39:40 -0500] "POST /wp-cron.php?doing_wp_cron=1580463580.2986099720001220703125 HTTP/1.1" 200 - "https://www.naijadial.com/wp-cron.php?doing_wp_cron=1580463580.2986099720001220703125" "WordPress/5.3.2; https://www.naijadial.com"
193.34.232.21 - - [31/Jan/2020:04:39:40 -0500] "POST /wp-admin/admin-ajax.php HTTP/1.1" 200 98 "https://www.naijadial.com/wp-admin/post.php?post=1242&action=edit" "Mozilla/5.0 (Windows NT 6.3; Win64; x64) AppleWebKit/537.36 (KHTML, like Gecko) Chrome/79.0.3945.130 Safari/537.36"
68.65.121.137 - - [31/Jan/2020:04:41:43 -0500] "POST /wp-cron.php?doing_wp_cron=1580463703.7927880287170410156250 HTTP/1.1" 200 - "https://www.naijadial.com/wp-cron.php?doing_wp_cron=1580463703.7927880287170410156250" "WordPress/5.3.2; https://www.naijadial.com"
193.34.232.21 - - [31/Jan/2020:04:41:41 -0500] "POST /wp-admin/admin-ajax.php HTTP/1.1" 200 98 "https://www.naijadial.com/wp-admin/post.php?post=1242&action=edit" "Mozilla/5.0 (Windows NT 6.3; Win64; x64) AppleWebKit/537.36 (KHTML, like Gecko) Chrome/79.0.3945.130 Safari/537.36"
197.210.71.167 - - [31/Jan/2020:04:31:31 -0500] "GET /naijadial/images/geoicon.svg HTTP/1.1" 304 - "https://www.naijadial.com/dashboard/?ref=settings&identity=135" "Mozilla/5.0 (Linux; Android 9; TECNO KB7j) AppleWebKit/537.36 (KHTML, like Gecko) Chrome/78.0.3904.108 Mobile Safari/537.36"
197.210.71.167 - - [31/Jan/2020:04:31:31 -0500] "GET /listingo/images/line-bar.jpg HTTP/1.1" 404 55934 "https://www.naijadial.com/naijadial/style.css?ver=3.2.2" "Mozilla/5.0 (Linux; Android 9; TECNO KB7j) AppleWebKit/537.36 (KHTML, like Gecko) Chrome/78.0.3904.108 Mobile Safari/537.36"
193.34.232.21 - - [31/Jan/2020:04:31:34 -0500] "POST /wp-admin/admin-ajax.php HTTP/1.1" 200 98 "https://www.naijadial.com/wp-admin/post.php?post=1242&action=edit" "Mozilla/5.0 (Windows NT 6.3; Win64; x64) AppleWebKit/537.36 (KHTML, like Gecko) Chrome/79.0.3945.130 Safari/537.36"
197.210.71.167 - - [31/Jan/2020:04:31:36 -0500] "GET /dashboard/apple-touch-icon.png HTTP/1.1" 404 55184 "https://www.naijadial.com/dashboard/?ref=settings&identity=135" "Mozilla/5.0 (Linux; Android 9; TECNO KB7j) AppleWebKit/537.36 (KHTML, like Gecko) Chrome/78.0.3904.108 Mobile Safari/537.36"
197.210.71.167 - - [31/Jan/2020:04:31:57 -0500] "POST /wp-admin/admin-ajax.php HTTP/1.1" 200 1493 "https://www.naijadial.com/dashboard/?ref=settings&identity=135" "Mozilla/5.0 (Linux; Android 9; TECNO KB7j) AppleWebKit/537.36 (KHTML, like Gecko) Chrome/78.0.3904.108 Mobile Safari/537.36"
68.65.121.137 - - [31/Jan/2020:04:33:39 -0500] "POST /wp-cron.php?doing_wp_cron=1580463219.0361039638519287109375 HTTP/1.1" 200 - "https://www.naijadial.com/wp-cron.php?doing_wp_cron=1580463219.0361039638519287109375" "WordPress/5.3.2; https://www.naijadial.com"
193.34.232.21 - - [31/Jan/2020:04:33:38 -0500] "POST /wp-admin/admin-ajax.php HTTP/1.1" 200 98 "https://www.naijadial.com/wp-admin/post.php?post=1242&action=edit" "Mozilla/5.0 (Windows NT 6.3; Win64; x64) AppleWebKit/537.36 (KHTML, like Gecko) Chrome/79.0.3945.130 Safari/537.36"
68.65.121.137 - - [31/Jan/2020:04:35:40 -0500] "POST /wp-cron.php?doing_wp_cron=1580463340.2902810573577880859375 HTTP/1.1" 200 - "https://www.naijadial.com/wp-cron.php?doing_wp_cron=1580463340.2902810573577880859375" "WordPress/5.3.2; https://www.naijadial.com"
193.34.232.21 - - [31/Jan/2020:04:35:40 -0500] "POST /wp-admin/admin-ajax.php HTTP/1.1" 200 98 "https://www.naijadial.com/wp-admin/post.php?post=1242&action=edit" "Mozilla/5.0 (Windows NT 6.3; Win64; x64) AppleWebKit/537.36 (KHTML, like Gecko) Chrome/79.0.3945.130 Safari/537.36"
68.65.121.137 - - [31/Jan/2020:04:48:15 -0500] "POST /wp-cron.php?doing_wp_cron=1580464095.7398428916931152343750 HTTP/1.1" 200 - "https://www.naijadial.com/wp-cron.php?doing_wp_cron=1580464095.7398428916931152343750" "WordPress/5.3.2; https://www.naijadial.com"
193.34.232.21 - - [31/Jan/2020:04:48:13 -0500] "POST /wp-admin/admin-ajax.php HTTP/1.1" 200 98 "https://www.naijadial.com/wp-admin/post.php?post=1242&action=edit" "Mozilla/5.0 (Windows NT 6.3; Win64; x64) AppleWebKit/537.36 (KHTML, like Gecko) Chrome/79.0.3945.130 Safari/537.36"
193.34.232.21 - - [31/Jan/2020:04:48:26 -0500] "POST /wp-admin/admin-ajax.php HTTP/1.1" 200 47 "https://www.naijadial.com/wp-admin/users.php?paged=1" "Mozilla/5.0 (Windows NT 6.3; Win64; x64) AppleWebKit/537.36 (KHTML, like Gecko) Chrome/79.0.3945.130 Safari/537.36"
68.65.121.137 - - [31/Jan/2020:04:49:32 -0500] "POST /wp-cron.php?doing_wp_cron=1580464171.8336560726165771484375 HTTP/1.1" 200 - "https://www.naijadial.com/wp-cron.php?doing_wp_cron=1580464171.8336560726165771484375" "WordPress/5.3.2; https://www.naijadial.com"
193.34.232.21 - - [31/Jan/2020:04:49:31 -0500] "POST /wp-admin/admin-ajax.php HTTP/1.1" 200 47 "https://www.naijadial.com/wp-admin/users.php?paged=1" "Mozilla/5.0 (Windows NT 6.3; Win64; x64) AppleWebKit/537.36 (KHTML, like Gecko) Chrome/79.0.3945.130 Safari/537.36"
68.65.121.137 - - [31/Jan/2020:04:50:12 -0500] "POST /wp-cron.php?doing_wp_cron=1580464212.6250450611114501953125 HTTP/1.1" 200 - "https://www.naijadial.com/wp-cron.php?doing_wp_cron=1580464212.6250450611114501953125" "WordPress/5.3.2; https://www.naijadial.com"
193.34.232.21 - - [31/Jan/2020:04:50:12 -0500] "POST /wp-admin/admin-ajax.php HTTP/1.1" 200 98 "https://www.naijadial.com/wp-admin/post.php?post=1242&action=edit" "Mozilla/5.0 (Windows NT 6.3; Win64; x64) AppleWebKit/537.36 (KHTML, like Gecko) Chrome/79.0.3945.130 Safari/537.36"
193.34.232.21 - - [31/Jan/2020:04:50:41 -0500] "POST /wp-admin/admin-ajax.php HTTP/1.1" 200 98 "https://www.naijadial.com/wp-admin/post.php?post=1242&action=edit" "Mozilla/5.0 (Windows NT 6.3; Win64; x64) AppleWebKit/537.36 (KHTML, like Gecko) Chrome/79.0.3945.130 Safari/537.36"
193.34.232.21 - - [31/Jan/2020:04:50:52 -0500] "POST /wp-admin/admin-ajax.php HTTP/1.1" 200 61624 "https://www.naijadial.com/wp-admin/post.php?post=1242&action=edit" "Mozilla/5.0 (Windows NT 6.3; Win64; x64) AppleWebKit/537.36 (KHTML, like Gecko) Chrome/79.0.3945.130 Safari/537.36"
193.34.232.21 - - [31/Jan/2020:04:50:53 -0500] "POST /wp-admin/admin-ajax.php HTTP/1.1" 200 98 "https://www.naijadial.com/wp-admin/post.php?post=1242&action=edit" "Mozilla/5.0 (Windows NT 6.3; Win64; x64) AppleWebKit/537.36 (KHTML, like Gecko) Chrome/79.0.3945.130 Safari/537.36"
193.34.232.21 - - [31/Jan/2020:04:50:54 -0500] "GET /cnt/plugins/js_composer/assets/js/dist/edit-form.min.js HTTP/1.1" 200 4935 "https://www.naijadial.com/wp-admin/post.php?post=1242&action=edit" "Mozilla/5.0 (Windows NT 6.3; Win64; x64) AppleWebKit/537.36 (KHTML, like Gecko) Chrome/79.0.3945.130 Safari/537.36"
193.34.232.21 - - [31/Jan/2020:04:50:56 -0500] "GET /files/2020/01/jOB-150x150.png HTTP/1.1" 200 26149 "https://www.naijadial.com/wp-admin/post.php?post=1242&action=edit" "Mozilla/5.0 (Windows NT 6.3; Win64; x64) AppleWebKit/537.36 (KHTML, like Gecko) Chrome/79.0.3945.130 Safari/537.36"
193.34.232.21 - - [31/Jan/2020:04:50:56 -0500] "GET /cnt/plugins/js_composer/assets/css/lib/vc-linecons/fonts/vc_linecons.woff?54101537 HTTP/1.1" 200 27308 "https://www.naijadial.com/cnt/plugins/js_composer/assets/css/lib/vc-linecons/vc_linecons_icons.min.css?ver=6.0.5" "Mozilla/5.0 (Windows NT 6.3; Win64; x64) AppleWebKit/537.36 (KHTML, like Gecko) Chrome/79.0.3945.130 Safari/537.36"
193.34.232.21 - - [31/Jan/2020:04:50:56 -0500] "GET /cnt/plugins/js_composer/assets/css/lib/vc-material/fonts/vc_material.ttf?1qpt95 HTTP/1.1" 200 55273 "https://www.naijadial.com/cnt/plugins/js_composer/assets/css/lib/vc-material/vc_material.min.css?ver=6.0.5" "Mozilla/5.0 (Windows NT 6.3; Win64; x64) AppleWebKit/537.36 (KHTML, like Gecko) Chrome/79.0.3945.130 Safari/537.36"
193.34.232.21 - - [31/Jan/2020:04:50:56 -0500] "GET /cnt/plugins/js_composer/assets/css/lib/vc-open-iconic/fonts/vc_openiconic.woff?54101537 HTTP/1.1" 200 13824 "https://www.naijadial.com/cnt/plugins/js_composer/assets/css/lib/vc-open-iconic/vc_openiconic.min.css?ver=6.0.5" "Mozilla/5.0 (Windows NT 6.3; Win64; x64) AppleWebKit/537.36 (KHTML, like Gecko) Chrome/79.0.3945.130 Safari/537.36"
193.34.232.21 - - [31/Jan/2020:04:50:56 -0500] "GET /cnt/plugins/js_composer/assets/css/lib/vc-entypo/fonts/vc_entypo.woff HTTP/1.1" 200 45152 "https://www.naijadial.com/cnt/plugins/js_composer/assets/css/lib/vc-entypo/vc_entypo.min.css?ver=6.0.5" "Mozilla/5.0 (Windows NT 6.3; Win64; x64) AppleWebKit/537.36 (KHTML, like Gecko) Chrome/79.0.3945.130 Safari/537.36"
193.34.232.21 - - [31/Jan/2020:04:51:02 -0500] "POST /wp-admin/admin-ajax.php HTTP/1.1" 200 581 "https://www.naijadial.com/wp-admin/post.php?post=1242&action=edit" "Mozilla/5.0 (Windows NT 6.3; Win64; x64) AppleWebKit/537.36 (KHTML, like Gecko) Chrome/79.0.3945.130 Safari/537.36"
68.65.121.137 - - [31/Jan/2020:04:51:08 -0500] "POST /wp-cron.php?doing_wp_cron=1580464268.3057849407196044921875 HTTP/1.1" 200 - "https://www.naijadial.com/wp-cron.php?doing_wp_cron=1580464268.3057849407196044921875" "WordPress/5.3.2; https://www.naijadial.com"
193.34.232.21 - - [31/Jan/2020:04:51:08 -0500] "POST /wp-admin/admin-ajax.php HTTP/1.1" 200 98 "https://www.naijadial.com/wp-admin/post.php?post=1242&action=edit" "Mozilla/5.0 (Windows NT 6.3; Win64; x64) AppleWebKit/537.36 (KHTML, like Gecko) Chrome/79.0.3945.130 Safari/537.36"
193.34.232.21 - - [31/Jan/2020:04:51:13 -0500] "POST /wp-admin/admin-ajax.php HTTP/1.1" 200 61666 "https://www.naijadial.com/wp-admin/post.php?post=1242&action=edit" "Mozilla/5.0 (Windows NT 6.3; Win64; x64) AppleWebKit/537.36 (KHTML, like Gecko) Chrome/79.0.3945.130 Safari/537.36"
193.34.232.21 - - [31/Jan/2020:04:51:17 -0500] "GET /files/2020/01/105245014_megaphone_976alamy-150x150.jpg HTTP/1.1" 200 5072 "https://www.naijadial.com/wp-admin/post.php?post=1242&action=edit" "Mozilla/5.0 (Windows NT 6.3; Win64; x64) AppleWebKit/537.36 (KHTML, like Gecko) Chrome/79.0.3945.130 Safari/537.36"
193.34.232.21 - - [31/Jan/2020:04:51:25 -0500] "POST /wp-admin/admin-ajax.php HTTP/1.1" 200 168 "https://www.naijadial.com/wp-admin/post.php?post=1242&action=edit" "Mozilla/5.0 (Windows NT 6.3; Win64; x64) AppleWebKit/537.36 (KHTML, like Gecko) Chrome/79.0.3945.130 Safari/537.36"
193.34.232.21 - - [31/Jan/2020:04:51:26 -0500] "POST /wp-admin/admin-ajax.php HTTP/1.1" 200 47 "https://www.naijadial.com/wp-admin/users.php?paged=1" "Mozilla/5.0 (Windows NT 6.3; Win64; x64) AppleWebKit/537.36 (KHTML, like Gecko) Chrome/79.0.3945.130 Safari/537.36"
193.34.232.21 - - [31/Jan/2020:04:51:32 -0500] "POST /wp-admin/admin-ajax.php HTTP/1.1" 200 61564 "https://www.naijadial.com/wp-admin/post.php?post=1242&action=edit" "Mozilla/5.0 (Windows NT 6.3; Win64; x64) AppleWebKit/537.36 (KHTML, like Gecko) Chrome/79.0.3945.130 Safari/537.36"
193.34.232.21 - - [31/Jan/2020:04:51:35 -0500] "GET /files/2020/01/FORUM-150x150.png HTTP/1.1" 200 29859 "https://www.naijadial.com/wp-admin/post.php?post=1242&action=edit" "Mozilla/5.0 (Windows NT 6.3; Win64; x64) AppleWebKit/537.36 (KHTML, like Gecko) Chrome/79.0.3945.130 Safari/537.36"
193.34.232.21 - - [31/Jan/2020:04:51:38 -0500] "POST /wp-admin/admin-ajax.php HTTP/1.1" 200 98 "https://www.naijadial.com/wp-admin/post.php?post=1242&action=edit" "Mozilla/5.0 (Windows NT 6.3; Win64; x64) AppleWebKit/537.36 (KHTML, like Gecko) Chrome/79.0.3945.130 Safari/537.36"
193.34.232.21 - - [31/Jan/2020:04:51:50 -0500] "POST /wp-admin/admin-ajax.php HTTP/1.1" 200 26 "https://www.naijadial.com/wp-admin/post.php?post=1242&action=edit" "Mozilla/5.0 (Windows NT 6.3; Win64; x64) AppleWebKit/537.36 (KHTML, like Gecko) Chrome/79.0.3945.130 Safari/537.36"
68.65.121.137 - - [31/Jan/2020:04:51:59 -0500] "POST /wp-cron.php?doing_wp_cron=1580464319.2229709625244140625000 HTTP/1.1" 200 - "https://www.naijadial.com/wp-cron.php?doing_wp_cron=1580464319.2229709625244140625000" "WordPress/5.3.2; https://www.naijadial.com"
193.34.232.21 - - [31/Jan/2020:04:51:56 -0500] "POST /wp-admin/admin-ajax.php HTTP/1.1" 200 98 "https://www.naijadial.com/wp-admin/post.php?post=1242&action=edit" "Mozilla/5.0 (Windows NT 6.3; Win64; x64) AppleWebKit/537.36 (KHTML, like Gecko) Chrome/79.0.3945.130 Safari/537.36"
193.34.232.21 - - [31/Jan/2020:04:52:03 -0500] "POST /wp-admin/admin-ajax.php HTTP/1.1" 200 61631 "https://www.naijadial.com/wp-admin/post.php?post=1242&action=edit" "Mozilla/5.0 (Windows NT 6.3; Win64; x64) AppleWebKit/537.36 (KHTML, like Gecko) Chrome/79.0.3945.130 Safari/537.36"
193.34.232.21 - - [31/Jan/2020:04:52:06 -0500] "GET /files/2019/12/Business-150x150.png HTTP/1.1" 200 22509 "https://www.naijadial.com/wp-admin/post.php?post=1242&action=edit" "Mozilla/5.0 (Windows NT 6.3; Win64; x64) AppleWebKit/537.36 (KHTML, like Gecko) Chrome/79.0.3945.130 Safari/537.36"
68.65.121.137 - - [31/Jan/2020:04:52:08 -0500] "POST /wp-cron.php?doing_wp_cron=1580464328.3868451118469238281250 HTTP/1.1" 200 - "https://www.naijadial.com/wp-cron.php?doing_wp_cron=1580464328.3868451118469238281250" "WordPress/5.3.2; https://www.naijadial.com"
193.34.232.21 - - [31/Jan/2020:04:52:08 -0500] "POST /wp-admin/admin-ajax.php HTTP/1.1" 200 98 "https://www.naijadial.com/wp-admin/post.php?post=1242&action=edit" "Mozilla/5.0 (Windows NT 6.3; Win64; x64) AppleWebKit/537.36 (KHTML, like Gecko) Chrome/79.0.3945.130 Safari/537.36"
13.233.78.138 - - [31/Jan/2020:04:52:14 -0500] "GET /wp-login.php HTTP/1.1" 200 4334 "-" "Mozilla/5.0 (X11; Ubuntu; Linux x86_64; rv:62.0) Gecko/20100101 Firefox/62.0"
13.233.78.138 - - [31/Jan/2020:04:52:15 -0500] "POST /wp-login.php HTTP/1.1" 200 4333 "-" "Mozilla/5.0 (X11; Ubuntu; Linux x86_64; rv:62.0) Gecko/20100101 Firefox/62.0"
13.233.78.138 - - [31/Jan/2020:04:52:17 -0500] "POST /xmlrpc.php HTTP/1.1" 200 247 "-" "Mozilla/5.0 (X11; Ubuntu; Linux x86_64; rv:62.0) Gecko/20100101 Firefox/62.0"
193.34.232.21 - - [31/Jan/2020:04:52:20 -0500] "POST /wp-admin/admin-ajax.php HTTP/1.1" 200 290 "https://www.naijadial.com/wp-admin/post.php?post=1242&action=edit" "Mozilla/5.0 (Windows NT 6.3; Win64; x64) AppleWebKit/537.36 (KHTML, like Gecko) Chrome/79.0.3945.130 Safari/537.36"
193.34.232.21 - - [31/Jan/2020:04:52:23 -0500] "POST /wp-admin/admin-ajax.php HTTP/1.1" 200 98 "https://www.naijadial.com/wp-admin/post.php?post=1242&action=edit" "Mozilla/5.0 (Windows NT 6.3; Win64; x64) AppleWebKit/537.36 (KHTML, like Gecko) Chrome/79.0.3945.130 Safari/537.36"
66.249.64.132 - - [31/Jan/2020:04:52:31 -0500] "GET /sitemap-index.xml HTTP/1.1" 200 284 "-" "Mozilla/5.0 (compatible; Googlebot/2.1; +http://www.google.com/bot.html)"
193.34.232.21 - - [31/Jan/2020:04:52:29 -0500] "POST /wp-admin/post.php HTTP/1.1" 302 - "https://www.naijadial.com/wp-admin/post.php?post=1242&action=edit" "Mozilla/5.0 (Windows NT 6.3; Win64; x64) AppleWebKit/537.36 (KHTML, like Gecko) Chrome/79.0.3945.130 Safari/537.36"
193.34.232.21 - - [31/Jan/2020:04:52:32 -0500] "GET /wp-admin/post.php?post=1242&action=edit&message=1 HTTP/1.1" 200 381225 "https://www.naijadial.com/wp-admin/post.php?post=1242&action=edit" "Mozilla/5.0 (Windows NT 6.3; Win64; x64) AppleWebKit/537.36 (KHTML, like Gecko) Chrome/79.0.3945.130 Safari/537.36"
193.34.232.21 - - [31/Jan/2020:04:52:43 -0500] "POST /wp-admin/admin-ajax.php HTTP/1.1" 200 123095 "https://www.naijadial.com/wp-admin/post.php?post=1242&action=edit" "Mozilla/5.0 (Windows NT 6.3; Win64; x64) AppleWebKit/537.36 (KHTML, like Gecko) Chrome/79.0.3945.130 Safari/537.36"
193.34.232.21 - - [31/Jan/2020:04:52:43 -0500] "GET /wp-admin/admin-ajax.php?action=oembed-cache&post=1242 HTTP/1.1" 200 21 "https://www.naijadial.com/wp-admin/post.php?post=1242&action=edit" "Mozilla/5.0 (Windows NT 6.3; Win64; x64) AppleWebKit/537.36 (KHTML, like Gecko) Chrome/79.0.3945.130 Safari/537.36"
68.65.121.137 - - [31/Jan/2020:04:43:31 -0500] "POST /wp-cron.php?doing_wp_cron=1580463811.8389489650726318359375 HTTP/1.1" 200 - "https://www.naijadial.com/wp-cron.php?doing_wp_cron=1580463811.8389489650726318359375" "WordPress/5.3.2; https://www.naijadial.com"
193.34.232.21 - - [31/Jan/2020:04:43:31 -0500] "POST /wp-admin/admin-ajax.php HTTP/1.1" 200 98 "https://www.naijadial.com/wp-admin/post.php?post=1242&action=edit" "Mozilla/5.0 (Windows NT 6.3; Win64; x64) AppleWebKit/537.36 (KHTML, like Gecko) Chrome/79.0.3945.130 Safari/537.36"
68.65.121.137 - - [31/Jan/2020:04:45:42 -0500] "POST /wp-cron.php?doing_wp_cron=1580463942.6802940368652343750000 HTTP/1.1" 200 - "https://www.naijadial.com/wp-cron.php?doing_wp_cron=1580463942.6802940368652343750000" "WordPress/5.3.2; https://www.naijadial.com"
193.34.232.21 - - [31/Jan/2020:04:45:40 -0500] "POST /wp-admin/admin-ajax.php HTTP/1.1" 200 98 "https://www.naijadial.com/wp-admin/post.php?post=1242&action=edit" "Mozilla/5.0 (Windows NT 6.3; Win64; x64) AppleWebKit/537.36 (KHTML, like Gecko) Chrome/79.0.3945.130 Safari/537.36"
66.249.93.67 - - [31/Jan/2020:04:45:57 -0500] "GET /files/2019/12/NaijaDial-Logo.png HTTP/1.1" 304 - "-" "Mozilla/5.0 (Windows NT 5.1; rv:11.0) Gecko Firefox/11.0 (via ggpht.com GoogleImageProxy)"
66.249.93.70 - - [31/Jan/2020:04:45:57 -0500] "GET /files/2020/01/Email-Header.png HTTP/1.1" 304 - "-" "Mozilla/5.0 (Windows NT 5.1; rv:11.0) Gecko Firefox/11.0 (via ggpht.com GoogleImageProxy)"
66.249.93.74 - - [31/Jan/2020:04:45:57 -0500] "GET /files/2020/01/NaijaDial.png HTTP/1.1" 304 - "-" "Mozilla/5.0 (Windows NT 5.1; rv:11.0) Gecko Firefox/11.0 (via ggpht.com GoogleImageProxy)"
68.65.121.137 - - [31/Jan/2020:04:46:14 -0500] "POST /wp-cron.php?doing_wp_cron=1580463974.6528871059417724609375 HTTP/1.1" 200 - "https://www.naijadial.com/wp-cron.php?doing_wp_cron=1580463974.6528871059417724609375" "WordPress/5.3.2; https://www.naijadial.com"
