197.210.44.240 - - [30/Jan/2020:14:08:44 -0500] "GET /files/2020/01/Fashion-275x152.jpg HTTP/1.1" 304 - "https://www.naijadial.com/" "Mozilla/5.0 (Android 7.0; Mobile; rv:61.0) Gecko/61.0 Firefox/61.0"
197.210.44.240 - - [30/Jan/2020:14:08:44 -0500] "GET /naijadial/css/responsive.css?ver=3.2.2 HTTP/1.1" 304 - "https://www.naijadial.com/" "Mozilla/5.0 (Android 7.0; Mobile; rv:61.0) Gecko/61.0 Firefox/61.0"
197.210.44.240 - - [30/Jan/2020:14:08:44 -0500] "GET /files/2019/12/NaijaDial-Logo.png HTTP/1.1" 304 - "https://www.naijadial.com/" "Mozilla/5.0 (Android 7.0; Mobile; rv:61.0) Gecko/61.0 Firefox/61.0"
197.210.44.240 - - [30/Jan/2020:14:08:46 -0500] "GET /files/2020/01/Adex-92x92.jpg HTTP/1.1" 304 - "https://www.naijadial.com/" "Mozilla/5.0 (Android 7.0; Mobile; rv:61.0) Gecko/61.0 Firefox/61.0"
197.210.44.240 - - [30/Jan/2020:14:08:46 -0500] "GET /files/2020/01/NaijaDial-Logo.png HTTP/1.1" 304 - "https://www.naijadial.com/" "Mozilla/5.0 (Android 7.0; Mobile; rv:61.0) Gecko/61.0 Firefox/61.0"
197.210.44.240 - - [30/Jan/2020:14:08:46 -0500] "GET /files/2020/01/Professional-275x152.jpg HTTP/1.1" 304 - "https://www.naijadial.com/" "Mozilla/5.0 (Android 7.0; Mobile; rv:61.0) Gecko/61.0 Firefox/61.0"
197.210.44.240 - - [30/Jan/2020:14:08:46 -0500] "GET /files/2020/01/responsive-web-design-360x240.png HTTP/1.1" 304 - "https://www.naijadial.com/" "Mozilla/5.0 (Android 7.0; Mobile; rv:61.0) Gecko/61.0 Firefox/61.0"
197.210.44.240 - - [30/Jan/2020:14:08:46 -0500] "GET /cnt/plugins/unyson/framework/static/libs/font-awesome/css/font-awesome.min.css?ver=2.7.22 HTTP/1.1" 304 - "https://www.naijadial.com/" "Mozilla/5.0 (Android 7.0; Mobile; rv:61.0) Gecko/61.0 Firefox/61.0"
197.210.44.240 - - [30/Jan/2020:14:08:46 -0500] "GET /files/2020/01/training-275x152.jpg HTTP/1.1" 304 - "https://www.naijadial.com/" "Mozilla/5.0 (Android 7.0; Mobile; rv:61.0) Gecko/61.0 Firefox/61.0"
197.210.44.240 - - [30/Jan/2020:14:08:46 -0500] "GET /cnt/plugins/unyson/framework/static/libs/linecons/css/linecons.css?ver=2.7.22 HTTP/1.1" 304 - "https://www.naijadial.com/" "Mozilla/5.0 (Android 7.0; Mobile; rv:61.0) Gecko/61.0 Firefox/61.0"
197.210.44.240 - - [30/Jan/2020:14:08:46 -0500] "GET /files/2020/01/Cleaning-275x152.jpg HTTP/1.1" 304 - "https://www.naijadial.com/" "Mozilla/5.0 (Android 7.0; Mobile; rv:61.0) Gecko/61.0 Firefox/61.0"
197.210.44.240 - - [30/Jan/2020:14:08:46 -0500] "GET /files/2019/12/Business-275x152.png HTTP/1.1" 200 43020 "https://www.naijadial.com/" "Mozilla/5.0 (Android 7.0; Mobile; rv:61.0) Gecko/61.0 Firefox/61.0"
197.210.44.240 - - [30/Jan/2020:14:08:46 -0500] "GET /files/2020/01/Matican-Logo-100x100.png HTTP/1.1" 304 - "https://www.naijadial.com/" "Mozilla/5.0 (Android 7.0; Mobile; rv:61.0) Gecko/61.0 Firefox/61.0"
197.210.44.240 - - [30/Jan/2020:14:08:46 -0500] "GET /files/so-css/so-css-listingo.css?ver=1580144791 HTTP/1.1" 304 - "https://www.naijadial.com/" "Mozilla/5.0 (Android 7.0; Mobile; rv:61.0) Gecko/61.0 Firefox/61.0"
197.210.44.240 - - [30/Jan/2020:14:08:46 -0500] "GET /files/2020/01/Food-275x152.jpg HTTP/1.1" 304 - "https://www.naijadial.com/" "Mozilla/5.0 (Android 7.0; Mobile; rv:61.0) Gecko/61.0 Firefox/61.0"
197.210.44.240 - - [30/Jan/2020:14:08:47 -0500] "GET /cnt/plugins/unyson/framework/static/libs/entypo/css/entypo.css?ver=2.7.22 HTTP/1.1" 304 - "https://www.naijadial.com/" "Mozilla/5.0 (Android 7.0; Mobile; rv:61.0) Gecko/61.0 Firefox/61.0"
197.210.44.240 - - [30/Jan/2020:14:08:47 -0500] "GET /naijadial/js/vendor/bootstrap.min.js?ver=3.2.2 HTTP/1.1" 304 - "https://www.naijadial.com/" "Mozilla/5.0 (Android 7.0; Mobile; rv:61.0) Gecko/61.0 Firefox/61.0"
197.210.44.240 - - [30/Jan/2020:14:08:47 -0500] "GET /cnt/plugins/contact-form-7/includes/js/scripts.js?ver=5.1.6 HTTP/1.1" 304 - "https://www.naijadial.com/" "Mozilla/5.0 (Android 7.0; Mobile; rv:61.0) Gecko/61.0 Firefox/61.0"
197.210.44.240 - - [30/Jan/2020:14:08:47 -0500] "GET /cnt/plugins/unyson/framework/static/libs/unycon/unycon.css?ver=2.7.22 HTTP/1.1" 304 - "https://www.naijadial.com/" "Mozilla/5.0 (Android 7.0; Mobile; rv:61.0) Gecko/61.0 Firefox/61.0"
197.210.44.240 - - [30/Jan/2020:14:08:47 -0500] "GET /cnt/plugins/unyson/framework/static/libs/lnr/css/lnr.css?ver=2.7.22 HTTP/1.1" 304 - "https://www.naijadial.com/" "Mozilla/5.0 (Android 7.0; Mobile; rv:61.0) Gecko/61.0 Firefox/61.0"
197.210.44.240 - - [30/Jan/2020:14:08:47 -0500] "GET /cnt/plugins/vc-extensions-bundle/flipbox/css/style.css?ver=5.3.2 HTTP/1.1" 304 - "https://www.naijadial.com/" "Mozilla/5.0 (Android 7.0; Mobile; rv:61.0) Gecko/61.0 Firefox/61.0"
197.210.44.240 - - [30/Jan/2020:14:08:47 -0500] "GET /naijadial/css/pogoslider.css?ver=3.2.2 HTTP/1.1" 304 - "https://www.naijadial.com/" "Mozilla/5.0 (Android 7.0; Mobile; rv:61.0) Gecko/61.0 Firefox/61.0"
197.210.44.240 - - [30/Jan/2020:14:08:47 -0500] "GET /naijadial/js/listingo_callbacks.js?ver=3.2.2 HTTP/1.1" 304 - "https://www.naijadial.com/" "Mozilla/5.0 (Android 7.0; Mobile; rv:61.0) Gecko/61.0 Firefox/61.0"
197.210.44.240 - - [30/Jan/2020:14:08:47 -0500] "GET /cnt/plugins/unyson/framework/static/libs/typcn/css/typcn.css?ver=2.7.22 HTTP/1.1" 304 - "https://www.naijadial.com/" "Mozilla/5.0 (Android 7.0; Mobile; rv:61.0) Gecko/61.0 Firefox/61.0"
197.210.44.240 - - [30/Jan/2020:14:08:47 -0500] "GET /naijadial/framework-customizations/extensions/ads/static/js/fw_ext_ads_callbacks.js?ver=1.0 HTTP/1.1" 304 - "https://www.naijadial.com/" "Mozilla/5.0 (Android 7.0; Mobile; rv:61.0) Gecko/61.0 Firefox/61.0"
197.210.44.240 - - [30/Jan/2020:14:08:47 -0500] "GET /naijadial/js/gmap3.min.js?ver=5.3.2 HTTP/1.1" 304 - "https://www.naijadial.com/" "Mozilla/5.0 (Android 7.0; Mobile; rv:61.0) Gecko/61.0 Firefox/61.0"
197.210.44.240 - - [30/Jan/2020:14:08:47 -0500] "GET /naijadial/js/jquery.countdown.js?ver=3.2.2 HTTP/1.1" 304 - "https://www.naijadial.com/" "Mozilla/5.0 (Android 7.0; Mobile; rv:61.0) Gecko/61.0 Firefox/61.0"
197.210.44.240 - - [30/Jan/2020:14:08:47 -0500] "GET /cnt/plugins/vc-extensions-bundle/flipbox/js/init.min.js?ver=5.3.2 HTTP/1.1" 304 - "https://www.naijadial.com/" "Mozilla/5.0 (Android 7.0; Mobile; rv:61.0) Gecko/61.0 Firefox/61.0"
197.210.44.240 - - [30/Jan/2020:14:08:48 -0500] "GET /naijadial/js/datetimepicker.js?ver=3.2.2 HTTP/1.1" 304 - "https://www.naijadial.com/" "Mozilla/5.0 (Android 7.0; Mobile; rv:61.0) Gecko/61.0 Firefox/61.0"
197.210.44.240 - - [30/Jan/2020:14:08:48 -0500] "GET /naijadial/js/jquery.auto-complete.js?ver=3.2.2 HTTP/1.1" 304 - "https://www.naijadial.com/" "Mozilla/5.0 (Android 7.0; Mobile; rv:61.0) Gecko/61.0 Firefox/61.0"
197.210.44.240 - - [30/Jan/2020:14:08:48 -0500] "GET /naijadial/js/chosen.jquery.js?ver=3.2.2 HTTP/1.1" 304 - "https://www.naijadial.com/" "Mozilla/5.0 (Android 7.0; Mobile; rv:61.0) Gecko/61.0 Firefox/61.0"
197.210.44.240 - - [30/Jan/2020:14:08:48 -0500] "GET /cnt/plugins/js_composer/assets/js/dist/js_composer_front.min.js?ver=6.0.5 HTTP/1.1" 304 - "https://www.naijadial.com/" "Mozilla/5.0 (Android 7.0; Mobile; rv:61.0) Gecko/61.0 Firefox/61.0"
197.210.44.240 - - [30/Jan/2020:14:08:48 -0500] "GET /naijadial/js/listingo_maps.js?ver=3.2.2 HTTP/1.1" 304 - "https://www.naijadial.com/" "Mozilla/5.0 (Android 7.0; Mobile; rv:61.0) Gecko/61.0 Firefox/61.0"
197.210.44.240 - - [30/Jan/2020:14:08:48 -0500] "GET /naijadial/js/owl.carousel.min.js?ver=3.2.2 HTTP/1.1" 304 - "https://www.naijadial.com/" "Mozilla/5.0 (Android 7.0; Mobile; rv:61.0) Gecko/61.0 Firefox/61.0"
197.210.44.240 - - [30/Jan/2020:14:08:48 -0500] "GET /naijadial/js/pogoslider.js?ver=5.3.2 HTTP/1.1" 304 - "https://www.naijadial.com/" "Mozilla/5.0 (Android 7.0; Mobile; rv:61.0) Gecko/61.0 Firefox/61.0"
197.210.44.240 - - [30/Jan/2020:14:08:48 -0500] "GET /naijadial/js/parallax.js?ver=5.3.2 HTTP/1.1" 304 - "https://www.naijadial.com/" "Mozilla/5.0 (Android 7.0; Mobile; rv:61.0) Gecko/61.0 Firefox/61.0"
197.210.44.240 - - [30/Jan/2020:14:08:48 -0500] "GET /naijadial/js/scrollbar.min.js?ver=3.2.2 HTTP/1.1" 304 - "https://www.naijadial.com/" "Mozilla/5.0 (Android 7.0; Mobile; rv:61.0) Gecko/61.0 Firefox/61.0"
197.210.44.240 - - [30/Jan/2020:14:08:48 -0500] "GET /cluder/js/wp-emoji-release.min.js?ver=5.3.2 HTTP/1.1" 304 - "https://www.naijadial.com/" "Mozilla/5.0 (Android 7.0; Mobile; rv:61.0) Gecko/61.0 Firefox/61.0"
197.210.44.240 - - [30/Jan/2020:14:09:36 -0500] "GET /files/2020/01/Professional.jpg HTTP/1.1" 304 - "https://www.naijadial.com/" "Mozilla/5.0 (Android 7.0; Mobile; rv:61.0) Gecko/61.0 Firefox/61.0"
197.210.44.240 - - [30/Jan/2020:14:09:36 -0500] "GET /files/2020/01/banner.png HTTP/1.1" 304 - "https://www.naijadial.com/" "Mozilla/5.0 (Android 7.0; Mobile; rv:61.0) Gecko/61.0 Firefox/61.0"
197.210.44.240 - - [30/Jan/2020:14:09:36 -0500] "GET /files/2020/01/Transportation-and-Travel.jpg HTTP/1.1" 304 - "https://www.naijadial.com/" "Mozilla/5.0 (Android 7.0; Mobile; rv:61.0) Gecko/61.0 Firefox/61.0"
197.210.44.240 - - [30/Jan/2020:14:09:36 -0500] "GET /files/2020/01/Real-Estate.png HTTP/1.1" 304 - "https://www.naijadial.com/" "Mozilla/5.0 (Android 7.0; Mobile; rv:61.0) Gecko/61.0 Firefox/61.0"
197.210.44.240 - - [30/Jan/2020:14:09:36 -0500] "GET /files/2020/01/Events-Header.png HTTP/1.1" 304 - "https://www.naijadial.com/" "Mozilla/5.0 (Android 7.0; Mobile; rv:61.0) Gecko/61.0 Firefox/61.0"
197.210.44.240 - - [30/Jan/2020:14:09:36 -0500] "GET /naijadial/images/slider-border.png HTTP/1.1" 304 - "https://www.naijadial.com/naijadial/style.css?ver=3.2.2" "Mozilla/5.0 (Android 7.0; Mobile; rv:61.0) Gecko/61.0 Firefox/61.0"
197.210.44.240 - - [30/Jan/2020:14:09:36 -0500] "GET /cnt/plugins/unyson/framework/static/libs/linecons/fonts/linecons.eot HTTP/1.1" 200 9424 "https://www.naijadial.com/cnt/plugins/unyson/framework/static/libs/linecons/css/linecons.css?ver=2.7.22" "Mozilla/5.0 (Android 7.0; Mobile; rv:61.0) Gecko/61.0 Firefox/61.0"
197.210.44.240 - - [30/Jan/2020:14:09:36 -0500] "GET /files/2020/01/Fashion.jpg HTTP/1.1" 304 - "https://www.naijadial.com/" "Mozilla/5.0 (Android 7.0; Mobile; rv:61.0) Gecko/61.0 Firefox/61.0"
197.210.44.240 - - [30/Jan/2020:14:09:38 -0500] "GET /files/2020/01/Food.jpg HTTP/1.1" 304 - "https://www.naijadial.com/" "Mozilla/5.0 (Android 7.0; Mobile; rv:61.0) Gecko/61.0 Firefox/61.0"
197.210.44.240 - - [30/Jan/2020:14:09:38 -0500] "GET /files/2020/01/Repair.jpg HTTP/1.1" 304 - "https://www.naijadial.com/" "Mozilla/5.0 (Android 7.0; Mobile; rv:61.0) Gecko/61.0 Firefox/61.0"
197.210.44.240 - - [30/Jan/2020:14:09:38 -0500] "GET /cnt/plugins/unyson/framework/static/libs/font-awesome/fonts/fontawesome-webfont.woff2?v=4.7.0 HTTP/1.1" 200 77160 "https://www.naijadial.com/cnt/plugins/unyson/framework/static/libs/font-awesome/css/font-awesome.min.css?ver=2.7.22" "Mozilla/5.0 (Android 7.0; Mobile; rv:61.0) Gecko/61.0 Firefox/61.0"
197.210.44.240 - - [30/Jan/2020:14:09:38 -0500] "GET /files/2020/01/Beauty-and-Personal-Care.jpg HTTP/1.1" 304 - "https://www.naijadial.com/" "Mozilla/5.0 (Android 7.0; Mobile; rv:61.0) Gecko/61.0 Firefox/61.0"
197.210.44.240 - - [30/Jan/2020:14:09:38 -0500] "GET /files/2020/01/training.jpg HTTP/1.1" 304 - "https://www.naijadial.com/" "Mozilla/5.0 (Android 7.0; Mobile; rv:61.0) Gecko/61.0 Firefox/61.0"
197.210.44.240 - - [30/Jan/2020:14:09:38 -0500] "GET /files/2020/01/Automotives.png HTTP/1.1" 304 - "https://www.naijadial.com/" "Mozilla/5.0 (Android 7.0; Mobile; rv:61.0) Gecko/61.0 Firefox/61.0"
197.210.44.240 - - [30/Jan/2020:14:09:38 -0500] "GET /files/2020/01/Child-Care.jpg HTTP/1.1" 304 - "https://www.naijadial.com/" "Mozilla/5.0 (Android 7.0; Mobile; rv:61.0) Gecko/61.0 Firefox/61.0"
197.210.44.240 - - [30/Jan/2020:14:09:38 -0500] "GET /files/2020/01/General-Labour.jpg HTTP/1.1" 304 - "https://www.naijadial.com/" "Mozilla/5.0 (Android 7.0; Mobile; rv:61.0) Gecko/61.0 Firefox/61.0"
197.210.44.240 - - [30/Jan/2020:14:09:38 -0500] "GET /files/2020/01/Cleaning.jpg HTTP/1.1" 304 - "https://www.naijadial.com/" "Mozilla/5.0 (Android 7.0; Mobile; rv:61.0) Gecko/61.0 Firefox/61.0"
197.210.44.240 - - [30/Jan/2020:14:09:38 -0500] "GET /files/2020/01/Health-1.jpg HTTP/1.1" 304 - "https://www.naijadial.com/" "Mozilla/5.0 (Android 7.0; Mobile; rv:61.0) Gecko/61.0 Firefox/61.0"
197.210.44.240 - - [30/Jan/2020:14:09:38 -0500] "GET /files/2020/01/Construction.jpg HTTP/1.1" 304 - "https://www.naijadial.com/" "Mozilla/5.0 (Android 7.0; Mobile; rv:61.0) Gecko/61.0 Firefox/61.0"
197.210.44.240 - - [30/Jan/2020:14:09:38 -0500] "GET /files/2019/12/Business.png HTTP/1.1" 304 - "https://www.naijadial.com/" "Mozilla/5.0 (Android 7.0; Mobile; rv:61.0) Gecko/61.0 Firefox/61.0"
68.65.121.137 - - [30/Jan/2020:14:09:39 -0500] "POST /wp-cron.php?doing_wp_cron=1580411378.8895599842071533203125 HTTP/1.1" 200 - "https://www.naijadial.com/wp-cron.php?doing_wp_cron=1580411378.8895599842071533203125" "WordPress/5.3.2; https://www.naijadial.com"
197.210.44.240 - - [30/Jan/2020:14:09:38 -0500] "GET /listingo/images/line-bar.jpg HTTP/1.1" 404 53100 "https://www.naijadial.com/naijadial/style.css?ver=3.2.2" "Mozilla/5.0 (Android 7.0; Mobile; rv:61.0) Gecko/61.0 Firefox/61.0"
197.210.44.240 - - [30/Jan/2020:14:09:48 -0500] "POST /?wc-ajax=get_refreshed_fragments HTTP/1.1" 200 210 "https://www.naijadial.com/" "Mozilla/5.0 (Android 7.0; Mobile; rv:61.0) Gecko/61.0 Firefox/61.0"
68.65.121.137 - - [30/Jan/2020:14:21:29 -0500] "POST /wp-cron.php?doing_wp_cron=1580412089.3738059997558593750000 HTTP/1.1" 200 - "https://www.naijadial.com/wp-cron.php?doing_wp_cron=1580412089.3738059997558593750000" "WordPress/5.3.2; https://www.naijadial.com"
197.211.57.243 - - [30/Jan/2020:14:21:27 -0500] "GET /account/ HTTP/1.1" 200 14155 "-" "Mozilla/5.0 (Linux; Android 7.0; Infinix X559C) AppleWebKit/537.36 (KHTML, like Gecko) Chrome/71.0.3578.99 Mobile Safari/537.36"
68.65.121.137 - - [30/Jan/2020:14:22:17 -0500] "POST /wp-cron.php?doing_wp_cron=1580412137.5972399711608886718750 HTTP/1.1" 200 - "https://www.naijadial.com/wp-cron.php?doing_wp_cron=1580412137.5972399711608886718750" "WordPress/5.3.2; https://www.naijadial.com"
197.211.57.243 - - [30/Jan/2020:14:22:17 -0500] "GET /listingo/images/line-bar.jpg HTTP/1.1" 404 53100 "https://www.naijadial.com/naijadial/style.css?ver=3.2.2" "Mozilla/5.0 (Linux; Android 7.0; Infinix X559C) AppleWebKit/537.36 (KHTML, like Gecko) Chrome/71.0.3578.99 Mobile Safari/537.36"
197.211.57.243 - - [30/Jan/2020:14:22:19 -0500] "POST /?wc-ajax=get_refreshed_fragments HTTP/1.1" 200 210 "https://www.naijadial.com/account/" "Mozilla/5.0 (Linux; Android 7.0; Infinix X559C) AppleWebKit/537.36 (KHTML, like Gecko) Chrome/71.0.3578.99 Mobile Safari/537.36"
68.65.121.137 - - [30/Jan/2020:14:23:01 -0500] "POST /wp-cron.php?doing_wp_cron=1580412181.0629460811614990234375 HTTP/1.1" 200 - "https://www.naijadial.com/wp-cron.php?doing_wp_cron=1580412181.0629460811614990234375" "WordPress/5.3.2; https://www.naijadial.com"
197.211.57.243 - - [30/Jan/2020:14:23:00 -0500] "GET /account/apple-touch-icon.png HTTP/1.1" 404 52350 "https://www.naijadial.com/account/" "Mozilla/5.0 (Linux; Android 7.0; Infinix X559C) AppleWebKit/537.36 (KHTML, like Gecko) Chrome/71.0.3578.99 Mobile Safari/537.36"
68.65.121.137 - - [30/Jan/2020:14:23:12 -0500] "POST /wp-cron.php?doing_wp_cron=1580412192.3278999328613281250000 HTTP/1.1" 200 - "https://www.naijadial.com/wp-cron.php?doing_wp_cron=1580412192.3278999328613281250000" "WordPress/5.3.2; https://www.naijadial.com"
197.210.64.171 - - [30/Jan/2020:14:23:12 -0500] "GET /account/ HTTP/1.1" 200 14154 "http://m.facebook.com/" "Mozilla/5.0 (Linux; Android 9; Redmi Note 7 Build/PKQ1.180904.001; wv) AppleWebKit/537.36 (KHTML, like Gecko) Version/4.0 Chrome/79.0.3945.136 Mobile Safari/537.36 [FB_IAB/FB4A;FBAV/254.0.0.37.125;]"
197.210.64.171 - - [30/Jan/2020:14:23:14 -0500] "GET /cnt/plugins/listingo_core/public/js/system-public.js?ver=3.2.1 HTTP/1.1" 304 - "https://www.naijadial.com/account/" "Mozilla/5.0 (Linux; Android 9; Redmi Note 7 Build/PKQ1.180904.001; wv) AppleWebKit/537.36 (KHTML, like Gecko) Version/4.0 Chrome/79.0.3945.136 Mobile Safari/537.36 [FB_IAB/FB4A;FBAV/254.0.0.37.125;]"
197.210.64.171 - - [30/Jan/2020:14:23:15 -0500] "GET /naijadial/fonts/Linearicons-Free.woff2?w118d HTTP/1.1" 304 - "https://www.naijadial.com/naijadial/css/linearicons.css?ver=3.2.2" "Mozilla/5.0 (Linux; Android 9; Redmi Note 7 Build/PKQ1.180904.001; wv) AppleWebKit/537.36 (KHTML, like Gecko) Version/4.0 Chrome/79.0.3945.136 Mobile Safari/537.36 [FB_IAB/FB4A;FBAV/254.0.0.37.125;]"
197.210.64.171 - - [30/Jan/2020:14:23:15 -0500] "GET /cnt/plugins/js_composer/assets/lib/bower/font-awesome/fonts/fontawesome-webfont.woff2?v=4.7.0 HTTP/1.1" 304 - "https://www.naijadial.com/cnt/plugins/js_composer/assets/lib/bower/font-awesome/css/font-awesome.min.css?ver=6.0.5" "Mozilla/5.0 (Linux; Android 9; Redmi Note 7 Build/PKQ1.180904.001; wv) AppleWebKit/537.36 (KHTML, like Gecko) Version/4.0 Chrome/79.0.3945.136 Mobile Safari/537.36 [FB_IAB/FB4A;FBAV/254.0.0.37.125;]"
197.210.44.240 - - [30/Jan/2020:14:09:49 -0500] "GET /files/2020/01/jOB.png HTTP/1.1" 304 - "https://www.naijadial.com/" "Mozilla/5.0 (Android 7.0; Mobile; rv:61.0) Gecko/61.0 Firefox/61.0"
197.210.44.240 - - [30/Jan/2020:14:09:49 -0500] "GET /files/2020/01/105245014_megaphone_976alamy.jpg HTTP/1.1" 304 - "https://www.naijadial.com/" "Mozilla/5.0 (Android 7.0; Mobile; rv:61.0) Gecko/61.0 Firefox/61.0"
197.210.44.240 - - [30/Jan/2020:14:09:49 -0500] "GET /files/2020/01/FORUM.png HTTP/1.1" 304 - "https://www.naijadial.com/" "Mozilla/5.0 (Android 7.0; Mobile; rv:61.0) Gecko/61.0 Firefox/61.0"
197.210.70.53 - - [30/Jan/2020:14:10:38 -0500] "GET /apple-touch-icon.png HTTP/1.1" 404 55210 "https://www.naijadial.com/?key=101c1a4e3cc0341627070da480ecaab9&verifyemail=foremostpoweracademy%40gmail.com" "Mozilla/5.0 (Linux; Android 8.1.0; itel W5001P) AppleWebKit/537.36 (KHTML, like Gecko) Chrome/70.0.3538.110 Mobile Safari/537.36"
68.65.121.137 - - [30/Jan/2020:14:10:38 -0500] "POST /wp-cron.php?doing_wp_cron=1580411438.3739070892333984375000 HTTP/1.1" 200 - "https://www.naijadial.com/wp-cron.php?doing_wp_cron=1580411438.3739070892333984375000" "WordPress/5.3.2; https://www.naijadial.com"
68.65.121.137 - - [30/Jan/2020:14:11:35 -0500] "POST /wp-cron.php?doing_wp_cron=1580411495.6859929561614990234375 HTTP/1.1" 200 - "https://www.naijadial.com/wp-cron.php?doing_wp_cron=1580411495.6859929561614990234375" "WordPress/5.3.2; https://www.naijadial.com"
197.211.57.243 - - [30/Jan/2020:14:11:35 -0500] "GET /wp-admin/users.php?paged=1 HTTP/1.1" 200 47267 "https://www.naijadial.com/wp-login.php?redirect_to=https%3A%2F%2Fwww.naijadial.com%2Fwp-admin%2Fusers.php%3Fpaged%3D1&reauth=1" "Mozilla/5.0 (Linux; Android 8.1.0; DUB-LX1) AppleWebKit/537.36 (KHTML, like Gecko) Chrome/79.0.3945.136 Mobile Safari/537.36"
197.210.44.240 - - [30/Jan/2020:14:11:52 -0500] "GET /apple-touch-icon.png HTTP/1.1" 404 52350 "-" "Mozilla/5.0 (Android 7.0; Mobile; rv:61.0) Gecko/61.0 Firefox/61.0"
197.211.57.243 - - [30/Jan/2020:14:11:52 -0500] "GET /wp-json/jetpack/v4/jitm?message_path=wp%3Ausers%3Aadmin_notices&query=paged%253D1&_wpnonce=83a1cbd98d HTTP/1.1" 200 2 "https://www.naijadial.com/wp-admin/users.php?paged=1" "Mozilla/5.0 (Linux; Android 8.1.0; DUB-LX1) AppleWebKit/537.36 (KHTML, like Gecko) Chrome/79.0.3945.136 Mobile Safari/537.36"
68.65.121.137 - - [30/Jan/2020:14:12:15 -0500] "POST /wp-cron.php?doing_wp_cron=1580411535.5949740409851074218750 HTTP/1.1" 200 - "https://www.naijadial.com/wp-cron.php?doing_wp_cron=1580411535.5949740409851074218750" "WordPress/5.3.2; https://www.naijadial.com"
197.211.57.243 - - [30/Jan/2020:14:12:15 -0500] "GET /wp-admin/users.php?paged=1 HTTP/1.1" 200 47255 "https://www.naijadial.com/wp-login.php?redirect_to=https%3A%2F%2Fwww.naijadial.com%2Fwp-admin%2Fusers.php%3Fpaged%3D1&reauth=1" "Mozilla/5.0 (Linux; Android 8.1.0; DUB-LX1) AppleWebKit/537.36 (KHTML, like Gecko) Chrome/79.0.3945.136 Mobile Safari/537.36"
68.183.67.68 - - [30/Jan/2020:14:12:25 -0500] "GET /wp-login.php HTTP/1.1" 200 1761 "-" "Mozilla/5.0 (X11; Ubuntu; Linux x86_64; rv:62.0) Gecko/20100101 Firefox/62.0"
68.183.67.68 - - [30/Jan/2020:14:12:26 -0500] "POST /wp-login.php HTTP/1.1" 401 3596 "-" "Mozilla/5.0 (X11; Ubuntu; Linux x86_64; rv:62.0) Gecko/20100101 Firefox/62.0"
68.183.67.68 - - [30/Jan/2020:14:12:27 -0500] "POST /xmlrpc.php HTTP/1.1" 200 225 "-" "Mozilla/5.0 (X11; Ubuntu; Linux x86_64; rv:62.0) Gecko/20100101 Firefox/62.0"
197.210.44.240 - - [30/Jan/2020:14:12:28 -0500] "GET /favicon.ico HTTP/1.1" 200 - "-" "Mozilla/5.0 (Android 7.0; Mobile; rv:61.0) Gecko/61.0 Firefox/61.0"
197.211.57.243 - - [30/Jan/2020:14:12:28 -0500] "GET /wp-json/jetpack/v4/jitm?message_path=wp%3Ausers%3Aadmin_notices&query=paged%253D1&_wpnonce=83a1cbd98d HTTP/1.1" 200 2 "https://www.naijadial.com/wp-admin/users.php?paged=1" "Mozilla/5.0 (Linux; Android 8.1.0; DUB-LX1) AppleWebKit/537.36 (KHTML, like Gecko) Chrome/79.0.3945.136 Mobile Safari/537.36"
197.210.64.171 - - [30/Jan/2020:14:23:16 -0500] "GET /cnt/plugins/unyson/framework/static/libs/font-awesome/fonts/fontawesome-webfont.woff2?v=4.7.0 HTTP/1.1" 304 - "https://www.naijadial.com/cnt/plugins/unyson/framework/static/libs/font-awesome/css/font-awesome.min.css?ver=2.7.22" "Mozilla/5.0 (Linux; Android 9; Redmi Note 7 Build/PKQ1.180904.001; wv) AppleWebKit/537.36 (KHTML, like Gecko) Version/4.0 Chrome/79.0.3945.136 Mobile Safari/537.36 [FB_IAB/FB4A;FBAV/254.0.0.37.125;]"
197.210.64.171 - - [30/Jan/2020:14:23:16 -0500] "GET /naijadial/js/tipso.min.js?ver=5.3.2 HTTP/1.1" 304 - "https://www.naijadial.com/account/" "Mozilla/5.0 (Linux; Android 9; Redmi Note 7 Build/PKQ1.180904.001; wv) AppleWebKit/537.36 (KHTML, like Gecko) Version/4.0 Chrome/79.0.3945.136 Mobile Safari/537.36 [FB_IAB/FB4A;FBAV/254.0.0.37.125;]"
197.210.64.171 - - [30/Jan/2020:14:23:16 -0500] "GET /listingo/images/line-bar.jpg HTTP/1.1" 404 53100 "https://www.naijadial.com/naijadial/style.css?ver=3.2.2" "Mozilla/5.0 (Linux; Android 9; Redmi Note 7 Build/PKQ1.180904.001; wv) AppleWebKit/537.36 (KHTML, like Gecko) Version/4.0 Chrome/79.0.3945.136 Mobile Safari/537.36 [FB_IAB/FB4A;FBAV/254.0.0.37.125;]"
197.210.64.171 - - [30/Jan/2020:14:23:17 -0500] "POST /?wc-ajax=get_refreshed_fragments HTTP/1.1" 200 210 "https://www.naijadial.com/account/" "Mozilla/5.0 (Linux; Android 9; Redmi Note 7 Build/PKQ1.180904.001; wv) AppleWebKit/537.36 (KHTML, like Gecko) Version/4.0 Chrome/79.0.3945.136 Mobile Safari/537.36 [FB_IAB/FB4A;FBAV/254.0.0.37.125;]"
197.210.64.171 - - [30/Jan/2020:14:23:20 -0500] "GET /listingo/images/line-bar.jpg HTTP/1.1" 404 53100 "https://www.naijadial.com/account/" "Mozilla/5.0 (Linux; Android 9; Redmi Note 7 Build/PKQ1.180904.001; wv) AppleWebKit/537.36 (KHTML, like Gecko) Version/4.0 Chrome/79.0.3945.136 Mobile Safari/537.36 [FB_IAB/FB4A;FBAV/254.0.0.37.125;]"
197.210.64.171 - - [30/Jan/2020:14:23:24 -0500] "GET / HTTP/1.1" 200 24590 "https://www.naijadial.com/account/" "Mozilla/5.0 (Linux; Android 9; Redmi Note 7 Build/PKQ1.180904.001; wv) AppleWebKit/537.36 (KHTML, like Gecko) Version/4.0 Chrome/79.0.3945.136 Mobile Safari/537.36 [FB_IAB/FB4A;FBAV/254.0.0.37.125;]"
197.210.64.171 - - [30/Jan/2020:14:23:27 -0500] "GET /listingo/images/line-bar.jpg HTTP/1.1" 404 53100 "https://www.naijadial.com/naijadial/style.css?ver=3.2.2" "Mozilla/5.0 (Linux; Android 9; Redmi Note 7 Build/PKQ1.180904.001; wv) AppleWebKit/537.36 (KHTML, like Gecko) Version/4.0 Chrome/79.0.3945.136 Mobile Safari/537.36 [FB_IAB/FB4A;FBAV/254.0.0.37.125;]"
197.210.64.171 - - [30/Jan/2020:14:24:04 -0500] "GET /account/ HTTP/1.1" 200 14154 "http://m.facebook.com/" "Mozilla/5.0 (Linux; Android 9; Redmi Note 7 Build/PKQ1.180904.001; wv) AppleWebKit/537.36 (KHTML, like Gecko) Version/4.0 Chrome/79.0.3945.136 Mobile Safari/537.36 [FB_IAB/FB4A;FBAV/254.0.0.37.125;]"
68.65.121.137 - - [30/Jan/2020:14:24:09 -0500] "POST /wp-cron.php?doing_wp_cron=1580412249.0981369018554687500000 HTTP/1.1" 200 - "https://www.naijadial.com/wp-cron.php?doing_wp_cron=1580412249.0981369018554687500000" "WordPress/5.3.2; https://www.naijadial.com"
197.210.64.171 - - [30/Jan/2020:14:24:08 -0500] "GET /account/ HTTP/1.1" 200 14154 "http://m.facebook.com/" "Mozilla/5.0 (Linux; Android 9; Redmi Note 7 Build/PKQ1.180904.001; wv) AppleWebKit/537.36 (KHTML, like Gecko) Version/4.0 Chrome/79.0.3945.136 Mobile Safari/537.36 [FB_IAB/FB4A;FBAV/254.0.0.37.125;]"
192.0.118.177 - - [30/Jan/2020:14:25:02 -0500] "POST /xmlrpc.php?for=jetpack&token=QnAj%24o5mLE3EzK%29fA%24kIDJcGKW9yy0rE%3A1%3A1×tamp=1580412302&nonce=MNKzyMDnoF&body-hash=I1326cY9zzH2ciDhDx7nOnWWjlw%3D&signature=n7s3fbnesZTnNUDJUIqgLgbziwU%3D HTTP/1.1" 200 1550 "https://www.naijadial.com/xmlrpc.php?for=jetpack&token=QnAj%24o5mLE3EzK%29fA%24kIDJcGKW9yy0rE%3A1%3A1×tamp=1580412302&nonce=MNKzyMDnoF&body-hash=I1326cY9zzH2ciDhDx7nOnWWjlw%3D&signature=n7s3fbnesZTnNUDJUIqgLgbziwU%3D" "Jetpack by WordPress.com"
197.211.57.243 - - [30/Jan/2020:14:25:00 -0500] "POST /wp-admin/admin-ajax.php HTTP/1.1" 200 194 "https://www.naijadial.com/account/" "Mozilla/5.0 (Linux; Android 7.0; Infinix X559C) AppleWebKit/537.36 (KHTML, like Gecko) Chrome/71.0.3578.99 Mobile Safari/537.36"
68.65.121.137 - - [30/Jan/2020:14:25:06 -0500] "POST /wp-cron.php?doing_wp_cron=1580412305.8971691131591796875000 HTTP/1.1" 200 - "https://www.naijadial.com/wp-cron.php?doing_wp_cron=1580412305.8971691131591796875000" "WordPress/5.3.2; https://www.naijadial.com"
197.211.57.243 - - [30/Jan/2020:14:25:05 -0500] "GET /dashboard/?ref=settings&identity=123 HTTP/1.1" 200 17273 "https://www.naijadial.com/account/" "Mozilla/5.0 (Linux; Android 7.0; Infinix X559C) AppleWebKit/537.36 (KHTML, like Gecko) Chrome/71.0.3578.99 Mobile Safari/537.36"
197.211.57.243 - - [30/Jan/2020:14:25:08 -0500] "GET /naijadial/css/emoji/emojionearea.min.css?ver=3.2.2 HTTP/1.1" 304 - "https://www.naijadial.com/dashboard/?ref=settings&identity=123" "Mozilla/5.0 (Linux; Android 7.0; Infinix X559C) AppleWebKit/537.36 (KHTML, like Gecko) Chrome/71.0.3578.99 Mobile Safari/537.36"
197.211.57.243 - - [30/Jan/2020:14:25:09 -0500] "GET /files/2020/01/NaijaDial-Avatar-100x100.png HTTP/1.1" 304 - "https://www.naijadial.com/dashboard/?ref=settings&identity=123" "Mozilla/5.0 (Linux; Android 7.0; Infinix X559C) AppleWebKit/537.36 (KHTML, like Gecko) Chrome/71.0.3578.99 Mobile Safari/537.36"
197.211.57.243 - - [30/Jan/2020:14:25:09 -0500] "GET /naijadial/framework-customizations/extensions/ads/static/js/fw_ext_ads_callbacks.js?ver=1.0 HTTP/1.1" 304 - "https://www.naijadial.com/dashboard/?ref=settings&identity=123" "Mozilla/5.0 (Linux; Android 7.0; Infinix X559C) AppleWebKit/537.36 (KHTML, like Gecko) Chrome/71.0.3578.99 Mobile Safari/537.36"
197.211.57.243 - - [30/Jan/2020:14:25:10 -0500] "GET /naijadial/js/linkify/linkify-jquery.min.js?ver=5.3.2 HTTP/1.1" 304 - "https://www.naijadial.com/dashboard/?ref=settings&identity=123" "Mozilla/5.0 (Linux; Android 7.0; Infinix X559C) AppleWebKit/537.36 (KHTML, like Gecko) Chrome/71.0.3578.99 Mobile Safari/537.36"
197.211.57.243 - - [30/Jan/2020:14:25:10 -0500] "GET /naijadial/framework-customizations/extensions/articles/static/js/fw_ext_articles_callbacks.js?ver=1.0 HTTP/1.1" 304 - "https://www.naijadial.com/dashboard/?ref=settings&identity=123" "Mozilla/5.0 (Linux; Android 7.0; Infinix X559C) AppleWebKit/537.36 (KHTML, like Gecko) Chrome/71.0.3578.99 Mobile Safari/537.36"
197.211.57.243 - - [30/Jan/2020:14:25:10 -0500] "GET /naijadial/js/linkify/linkify.min.js?ver=5.3.2 HTTP/1.1" 304 - "https://www.naijadial.com/dashboard/?ref=settings&identity=123" "Mozilla/5.0 (Linux; Android 7.0; Infinix X559C) AppleWebKit/537.36 (KHTML, like Gecko) Chrome/71.0.3578.99 Mobile Safari/537.36"
197.211.57.243 - - [30/Jan/2020:14:25:10 -0500] "GET /naijadial/js/emoji/emojionearea.min.js?ver=5.3.2 HTTP/1.1" 304 - "https://www.naijadial.com/dashboard/?ref=settings&identity=123" "Mozilla/5.0 (Linux; Android 7.0; Infinix X559C) AppleWebKit/537.36 (KHTML, like Gecko) Chrome/71.0.3578.99 Mobile Safari/537.36"
197.211.57.243 - - [30/Jan/2020:14:25:10 -0500] "GET /naijadial/framework-customizations/extensions/questionsanswers/static/js/fw_ext_questionsanswers_callbacks.js?ver=1.0 HTTP/1.1" 304 - "https://www.naijadial.com/dashboard/?ref=settings&identity=123" "Mozilla/5.0 (Linux; Android 7.0; Infinix X559C) AppleWebKit/537.36 (KHTML, like Gecko) Chrome/71.0.3578.99 Mobile Safari/537.36"
197.211.57.243 - - [30/Jan/2020:14:25:10 -0500] "GET /naijadial/js/chat_module.js?ver=5.3.2 HTTP/1.1" 304 - "https://www.naijadial.com/dashboard/?ref=settings&identity=123" "Mozilla/5.0 (Linux; Android 7.0; Infinix X559C) AppleWebKit/537.36 (KHTML, like Gecko) Chrome/71.0.3578.99 Mobile Safari/537.36"
197.211.57.243 - - [30/Jan/2020:14:25:10 -0500] "GET /naijadial/js/linkify/linkify-string.min.js?ver=5.3.2 HTTP/1.1" 304 - "https://www.naijadial.com/dashboard/?ref=settings&identity=123" "Mozilla/5.0 (Linux; Android 7.0; Infinix X559C) AppleWebKit/537.36 (KHTML, like Gecko) Chrome/71.0.3578.99 Mobile Safari/537.36"
197.211.57.243 - - [30/Jan/2020:14:25:10 -0500] "GET /naijadial/js/listingo_maps.js?ver=3.2.2 HTTP/1.1" 304 - "https://www.naijadial.com/dashboard/?ref=settings&identity=123" "Mozilla/5.0 (Linux; Android 7.0; Infinix X559C) AppleWebKit/537.36 (KHTML, like Gecko) Chrome/71.0.3578.99 Mobile Safari/537.36"
197.211.57.243 - - [30/Jan/2020:14:25:10 -0500] "GET /files/2020/01/banner-270x120.png HTTP/1.1" 304 - "https://www.naijadial.com/dashboard/?ref=settings&identity=123" "Mozilla/5.0 (Linux; Android 7.0; Infinix X559C) AppleWebKit/537.36 (KHTML, like Gecko) Chrome/71.0.3578.99 Mobile Safari/537.36"
197.211.57.243 - - [30/Jan/2020:14:25:12 -0500] "GET /naijadial/js/user-dashboard.js?ver=3.2.2 HTTP/1.1" 304 - "https://www.naijadial.com/dashboard/?ref=settings&identity=123" "Mozilla/5.0 (Linux; Android 7.0; Infinix X559C) AppleWebKit/537.36 (KHTML, like Gecko) Chrome/71.0.3578.99 Mobile Safari/537.36"
197.211.57.243 - - [30/Jan/2020:14:25:13 -0500] "GET /naijadial/images/geoicon.svg HTTP/1.1" 304 - "https://www.naijadial.com/dashboard/?ref=settings&identity=123" "Mozilla/5.0 (Linux; Android 7.0; Infinix X559C) AppleWebKit/537.36 (KHTML, like Gecko) Chrome/71.0.3578.99 Mobile Safari/537.36"
68.65.121.137 - - [30/Jan/2020:14:25:15 -0500] "POST /wp-cron.php?doing_wp_cron=1580412315.3605558872222900390625 HTTP/1.1" 200 - "https://www.naijadial.com/wp-cron.php?doing_wp_cron=1580412315.3605558872222900390625" "WordPress/5.3.2; https://www.naijadial.com"
197.211.57.243 - - [30/Jan/2020:14:25:15 -0500] "GET /listingo/images/line-bar.jpg HTTP/1.1" 404 55932 "https://www.naijadial.com/naijadial/style.css?ver=3.2.2" "Mozilla/5.0 (Linux; Android 7.0; Infinix X559C) AppleWebKit/537.36 (KHTML, like Gecko) Chrome/71.0.3578.99 Mobile Safari/537.36"
197.211.57.243 - - [30/Jan/2020:14:25:18 -0500] "POST /?wc-ajax=get_refreshed_fragments HTTP/1.1" 200 210 "https://www.naijadial.com/dashboard/?ref=settings&identity=123" "Mozilla/5.0 (Linux; Android 7.0; Infinix X559C) AppleWebKit/537.36 (KHTML, like Gecko) Chrome/71.0.3578.99 Mobile Safari/537.36"
197.211.57.243 - - [30/Jan/2020:14:25:29 -0500] "GET /dashboard/apple-touch-icon.png HTTP/1.1" 404 55182 "https://www.naijadial.com/dashboard/?ref=settings&identity=123" "Mozilla/5.0 (Linux; Android 7.0; Infinix X559C) AppleWebKit/537.36 (KHTML, like Gecko) Chrome/71.0.3578.99 Mobile Safari/537.36"
68.65.121.137 - - [30/Jan/2020:14:41:24 -0500] "POST /wp-cron.php?doing_wp_cron=1580413284.7700269222259521484375 HTTP/1.1" 200 - "https://www.naijadial.com/wp-cron.php?doing_wp_cron=1580413284.7700269222259521484375" "WordPress/5.3.2; https://www.naijadial.com"
68.65.121.137 - - [30/Jan/2020:14:41:24 -0500] "POST /wp-cron.php?doing_wp_cron=1580413284.7706699371337890625000 HTTP/1.1" 200 - "https://www.naijadial.com/wp-cron.php?doing_wp_cron=1580413284.7706699371337890625000" "WordPress/5.3.2; https://www.naijadial.com"
54.36.148.53 - - [30/Jan/2020:14:41:23 -0500] "GET /providers-category/make-over-makeup-face-beat-artist/feed/ HTTP/1.1" 200 500 "-" "Mozilla/5.0 (compatible; AhrefsBot/6.1; +http://ahrefs.com/robot/)"
105.112.30.200 - - [30/Jan/2020:14:41:23 -0500] "GET /account/ HTTP/1.1" 200 14155 "http://m.facebook.com/" "Mozilla/5.0 (Linux; Android 8.1.0; TECNO CF7 Build/O11019; wv) AppleWebKit/537.36 (KHTML, like Gecko) Version/4.0 Chrome/70.0.3538.110 Mobile Safari/537.36 [FB_IAB/FB4A;FBAV/243.0.0.47.108;]"
105.112.30.200 - - [30/Jan/2020:14:41:27 -0500] "GET /cnt/plugins/listingo_core/public/js/system-public.js?ver=3.2.1 HTTP/1.1" 304 - "https://www.naijadial.com/account/" "Mozilla/5.0 (Linux; Android 8.1.0; TECNO CF7 Build/O11019; wv) AppleWebKit/537.36 (KHTML, like Gecko) Version/4.0 Chrome/70.0.3538.110 Mobile Safari/537.36 [FB_IAB/FB4A;FBAV/243.0.0.47.108;]"
105.112.30.200 - - [30/Jan/2020:14:41:33 -0500] "GET /naijadial/js/tipso.min.js?ver=5.3.2 HTTP/1.1" 304 - "https://www.naijadial.com/account/" "Mozilla/5.0 (Linux; Android 8.1.0; TECNO CF7 Build/O11019; wv) AppleWebKit/537.36 (KHTML, like Gecko) Version/4.0 Chrome/70.0.3538.110 Mobile Safari/537.36 [FB_IAB/FB4A;FBAV/243.0.0.47.108;]"
105.112.30.200 - - [30/Jan/2020:14:41:33 -0500] "GET /listingo/images/line-bar.jpg HTTP/1.1" 404 53100 "https://www.naijadial.com/naijadial/style.css?ver=3.2.2" "Mozilla/5.0 (Linux; Android 8.1.0; TECNO CF7 Build/O11019; wv) AppleWebKit/537.36 (KHTML, like Gecko) Version/4.0 Chrome/70.0.3538.110 Mobile Safari/537.36 [FB_IAB/FB4A;FBAV/243.0.0.47.108;]"
105.112.30.200 - - [30/Jan/2020:14:41:40 -0500] "POST /?wc-ajax=get_refreshed_fragments HTTP/1.1" 200 210 "https://www.naijadial.com/account/" "Mozilla/5.0 (Linux; Android 8.1.0; TECNO CF7 Build/O11019; wv) AppleWebKit/537.36 (KHTML, like Gecko) Version/4.0 Chrome/70.0.3538.110 Mobile Safari/537.36 [FB_IAB/FB4A;FBAV/243.0.0.47.108;]"
197.211.61.116 - - [30/Jan/2020:14:41:42 -0500] "GET /?key=a191a033a2c3f744dadd48001cc6d6fd&verifyemail=peboytheking%40gmail.com HTTP/1.1" 200 24590 "-" "Mozilla/5.0 (Linux; Android 9; TECNO KB7j) AppleWebKit/537.36 (KHTML, like Gecko) Chrome/77.0.3865.92 Mobile Safari/537.36"
105.112.30.200 - - [30/Jan/2020:14:41:48 -0500] "GET /listingo/images/line-bar.jpg HTTP/1.1" 404 53100 "https://www.naijadial.com/account/" "Mozilla/5.0 (Linux; Android 8.1.0; TECNO CF7 Build/O11019; wv) AppleWebKit/537.36 (KHTML, like Gecko) Version/4.0 Chrome/70.0.3538.110 Mobile Safari/537.36 [FB_IAB/FB4A;FBAV/243.0.0.47.108;]"
68.65.121.137 - - [30/Jan/2020:14:42:06 -0500] "POST /wp-cron.php?doing_wp_cron=1580413326.1094329357147216796875 HTTP/1.1" 200 - "https://www.naijadial.com/wp-cron.php?doing_wp_cron=1580413326.1094329357147216796875" "WordPress/5.3.2; https://www.naijadial.com"
173.252.87.51 - - [30/Jan/2020:14:42:05 -0500] "GET /account/?fbclid=IwAR2f5g6HaeMSejwmiP5zaoPjbDcejwJ06am3rt2zZXq5EWPmjsDPKr1AvV0 HTTP/1.1" 200 14231 "-" "Opera/9.80 (Android; Opera Mini/44.1.2254/163.89; U; en) Presto/2.12.423 Version/12.16"
173.252.87.51 - - [30/Jan/2020:14:42:07 -0500] "GET /cnt/plugins/vc-extensions-bundle/css/admin_icon.css?ver=5.3.2 HTTP/1.1" 200 1139 "-" "Opera/9.80 (Android; Opera Mini/44.1.2254/163.89; U; en) Presto/2.12.423 Version/12.16"
173.252.87.6 - - [30/Jan/2020:14:42:07 -0500] "GET /cnt/plugins/gd-bbpress-toolbox/templates/default/css/widgets.min.css?ver=5.2.1.712 HTTP/1.1" 200 517 "-" "Opera/9.80 (Android; Opera Mini/44.1.2254/163.89; U; en) Presto/2.12.423 Version/12.16"
173.252.87.51 - - [30/Jan/2020:14:42:07 -0500] "GET /cnt/plugins/bbpress/templates/default/css/bbpress.min.css?ver=2.6.3 HTTP/1.1" 200 5241 "-" "Opera/9.80 (Android; Opera Mini/44.1.2254/163.89; U; en) Presto/2.12.423 Version/12.16"
173.252.87.51 - - [30/Jan/2020:14:42:07 -0500] "GET /cnt/plugins/contact-form-7/includes/css/styles.css?ver=5.1.6 HTTP/1.1" 200 649 "-" "Opera/9.80 (Android; Opera Mini/44.1.2254/163.89; U; en) Presto/2.12.423 Version/12.16"
173.252.87.51 - - [30/Jan/2020:14:42:08 -0500] "GET /cnt/plugins/mega-addons-for-visual-composer/css/style.css?ver=5.3.2 HTTP/1.1" 200 601 "-" "Opera/9.80 (Android; Opera Mini/44.1.2254/163.89; U; en) Presto/2.12.423 Version/12.16"
173.252.87.6 - - [30/Jan/2020:14:42:08 -0500] "GET /cnt/plugins/mega-addons-for-visual-composer/css/ihover.css?ver=5.3.2 HTTP/1.1" 304 - "-" "Opera/9.80 (Android; Opera Mini/44.1.2254/163.89; U; en) Presto/2.12.423 Version/12.16"
173.252.87.51 - - [30/Jan/2020:14:42:08 -0500] "GET /cnt/plugins/mega-addons-for-visual-composer/css/font-awesome/css/font-awesome.css?ver=5.3.2 HTTP/1.1" 200 7439 "-" "Opera/9.80 (Android; Opera Mini/44.1.2254/163.89; U; en) Presto/2.12.423 Version/12.16"
173.252.87.6 - - [30/Jan/2020:14:42:08 -0500] "GET /cnt/plugins/revslider/public/assets/css/rs6.css?ver=6.0.7 HTTP/1.1" 200 11700 "-" "Opera/9.80 (Android; Opera Mini/44.1.2254/163.89; U; en) Presto/2.12.423 Version/12.16"
173.252.87.51 - - [30/Jan/2020:14:42:08 -0500] "GET /cnt/plugins/bbp-style-pack/css/bspstyle.css?ver=4.3.8 HTTP/1.1" 200 2657 "-" "Opera/9.80 (Android; Opera Mini/44.1.2254/163.89; U; en) Presto/2.12.423 Version/12.16"
173.252.87.51 - - [30/Jan/2020:14:42:08 -0500] "GET /cnt/plugins/unyson/framework/extensions/breadcrumbs/static/css/style.css?ver=5.3.2 HTTP/1.1" 200 133 "-" "Opera/9.80 (Android; Opera Mini/44.1.2254/163.89; U; en) Presto/2.12.423 Version/12.16"
173.252.87.6 - - [30/Jan/2020:14:42:08 -0500] "GET /cnt/plugins/unyson/framework/extensions/builder/static/css/frontend-grid.css?ver=1.2.11 HTTP/1.1" 200 1961 "-" "Opera/9.80 (Android; Opera Mini/44.1.2254/163.89; U; en) Presto/2.12.423 Version/12.16"
173.252.87.51 - - [30/Jan/2020:14:42:09 -0500] "GET /cnt/plugins/js_composer/assets/lib/bower/font-awesome/css/font-awesome.min.css?ver=6.0.5 HTTP/1.1" 304 - "-" "Opera/9.80 (Android; Opera Mini/44.1.2254/163.89; U; en) Presto/2.12.423 Version/12.16"
173.252.87.6 - - [30/Jan/2020:14:42:09 -0500] "GET /cnt/plugins/unyson/framework/extensions/forms/static/css/frontend.css?ver=2.7.22 HTTP/1.1" 200 1645 "-" "Opera/9.80 (Android; Opera Mini/44.1.2254/163.89; U; en) Presto/2.12.423 Version/12.16"
173.252.87.6 - - [30/Jan/2020:14:42:09 -0500] "GET /naijadial/css/bootstrap.min.css?ver=3.2.2 HTTP/1.1" 200 19749 "-" "Opera/9.80 (Android; Opera Mini/44.1.2254/163.89; U; en) Presto/2.12.423 Version/12.16"
173.252.87.51 - - [30/Jan/2020:14:42:09 -0500] "GET /cnt/plugins/js_composer/assets/css/js_composer.min.css?ver=6.0.5 HTTP/1.1" 200 45758 "-" "Opera/9.80 (Android; Opera Mini/44.1.2254/163.89; U; en) Presto/2.12.423 Version/12.16"
173.252.87.6 - - [30/Jan/2020:14:42:09 -0500] "GET /naijadial/css/normalize.css?ver=3.2.2 HTTP/1.1" 200 867 "-" "Opera/9.80 (Android; Opera Mini/44.1.2254/163.89; U; en) Presto/2.12.423 Version/12.16"
173.252.87.51 - - [30/Jan/2020:14:42:09 -0500] "GET /naijadial/css/jquery-ui.css?ver=3.2.2 HTTP/1.1" 200 7036 "-" "Opera/9.80 (Android; Opera Mini/44.1.2254/163.89; U; en) Presto/2.12.423 Version/12.16"
173.252.87.51 - - [30/Jan/2020:14:42:09 -0500] "GET /naijadial/css/linearicons.css?ver=3.2.2 HTTP/1.1" 200 1610 "-" "Opera/9.80 (Android; Opera Mini/44.1.2254/163.89; U; en) Presto/2.12.423 Version/12.16"
173.252.87.6 - - [30/Jan/2020:14:42:09 -0500] "GET /naijadial/css/scrollbar.css?ver=3.2.2 HTTP/1.1" 304 - "-" "Opera/9.80 (Android; Opera Mini/44.1.2254/163.89; U; en) Presto/2.12.423 Version/12.16"
173.252.87.6 - - [30/Jan/2020:14:42:10 -0500] "GET /naijadial/css/owl.carousel.min.css?ver=3.2.2 HTTP/1.1" 200 834 "-" "Opera/9.80 (Android; Opera Mini/44.1.2254/163.89; U; en) Presto/2.12.423 Version/12.16"
173.252.87.6 - - [30/Jan/2020:14:42:10 -0500] "GET /naijadial/css/owl.theme.default.min.css?ver=3.2.2 HTTP/1.1" 200 366 "-" "Opera/9.80 (Android; Opera Mini/44.1.2254/163.89; U; en) Presto/2.12.423 Version/12.16"
173.252.87.51 - - [30/Jan/2020:14:42:10 -0500] "GET /naijadial/css/prettyPhoto.css?ver=3.2.2 HTTP/1.1" 200 2777 "-" "Opera/9.80 (Android; Opera Mini/44.1.2254/163.89; U; en) Presto/2.12.423 Version/12.16"
173.252.87.6 - - [30/Jan/2020:14:42:10 -0500] "GET /naijadial/css/jquery.countdown.css?ver=3.2.2 HTTP/1.1" 200 472 "-" "Opera/9.80 (Android; Opera Mini/44.1.2254/163.89; U; en) Presto/2.12.423 Version/12.16"
173.252.87.51 - - [30/Jan/2020:14:42:10 -0500] "GET /naijadial/css/datetimepicker.css?ver=3.2.2 HTTP/1.1" 200 4503 "-" "Opera/9.80 (Android; Opera Mini/44.1.2254/163.89; U; en) Presto/2.12.423 Version/12.16"
173.252.87.6 - - [30/Jan/2020:14:42:10 -0500] "GET /naijadial/css/chosen.css?ver=3.2.2 HTTP/1.1" 200 2142 "-" "Opera/9.80 (Android; Opera Mini/44.1.2254/163.89; U; en) Presto/2.12.423 Version/12.16"
173.252.87.51 - - [30/Jan/2020:14:42:10 -0500] "GET /naijadial/css/transitions.css?ver=3.2.2 HTTP/1.1" 200 1476 "-" "Opera/9.80 (Android; Opera Mini/44.1.2254/163.89; U; en) Presto/2.12.423 Version/12.16"
173.252.87.6 - - [30/Jan/2020:14:42:10 -0500] "GET /naijadial/style.css?ver=3.2.2 HTTP/1.1" 200 61862 "-" "Opera/9.80 (Android; Opera Mini/44.1.2254/163.89; U; en) Presto/2.12.423 Version/12.16"
173.252.87.51 - - [30/Jan/2020:14:42:10 -0500] "GET /naijadial/css/color.css?ver=3.2.2 HTTP/1.1" 200 2884 "-" "Opera/9.80 (Android; Opera Mini/44.1.2254/163.89; U; en) Presto/2.12.423 Version/12.16"
173.252.87.51 - - [30/Jan/2020:14:42:11 -0500] "GET /naijadial/css/typo.css?ver=3.2.2 HTTP/1.1" 200 3322 "-" "Opera/9.80 (Android; Opera Mini/44.1.2254/163.89; U; en) Presto/2.12.423 Version/12.16"
173.252.87.6 - - [30/Jan/2020:14:42:11 -0500] "GET /naijadial/css/chat_module.css?ver=3.2.2 HTTP/1.1" 200 3839 "-" "Opera/9.80 (Android; Opera Mini/44.1.2254/163.89; U; en) Presto/2.12.423 Version/12.16"
173.252.87.51 - - [30/Jan/2020:14:42:11 -0500] "GET /naijadial/css/responsive.css?ver=3.2.2 HTTP/1.1" 200 12539 "-" "Opera/9.80 (Android; Opera Mini/44.1.2254/163.89; U; en) Presto/2.12.423 Version/12.16"
173.252.87.6 - - [30/Jan/2020:14:42:11 -0500] "GET /cnt/plugins/listingo_core/public/js/system-public.js?ver=3.2.1 HTTP/1.1" 200 1605 "-" "Opera/9.80 (Android; Opera Mini/44.1.2254/163.89; U; en) Presto/2.12.423 Version/12.16"
173.252.87.51 - - [30/Jan/2020:14:42:11 -0500] "GET /cnt/plugins/mega-addons-for-visual-composer/js/script.js?ver=5.3.2 HTTP/1.1" 200 1017 "-" "Opera/9.80 (Android; Opera Mini/44.1.2254/163.89; U; en) Presto/2.12.423 Version/12.16"
173.252.87.6 - - [30/Jan/2020:14:42:11 -0500] "GET /cnt/plugins/revslider/public/assets/js/revolution.tools.min.js?ver=6.0 HTTP/1.1" 200 50582 "-" "Opera/9.80 (Android; Opera Mini/44.1.2254/163.89; U; en) Presto/2.12.423 Version/12.16"
173.252.87.51 - - [30/Jan/2020:14:42:11 -0500] "GET /cnt/plugins/revslider/public/assets/js/rs6.min.js?ver=6.0.7 HTTP/1.1" 200 67313 "-" "Opera/9.80 (Android; Opera Mini/44.1.2254/163.89; U; en) Presto/2.12.423 Version/12.16"
173.252.87.51 - - [30/Jan/2020:14:42:12 -0500] "GET /cnt/plugins/js_composer/assets/js/vendors/woocommerce-add-to-cart.js?ver=6.0.5 HTTP/1.1" 200 374 "-" "Opera/9.80 (Android; Opera Mini/44.1.2254/163.89; U; en) Presto/2.12.423 Version/12.16"
173.252.87.6 - - [30/Jan/2020:14:42:12 -0500] "GET /naijadial/js/vendor/modernizr-2.8.3-respond-1.4.2.min.js?ver=3.2.2 HTTP/1.1" 200 8187 "-" "Opera/9.80 (Android; Opera Mini/44.1.2254/163.89; U; en) Presto/2.12.423 Version/12.16"
173.252.87.51 - - [30/Jan/2020:14:42:12 -0500] "GET /naijadial/js/countTo.js?ver=5.3.2 HTTP/1.1" 200 725 "-" "Opera/9.80 (Android; Opera Mini/44.1.2254/163.89; U; en) Presto/2.12.423 Version/12.16"
173.252.87.6 - - [30/Jan/2020:14:42:12 -0500] "GET /naijadial/js/appear.js?ver=5.3.2 HTTP/1.1" 200 714 "-" "Opera/9.80 (Android; Opera Mini/44.1.2254/163.89; U; en) Presto/2.12.423 Version/12.16"
173.252.87.51 - - [30/Jan/2020:14:42:12 -0500] "GET /cnt/plugins/unyson/framework/static/js/fw-form-helpers.js?ver=5.3.2 HTTP/1.1" 200 2525 "-" "Opera/9.80 (Android; Opera Mini/44.1.2254/163.89; U; en) Presto/2.12.423 Version/12.16"
173.252.87.6 - - [30/Jan/2020:14:42:12 -0500] "GET /files/so-css/so-css-listingo.css?ver=1580144791 HTTP/1.1" 200 1074 "-" "Opera/9.80 (Android; Opera Mini/44.1.2254/163.89; U; en) Presto/2.12.423 Version/12.16"
173.252.87.51 - - [30/Jan/2020:14:42:12 -0500] "GET /cnt/plugins/unyson/framework/static/libs/linecons/css/linecons.css?ver=2.7.22 HTTP/1.1" 200 56006 "-" "Opera/9.80 (Android; Opera Mini/44.1.2254/163.89; U; en) Presto/2.12.423 Version/12.16"
173.252.87.6 - - [30/Jan/2020:14:42:12 -0500] "GET /cnt/plugins/unyson/framework/static/libs/font-awesome/css/font-awesome.min.css?ver=2.7.22 HTTP/1.1" 200 7053 "-" "Opera/9.80 (Android; Opera Mini/44.1.2254/163.89; U; en) Presto/2.12.423 Version/12.16"
173.252.87.6 - - [30/Jan/2020:14:42:13 -0500] "GET /cnt/plugins/unyson/framework/static/libs/lnr/css/lnr.css?ver=2.7.22 HTTP/1.1" 200 1660 "-" "Opera/9.80 (Android; Opera Mini/44.1.2254/163.89; U; en) Presto/2.12.423 Version/12.16"
173.252.87.51 - - [30/Jan/2020:14:42:13 -0500] "GET /cnt/plugins/unyson/framework/static/libs/typcn/css/typcn.css?ver=2.7.22 HTTP/1.1" 200 3998 "-" "Opera/9.80 (Android; Opera Mini/44.1.2254/163.89; U; en) Presto/2.12.423 Version/12.16"
2a03:2880:11ff:c::face:b00c - - [30/Jan/2020:14:42:13 -0500] "GET /cnt/plugins/unyson/framework/static/libs/entypo/css/entypo.css?ver=2.7.22 HTTP/1.1" 200 3542 "-" "Opera/9.80 (Android; Opera Mini/44.1.2254/163.89; U; en) Presto/2.12.423 Version/12.16"
173.252.87.6 - - [30/Jan/2020:14:42:13 -0500] "GET /cnt/plugins/unyson/framework/static/libs/unycon/unycon.css?ver=2.7.22 HTTP/1.1" 200 6088 "-" "Opera/9.80 (Android; Opera Mini/44.1.2254/163.89; U; en) Presto/2.12.423 Version/12.16"
173.252.87.51 - - [30/Jan/2020:14:42:13 -0500] "GET /cnt/plugins/contact-form-7/includes/js/scripts.js?ver=5.1.6 HTTP/1.1" 200 3993 "-" "Opera/9.80 (Android; Opera Mini/44.1.2254/163.89; U; en) Presto/2.12.423 Version/12.16"
173.252.87.6 - - [30/Jan/2020:14:42:13 -0500] "GET /naijadial/js/vendor/bootstrap.min.js?ver=3.2.2 HTTP/1.1" 200 9838 "-" "Opera/9.80 (Android; Opera Mini/44.1.2254/163.89; U; en) Presto/2.12.423 Version/12.16"
173.252.87.6 - - [30/Jan/2020:14:42:13 -0500] "GET /naijadial/js/gmap3.min.js?ver=5.3.2 HTTP/1.1" 200 8728 "-" "Opera/9.80 (Android; Opera Mini/44.1.2254/163.89; U; en) Presto/2.12.423 Version/12.16"
173.252.87.51 - - [30/Jan/2020:14:42:13 -0500] "GET /naijadial/js/jquery.countdown.js?ver=3.2.2 HTTP/1.1" 200 600 "-" "Opera/9.80 (Android; Opera Mini/44.1.2254/163.89; U; en) Presto/2.12.423 Version/12.16"
173.252.87.6 - - [30/Jan/2020:14:42:13 -0500] "GET /naijadial/js/owl.carousel.min.js?ver=3.2.2 HTTP/1.1" 200 10584 "-" "Opera/9.80 (Android; Opera Mini/44.1.2254/163.89; U; en) Presto/2.12.423 Version/12.16"
173.252.87.51 - - [30/Jan/2020:14:42:13 -0500] "GET /naijadial/js/scrollbar.min.js?ver=3.2.2 HTTP/1.1" 200 12947 "-" "Opera/9.80 (Android; Opera Mini/44.1.2254/163.89; U; en) Presto/2.12.423 Version/12.16"
173.252.87.6 - - [30/Jan/2020:14:42:14 -0500] "GET /naijadial/js/listingo_callbacks.js?ver=3.2.2 HTTP/1.1" 200 14766 "-" "Opera/9.80 (Android; Opera Mini/44.1.2254/163.89; U; en) Presto/2.12.423 Version/12.16"
173.252.87.51 - - [30/Jan/2020:14:42:14 -0500] "GET /naijadial/js/datetimepicker.js?ver=3.2.2 HTTP/1.1" 200 20179 "-" "Opera/9.80 (Android; Opera Mini/44.1.2254/163.89; U; en) Presto/2.12.423 Version/12.16"
173.252.87.51 - - [30/Jan/2020:14:42:14 -0500] "GET /naijadial/js/chosen.jquery.js?ver=3.2.2 HTTP/1.1" 200 7411 "-" "Opera/9.80 (Android; Opera Mini/44.1.2254/163.89; U; en) Presto/2.12.423 Version/12.16"
173.252.87.6 - - [30/Jan/2020:14:42:14 -0500] "GET /naijadial/js/jquery.auto-complete.js?ver=3.2.2 HTTP/1.1" 200 1493 "-" "Opera/9.80 (Android; Opera Mini/44.1.2254/163.89; U; en) Presto/2.12.423 Version/12.16"
68.65.121.137 - - [30/Jan/2020:14:28:38 -0500] "POST /wp-cron.php?doing_wp_cron=1580412517.9713099002838134765625 HTTP/1.1" 200 - "https://www.naijadial.com/wp-cron.php?doing_wp_cron=1580412517.9713099002838134765625" "WordPress/5.3.2; https://www.naijadial.com"
139.59.10.121 - - [30/Jan/2020:14:28:35 -0500] "GET /wp-login.php HTTP/1.1" 200 1761 "-" "Mozilla/5.0 (X11; Ubuntu; Linux x86_64; rv:62.0) Gecko/20100101 Firefox/62.0"
139.59.10.121 - - [30/Jan/2020:14:28:39 -0500] "POST /wp-login.php HTTP/1.1" 401 3595 "-" "Mozilla/5.0 (X11; Ubuntu; Linux x86_64; rv:62.0) Gecko/20100101 Firefox/62.0"
139.59.10.121 - - [30/Jan/2020:14:28:41 -0500] "POST /xmlrpc.php HTTP/1.1" 200 225 "-" "Mozilla/5.0 (X11; Ubuntu; Linux x86_64; rv:62.0) Gecko/20100101 Firefox/62.0"
68.65.121.137 - - [30/Jan/2020:14:31:36 -0500] "POST /wp-cron.php?doing_wp_cron=1580412696.5886540412902832031250 HTTP/1.1" 200 - "https://www.naijadial.com/wp-cron.php?doing_wp_cron=1580412696.5886540412902832031250" "WordPress/5.3.2; https://www.naijadial.com"
157.55.39.2 - - [30/Jan/2020:14:31:34 -0500] "GET /robots.txt HTTP/1.1" 200 69 "-" "Mozilla/5.0 (compatible; bingbot/2.0; +http://www.bing.com/bingbot.htm)"
68.65.121.137 - - [30/Jan/2020:14:32:46 -0500] "POST /wp-cron.php?doing_wp_cron=1580412766.1782529354095458984375 HTTP/1.1" 200 - "https://www.naijadial.com/wp-cron.php?doing_wp_cron=1580412766.1782529354095458984375" "WordPress/5.3.2; https://www.naijadial.com"
54.36.148.209 - - [30/Jan/2020:14:32:46 -0500] "GET /providers-category/paint-dealers/ HTTP/1.1" 404 52350 "-" "Mozilla/5.0 (compatible; AhrefsBot/6.1; +http://ahrefs.com/robot/)"
2a03:2880:ff:13::face:b00c - - [30/Jan/2020:14:32:46 -0500] "GET /account/ HTTP/1.1" 206 14155 "-" "facebookexternalhit/1.1 (+http://www.facebook.com/externalhit_uatext.php)"
173.252.87.6 - - [30/Jan/2020:14:42:14 -0500] "GET /naijadial/js/tipso.min.js?ver=5.3.2 HTTP/1.1" 304 - "-" "Opera/9.80 (Android; Opera Mini/44.1.2254/163.89; U; en) Presto/2.12.423 Version/12.16"
173.252.87.51 - - [30/Jan/2020:14:42:14 -0500] "GET /naijadial/js/parallax.js?ver=5.3.2 HTTP/1.1" 200 2230 "-" "Opera/9.80 (Android; Opera Mini/44.1.2254/163.89; U; en) Presto/2.12.423 Version/12.16"
173.252.87.6 - - [30/Jan/2020:14:42:14 -0500] "GET /cnt/plugins/js_composer/assets/js/dist/js_composer_front.min.js?ver=6.0.5 HTTP/1.1" 200 5818 "-" "Opera/9.80 (Android; Opera Mini/44.1.2254/163.89; U; en) Presto/2.12.423 Version/12.16"
173.252.87.51 - - [30/Jan/2020:14:42:15 -0500] "GET /files/2020/01/NaijaDial-Logo.png HTTP/1.1" 304 - "-" "Opera/9.80 (Android; Opera Mini/44.1.2254/163.89; U; en) Presto/2.12.423 Version/12.16"
