68.65.121.137 - - [30/Jan/2020:12:24:06 -0500] "POST /wp-cron.php?doing_wp_cron=1580405046.2528319358825683593750 HTTP/1.1" 200 - "https://www.naijadial.com/wp-cron.php?doing_wp_cron=1580405046.2528319358825683593750" "WordPress/5.3.2; https://www.naijadial.com"
105.112.182.49 - - [30/Jan/2020:12:24:06 -0500] "GET /?key=5a0f44c36fb2817d348c56188d01d83b&verifyemail=uptrendcrafts@gmail.com HTTP/1.1" 301 - "-" "Mozilla/5.0 (Linux; Android 5.1; DP7CPRO Build/LMY47I) AppleWebKit/537.36 (KHTML, like Gecko) Chrome/69.0.3497.100 Safari/537.36"
105.112.182.49 - - [30/Jan/2020:12:24:07 -0500] "GET /?key=5a0f44c36fb2817d348c56188d01d83b&verifyemail=uptrendcrafts%40gmail.com HTTP/1.1" 200 25193 "-" "Mozilla/5.0 (Linux; Android 5.1; DP7CPRO Build/LMY47I) AppleWebKit/537.36 (KHTML, like Gecko) Chrome/69.0.3497.100 Safari/537.36"
196.220.136.51 - - [30/Jan/2020:12:24:09 -0500] "GET /apple-touch-icon.png HTTP/1.1" 404 55186 "https://www.naijadial.com/?key=7d5236efa946292308a41bafdf5bf668&verifyemail=Owolabidaniel30%40gmail.com" "Mozilla/5.0 (Linux; Android 8.1.0; Infinix X624B) AppleWebKit/537.36 (KHTML, like Gecko) Chrome/79.0.3945.116 Mobile Safari/537.36"
68.65.121.137 - - [30/Jan/2020:12:29:14 -0500] "POST /wp-cron.php?doing_wp_cron=1580405354.7888560295104980468750 HTTP/1.1" 200 - "https://www.naijadial.com/wp-cron.php?doing_wp_cron=1580405354.7888560295104980468750" "WordPress/5.3.2; https://www.naijadial.com"
197.210.84.163 - - [30/Jan/2020:12:29:12 -0500] "GET /account/ HTTP/1.1" 200 14155 "-" "Mozilla/5.0 (Linux; Android 4.2.2; vivo Y11i T Build/JDQ39) AppleWebKit/537.36 (KHTML, like Gecko) Chrome/57.0.2987.132 Mobile Safari/537.36"
197.210.84.163 - - [30/Jan/2020:12:29:28 -0500] "GET /cnt/plugins/listingo_core/public/js/system-public.js?ver=3.2.1 HTTP/1.1" 304 - "https://www.naijadial.com/account/" "Mozilla/5.0 (Linux; Android 4.2.2; vivo Y11i T Build/JDQ39) AppleWebKit/537.36 (KHTML, like Gecko) Chrome/57.0.2987.132 Mobile Safari/537.36"
197.210.84.163 - - [30/Jan/2020:12:29:30 -0500] "GET /naijadial/js/tipso.min.js?ver=5.3.2 HTTP/1.1" 304 - "https://www.naijadial.com/account/" "Mozilla/5.0 (Linux; Android 4.2.2; vivo Y11i T Build/JDQ39) AppleWebKit/537.36 (KHTML, like Gecko) Chrome/57.0.2987.132 Mobile Safari/537.36"
196.220.136.51 - - [30/Jan/2020:12:30:30 -0500] "GET /files/2020/01/jOB.png HTTP/1.1" 304 - "https://www.naijadial.com/?key=7d5236efa946292308a41bafdf5bf668&verifyemail=Owolabidaniel30%40gmail.com" "Mozilla/5.0 (Linux; Android 8.1.0; Infinix X624B) AppleWebKit/537.36 (KHTML, like Gecko) Chrome/79.0.3945.116 Mobile Safari/537.36"
196.220.136.51 - - [30/Jan/2020:12:30:30 -0500] "GET /files/2020/01/105245014_megaphone_976alamy.jpg HTTP/1.1" 304 - "https://www.naijadial.com/?key=7d5236efa946292308a41bafdf5bf668&verifyemail=Owolabidaniel30%40gmail.com" "Mozilla/5.0 (Linux; Android 8.1.0; Infinix X624B) AppleWebKit/537.36 (KHTML, like Gecko) Chrome/79.0.3945.116 Mobile Safari/537.36"
196.220.136.51 - - [30/Jan/2020:12:30:30 -0500] "GET /files/2020/01/FORUM.png HTTP/1.1" 304 - "https://www.naijadial.com/?key=7d5236efa946292308a41bafdf5bf668&verifyemail=Owolabidaniel30%40gmail.com" "Mozilla/5.0 (Linux; Android 8.1.0; Infinix X624B) AppleWebKit/537.36 (KHTML, like Gecko) Chrome/79.0.3945.116 Mobile Safari/537.36"
68.65.121.137 - - [30/Jan/2020:12:30:42 -0500] "POST /wp-cron.php?doing_wp_cron=1580405442.7179479598999023437500 HTTP/1.1" 200 - "https://www.naijadial.com/wp-cron.php?doing_wp_cron=1580405442.7179479598999023437500" "WordPress/5.3.2; https://www.naijadial.com"
149.202.146.226 - - [30/Jan/2020:12:30:42 -0500] "GET /wp-content/themes/themes.php?wanna_play_with_me HTTP/1.1" 301 - "-" "Mozilla/5.0 (Windows NT 6.1; WOW64) AppleWebKit/537.36 (KHTML, like Gecko) Chrome/41.0.2227.0 Safari/537.36"
149.202.146.226 - - [30/Jan/2020:12:30:44 -0500] "GET /cnt/themes/themes.php?wanna_play_with_me HTTP/1.1" 404 53100 "-" "Mozilla/5.0 (Windows NT 6.1; WOW64) AppleWebKit/537.36 (KHTML, like Gecko) Chrome/41.0.2227.0 Safari/537.36"
68.65.121.137 - - [30/Jan/2020:12:31:40 -0500] "POST /wp-cron.php?doing_wp_cron=1580405500.7619779109954833984375 HTTP/1.1" 200 - "https://www.naijadial.com/wp-cron.php?doing_wp_cron=1580405500.7619779109954833984375" "WordPress/5.3.2; https://www.naijadial.com"
196.220.136.51 - - [30/Jan/2020:12:31:40 -0500] "GET /find/?keyword=Graphic+Design+&geo=Nigeria&lat=9.081999000000001&long=8.675277&location=%2CNigeria&category=media-and-publication&appointment=true HTTP/1.1" 200 19729 "https://www.naijadial.com/?key=7d5236efa946292308a41bafdf5bf668&verifyemail=Owolabidaniel30%40gmail.com" "Mozilla/5.0 (Linux; Android 8.1.0; Infinix X624B) AppleWebKit/537.36 (KHTML, like Gecko) Chrome/79.0.3945.116 Mobile Safari/537.36"
196.220.136.51 - - [30/Jan/2020:12:32:05 -0500] "GET /cnt/plugins/unyson/framework/extensions/shortcodes/shortcodes/section/static/css/jquery.fs.wallpaper.css?ver=5.3.2 HTTP/1.1" 200 390 "https://www.naijadial.com/find/?keyword=Graphic+Design+&geo=Nigeria&lat=9.081999000000001&long=8.675277&location=%2CNigeria&category=media-and-publication&appointment=true" "Mozilla/5.0 (Linux; Android 8.1.0; Infinix X624B) AppleWebKit/537.36 (KHTML, like Gecko) Chrome/79.0.3945.116 Mobile Safari/537.36"
196.220.136.51 - - [30/Jan/2020:12:32:05 -0500] "GET /cnt/plugins/unyson/framework/extensions/shortcodes/shortcodes/section/static/css/styles.css?ver=5.3.2 HTTP/1.1" 200 90 "https://www.naijadial.com/find/?keyword=Graphic+Design+&geo=Nigeria&lat=9.081999000000001&long=8.675277&location=%2CNigeria&category=media-and-publication&appointment=true" "Mozilla/5.0 (Linux; Android 8.1.0; Infinix X624B) AppleWebKit/537.36 (KHTML, like Gecko) Chrome/79.0.3945.116 Mobile Safari/537.36"
196.220.136.51 - - [30/Jan/2020:12:32:05 -0500] "GET /cnt/plugins/unyson/framework/extensions/shortcodes/shortcodes/section/static/js/jquery.fs.wallpaper.js?ver=5.3.2 HTTP/1.1" 200 5771 "https://www.naijadial.com/find/?keyword=Graphic+Design+&geo=Nigeria&lat=9.081999000000001&long=8.675277&location=%2CNigeria&category=media-and-publication&appointment=true" "Mozilla/5.0 (Linux; Android 8.1.0; Infinix X624B) AppleWebKit/537.36 (KHTML, like Gecko) Chrome/79.0.3945.116 Mobile Safari/537.36"
196.220.136.51 - - [30/Jan/2020:12:32:05 -0500] "GET /cnt/plugins/unyson/framework/extensions/shortcodes/shortcodes/section/static/js/scripts.js?ver=5.3.2 HTTP/1.1" 200 142 "https://www.naijadial.com/find/?keyword=Graphic+Design+&geo=Nigeria&lat=9.081999000000001&long=8.675277&location=%2CNigeria&category=media-and-publication&appointment=true" "Mozilla/5.0 (Linux; Android 8.1.0; Infinix X624B) AppleWebKit/537.36 (KHTML, like Gecko) Chrome/79.0.3945.116 Mobile Safari/537.36"
196.220.136.51 - - [30/Jan/2020:12:32:05 -0500] "GET /naijadial/js/maps/markerclusterer.min.js?ver=3.2.2 HTTP/1.1" 304 - "https://www.naijadial.com/find/?keyword=Graphic+Design+&geo=Nigeria&lat=9.081999000000001&long=8.675277&location=%2CNigeria&category=media-and-publication&appointment=true" "Mozilla/5.0 (Linux; Android 8.1.0; Infinix X624B) AppleWebKit/537.36 (KHTML, like Gecko) Chrome/79.0.3945.116 Mobile Safari/537.36"
196.220.136.51 - - [30/Jan/2020:12:32:06 -0500] "GET /naijadial/js/jquery.sticky-kit.min.js?ver=5.3.2 HTTP/1.1" 304 - "https://www.naijadial.com/find/?keyword=Graphic+Design+&geo=Nigeria&lat=9.081999000000001&long=8.675277&location=%2CNigeria&category=media-and-publication&appointment=true" "Mozilla/5.0 (Linux; Android 8.1.0; Infinix X624B) AppleWebKit/537.36 (KHTML, like Gecko) Chrome/79.0.3945.116 Mobile Safari/537.36"
196.220.136.51 - - [30/Jan/2020:12:32:06 -0500] "GET /naijadial/js/maps/infobox.js?ver=3.2.2 HTTP/1.1" 304 - "https://www.naijadial.com/find/?keyword=Graphic+Design+&geo=Nigeria&lat=9.081999000000001&long=8.675277&location=%2CNigeria&category=media-and-publication&appointment=true" "Mozilla/5.0 (Linux; Android 8.1.0; Infinix X624B) AppleWebKit/537.36 (KHTML, like Gecko) Chrome/79.0.3945.116 Mobile Safari/537.36"
196.220.136.51 - - [30/Jan/2020:12:32:06 -0500] "GET /naijadial/js/maps/oms.min.js?ver=3.2.2 HTTP/1.1" 304 - "https://www.naijadial.com/find/?keyword=Graphic+Design+&geo=Nigeria&lat=9.081999000000001&long=8.675277&location=%2CNigeria&category=media-and-publication&appointment=true" "Mozilla/5.0 (Linux; Android 8.1.0; Infinix X624B) AppleWebKit/537.36 (KHTML, like Gecko) Chrome/79.0.3945.116 Mobile Safari/537.36"
196.220.136.51 - - [30/Jan/2020:12:32:06 -0500] "GET /naijadial/js/maps/gmaps.js?ver=3.2.2 HTTP/1.1" 304 - "https://www.naijadial.com/find/?keyword=Graphic+Design+&geo=Nigeria&lat=9.081999000000001&long=8.675277&location=%2CNigeria&category=media-and-publication&appointment=true" "Mozilla/5.0 (Linux; Android 8.1.0; Infinix X624B) AppleWebKit/537.36 (KHTML, like Gecko) Chrome/79.0.3945.116 Mobile Safari/537.36"
196.220.136.51 - - [30/Jan/2020:12:32:08 -0500] "GET /new/wp-content/uploads/2020/01/Service-Provider-Header.png HTTP/1.1" 304 - "https://www.naijadial.com/find/?keyword=Graphic+Design+&geo=Nigeria&lat=9.081999000000001&long=8.675277&location=%2CNigeria&category=media-and-publication&appointment=true" "Mozilla/5.0 (Linux; Android 8.1.0; Infinix X624B) AppleWebKit/537.36 (KHTML, like Gecko) Chrome/79.0.3945.116 Mobile Safari/537.36"
68.65.121.137 - - [30/Jan/2020:12:32:09 -0500] "POST /wp-cron.php?doing_wp_cron=1580405529.2273919582366943359375 HTTP/1.1" 200 - "https://www.naijadial.com/wp-cron.php?doing_wp_cron=1580405529.2273919582366943359375" "WordPress/5.3.2; https://www.naijadial.com"
196.220.136.51 - - [30/Jan/2020:12:32:09 -0500] "GET /listingo/images/line-bar.jpg HTTP/1.1" 404 55936 "https://www.naijadial.com/naijadial/style.css?ver=3.2.2" "Mozilla/5.0 (Linux; Android 8.1.0; Infinix X624B) AppleWebKit/537.36 (KHTML, like Gecko) Chrome/79.0.3945.116 Mobile Safari/537.36"
196.220.136.51 - - [30/Jan/2020:12:32:13 -0500] "POST /?wc-ajax=get_refreshed_fragments HTTP/1.1" 200 210 "https://www.naijadial.com/find/?keyword=Graphic+Design+&geo=Nigeria&lat=9.081999000000001&long=8.675277&location=%2CNigeria&category=media-and-publication&appointment=true" "Mozilla/5.0 (Linux; Android 8.1.0; Infinix X624B) AppleWebKit/537.36 (KHTML, like Gecko) Chrome/79.0.3945.116 Mobile Safari/537.36"
196.220.136.51 - - [30/Jan/2020:12:32:27 -0500] "GET /find/apple-touch-icon.png HTTP/1.1" 404 55186 "https://www.naijadial.com/find/?keyword=Graphic+Design+&geo=Nigeria&lat=9.081999000000001&long=8.675277&location=%2CNigeria&category=media-and-publication&appointment=true" "Mozilla/5.0 (Linux; Android 8.1.0; Infinix X624B) AppleWebKit/537.36 (KHTML, like Gecko) Chrome/79.0.3945.116 Mobile Safari/537.36"
68.65.121.137 - - [30/Jan/2020:12:36:44 -0500] "POST /wp-cron.php?doing_wp_cron=1580405804.6534209251403808593750 HTTP/1.1" 200 - "https://www.naijadial.com/wp-cron.php?doing_wp_cron=1580405804.6534209251403808593750" "WordPress/5.3.2; https://www.naijadial.com"
196.220.136.51 - - [30/Jan/2020:12:36:42 -0500] "GET /find/?sortby=&orderby=&showposts=&keyword=Graphic+Design+&geo=Nigeria&lat=9.081999000000001&long=8.675277&location=%2CNigeria&category=information-technology-it&lang=&view=&country=&city=&gender=&appointment=true HTTP/1.1" 200 19729 "https://www.naijadial.com/find/?keyword=Graphic+Design+&geo=Nigeria&lat=9.081999000000001&long=8.675277&location=%2CNigeria&category=media-and-publication&appointment=true" "Mozilla/5.0 (Linux; Android 8.1.0; Infinix X624B) AppleWebKit/537.36 (KHTML, like Gecko) Chrome/79.0.3945.116 Mobile Safari/537.36"
68.65.121.137 - - [30/Jan/2020:12:37:16 -0500] "POST /wp-cron.php?doing_wp_cron=1580405836.0317130088806152343750 HTTP/1.1" 200 - "https://www.naijadial.com/wp-cron.php?doing_wp_cron=1580405836.0317130088806152343750" "WordPress/5.3.2; https://www.naijadial.com"
196.220.136.51 - - [30/Jan/2020:12:37:15 -0500] "GET /listingo/images/line-bar.jpg HTTP/1.1" 404 55936 "https://www.naijadial.com/naijadial/style.css?ver=3.2.2" "Mozilla/5.0 (Linux; Android 8.1.0; Infinix X624B) AppleWebKit/537.36 (KHTML, like Gecko) Chrome/79.0.3945.116 Mobile Safari/537.36"
68.65.121.137 - - [30/Jan/2020:12:38:45 -0500] "POST /wp-cron.php?doing_wp_cron=1580405925.7001950740814208984375 HTTP/1.1" 200 - "https://www.naijadial.com/wp-cron.php?doing_wp_cron=1580405925.7001950740814208984375" "WordPress/5.3.2; https://www.naijadial.com"
197.210.28.94 - - [30/Jan/2020:12:38:45 -0500] "GET /account/ HTTP/1.1" 200 14153 "-" "Mozilla/5.0 (Linux; Android 9; TECNO LC6a) AppleWebKit/537.36 (KHTML, like Gecko) Chrome/79.0.3945.116 Mobile Safari/537.36"
197.210.28.94 - - [30/Jan/2020:12:38:49 -0500] "GET /listingo/images/line-bar.jpg HTTP/1.1" 404 53100 "https://www.naijadial.com/naijadial/style.css?ver=3.2.2" "Mozilla/5.0 (Linux; Android 9; TECNO LC6a) AppleWebKit/537.36 (KHTML, like Gecko) Chrome/79.0.3945.116 Mobile Safari/537.36"
197.210.28.94 - - [30/Jan/2020:12:38:51 -0500] "POST /?wc-ajax=get_refreshed_fragments HTTP/1.1" 200 210 "https://www.naijadial.com/account/" "Mozilla/5.0 (Linux; Android 9; TECNO LC6a) AppleWebKit/537.36 (KHTML, like Gecko) Chrome/79.0.3945.116 Mobile Safari/537.36"
197.210.28.94 - - [30/Jan/2020:12:38:52 -0500] "GET /account/apple-touch-icon.png HTTP/1.1" 404 52350 "https://www.naijadial.com/account/" "Mozilla/5.0 (Linux; Android 9; TECNO LC6a) AppleWebKit/537.36 (KHTML, like Gecko) Chrome/79.0.3945.116 Mobile Safari/537.36"
68.65.121.137 - - [30/Jan/2020:12:39:14 -0500] "POST /wp-cron.php?doing_wp_cron=1580405954.5007989406585693359375 HTTP/1.1" 200 - "https://www.naijadial.com/wp-cron.php?doing_wp_cron=1580405954.5007989406585693359375" "WordPress/5.3.2; https://www.naijadial.com"
197.210.28.94 - - [30/Jan/2020:12:39:14 -0500] "GET / HTTP/1.1" 200 24589 "https://www.naijadial.com/account/" "Mozilla/5.0 (Linux; Android 9; TECNO LC6a) AppleWebKit/537.36 (KHTML, like Gecko) Chrome/79.0.3945.116 Mobile Safari/537.36"
197.210.28.94 - - [30/Jan/2020:12:39:18 -0500] "GET /files/2020/01/NaijaDial-Avatar-92x92.png HTTP/1.1" 304 - "https://www.naijadial.com/" "Mozilla/5.0 (Linux; Android 9; TECNO LC6a) AppleWebKit/537.36 (KHTML, like Gecko) Chrome/79.0.3945.116 Mobile Safari/537.36"
197.210.28.94 - - [30/Jan/2020:12:39:18 -0500] "GET /files/2020/01/Construction-275x152.jpg HTTP/1.1" 304 - "https://www.naijadial.com/" "Mozilla/5.0 (Linux; Android 9; TECNO LC6a) AppleWebKit/537.36 (KHTML, like Gecko) Chrome/79.0.3945.116 Mobile Safari/537.36"
197.210.28.94 - - [30/Jan/2020:12:39:19 -0500] "GET /files/2020/01/Child-Care-275x152.jpg HTTP/1.1" 304 - "https://www.naijadial.com/" "Mozilla/5.0 (Linux; Android 9; TECNO LC6a) AppleWebKit/537.36 (KHTML, like Gecko) Chrome/79.0.3945.116 Mobile Safari/537.36"
197.210.28.94 - - [30/Jan/2020:12:39:41 -0500] "GET /account/ HTTP/1.1" 200 14155 "-" "Mozilla/5.0 (Linux; Android 9; TECNO LC6a) AppleWebKit/537.36 (KHTML, like Gecko) Chrome/79.0.3945.116 Mobile Safari/537.36"
197.210.28.94 - - [30/Jan/2020:12:40:01 -0500] "GET /account/ HTTP/1.1" 200 14155 "-" "Mozilla/5.0 (Linux; Android 9; TECNO LC6a) AppleWebKit/537.36 (KHTML, like Gecko) Chrome/79.0.3945.116 Mobile Safari/537.36"
68.65.121.137 - - [30/Jan/2020:12:40:05 -0500] "POST /wp-cron.php?doing_wp_cron=1580406005.3549981117248535156250 HTTP/1.1" 200 - "https://www.naijadial.com/wp-cron.php?doing_wp_cron=1580406005.3549981117248535156250" "WordPress/5.3.2; https://www.naijadial.com"
197.210.28.94 - - [30/Jan/2020:12:40:05 -0500] "GET /listingo/images/line-bar.jpg HTTP/1.1" 404 53100 "https://www.naijadial.com/naijadial/style.css?ver=3.2.2" "Mozilla/5.0 (Linux; Android 9; TECNO LC6a) AppleWebKit/537.36 (KHTML, like Gecko) Chrome/79.0.3945.116 Mobile Safari/537.36"
197.210.28.94 - - [30/Jan/2020:12:40:05 -0500] "POST /?wc-ajax=get_refreshed_fragments HTTP/1.1" 200 210 "https://www.naijadial.com/account/" "Mozilla/5.0 (Linux; Android 9; TECNO LC6a) AppleWebKit/537.36 (KHTML, like Gecko) Chrome/79.0.3945.116 Mobile Safari/537.36"
197.210.28.94 - - [30/Jan/2020:12:40:07 -0500] "GET /account/apple-touch-icon.png HTTP/1.1" 404 52350 "https://www.naijadial.com/account/" "Mozilla/5.0 (Linux; Android 9; TECNO LC6a) AppleWebKit/537.36 (KHTML, like Gecko) Chrome/79.0.3945.116 Mobile Safari/537.36"
68.65.121.137 - - [30/Jan/2020:12:40:13 -0500] "POST /wp-cron.php?doing_wp_cron=1580406013.1934509277343750000000 HTTP/1.1" 200 - "https://www.naijadial.com/wp-cron.php?doing_wp_cron=1580406013.1934509277343750000000" "WordPress/5.3.2; https://www.naijadial.com"
197.210.28.94 - - [30/Jan/2020:12:40:13 -0500] "GET /ads-search/ HTTP/1.1" 200 16518 "https://www.naijadial.com/account/" "Mozilla/5.0 (Linux; Android 9; TECNO LC6a) AppleWebKit/537.36 (KHTML, like Gecko) Chrome/79.0.3945.116 Mobile Safari/537.36"
197.210.28.94 - - [30/Jan/2020:12:40:16 -0500] "GET /naijadial/framework-customizations/extensions/ads/static/js/maps/ad_gmaps.js?ver=1.0 HTTP/1.1" 200 2613 "https://www.naijadial.com/ads-search/" "Mozilla/5.0 (Linux; Android 9; TECNO LC6a) AppleWebKit/537.36 (KHTML, like Gecko) Chrome/79.0.3945.116 Mobile Safari/537.36"
197.210.28.94 - - [30/Jan/2020:12:40:17 -0500] "GET /new/wp-content/uploads/2020/01/header.jpg HTTP/1.1" 200 237134 "https://www.naijadial.com/ads-search/" "Mozilla/5.0 (Linux; Android 9; TECNO LC6a) AppleWebKit/537.36 (KHTML, like Gecko) Chrome/79.0.3945.116 Mobile Safari/537.36"
197.210.28.94 - - [30/Jan/2020:12:40:17 -0500] "GET /listingo/images/line-bar.jpg HTTP/1.1" 404 53100 "https://www.naijadial.com/naijadial/style.css?ver=3.2.2" "Mozilla/5.0 (Linux; Android 9; TECNO LC6a) AppleWebKit/537.36 (KHTML, like Gecko) Chrome/79.0.3945.116 Mobile Safari/537.36"
197.210.28.94 - - [30/Jan/2020:12:40:21 -0500] "GET /files/2020/01/map.png HTTP/1.1" 304 - "https://www.naijadial.com/ads-search/" "Mozilla/5.0 (Linux; Android 9; TECNO LC6a) AppleWebKit/537.36 (KHTML, like Gecko) Chrome/79.0.3945.116 Mobile Safari/537.36"
197.210.28.94 - - [30/Jan/2020:12:40:23 -0500] "GET /ads-search/apple-touch-icon.png HTTP/1.1" 404 52350 "https://www.naijadial.com/ads-search/" "Mozilla/5.0 (Linux; Android 9; TECNO LC6a) AppleWebKit/537.36 (KHTML, like Gecko) Chrome/79.0.3945.116 Mobile Safari/537.36"
68.65.121.137 - - [30/Jan/2020:12:51:37 -0500] "POST /wp-cron.php?doing_wp_cron=1580406691.4547550678253173828125 HTTP/1.1" 200 - "https://www.naijadial.com/wp-cron.php?doing_wp_cron=1580406691.4547550678253173828125" "WordPress/5.3.2; https://www.naijadial.com"
197.210.60.47 - - [30/Jan/2020:12:51:40 -0500] "GET /listingo/images/line-bar.jpg HTTP/1.1" 404 53100 "https://www.naijadial.com/naijadial/style.css?ver=3.2.2" "Mozilla/5.0 (Linux; Android 9; TECNO CC9 Build/PPR1.180610.011; wv) AppleWebKit/537.36 (KHTML, like Gecko) Version/4.0 Chrome/74.0.3729.136 Mobile Safari/537.36 [FB_IAB/FB4A;FBAV/250.0.0.26.241;]"
68.65.121.137 - - [30/Jan/2020:12:53:00 -0500] "POST /wp-cron.php?doing_wp_cron=1580406780.0902531147003173828125 HTTP/1.1" 200 - "https://www.naijadial.com/wp-cron.php?doing_wp_cron=1580406780.0902531147003173828125" "WordPress/5.3.2; https://www.naijadial.com"
40.77.167.51 - - [30/Jan/2020:12:52:59 -0500] "GET /product-sitemap.xml HTTP/1.1" 404 52350 "-" "Mozilla/5.0 (compatible; bingbot/2.0; +http://www.bing.com/bingbot.htm)"
197.210.60.47 - - [30/Jan/2020:12:51:29 -0500] "GET /account/ HTTP/1.1" 200 14155 "http://m.facebook.com/" "Mozilla/5.0 (Linux; Android 9; TECNO CC9 Build/PPR1.180610.011; wv) AppleWebKit/537.36 (KHTML, like Gecko) Version/4.0 Chrome/74.0.3729.136 Mobile Safari/537.36 [FB_IAB/FB4A;FBAV/250.0.0.26.241;]"
197.211.61.125 - - [30/Jan/2020:13:09:43 -0500] "GET /account/ HTTP/1.1" 200 14156 "-" "Mozilla/5.0 (Linux; Android 8.1.0; itel W6001) AppleWebKit/537.36 (KHTML, like Gecko) Chrome/70.0.3538.110 Mobile Safari/537.36"
68.65.121.137 - - [30/Jan/2020:13:09:45 -0500] "POST /wp-cron.php?doing_wp_cron=1580407785.7467761039733886718750 HTTP/1.1" 200 - "https://www.naijadial.com/wp-cron.php?doing_wp_cron=1580407785.7467761039733886718750" "WordPress/5.3.2; https://www.naijadial.com"
68.65.121.137 - - [30/Jan/2020:13:13:15 -0500] "POST /wp-cron.php?doing_wp_cron=1580407995.3281490802764892578125 HTTP/1.1" 200 - "https://www.naijadial.com/wp-cron.php?doing_wp_cron=1580407995.3281490802764892578125" "WordPress/5.3.2; https://www.naijadial.com"
66.102.8.138 - - [30/Jan/2020:13:13:13 -0500] "GET /?key=a191a033a2c3f744dadd48001cc6d6fd&verifyemail=peboytheking@gmail.com HTTP/1.1" 301 - "-" "Mozilla/5.0 (Windows NT 6.3; Win64; x64) AppleWebKit/537.36 (KHTML, like Gecko) Chrome/79.0.3945.88 Safari/537.36"
66.102.8.131 - - [30/Jan/2020:13:13:16 -0500] "GET /?key=a191a033a2c3f744dadd48001cc6d6fd&verifyemail=peboytheking%40gmail.com HTTP/1.1" 200 24592 "-" "Mozilla/5.0 (Windows NT 6.3; Win64; x64) AppleWebKit/537.36 (KHTML, like Gecko) Chrome/79.0.3945.88 Safari/537.36"
66.102.8.138 - - [30/Jan/2020:13:13:17 -0500] "GET /cnt/plugins/mega-addons-for-visual-composer/css/ihover.css?ver=5.3.2 HTTP/1.1" 304 - "https://www.naijadial.com/?key=a191a033a2c3f744dadd48001cc6d6fd&verifyemail=peboytheking%40gmail.com" "Mozilla/5.0 (Windows NT 6.3; Win64; x64) AppleWebKit/537.36 (KHTML, like Gecko) Chrome/79.0.3945.88 Safari/537.36"
66.102.8.131 - - [30/Jan/2020:13:13:17 -0500] "GET /cnt/plugins/unyson/framework/extensions/forms/static/css/frontend.css?ver=2.7.22 HTTP/1.1" 304 - "https://www.naijadial.com/?key=a191a033a2c3f744dadd48001cc6d6fd&verifyemail=peboytheking%40gmail.com" "Mozilla/5.0 (Windows NT 6.3; Win64; x64) AppleWebKit/537.36 (KHTML, like Gecko) Chrome/79.0.3945.88 Safari/537.36"
66.102.8.135 - - [30/Jan/2020:13:13:18 -0500] "GET /cnt/plugins/revslider/public/assets/css/rs6.css?ver=6.0.7 HTTP/1.1" 304 - "https://www.naijadial.com/?key=a191a033a2c3f744dadd48001cc6d6fd&verifyemail=peboytheking%40gmail.com" "Mozilla/5.0 (Windows NT 6.3; Win64; x64) AppleWebKit/537.36 (KHTML, like Gecko) Chrome/79.0.3945.88 Safari/537.36"
66.102.8.134 - - [30/Jan/2020:13:13:18 -0500] "GET /naijadial/css/bootstrap.min.css?ver=3.2.2 HTTP/1.1" 304 - "https://www.naijadial.com/?key=a191a033a2c3f744dadd48001cc6d6fd&verifyemail=peboytheking%40gmail.com" "Mozilla/5.0 (Windows NT 6.3; Win64; x64) AppleWebKit/537.36 (KHTML, like Gecko) Chrome/79.0.3945.88 Safari/537.36"
66.102.8.138 - - [30/Jan/2020:13:13:18 -0500] "GET /naijadial/css/prettyPhoto.css?ver=3.2.2 HTTP/1.1" 304 - "https://www.naijadial.com/?key=a191a033a2c3f744dadd48001cc6d6fd&verifyemail=peboytheking%40gmail.com" "Mozilla/5.0 (Windows NT 6.3; Win64; x64) AppleWebKit/537.36 (KHTML, like Gecko) Chrome/79.0.3945.88 Safari/537.36"
66.102.8.135 - - [30/Jan/2020:13:13:18 -0500] "GET /naijadial/css/owl.carousel.min.css?ver=3.2.2 HTTP/1.1" 304 - "https://www.naijadial.com/?key=a191a033a2c3f744dadd48001cc6d6fd&verifyemail=peboytheking%40gmail.com" "Mozilla/5.0 (Windows NT 6.3; Win64; x64) AppleWebKit/537.36 (KHTML, like Gecko) Chrome/79.0.3945.88 Safari/537.36"
66.102.8.138 - - [30/Jan/2020:13:13:18 -0500] "GET /cnt/plugins/mega-addons-for-visual-composer/css/style.css?ver=5.3.2 HTTP/1.1" 304 - "https://www.naijadial.com/?key=a191a033a2c3f744dadd48001cc6d6fd&verifyemail=peboytheking%40gmail.com" "Mozilla/5.0 (Windows NT 6.3; Win64; x64) AppleWebKit/537.36 (KHTML, like Gecko) Chrome/79.0.3945.88 Safari/537.36"
66.102.8.136 - - [30/Jan/2020:13:13:18 -0500] "GET /cnt/plugins/contact-form-7/includes/css/styles.css?ver=5.1.6 HTTP/1.1" 304 - "https://www.naijadial.com/?key=a191a033a2c3f744dadd48001cc6d6fd&verifyemail=peboytheking%40gmail.com" "Mozilla/5.0 (Windows NT 6.3; Win64; x64) AppleWebKit/537.36 (KHTML, like Gecko) Chrome/79.0.3945.88 Safari/537.36"
66.102.8.137 - - [30/Jan/2020:13:13:18 -0500] "GET /naijadial/css/jquery.countdown.css?ver=3.2.2 HTTP/1.1" 304 - "https://www.naijadial.com/?key=a191a033a2c3f744dadd48001cc6d6fd&verifyemail=peboytheking%40gmail.com" "Mozilla/5.0 (Windows NT 6.3; Win64; x64) AppleWebKit/537.36 (KHTML, like Gecko) Chrome/79.0.3945.88 Safari/537.36"
66.102.8.135 - - [30/Jan/2020:13:13:18 -0500] "GET /cnt/plugins/unyson/framework/extensions/builder/static/css/frontend-grid.css?ver=1.2.11 HTTP/1.1" 304 - "https://www.naijadial.com/?key=a191a033a2c3f744dadd48001cc6d6fd&verifyemail=peboytheking%40gmail.com" "Mozilla/5.0 (Windows NT 6.3; Win64; x64) AppleWebKit/537.36 (KHTML, like Gecko) Chrome/79.0.3945.88 Safari/537.36"
66.102.8.137 - - [30/Jan/2020:13:13:18 -0500] "GET /naijadial/css/datetimepicker.css?ver=3.2.2 HTTP/1.1" 304 - "https://www.naijadial.com/?key=a191a033a2c3f744dadd48001cc6d6fd&verifyemail=peboytheking%40gmail.com" "Mozilla/5.0 (Windows NT 6.3; Win64; x64) AppleWebKit/537.36 (KHTML, like Gecko) Chrome/79.0.3945.88 Safari/537.36"
66.102.8.131 - - [30/Jan/2020:13:13:18 -0500] "GET /cnt/plugins/js_composer/assets/css/js_composer.min.css?ver=6.0.5 HTTP/1.1" 304 - "https://www.naijadial.com/?key=a191a033a2c3f744dadd48001cc6d6fd&verifyemail=peboytheking%40gmail.com" "Mozilla/5.0 (Windows NT 6.3; Win64; x64) AppleWebKit/537.36 (KHTML, like Gecko) Chrome/79.0.3945.88 Safari/537.36"
66.102.8.137 - - [30/Jan/2020:13:13:18 -0500] "GET /cnt/plugins/bbpress/templates/default/css/bbpress.min.css?ver=2.6.3 HTTP/1.1" 304 - "https://www.naijadial.com/?key=a191a033a2c3f744dadd48001cc6d6fd&verifyemail=peboytheking%40gmail.com" "Mozilla/5.0 (Windows NT 6.3; Win64; x64) AppleWebKit/537.36 (KHTML, like Gecko) Chrome/79.0.3945.88 Safari/537.36"
66.102.8.136 - - [30/Jan/2020:13:13:18 -0500] "GET /cnt/plugins/unyson/framework/extensions/breadcrumbs/static/css/style.css?ver=5.3.2 HTTP/1.1" 304 - "https://www.naijadial.com/?key=a191a033a2c3f744dadd48001cc6d6fd&verifyemail=peboytheking%40gmail.com" "Mozilla/5.0 (Windows NT 6.3; Win64; x64) AppleWebKit/537.36 (KHTML, like Gecko) Chrome/79.0.3945.88 Safari/537.36"
66.102.8.138 - - [30/Jan/2020:13:13:18 -0500] "GET /naijadial/css/transitions.css?ver=3.2.2 HTTP/1.1" 304 - "https://www.naijadial.com/?key=a191a033a2c3f744dadd48001cc6d6fd&verifyemail=peboytheking%40gmail.com" "Mozilla/5.0 (Windows NT 6.3; Win64; x64) AppleWebKit/537.36 (KHTML, like Gecko) Chrome/79.0.3945.88 Safari/537.36"
66.102.8.137 - - [30/Jan/2020:13:13:18 -0500] "GET /naijadial/css/chosen.css?ver=3.2.2 HTTP/1.1" 304 - "https://www.naijadial.com/?key=a191a033a2c3f744dadd48001cc6d6fd&verifyemail=peboytheking%40gmail.com" "Mozilla/5.0 (Windows NT 6.3; Win64; x64) AppleWebKit/537.36 (KHTML, like Gecko) Chrome/79.0.3945.88 Safari/537.36"
66.102.8.136 - - [30/Jan/2020:13:13:18 -0500] "GET /cnt/plugins/bbp-style-pack/css/bspstyle.css?ver=4.3.8 HTTP/1.1" 304 - "https://www.naijadial.com/?key=a191a033a2c3f744dadd48001cc6d6fd&verifyemail=peboytheking%40gmail.com" "Mozilla/5.0 (Windows NT 6.3; Win64; x64) AppleWebKit/537.36 (KHTML, like Gecko) Chrome/79.0.3945.88 Safari/537.36"
66.102.8.137 - - [30/Jan/2020:13:13:18 -0500] "GET /cnt/plugins/vc-extensions-bundle/css/admin_icon.css?ver=5.3.2 HTTP/1.1" 200 1139 "https://www.naijadial.com/?key=a191a033a2c3f744dadd48001cc6d6fd&verifyemail=peboytheking%40gmail.com" "Mozilla/5.0 (Windows NT 6.3; Win64; x64) AppleWebKit/537.36 (KHTML, like Gecko) Chrome/79.0.3945.88 Safari/537.36"
66.102.8.131 - - [30/Jan/2020:13:13:18 -0500] "GET /cnt/plugins/js_composer/assets/lib/bower/font-awesome/css/font-awesome.min.css?ver=6.0.5 HTTP/1.1" 304 - "https://www.naijadial.com/?key=a191a033a2c3f744dadd48001cc6d6fd&verifyemail=peboytheking%40gmail.com" "Mozilla/5.0 (Windows NT 6.3; Win64; x64) AppleWebKit/537.36 (KHTML, like Gecko) Chrome/79.0.3945.88 Safari/537.36"
66.102.8.136 - - [30/Jan/2020:13:13:18 -0500] "GET /naijadial/css/linearicons.css?ver=3.2.2 HTTP/1.1" 304 - "https://www.naijadial.com/?key=a191a033a2c3f744dadd48001cc6d6fd&verifyemail=peboytheking%40gmail.com" "Mozilla/5.0 (Windows NT 6.3; Win64; x64) AppleWebKit/537.36 (KHTML, like Gecko) Chrome/79.0.3945.88 Safari/537.36"
66.102.8.131 - - [30/Jan/2020:13:13:18 -0500] "GET /naijadial/css/color.css?ver=3.2.2 HTTP/1.1" 304 - "https://www.naijadial.com/?key=a191a033a2c3f744dadd48001cc6d6fd&verifyemail=peboytheking%40gmail.com" "Mozilla/5.0 (Windows NT 6.3; Win64; x64) AppleWebKit/537.36 (KHTML, like Gecko) Chrome/79.0.3945.88 Safari/537.36"
66.102.8.131 - - [30/Jan/2020:13:13:18 -0500] "GET /naijadial/css/jquery-ui.css?ver=3.2.2 HTTP/1.1" 304 - "https://www.naijadial.com/?key=a191a033a2c3f744dadd48001cc6d6fd&verifyemail=peboytheking%40gmail.com" "Mozilla/5.0 (Windows NT 6.3; Win64; x64) AppleWebKit/537.36 (KHTML, like Gecko) Chrome/79.0.3945.88 Safari/537.36"
66.102.8.137 - - [30/Jan/2020:13:13:18 -0500] "GET /naijadial/style.css?ver=3.2.2 HTTP/1.1" 304 - "https://www.naijadial.com/?key=a191a033a2c3f744dadd48001cc6d6fd&verifyemail=peboytheking%40gmail.com" "Mozilla/5.0 (Windows NT 6.3; Win64; x64) AppleWebKit/537.36 (KHTML, like Gecko) Chrome/79.0.3945.88 Safari/537.36"
66.102.8.137 - - [30/Jan/2020:13:13:18 -0500] "GET /naijadial/css/typo.css?ver=3.2.2 HTTP/1.1" 304 - "https://www.naijadial.com/?key=a191a033a2c3f744dadd48001cc6d6fd&verifyemail=peboytheking%40gmail.com" "Mozilla/5.0 (Windows NT 6.3; Win64; x64) AppleWebKit/537.36 (KHTML, like Gecko) Chrome/79.0.3945.88 Safari/537.36"
66.102.8.131 - - [30/Jan/2020:13:13:18 -0500] "GET /cnt/plugins/mega-addons-for-visual-composer/css/font-awesome/css/font-awesome.css?ver=5.3.2 HTTP/1.1" 304 - "https://www.naijadial.com/?key=a191a033a2c3f744dadd48001cc6d6fd&verifyemail=peboytheking%40gmail.com" "Mozilla/5.0 (Windows NT 6.3; Win64; x64) AppleWebKit/537.36 (KHTML, like Gecko) Chrome/79.0.3945.88 Safari/537.36"
66.102.8.137 - - [30/Jan/2020:13:13:18 -0500] "GET /naijadial/css/chat_module.css?ver=3.2.2 HTTP/1.1" 304 - "https://www.naijadial.com/?key=a191a033a2c3f744dadd48001cc6d6fd&verifyemail=peboytheking%40gmail.com" "Mozilla/5.0 (Windows NT 6.3; Win64; x64) AppleWebKit/537.36 (KHTML, like Gecko) Chrome/79.0.3945.88 Safari/537.36"
66.102.8.131 - - [30/Jan/2020:13:13:18 -0500] "GET /naijadial/css/scrollbar.css?ver=3.2.2 HTTP/1.1" 304 - "https://www.naijadial.com/?key=a191a033a2c3f744dadd48001cc6d6fd&verifyemail=peboytheking%40gmail.com" "Mozilla/5.0 (Windows NT 6.3; Win64; x64) AppleWebKit/537.36 (KHTML, like Gecko) Chrome/79.0.3945.88 Safari/537.36"
66.102.8.136 - - [30/Jan/2020:13:13:18 -0500] "GET /cnt/plugins/unyson/framework/static/libs/typcn/css/typcn.css?ver=2.7.22 HTTP/1.1" 304 - "https://www.naijadial.com/?key=a191a033a2c3f744dadd48001cc6d6fd&verifyemail=peboytheking%40gmail.com" "Mozilla/5.0 (Windows NT 6.3; Win64; x64) AppleWebKit/537.36 (KHTML, like Gecko) Chrome/79.0.3945.88 Safari/537.36"
66.102.8.135 - - [30/Jan/2020:13:13:18 -0500] "GET /cnt/plugins/unyson/framework/static/libs/entypo/css/entypo.css?ver=2.7.22 HTTP/1.1" 304 - "https://www.naijadial.com/?key=a191a033a2c3f744dadd48001cc6d6fd&verifyemail=peboytheking%40gmail.com" "Mozilla/5.0 (Windows NT 6.3; Win64; x64) AppleWebKit/537.36 (KHTML, like Gecko) Chrome/79.0.3945.88 Safari/537.36"
66.102.8.134 - - [30/Jan/2020:13:13:18 -0500] "GET /cnt/plugins/unyson/framework/static/libs/linecons/css/linecons.css?ver=2.7.22 HTTP/1.1" 304 - "https://www.naijadial.com/?key=a191a033a2c3f744dadd48001cc6d6fd&verifyemail=peboytheking%40gmail.com" "Mozilla/5.0 (Windows NT 6.3; Win64; x64) AppleWebKit/537.36 (KHTML, like Gecko) Chrome/79.0.3945.88 Safari/537.36"
66.102.8.135 - - [30/Jan/2020:13:13:18 -0500] "GET /cnt/plugins/mega-addons-for-visual-composer/js/script.js?ver=5.3.2 HTTP/1.1" 304 - "https://www.naijadial.com/?key=a191a033a2c3f744dadd48001cc6d6fd&verifyemail=peboytheking%40gmail.com" "Mozilla/5.0 (Windows NT 6.3; Win64; x64) AppleWebKit/537.36 (KHTML, like Gecko) Chrome/79.0.3945.88 Safari/537.36"
66.102.8.138 - - [30/Jan/2020:13:13:18 -0500] "GET /cnt/plugins/unyson/framework/static/libs/font-awesome/css/font-awesome.min.css?ver=2.7.22 HTTP/1.1" 304 - "https://www.naijadial.com/?key=a191a033a2c3f744dadd48001cc6d6fd&verifyemail=peboytheking%40gmail.com" "Mozilla/5.0 (Windows NT 6.3; Win64; x64) AppleWebKit/537.36 (KHTML, like Gecko) Chrome/79.0.3945.88 Safari/537.36"
66.102.8.138 - - [30/Jan/2020:13:13:18 -0500] "GET /cnt/plugins/vc-extensions-bundle/flipbox/css/style.css?ver=5.3.2 HTTP/1.1" 304 - "https://www.naijadial.com/?key=a191a033a2c3f744dadd48001cc6d6fd&verifyemail=peboytheking%40gmail.com" "Mozilla/5.0 (Windows NT 6.3; Win64; x64) AppleWebKit/537.36 (KHTML, like Gecko) Chrome/79.0.3945.88 Safari/537.36"
66.102.8.138 - - [30/Jan/2020:13:13:18 -0500] "GET /cnt/plugins/js_composer/assets/js/vendors/woocommerce-add-to-cart.js?ver=6.0.5 HTTP/1.1" 304 - "https://www.naijadial.com/?key=a191a033a2c3f744dadd48001cc6d6fd&verifyemail=peboytheking%40gmail.com" "Mozilla/5.0 (Windows NT 6.3; Win64; x64) AppleWebKit/537.36 (KHTML, like Gecko) Chrome/79.0.3945.88 Safari/537.36"
66.102.8.135 - - [30/Jan/2020:13:13:18 -0500] "GET /cnt/plugins/revslider/public/assets/js/revolution.tools.min.js?ver=6.0 HTTP/1.1" 304 - "https://www.naijadial.com/?key=a191a033a2c3f744dadd48001cc6d6fd&verifyemail=peboytheking%40gmail.com" "Mozilla/5.0 (Windows NT 6.3; Win64; x64) AppleWebKit/537.36 (KHTML, like Gecko) Chrome/79.0.3945.88 Safari/537.36"
66.102.8.136 - - [30/Jan/2020:13:13:18 -0500] "GET /naijadial/framework-customizations/extensions/ads/static/js/fw_ext_ads_callbacks.js?ver=1.0 HTTP/1.1" 304 - "https://www.naijadial.com/?key=a191a033a2c3f744dadd48001cc6d6fd&verifyemail=peboytheking%40gmail.com" "Mozilla/5.0 (Windows NT 6.3; Win64; x64) AppleWebKit/537.36 (KHTML, like Gecko) Chrome/79.0.3945.88 Safari/537.36"
66.102.8.137 - - [30/Jan/2020:13:13:18 -0500] "GET /cnt/plugins/contact-form-7/includes/js/scripts.js?ver=5.1.6 HTTP/1.1" 304 - "https://www.naijadial.com/?key=a191a033a2c3f744dadd48001cc6d6fd&verifyemail=peboytheking%40gmail.com" "Mozilla/5.0 (Windows NT 6.3; Win64; x64) AppleWebKit/537.36 (KHTML, like Gecko) Chrome/79.0.3945.88 Safari/537.36"
66.102.8.135 - - [30/Jan/2020:13:13:18 -0500] "GET /naijadial/css/responsive.css?ver=3.2.2 HTTP/1.1" 304 - "https://www.naijadial.com/?key=a191a033a2c3f744dadd48001cc6d6fd&verifyemail=peboytheking%40gmail.com" "Mozilla/5.0 (Windows NT 6.3; Win64; x64) AppleWebKit/537.36 (KHTML, like Gecko) Chrome/79.0.3945.88 Safari/537.36"
66.102.8.137 - - [30/Jan/2020:13:13:18 -0500] "GET /naijadial/js/appear.js?ver=5.3.2 HTTP/1.1" 304 - "https://www.naijadial.com/?key=a191a033a2c3f744dadd48001cc6d6fd&verifyemail=peboytheking%40gmail.com" "Mozilla/5.0 (Windows NT 6.3; Win64; x64) AppleWebKit/537.36 (KHTML, like Gecko) Chrome/79.0.3945.88 Safari/537.36"
66.102.8.135 - - [30/Jan/2020:13:13:18 -0500] "GET /files/so-css/so-css-listingo.css?ver=1580144791 HTTP/1.1" 304 - "https://www.naijadial.com/?key=a191a033a2c3f744dadd48001cc6d6fd&verifyemail=peboytheking%40gmail.com" "Mozilla/5.0 (Windows NT 6.3; Win64; x64) AppleWebKit/537.36 (KHTML, like Gecko) Chrome/79.0.3945.88 Safari/537.36"
66.102.8.131 - - [30/Jan/2020:13:13:18 -0500] "GET /cnt/plugins/revslider/public/assets/js/rs6.min.js?ver=6.0.7 HTTP/1.1" 304 - "https://www.naijadial.com/?key=a191a033a2c3f744dadd48001cc6d6fd&verifyemail=peboytheking%40gmail.com" "Mozilla/5.0 (Windows NT 6.3; Win64; x64) AppleWebKit/537.36 (KHTML, like Gecko) Chrome/79.0.3945.88 Safari/537.36"
66.102.8.134 - - [30/Jan/2020:13:13:18 -0500] "GET /naijadial/css/pogoslider.css?ver=3.2.2 HTTP/1.1" 304 - "https://www.naijadial.com/?key=a191a033a2c3f744dadd48001cc6d6fd&verifyemail=peboytheking%40gmail.com" "Mozilla/5.0 (Windows NT 6.3; Win64; x64) AppleWebKit/537.36 (KHTML, like Gecko) Chrome/79.0.3945.88 Safari/537.36"
66.102.8.137 - - [30/Jan/2020:13:13:18 -0500] "GET /naijadial/js/vendor/bootstrap.min.js?ver=3.2.2 HTTP/1.1" 200 9838 "https://www.naijadial.com/?key=a191a033a2c3f744dadd48001cc6d6fd&verifyemail=peboytheking%40gmail.com" "Mozilla/5.0 (Windows NT 6.3; Win64; x64) AppleWebKit/537.36 (KHTML, like Gecko) Chrome/79.0.3945.88 Safari/537.36"
66.102.8.136 - - [30/Jan/2020:13:13:18 -0500] "GET /cnt/plugins/unyson/framework/static/libs/lnr/css/lnr.css?ver=2.7.22 HTTP/1.1" 304 - "https://www.naijadial.com/?key=a191a033a2c3f744dadd48001cc6d6fd&verifyemail=peboytheking%40gmail.com" "Mozilla/5.0 (Windows NT 6.3; Win64; x64) AppleWebKit/537.36 (KHTML, like Gecko) Chrome/79.0.3945.88 Safari/537.36"
66.102.8.137 - - [30/Jan/2020:13:13:18 -0500] "GET /cnt/plugins/unyson/framework/static/libs/unycon/unycon.css?ver=2.7.22 HTTP/1.1" 304 - "https://www.naijadial.com/?key=a191a033a2c3f744dadd48001cc6d6fd&verifyemail=peboytheking%40gmail.com" "Mozilla/5.0 (Windows NT 6.3; Win64; x64) AppleWebKit/537.36 (KHTML, like Gecko) Chrome/79.0.3945.88 Safari/537.36"
66.102.8.135 - - [30/Jan/2020:13:13:18 -0500] "GET /cnt/plugins/unyson/framework/static/js/fw-form-helpers.js?ver=5.3.2 HTTP/1.1" 304 - "https://www.naijadial.com/?key=a191a033a2c3f744dadd48001cc6d6fd&verifyemail=peboytheking%40gmail.com" "Mozilla/5.0 (Windows NT 6.3; Win64; x64) AppleWebKit/537.36 (KHTML, like Gecko) Chrome/79.0.3945.88 Safari/537.36"
66.102.8.136 - - [30/Jan/2020:13:13:18 -0500] "GET /naijadial/js/gmap3.min.js?ver=5.3.2 HTTP/1.1" 304 - "https://www.naijadial.com/?key=a191a033a2c3f744dadd48001cc6d6fd&verifyemail=peboytheking%40gmail.com" "Mozilla/5.0 (Windows NT 6.3; Win64; x64) AppleWebKit/537.36 (KHTML, like Gecko) Chrome/79.0.3945.88 Safari/537.36"
66.102.8.134 - - [30/Jan/2020:13:13:18 -0500] "GET /naijadial/js/listingo_callbacks.js?ver=3.2.2 HTTP/1.1" 304 - "https://www.naijadial.com/?key=a191a033a2c3f744dadd48001cc6d6fd&verifyemail=peboytheking%40gmail.com" "Mozilla/5.0 (Windows NT 6.3; Win64; x64) AppleWebKit/537.36 (KHTML, like Gecko) Chrome/79.0.3945.88 Safari/537.36"
66.102.8.135 - - [30/Jan/2020:13:13:18 -0500] "GET /naijadial/js/jquery.countdown.js?ver=3.2.2 HTTP/1.1" 200 600 "https://www.naijadial.com/?key=a191a033a2c3f744dadd48001cc6d6fd&verifyemail=peboytheking%40gmail.com" "Mozilla/5.0 (Windows NT 6.3; Win64; x64) AppleWebKit/537.36 (KHTML, like Gecko) Chrome/79.0.3945.88 Safari/537.36"
66.102.8.134 - - [30/Jan/2020:13:13:18 -0500] "GET /naijadial/js/owl.carousel.min.js?ver=3.2.2 HTTP/1.1" 304 - "https://www.naijadial.com/?key=a191a033a2c3f744dadd48001cc6d6fd&verifyemail=peboytheking%40gmail.com" "Mozilla/5.0 (Windows NT 6.3; Win64; x64) AppleWebKit/537.36 (KHTML, like Gecko) Chrome/79.0.3945.88 Safari/537.36"
66.102.8.138 - - [30/Jan/2020:13:13:18 -0500] "GET /naijadial/js/datetimepicker.js?ver=3.2.2 HTTP/1.1" 304 - "https://www.naijadial.com/?key=a191a033a2c3f744dadd48001cc6d6fd&verifyemail=peboytheking%40gmail.com" "Mozilla/5.0 (Windows NT 6.3; Win64; x64) AppleWebKit/537.36 (KHTML, like Gecko) Chrome/79.0.3945.88 Safari/537.36"
66.102.8.134 - - [30/Jan/2020:13:13:18 -0500] "GET /files/2020/01/Adex-92x92.jpg HTTP/1.1" 304 - "https://www.naijadial.com/?key=a191a033a2c3f744dadd48001cc6d6fd&verifyemail=peboytheking%40gmail.com" "Mozilla/5.0 (Windows NT 6.3; Win64; x64) AppleWebKit/537.36 (KHTML, like Gecko) Chrome/79.0.3945.88 Safari/537.36"
66.102.8.131 - - [30/Jan/2020:13:13:18 -0500] "GET /naijadial/js/chosen.jquery.js?ver=3.2.2 HTTP/1.1" 304 - "https://www.naijadial.com/?key=a191a033a2c3f744dadd48001cc6d6fd&verifyemail=peboytheking%40gmail.com" "Mozilla/5.0 (Windows NT 6.3; Win64; x64) AppleWebKit/537.36 (KHTML, like Gecko) Chrome/79.0.3945.88 Safari/537.36"
66.102.8.131 - - [30/Jan/2020:13:13:18 -0500] "GET /naijadial/js/parallax.js?ver=5.3.2 HTTP/1.1" 304 - "https://www.naijadial.com/?key=a191a033a2c3f744dadd48001cc6d6fd&verifyemail=peboytheking%40gmail.com" "Mozilla/5.0 (Windows NT 6.3; Win64; x64) AppleWebKit/537.36 (KHTML, like Gecko) Chrome/79.0.3945.88 Safari/537.36"
66.102.8.134 - - [30/Jan/2020:13:13:18 -0500] "GET /cnt/plugins/js_composer/assets/js/dist/js_composer_front.min.js?ver=6.0.5 HTTP/1.1" 304 - "https://www.naijadial.com/?key=a191a033a2c3f744dadd48001cc6d6fd&verifyemail=peboytheking%40gmail.com" "Mozilla/5.0 (Windows NT 6.3; Win64; x64) AppleWebKit/537.36 (KHTML, like Gecko) Chrome/79.0.3945.88 Safari/537.36"
66.102.8.134 - - [30/Jan/2020:13:13:18 -0500] "GET /naijadial/js/jquery.auto-complete.js?ver=3.2.2 HTTP/1.1" 304 - "https://www.naijadial.com/?key=a191a033a2c3f744dadd48001cc6d6fd&verifyemail=peboytheking%40gmail.com" "Mozilla/5.0 (Windows NT 6.3; Win64; x64) AppleWebKit/537.36 (KHTML, like Gecko) Chrome/79.0.3945.88 Safari/537.36"
66.102.8.135 - - [30/Jan/2020:13:13:18 -0500] "GET /cnt/plugins/vc-extensions-bundle/flipbox/js/init.min.js?ver=5.3.2 HTTP/1.1" 304 - "https://www.naijadial.com/?key=a191a033a2c3f744dadd48001cc6d6fd&verifyemail=peboytheking%40gmail.com" "Mozilla/5.0 (Windows NT 6.3; Win64; x64) AppleWebKit/537.36 (KHTML, like Gecko) Chrome/79.0.3945.88 Safari/537.36"
66.102.8.137 - - [30/Jan/2020:13:13:18 -0500] "GET /naijadial/js/pogoslider.js?ver=5.3.2 HTTP/1.1" 304 - "https://www.naijadial.com/?key=a191a033a2c3f744dadd48001cc6d6fd&verifyemail=peboytheking%40gmail.com" "Mozilla/5.0 (Windows NT 6.3; Win64; x64) AppleWebKit/537.36 (KHTML, like Gecko) Chrome/79.0.3945.88 Safari/537.36"
66.102.8.131 - - [30/Jan/2020:13:13:18 -0500] "GET /cluder/js/wp-emoji-release.min.js?ver=5.3.2 HTTP/1.1" 304 - "https://www.naijadial.com/?key=a191a033a2c3f744dadd48001cc6d6fd&verifyemail=peboytheking%40gmail.com" "Mozilla/5.0 (Windows NT 6.3; Win64; x64) AppleWebKit/537.36 (KHTML, like Gecko) Chrome/79.0.3945.88 Safari/537.36"
66.102.8.131 - - [30/Jan/2020:13:13:18 -0500] "GET /files/2020/01/Fashion-275x152.jpg HTTP/1.1" 304 - "https://www.naijadial.com/?key=a191a033a2c3f744dadd48001cc6d6fd&verifyemail=peboytheking%40gmail.com" "Mozilla/5.0 (Windows NT 6.3; Win64; x64) AppleWebKit/537.36 (KHTML, like Gecko) Chrome/79.0.3945.88 Safari/537.36"
66.102.8.136 - - [30/Jan/2020:13:13:18 -0500] "GET /files/2020/01/Child-Care-275x152.jpg HTTP/1.1" 304 - "https://www.naijadial.com/?key=a191a033a2c3f744dadd48001cc6d6fd&verifyemail=peboytheking%40gmail.com" "Mozilla/5.0 (Windows NT 6.3; Win64; x64) AppleWebKit/537.36 (KHTML, like Gecko) Chrome/79.0.3945.88 Safari/537.36"
66.102.8.135 - - [30/Jan/2020:13:13:18 -0500] "GET /files/2020/01/Construction-275x152.jpg HTTP/1.1" 304 - "https://www.naijadial.com/?key=a191a033a2c3f744dadd48001cc6d6fd&verifyemail=peboytheking%40gmail.com" "Mozilla/5.0 (Windows NT 6.3; Win64; x64) AppleWebKit/537.36 (KHTML, like Gecko) Chrome/79.0.3945.88 Safari/537.36"
66.102.8.135 - - [30/Jan/2020:13:13:18 -0500] "GET /files/2020/01/NaijaDial-Avatar-92x92.png HTTP/1.1" 304 - "https://www.naijadial.com/?key=a191a033a2c3f744dadd48001cc6d6fd&verifyemail=peboytheking%40gmail.com" "Mozilla/5.0 (Windows NT 6.3; Win64; x64) AppleWebKit/537.36 (KHTML, like Gecko) Chrome/79.0.3945.88 Safari/537.36"
66.102.8.138 - - [30/Jan/2020:13:13:18 -0500] "GET /naijadial/css/normalize.css?ver=3.2.2 HTTP/1.1" 304 - "https://www.naijadial.com/?key=a191a033a2c3f744dadd48001cc6d6fd&verifyemail=peboytheking%40gmail.com" "Mozilla/5.0 (Windows NT 6.3; Win64; x64) AppleWebKit/537.36 (KHTML, like Gecko) Chrome/79.0.3945.88 Safari/537.36"
66.102.8.135 - - [30/Jan/2020:13:13:18 -0500] "GET /files/2020/01/Food-275x152.jpg HTTP/1.1" 304 - "https://www.naijadial.com/?key=a191a033a2c3f744dadd48001cc6d6fd&verifyemail=peboytheking%40gmail.com" "Mozilla/5.0 (Windows NT 6.3; Win64; x64) AppleWebKit/537.36 (KHTML, like Gecko) Chrome/79.0.3945.88 Safari/537.36"
66.102.8.137 - - [30/Jan/2020:13:13:18 -0500] "GET /files/2019/12/NaijaDial-Logo.png HTTP/1.1" 304 - "https://www.naijadial.com/?key=a191a033a2c3f744dadd48001cc6d6fd&verifyemail=peboytheking%40gmail.com" "Mozilla/5.0 (Windows NT 6.3; Win64; x64) AppleWebKit/537.36 (KHTML, like Gecko) Chrome/79.0.3945.88 Safari/537.36"
66.102.8.134 - - [30/Jan/2020:13:13:18 -0500] "GET /naijadial/js/listingo_maps.js?ver=3.2.2 HTTP/1.1" 304 - "https://www.naijadial.com/?key=a191a033a2c3f744dadd48001cc6d6fd&verifyemail=peboytheking%40gmail.com" "Mozilla/5.0 (Windows NT 6.3; Win64; x64) AppleWebKit/537.36 (KHTML, like Gecko) Chrome/79.0.3945.88 Safari/537.36"
66.102.8.136 - - [30/Jan/2020:13:13:18 -0500] "GET /cnt/plugins/gd-bbpress-toolbox/templates/default/css/widgets.min.css?ver=5.2.1.712 HTTP/1.1" 304 - "https://www.naijadial.com/?key=a191a033a2c3f744dadd48001cc6d6fd&verifyemail=peboytheking%40gmail.com" "Mozilla/5.0 (Windows NT 6.3; Win64; x64) AppleWebKit/537.36 (KHTML, like Gecko) Chrome/79.0.3945.88 Safari/537.36"
66.102.8.136 - - [30/Jan/2020:13:13:18 -0500] "GET /files/2020/01/Professional-275x152.jpg HTTP/1.1" 304 - "https://www.naijadial.com/?key=a191a033a2c3f744dadd48001cc6d6fd&verifyemail=peboytheking%40gmail.com" "Mozilla/5.0 (Windows NT 6.3; Win64; x64) AppleWebKit/537.36 (KHTML, like Gecko) Chrome/79.0.3945.88 Safari/537.36"
66.102.8.131 - - [30/Jan/2020:13:13:18 -0500] "GET /files/2019/12/Business-275x152.png HTTP/1.1" 304 - "https://www.naijadial.com/?key=a191a033a2c3f744dadd48001cc6d6fd&verifyemail=peboytheking%40gmail.com" "Mozilla/5.0 (Windows NT 6.3; Win64; x64) AppleWebKit/537.36 (KHTML, like Gecko) Chrome/79.0.3945.88 Safari/537.36"
66.102.8.131 - - [30/Jan/2020:13:13:18 -0500] "GET /naijadial/js/scrollbar.min.js?ver=3.2.2 HTTP/1.1" 304 - "https://www.naijadial.com/?key=a191a033a2c3f744dadd48001cc6d6fd&verifyemail=peboytheking%40gmail.com" "Mozilla/5.0 (Windows NT 6.3; Win64; x64) AppleWebKit/537.36 (KHTML, like Gecko) Chrome/79.0.3945.88 Safari/537.36"
66.102.8.134 - - [30/Jan/2020:13:13:18 -0500] "GET /files/2020/01/training-275x152.jpg HTTP/1.1" 304 - "https://www.naijadial.com/?key=a191a033a2c3f744dadd48001cc6d6fd&verifyemail=peboytheking%40gmail.com" "Mozilla/5.0 (Windows NT 6.3; Win64; x64) AppleWebKit/537.36 (KHTML, like Gecko) Chrome/79.0.3945.88 Safari/537.36"
66.102.8.138 - - [30/Jan/2020:13:13:18 -0500] "GET /files/2020/01/Cleaning-275x152.jpg HTTP/1.1" 304 - "https://www.naijadial.com/?key=a191a033a2c3f744dadd48001cc6d6fd&verifyemail=peboytheking%40gmail.com" "Mozilla/5.0 (Windows NT 6.3; Win64; x64) AppleWebKit/537.36 (KHTML, like Gecko) Chrome/79.0.3945.88 Safari/537.36"
66.102.8.131 - - [30/Jan/2020:13:13:18 -0500] "GET /files/2020/01/Matican-Logo-100x100.png HTTP/1.1" 304 - "https://www.naijadial.com/?key=a191a033a2c3f744dadd48001cc6d6fd&verifyemail=peboytheking%40gmail.com" "Mozilla/5.0 (Windows NT 6.3; Win64; x64) AppleWebKit/537.36 (KHTML, like Gecko) Chrome/79.0.3945.88 Safari/537.36"
66.102.8.135 - - [30/Jan/2020:13:13:18 -0500] "GET /files/2020/01/NaijaDial-Logo.png HTTP/1.1" 304 - "https://www.naijadial.com/?key=a191a033a2c3f744dadd48001cc6d6fd&verifyemail=peboytheking%40gmail.com" "Mozilla/5.0 (Windows NT 6.3; Win64; x64) AppleWebKit/537.36 (KHTML, like Gecko) Chrome/79.0.3945.88 Safari/537.36"
66.102.8.136 - - [30/Jan/2020:13:13:18 -0500] "GET /files/2020/01/responsive-web-design-360x240.png HTTP/1.1" 304 - "https://www.naijadial.com/?key=a191a033a2c3f744dadd48001cc6d6fd&verifyemail=peboytheking%40gmail.com" "Mozilla/5.0 (Windows NT 6.3; Win64; x64) AppleWebKit/537.36 (KHTML, like Gecko) Chrome/79.0.3945.88 Safari/537.36"
66.102.8.135 - - [30/Jan/2020:13:13:18 -0500] "GET /naijadial/js/vendor/modernizr-2.8.3-respond-1.4.2.min.js?ver=3.2.2 HTTP/1.1" 304 - "https://www.naijadial.com/?key=a191a033a2c3f744dadd48001cc6d6fd&verifyemail=peboytheking%40gmail.com" "Mozilla/5.0 (Windows NT 6.3; Win64; x64) AppleWebKit/537.36 (KHTML, like Gecko) Chrome/79.0.3945.88 Safari/537.36"
66.102.8.136 - - [30/Jan/2020:13:13:18 -0500] "GET /naijadial/css/owl.theme.default.min.css?ver=3.2.2 HTTP/1.1" 304 - "https://www.naijadial.com/?key=a191a033a2c3f744dadd48001cc6d6fd&verifyemail=peboytheking%40gmail.com" "Mozilla/5.0 (Windows NT 6.3; Win64; x64) AppleWebKit/537.36 (KHTML, like Gecko) Chrome/79.0.3945.88 Safari/537.36"
66.102.8.136 - - [30/Jan/2020:13:13:19 -0500] "GET /naijadial/js/countTo.js?ver=5.3.2 HTTP/1.1" 304 - "https://www.naijadial.com/?key=a191a033a2c3f744dadd48001cc6d6fd&verifyemail=peboytheking%40gmail.com" "Mozilla/5.0 (Windows NT 6.3; Win64; x64) AppleWebKit/537.36 (KHTML, like Gecko) Chrome/79.0.3945.88 Safari/537.36"
66.102.8.131 - - [30/Jan/2020:13:13:19 -0500] "GET /files/2020/01/Health-1.jpg HTTP/1.1" 304 - "https://www.naijadial.com/?key=a191a033a2c3f744dadd48001cc6d6fd&verifyemail=peboytheking%40gmail.com" "Mozilla/5.0 (Windows NT 6.3; Win64; x64) AppleWebKit/537.36 (KHTML, like Gecko) Chrome/79.0.3945.88 Safari/537.36"
66.102.8.131 - - [30/Jan/2020:13:13:19 -0500] "GET /files/2019/12/Business.png HTTP/1.1" 304 - "https://www.naijadial.com/?key=a191a033a2c3f744dadd48001cc6d6fd&verifyemail=peboytheking%40gmail.com" "Mozilla/5.0 (Windows NT 6.3; Win64; x64) AppleWebKit/537.36 (KHTML, like Gecko) Chrome/79.0.3945.88 Safari/537.36"
66.102.8.138 - - [30/Jan/2020:13:13:19 -0500] "GET /files/2020/01/Fashion.jpg HTTP/1.1" 304 - "https://www.naijadial.com/?key=a191a033a2c3f744dadd48001cc6d6fd&verifyemail=peboytheking%40gmail.com" "Mozilla/5.0 (Windows NT 6.3; Win64; x64) AppleWebKit/537.36 (KHTML, like Gecko) Chrome/79.0.3945.88 Safari/537.36"
66.102.8.138 - - [30/Jan/2020:13:13:19 -0500] "GET /files/2020/01/training.jpg HTTP/1.1" 304 - "https://www.naijadial.com/?key=a191a033a2c3f744dadd48001cc6d6fd&verifyemail=peboytheking%40gmail.com" "Mozilla/5.0 (Windows NT 6.3; Win64; x64) AppleWebKit/537.36 (KHTML, like Gecko) Chrome/79.0.3945.88 Safari/537.36"
66.102.8.136 - - [30/Jan/2020:13:13:19 -0500] "GET /cluder/js/dist/vendor/wp-polyfill-formdata.min.js?ver=3.0.12 HTTP/1.1" 304 - "https://www.naijadial.com/?key=a191a033a2c3f744dadd48001cc6d6fd&verifyemail=peboytheking%40gmail.com" "Mozilla/5.0 (Windows NT 6.3; Win64; x64) AppleWebKit/537.36 (KHTML, like Gecko) Chrome/79.0.3945.88 Safari/537.36"
66.102.8.137 - - [30/Jan/2020:13:13:19 -0500] "GET /files/2020/01/Automotives.png HTTP/1.1" 304 - "https://www.naijadial.com/?key=a191a033a2c3f744dadd48001cc6d6fd&verifyemail=peboytheking%40gmail.com" "Mozilla/5.0 (Windows NT 6.3; Win64; x64) AppleWebKit/537.36 (KHTML, like Gecko) Chrome/79.0.3945.88 Safari/537.36"
66.102.8.131 - - [30/Jan/2020:13:13:19 -0500] "GET /files/2020/01/Professional.jpg HTTP/1.1" 304 - "https://www.naijadial.com/?key=a191a033a2c3f744dadd48001cc6d6fd&verifyemail=peboytheking%40gmail.com" "Mozilla/5.0 (Windows NT 6.3; Win64; x64) AppleWebKit/537.36 (KHTML, like Gecko) Chrome/79.0.3945.88 Safari/537.36"
66.102.8.131 - - [30/Jan/2020:13:13:19 -0500] "GET /files/2020/01/Events-Header.png HTTP/1.1" 304 - "https://www.naijadial.com/?key=a191a033a2c3f744dadd48001cc6d6fd&verifyemail=peboytheking%40gmail.com" "Mozilla/5.0 (Windows NT 6.3; Win64; x64) AppleWebKit/537.36 (KHTML, like Gecko) Chrome/79.0.3945.88 Safari/537.36"
