193.109.85.12 - - [30/Jan/2020:08:27:33 -0500] "POST /wp-admin/admin-ajax.php HTTP/1.1" 200 47 "https://www.naijadial.com/wp-admin/users.php?paged=2" "Mozilla/5.0 (Windows NT 6.3; Win64; x64) AppleWebKit/537.36 (KHTML, like Gecko) Chrome/79.0.3945.130 Safari/537.36"
154.118.76.104 - - [30/Jan/2020:08:27:34 -0500] "GET /new/wp-content/uploads/2020/01/About-Header.jpg HTTP/1.1" 304 - "https://www.naijadial.com/about/" "Mozilla/5.0 (Linux; Android 8.1.0; DUB-LX1) AppleWebKit/537.36 (KHTML, like Gecko) Chrome/79.0.3945.136 Mobile Safari/537.36"
154.118.76.104 - - [30/Jan/2020:08:27:34 -0500] "GET /files/2020/01/Service-Providers-600x600.png HTTP/1.1" 304 - "https://www.naijadial.com/about/" "Mozilla/5.0 (Linux; Android 8.1.0; DUB-LX1) AppleWebKit/537.36 (KHTML, like Gecko) Chrome/79.0.3945.136 Mobile Safari/537.36"
154.118.76.104 - - [30/Jan/2020:08:27:34 -0500] "GET /files/2020/01/NaijaDial-Users-600x600.png HTTP/1.1" 304 - "https://www.naijadial.com/about/" "Mozilla/5.0 (Linux; Android 8.1.0; DUB-LX1) AppleWebKit/537.36 (KHTML, like Gecko) Chrome/79.0.3945.136 Mobile Safari/537.36"
193.109.85.12 - - [30/Jan/2020:08:27:36 -0500] "GET /wp-admin/users.php?paged=2 HTTP/1.1" 200 47171 "https://www.naijadial.com/wp-admin/users.php" "Mozilla/5.0 (Windows NT 6.3; Win64; x64) AppleWebKit/537.36 (KHTML, like Gecko) Chrome/79.0.3945.130 Safari/537.36"
193.109.85.12 - - [30/Jan/2020:08:27:39 -0500] "GET /files/2020/01/IMG_20200128_150231_708-92x92.jpg HTTP/1.1" 200 2558 "https://www.naijadial.com/wp-admin/users.php?paged=2" "Mozilla/5.0 (Windows NT 6.3; Win64; x64) AppleWebKit/537.36 (KHTML, like Gecko) Chrome/79.0.3945.130 Safari/537.36"
154.118.76.104 - - [30/Jan/2020:08:27:41 -0500] "GET /about/apple-touch-icon.png HTTP/1.1" 404 52350 "https://www.naijadial.com/about/" "Mozilla/5.0 (Linux; Android 8.1.0; DUB-LX1) AppleWebKit/537.36 (KHTML, like Gecko) Chrome/79.0.3945.136 Mobile Safari/537.36"
193.109.85.12 - - [30/Jan/2020:08:27:41 -0500] "GET /wp-json/jetpack/v4/jitm?message_path=wp%3Ausers%3Aadmin_notices&query=paged%253D2&_wpnonce=8f1d28b7d0 HTTP/1.1" 200 2 "https://www.naijadial.com/wp-admin/users.php?paged=2" "Mozilla/5.0 (Windows NT 6.3; Win64; x64) AppleWebKit/537.36 (KHTML, like Gecko) Chrome/79.0.3945.130 Safari/537.36"
154.118.76.104 - - [30/Jan/2020:08:27:44 -0500] "GET /listingo/images/line-bar.jpg HTTP/1.1" 404 53100 "https://www.naijadial.com/naijadial/style.css?ver=3.2.2" "Mozilla/5.0 (Linux; Android 8.1.0; DUB-LX1) AppleWebKit/537.36 (KHTML, like Gecko) Chrome/79.0.3945.136 Mobile Safari/537.36"
66.249.65.103 - - [30/Jan/2020:08:27:53 -0500] "GET /robots.txt HTTP/1.1" 200 69 "-" "Mozilla/5.0 (compatible; Googlebot/2.1; +http://www.google.com/bot.html)"
66.249.65.107 - - [30/Jan/2020:08:27:53 -0500] "GET /wp-content/plugins/tinymce-advanced/ HTTP/1.1" 200 478 "-" "Mozilla/5.0 (Linux; Android 6.0.1; Nexus 5X Build/MMB29P) AppleWebKit/537.36 (KHTML, like Gecko) Chrome/41.0.2272.96 Mobile Safari/537.36 (compatible; Googlebot/2.1; +http://www.google.com/bot.html)"
193.109.85.12 - - [30/Jan/2020:07:57:17 -0500] "GET /cnt/plugins/unyson/framework/core/components/extensions/manager/static/unyson-font-icon/fonts/icomoon.woff?iganyx HTTP/1.1" 304 - "https://www.naijadial.com/cnt/plugins/unyson/framework/core/components/extensions/manager/static/unyson-font-icon/style.css?ver=2.7.22" "Mozilla/5.0 (Windows NT 6.3; Win64; x64) AppleWebKit/537.36 (KHTML, like Gecko) Chrome/79.0.3945.130 Safari/537.36"
46.101.112.205 - - [30/Jan/2020:08:36:11 -0500] "GET /wp-login.php HTTP/1.1" 200 1761 "-" "Mozilla/5.0 (X11; Ubuntu; Linux x86_64; rv:62.0) Gecko/20100101 Firefox/62.0"
68.65.121.137 - - [30/Jan/2020:08:36:17 -0500] "POST /wp-cron.php?doing_wp_cron=1580391376.8998301029205322265625 HTTP/1.1" 200 - "https://www.naijadial.com/wp-cron.php?doing_wp_cron=1580391376.8998301029205322265625" "WordPress/5.3.2; https://www.naijadial.com"
46.101.112.205 - - [30/Jan/2020:08:36:19 -0500] "POST /wp-login.php HTTP/1.1" 401 3595 "-" "Mozilla/5.0 (X11; Ubuntu; Linux x86_64; rv:62.0) Gecko/20100101 Firefox/62.0"
46.101.112.205 - - [30/Jan/2020:08:36:20 -0500] "POST /xmlrpc.php HTTP/1.1" 200 225 "-" "Mozilla/5.0 (X11; Ubuntu; Linux x86_64; rv:62.0) Gecko/20100101 Firefox/62.0"
193.109.85.12 - - [30/Jan/2020:08:36:44 -0500] "POST /wp-admin/admin-ajax.php HTTP/1.1" 200 47 "https://www.naijadial.com/wp-admin/users.php?paged=2" "Mozilla/5.0 (Windows NT 6.3; Win64; x64) AppleWebKit/537.36 (KHTML, like Gecko) Chrome/79.0.3945.130 Safari/537.36"
68.65.121.137 - - [30/Jan/2020:08:37:23 -0500] "POST /wp-cron.php?doing_wp_cron=1580391443.4216918945312500000000 HTTP/1.1" 200 - "https://www.naijadial.com/wp-cron.php?doing_wp_cron=1580391443.4216918945312500000000" "WordPress/5.3.2; https://www.naijadial.com"
193.109.85.12 - - [30/Jan/2020:08:37:23 -0500] "POST /wp-admin/admin-ajax.php HTTP/1.1" 200 47 "https://www.naijadial.com/wp-admin/themes.php?page=fw-settings" "Mozilla/5.0 (Windows NT 6.3; Win64; x64) AppleWebKit/537.36 (KHTML, like Gecko) Chrome/79.0.3945.130 Safari/537.36"
68.65.121.137 - - [30/Jan/2020:08:38:37 -0500] "POST /wp-cron.php?doing_wp_cron=1580391517.6787540912628173828125 HTTP/1.1" 200 - "https://www.naijadial.com/wp-cron.php?doing_wp_cron=1580391517.6787540912628173828125" "WordPress/5.3.2; https://www.naijadial.com"
66.249.65.103 - - [30/Jan/2020:08:38:37 -0500] "GET /terms-and-conditions/ HTTP/1.1" 200 13880 "-" "Mozilla/5.0 (Linux; Android 6.0.1; Nexus 5X Build/MMB29P) AppleWebKit/537.36 (KHTML, like Gecko) Chrome/41.0.2272.96 Mobile Safari/537.36 (compatible; Googlebot/2.1; +http://www.google.com/bot.html)"
193.109.85.12 - - [30/Jan/2020:08:38:44 -0500] "POST /wp-admin/admin-ajax.php HTTP/1.1" 200 47 "https://www.naijadial.com/wp-admin/users.php?paged=2" "Mozilla/5.0 (Windows NT 6.3; Win64; x64) AppleWebKit/537.36 (KHTML, like Gecko) Chrome/79.0.3945.130 Safari/537.36"
68.65.121.137 - - [30/Jan/2020:08:39:23 -0500] "POST /wp-cron.php?doing_wp_cron=1580391563.5358009338378906250000 HTTP/1.1" 200 - "https://www.naijadial.com/wp-cron.php?doing_wp_cron=1580391563.5358009338378906250000" "WordPress/5.3.2; https://www.naijadial.com"
193.109.85.12 - - [30/Jan/2020:08:39:23 -0500] "POST /wp-admin/admin-ajax.php HTTP/1.1" 200 47 "https://www.naijadial.com/wp-admin/themes.php?page=fw-settings" "Mozilla/5.0 (Windows NT 6.3; Win64; x64) AppleWebKit/537.36 (KHTML, like Gecko) Chrome/79.0.3945.130 Safari/537.36"
68.65.121.137 - - [30/Jan/2020:08:40:46 -0500] "POST /wp-cron.php?doing_wp_cron=1580391646.5665431022644042968750 HTTP/1.1" 200 - "https://www.naijadial.com/wp-cron.php?doing_wp_cron=1580391646.5665431022644042968750" "WordPress/5.3.2; https://www.naijadial.com"
193.109.85.12 - - [30/Jan/2020:08:40:46 -0500] "POST /wp-admin/admin-ajax.php HTTP/1.1" 200 47 "https://www.naijadial.com/wp-admin/users.php?paged=2" "Mozilla/5.0 (Windows NT 6.3; Win64; x64) AppleWebKit/537.36 (KHTML, like Gecko) Chrome/79.0.3945.130 Safari/537.36"
68.65.121.137 - - [30/Jan/2020:08:41:23 -0500] "POST /wp-cron.php?doing_wp_cron=1580391683.5508480072021484375000 HTTP/1.1" 200 - "https://www.naijadial.com/wp-cron.php?doing_wp_cron=1580391683.5508480072021484375000" "WordPress/5.3.2; https://www.naijadial.com"
193.109.85.12 - - [30/Jan/2020:08:41:23 -0500] "POST /wp-admin/admin-ajax.php HTTP/1.1" 200 47 "https://www.naijadial.com/wp-admin/themes.php?page=fw-settings" "Mozilla/5.0 (Windows NT 6.3; Win64; x64) AppleWebKit/537.36 (KHTML, like Gecko) Chrome/79.0.3945.130 Safari/537.36"
68.65.121.137 - - [30/Jan/2020:08:33:46 -0500] "POST /wp-cron.php?doing_wp_cron=1580391226.5454730987548828125000 HTTP/1.1" 200 - "https://www.naijadial.com/wp-cron.php?doing_wp_cron=1580391226.5454730987548828125000" "WordPress/5.3.2; https://www.naijadial.com"
193.109.85.12 - - [30/Jan/2020:08:33:42 -0500] "POST /wp-admin/admin-ajax.php HTTP/1.1" 200 47 "https://www.naijadial.com/wp-admin/users.php?paged=2" "Mozilla/5.0 (Windows NT 6.3; Win64; x64) AppleWebKit/537.36 (KHTML, like Gecko) Chrome/79.0.3945.130 Safari/537.36"
68.65.121.137 - - [30/Jan/2020:08:34:23 -0500] "POST /wp-cron.php?doing_wp_cron=1580391263.6296789646148681640625 HTTP/1.1" 200 - "https://www.naijadial.com/wp-cron.php?doing_wp_cron=1580391263.6296789646148681640625" "WordPress/5.3.2; https://www.naijadial.com"
193.109.85.12 - - [30/Jan/2020:08:34:23 -0500] "POST /wp-admin/admin-ajax.php HTTP/1.1" 200 47 "https://www.naijadial.com/wp-admin/themes.php?page=fw-settings" "Mozilla/5.0 (Windows NT 6.3; Win64; x64) AppleWebKit/537.36 (KHTML, like Gecko) Chrome/79.0.3945.130 Safari/537.36"
193.109.85.12 - - [30/Jan/2020:08:34:41 -0500] "POST /wp-admin/admin-ajax.php HTTP/1.1" 200 47 "https://www.naijadial.com/wp-admin/users.php?paged=2" "Mozilla/5.0 (Windows NT 6.3; Win64; x64) AppleWebKit/537.36 (KHTML, like Gecko) Chrome/79.0.3945.130 Safari/537.36"
68.65.121.137 - - [30/Jan/2020:08:35:22 -0500] "POST /wp-cron.php?doing_wp_cron=1580391322.5852370262145996093750 HTTP/1.1" 200 - "https://www.naijadial.com/wp-cron.php?doing_wp_cron=1580391322.5852370262145996093750" "WordPress/5.3.2; https://www.naijadial.com"
193.109.85.12 - - [30/Jan/2020:08:35:22 -0500] "POST /wp-admin/admin-ajax.php HTTP/1.1" 200 47 "https://www.naijadial.com/wp-admin/themes.php?page=fw-settings" "Mozilla/5.0 (Windows NT 6.3; Win64; x64) AppleWebKit/537.36 (KHTML, like Gecko) Chrome/79.0.3945.130 Safari/537.36"
68.65.121.137 - - [30/Jan/2020:08:47:11 -0500] "POST /wp-cron.php?doing_wp_cron=1580392031.2505869865417480468750 HTTP/1.1" 200 - "https://www.naijadial.com/wp-cron.php?doing_wp_cron=1580392031.2505869865417480468750" "WordPress/5.3.2; https://www.naijadial.com"
197.210.226.59 - - [30/Jan/2020:08:47:09 -0500] "GET /account/ HTTP/1.1" 200 14155 "-" "Mozilla/5.0 (Linux; Android 8.1.0; TECNO CA8) AppleWebKit/537.36 (KHTML, like Gecko) Chrome/78.0.3904.62 Mobile Safari/537.36"
197.210.226.59 - - [30/Jan/2020:08:47:13 -0500] "GET /cnt/plugins/vc-extensions-bundle/css/admin_icon.css?ver=5.3.2 HTTP/1.1" 304 - "https://www.naijadial.com/account/" "Mozilla/5.0 (Linux; Android 8.1.0; TECNO CA8) AppleWebKit/537.36 (KHTML, like Gecko) Chrome/78.0.3904.62 Mobile Safari/537.36"
197.210.226.59 - - [30/Jan/2020:08:47:15 -0500] "GET /naijadial/css/chosen.css?ver=3.2.2 HTTP/1.1" 304 - "https://www.naijadial.com/account/" "Mozilla/5.0 (Linux; Android 8.1.0; TECNO CA8) AppleWebKit/537.36 (KHTML, like Gecko) Chrome/78.0.3904.62 Mobile Safari/537.36"
197.210.226.59 - - [30/Jan/2020:08:47:15 -0500] "GET /naijadial/css/datetimepicker.css?ver=3.2.2 HTTP/1.1" 304 - "https://www.naijadial.com/account/" "Mozilla/5.0 (Linux; Android 8.1.0; TECNO CA8) AppleWebKit/537.36 (KHTML, like Gecko) Chrome/78.0.3904.62 Mobile Safari/537.36"
197.210.226.59 - - [30/Jan/2020:08:47:15 -0500] "GET /naijadial/css/linearicons.css?ver=3.2.2 HTTP/1.1" 304 - "https://www.naijadial.com/account/" "Mozilla/5.0 (Linux; Android 8.1.0; TECNO CA8) AppleWebKit/537.36 (KHTML, like Gecko) Chrome/78.0.3904.62 Mobile Safari/537.36"
197.210.226.59 - - [30/Jan/2020:08:47:18 -0500] "POST /?wc-ajax=get_refreshed_fragments HTTP/1.1" 200 210 "https://www.naijadial.com/account/" "Mozilla/5.0 (Linux; Android 8.1.0; TECNO CA8) AppleWebKit/537.36 (KHTML, like Gecko) Chrome/78.0.3904.62 Mobile Safari/537.36"
197.210.226.59 - - [30/Jan/2020:08:47:19 -0500] "GET /listingo/images/line-bar.jpg HTTP/1.1" 404 53100 "https://www.naijadial.com/naijadial/style.css?ver=3.2.2" "Mozilla/5.0 (Linux; Android 8.1.0; TECNO CA8) AppleWebKit/537.36 (KHTML, like Gecko) Chrome/78.0.3904.62 Mobile Safari/537.36"
197.210.226.59 - - [30/Jan/2020:08:47:21 -0500] "GET /account/apple-touch-icon.png HTTP/1.1" 404 52350 "https://www.naijadial.com/account/" "Mozilla/5.0 (Linux; Android 8.1.0; TECNO CA8) AppleWebKit/537.36 (KHTML, like Gecko) Chrome/78.0.3904.62 Mobile Safari/537.36"
142.93.209.221 - - [30/Jan/2020:08:47:25 -0500] "GET /wp-login.php HTTP/1.1" 200 1967 "-" "Mozilla/5.0 (X11; Ubuntu; Linux x86_64; rv:62.0) Gecko/20100101 Firefox/62.0"
142.93.209.221 - - [30/Jan/2020:08:47:27 -0500] "POST /wp-login.php HTTP/1.1" 200 4334 "-" "Mozilla/5.0 (X11; Ubuntu; Linux x86_64; rv:62.0) Gecko/20100101 Firefox/62.0"
142.93.209.221 - - [30/Jan/2020:08:47:28 -0500] "POST /xmlrpc.php HTTP/1.1" 200 248 "-" "Mozilla/5.0 (X11; Ubuntu; Linux x86_64; rv:62.0) Gecko/20100101 Firefox/62.0"
197.210.226.59 - - [30/Jan/2020:08:47:43 -0500] "GET / HTTP/1.1" 200 24587 "https://www.naijadial.com/account/" "Mozilla/5.0 (Linux; Android 8.1.0; TECNO CA8) AppleWebKit/537.36 (KHTML, like Gecko) Chrome/78.0.3904.62 Mobile Safari/537.36"
197.210.226.59 - - [30/Jan/2020:08:48:04 -0500] "GET /files/2020/01/NaijaDial-Avatar-92x92.png HTTP/1.1" 304 - "https://www.naijadial.com/" "Mozilla/5.0 (Linux; Android 8.1.0; TECNO CA8) AppleWebKit/537.36 (KHTML, like Gecko) Chrome/78.0.3904.62 Mobile Safari/537.36"
68.65.121.137 - - [30/Jan/2020:08:48:22 -0500] "POST /wp-cron.php?doing_wp_cron=1580392102.3427019119262695312500 HTTP/1.1" 200 - "https://www.naijadial.com/wp-cron.php?doing_wp_cron=1580392102.3427019119262695312500" "WordPress/5.3.2; https://www.naijadial.com"
197.210.226.59 - - [30/Jan/2020:08:48:22 -0500] "GET /apple-touch-icon.png HTTP/1.1" 404 52350 "https://www.naijadial.com/" "Mozilla/5.0 (Linux; Android 8.1.0; TECNO CA8) AppleWebKit/537.36 (KHTML, like Gecko) Chrome/78.0.3904.62 Mobile Safari/537.36"
68.65.121.137 - - [30/Jan/2020:08:57:51 -0500] "POST /wp-cron.php?doing_wp_cron=1580392671.3814249038696289062500 HTTP/1.1" 200 - "https://www.naijadial.com/wp-cron.php?doing_wp_cron=1580392671.3814249038696289062500" "WordPress/5.3.2; https://www.naijadial.com"
54.36.149.84 - - [30/Jan/2020:08:57:49 -0500] "GET /providers-category/auto-electrician/ HTTP/1.1" 404 52350 "-" "Mozilla/5.0 (compatible; AhrefsBot/6.1; +http://ahrefs.com/robot/)"
68.65.121.137 - - [30/Jan/2020:08:58:27 -0500] "POST /wp-cron.php?doing_wp_cron=1580392706.9927880764007568359375 HTTP/1.1" 200 - "https://www.naijadial.com/wp-cron.php?doing_wp_cron=1580392706.9927880764007568359375" "WordPress/5.3.2; https://www.naijadial.com"
66.249.65.103 - - [30/Jan/2020:08:58:26 -0500] "GET /pricing/ HTTP/1.1" 200 13296 "-" "Mozilla/5.0 (Linux; Android 6.0.1; Nexus 5X Build/MMB29P) AppleWebKit/537.36 (KHTML, like Gecko) Chrome/41.0.2272.96 Mobile Safari/537.36 (compatible; Googlebot/2.1; +http://www.google.com/bot.html)"
68.65.121.137 - - [30/Jan/2020:09:01:02 -0500] "POST /wp-cron.php?doing_wp_cron=1580392862.7990429401397705078125 HTTP/1.1" 200 - "https://www.naijadial.com/wp-cron.php?doing_wp_cron=1580392862.7990429401397705078125" "WordPress/5.3.2; https://www.naijadial.com"
105.112.177.161 - - [30/Jan/2020:09:01:01 -0500] "GET / HTTP/1.1" 200 24586 "https://www.google.com/" "Mozilla/5.0 (Linux; Android 8.1.0; TECNO B1f) AppleWebKit/537.36 (KHTML, like Gecko) Chrome/77.0.3865.116 Mobile Safari/537.36"
105.112.177.161 - - [30/Jan/2020:09:01:08 -0500] "GET /cnt/plugins/gd-bbpress-toolbox/templates/default/css/widgets.min.css?ver=5.2.1.712 HTTP/1.1" 304 - "https://www.naijadial.com/" "Mozilla/5.0 (Linux; Android 8.1.0; TECNO B1f) AppleWebKit/537.36 (KHTML, like Gecko) Chrome/77.0.3865.116 Mobile Safari/537.36"
105.112.177.161 - - [30/Jan/2020:09:01:08 -0500] "GET /cnt/plugins/bbpress/templates/default/css/bbpress.min.css?ver=2.6.3 HTTP/1.1" 304 - "https://www.naijadial.com/" "Mozilla/5.0 (Linux; Android 8.1.0; TECNO B1f) AppleWebKit/537.36 (KHTML, like Gecko) Chrome/77.0.3865.116 Mobile Safari/537.36"
105.112.177.161 - - [30/Jan/2020:09:01:09 -0500] "GET /cnt/plugins/contact-form-7/includes/css/styles.css?ver=5.1.6 HTTP/1.1" 304 - "https://www.naijadial.com/" "Mozilla/5.0 (Linux; Android 8.1.0; TECNO B1f) AppleWebKit/537.36 (KHTML, like Gecko) Chrome/77.0.3865.116 Mobile Safari/537.36"
105.112.177.161 - - [30/Jan/2020:09:01:09 -0500] "GET /cnt/plugins/mega-addons-for-visual-composer/css/ihover.css?ver=5.3.2 HTTP/1.1" 304 - "https://www.naijadial.com/" "Mozilla/5.0 (Linux; Android 8.1.0; TECNO B1f) AppleWebKit/537.36 (KHTML, like Gecko) Chrome/77.0.3865.116 Mobile Safari/537.36"
105.112.177.161 - - [30/Jan/2020:09:01:09 -0500] "GET /cnt/plugins/mega-addons-for-visual-composer/css/style.css?ver=5.3.2 HTTP/1.1" 304 - "https://www.naijadial.com/" "Mozilla/5.0 (Linux; Android 8.1.0; TECNO B1f) AppleWebKit/537.36 (KHTML, like Gecko) Chrome/77.0.3865.116 Mobile Safari/537.36"
105.112.177.161 - - [30/Jan/2020:09:01:09 -0500] "GET /cnt/plugins/mega-addons-for-visual-composer/css/font-awesome/css/font-awesome.css?ver=5.3.2 HTTP/1.1" 304 - "https://www.naijadial.com/" "Mozilla/5.0 (Linux; Android 8.1.0; TECNO B1f) AppleWebKit/537.36 (KHTML, like Gecko) Chrome/77.0.3865.116 Mobile Safari/537.36"
105.112.177.161 - - [30/Jan/2020:09:01:09 -0500] "GET /cnt/plugins/revslider/public/assets/css/rs6.css?ver=6.0.7 HTTP/1.1" 304 - "https://www.naijadial.com/" "Mozilla/5.0 (Linux; Android 8.1.0; TECNO B1f) AppleWebKit/537.36 (KHTML, like Gecko) Chrome/77.0.3865.116 Mobile Safari/537.36"
105.112.177.161 - - [30/Jan/2020:09:01:09 -0500] "GET /cnt/plugins/unyson/framework/extensions/breadcrumbs/static/css/style.css?ver=5.3.2 HTTP/1.1" 304 - "https://www.naijadial.com/" "Mozilla/5.0 (Linux; Android 8.1.0; TECNO B1f) AppleWebKit/537.36 (KHTML, like Gecko) Chrome/77.0.3865.116 Mobile Safari/537.36"
105.112.177.161 - - [30/Jan/2020:09:01:10 -0500] "GET /cnt/plugins/bbp-style-pack/css/bspstyle.css?ver=4.3.8 HTTP/1.1" 304 - "https://www.naijadial.com/" "Mozilla/5.0 (Linux; Android 8.1.0; TECNO B1f) AppleWebKit/537.36 (KHTML, like Gecko) Chrome/77.0.3865.116 Mobile Safari/537.36"
105.112.177.161 - - [30/Jan/2020:09:01:10 -0500] "GET /naijadial/css/pogoslider.css?ver=3.2.2 HTTP/1.1" 304 - "https://www.naijadial.com/" "Mozilla/5.0 (Linux; Android 8.1.0; TECNO B1f) AppleWebKit/537.36 (KHTML, like Gecko) Chrome/77.0.3865.116 Mobile Safari/537.36"
105.112.177.161 - - [30/Jan/2020:09:01:10 -0500] "GET /files/so-css/so-css-listingo.css?ver=1580144791 HTTP/1.1" 304 - "https://www.naijadial.com/" "Mozilla/5.0 (Linux; Android 8.1.0; TECNO B1f) AppleWebKit/537.36 (KHTML, like Gecko) Chrome/77.0.3865.116 Mobile Safari/537.36"
105.112.177.161 - - [30/Jan/2020:09:01:10 -0500] "GET /naijadial/css/normalize.css?ver=3.2.2 HTTP/1.1" 304 - "https://www.naijadial.com/" "Mozilla/5.0 (Linux; Android 8.1.0; TECNO B1f) AppleWebKit/537.36 (KHTML, like Gecko) Chrome/77.0.3865.116 Mobile Safari/537.36"
105.112.177.161 - - [30/Jan/2020:09:01:10 -0500] "GET /cnt/plugins/js_composer/assets/css/js_composer.min.css?ver=6.0.5 HTTP/1.1" 304 - "https://www.naijadial.com/" "Mozilla/5.0 (Linux; Android 8.1.0; TECNO B1f) AppleWebKit/537.36 (KHTML, like Gecko) Chrome/77.0.3865.116 Mobile Safari/537.36"
105.112.177.161 - - [30/Jan/2020:09:01:10 -0500] "GET /cnt/plugins/unyson/framework/extensions/forms/static/css/frontend.css?ver=2.7.22 HTTP/1.1" 304 - "https://www.naijadial.com/" "Mozilla/5.0 (Linux; Android 8.1.0; TECNO B1f) AppleWebKit/537.36 (KHTML, like Gecko) Chrome/77.0.3865.116 Mobile Safari/537.36"
105.112.177.161 - - [30/Jan/2020:09:01:10 -0500] "GET /naijadial/css/jquery.countdown.css?ver=3.2.2 HTTP/1.1" 304 - "https://www.naijadial.com/" "Mozilla/5.0 (Linux; Android 8.1.0; TECNO B1f) AppleWebKit/537.36 (KHTML, like Gecko) Chrome/77.0.3865.116 Mobile Safari/537.36"
105.112.177.161 - - [30/Jan/2020:09:01:10 -0500] "GET /cnt/plugins/js_composer/assets/lib/bower/font-awesome/css/font-awesome.min.css?ver=6.0.5 HTTP/1.1" 304 - "https://www.naijadial.com/" "Mozilla/5.0 (Linux; Android 8.1.0; TECNO B1f) AppleWebKit/537.36 (KHTML, like Gecko) Chrome/77.0.3865.116 Mobile Safari/537.36"
105.112.177.161 - - [30/Jan/2020:09:01:10 -0500] "GET /cnt/plugins/unyson/framework/extensions/builder/static/css/frontend-grid.css?ver=1.2.11 HTTP/1.1" 304 - "https://www.naijadial.com/" "Mozilla/5.0 (Linux; Android 8.1.0; TECNO B1f) AppleWebKit/537.36 (KHTML, like Gecko) Chrome/77.0.3865.116 Mobile Safari/537.36"
105.112.177.161 - - [30/Jan/2020:09:01:10 -0500] "GET /naijadial/css/owl.theme.default.min.css?ver=3.2.2 HTTP/1.1" 304 - "https://www.naijadial.com/" "Mozilla/5.0 (Linux; Android 8.1.0; TECNO B1f) AppleWebKit/537.36 (KHTML, like Gecko) Chrome/77.0.3865.116 Mobile Safari/537.36"
105.112.177.161 - - [30/Jan/2020:09:01:10 -0500] "GET /naijadial/css/jquery-ui.css?ver=3.2.2 HTTP/1.1" 304 - "https://www.naijadial.com/" "Mozilla/5.0 (Linux; Android 8.1.0; TECNO B1f) AppleWebKit/537.36 (KHTML, like Gecko) Chrome/77.0.3865.116 Mobile Safari/537.36"
105.112.177.161 - - [30/Jan/2020:09:01:10 -0500] "GET /naijadial/css/owl.carousel.min.css?ver=3.2.2 HTTP/1.1" 304 - "https://www.naijadial.com/" "Mozilla/5.0 (Linux; Android 8.1.0; TECNO B1f) AppleWebKit/537.36 (KHTML, like Gecko) Chrome/77.0.3865.116 Mobile Safari/537.36"
105.112.177.161 - - [30/Jan/2020:09:01:10 -0500] "GET /naijadial/css/scrollbar.css?ver=3.2.2 HTTP/1.1" 304 - "https://www.naijadial.com/" "Mozilla/5.0 (Linux; Android 8.1.0; TECNO B1f) AppleWebKit/537.36 (KHTML, like Gecko) Chrome/77.0.3865.116 Mobile Safari/537.36"
105.112.177.161 - - [30/Jan/2020:09:01:10 -0500] "GET /naijadial/css/bootstrap.min.css?ver=3.2.2 HTTP/1.1" 304 - "https://www.naijadial.com/" "Mozilla/5.0 (Linux; Android 8.1.0; TECNO B1f) AppleWebKit/537.36 (KHTML, like Gecko) Chrome/77.0.3865.116 Mobile Safari/537.36"
105.112.177.161 - - [30/Jan/2020:09:01:10 -0500] "GET /naijadial/css/prettyPhoto.css?ver=3.2.2 HTTP/1.1" 304 - "https://www.naijadial.com/" "Mozilla/5.0 (Linux; Android 8.1.0; TECNO B1f) AppleWebKit/537.36 (KHTML, like Gecko) Chrome/77.0.3865.116 Mobile Safari/537.36"
105.112.177.161 - - [30/Jan/2020:09:01:10 -0500] "GET /naijadial/css/typo.css?ver=3.2.2 HTTP/1.1" 304 - "https://www.naijadial.com/" "Mozilla/5.0 (Linux; Android 8.1.0; TECNO B1f) AppleWebKit/537.36 (KHTML, like Gecko) Chrome/77.0.3865.116 Mobile Safari/537.36"
105.112.177.161 - - [30/Jan/2020:09:01:10 -0500] "GET /naijadial/style.css?ver=3.2.2 HTTP/1.1" 304 - "https://www.naijadial.com/" "Mozilla/5.0 (Linux; Android 8.1.0; TECNO B1f) AppleWebKit/537.36 (KHTML, like Gecko) Chrome/77.0.3865.116 Mobile Safari/537.36"
105.112.177.161 - - [30/Jan/2020:09:01:10 -0500] "GET /naijadial/css/color.css?ver=3.2.2 HTTP/1.1" 304 - "https://www.naijadial.com/" "Mozilla/5.0 (Linux; Android 8.1.0; TECNO B1f) AppleWebKit/537.36 (KHTML, like Gecko) Chrome/77.0.3865.116 Mobile Safari/537.36"
105.112.177.161 - - [30/Jan/2020:09:01:10 -0500] "GET /naijadial/css/transitions.css?ver=3.2.2 HTTP/1.1" 304 - "https://www.naijadial.com/" "Mozilla/5.0 (Linux; Android 8.1.0; TECNO B1f) AppleWebKit/537.36 (KHTML, like Gecko) Chrome/77.0.3865.116 Mobile Safari/537.36"
105.112.177.161 - - [30/Jan/2020:09:01:10 -0500] "GET /naijadial/js/vendor/modernizr-2.8.3-respond-1.4.2.min.js?ver=3.2.2 HTTP/1.1" 304 - "https://www.naijadial.com/" "Mozilla/5.0 (Linux; Android 8.1.0; TECNO B1f) AppleWebKit/537.36 (KHTML, like Gecko) Chrome/77.0.3865.116 Mobile Safari/537.36"
105.112.177.161 - - [30/Jan/2020:09:01:10 -0500] "GET /cnt/plugins/js_composer/assets/js/vendors/woocommerce-add-to-cart.js?ver=6.0.5 HTTP/1.1" 304 - "https://www.naijadial.com/" "Mozilla/5.0 (Linux; Android 8.1.0; TECNO B1f) AppleWebKit/537.36 (KHTML, like Gecko) Chrome/77.0.3865.116 Mobile Safari/537.36"
105.112.177.161 - - [30/Jan/2020:09:01:10 -0500] "GET /cnt/plugins/mega-addons-for-visual-composer/js/script.js?ver=5.3.2 HTTP/1.1" 304 - "https://www.naijadial.com/" "Mozilla/5.0 (Linux; Android 8.1.0; TECNO B1f) AppleWebKit/537.36 (KHTML, like Gecko) Chrome/77.0.3865.116 Mobile Safari/537.36"
105.112.177.161 - - [30/Jan/2020:09:01:10 -0500] "GET /naijadial/css/chat_module.css?ver=3.2.2 HTTP/1.1" 304 - "https://www.naijadial.com/" "Mozilla/5.0 (Linux; Android 8.1.0; TECNO B1f) AppleWebKit/537.36 (KHTML, like Gecko) Chrome/77.0.3865.116 Mobile Safari/537.36"
105.112.177.161 - - [30/Jan/2020:09:01:10 -0500] "GET /cnt/plugins/revslider/public/assets/js/revolution.tools.min.js?ver=6.0 HTTP/1.1" 304 - "https://www.naijadial.com/" "Mozilla/5.0 (Linux; Android 8.1.0; TECNO B1f) AppleWebKit/537.36 (KHTML, like Gecko) Chrome/77.0.3865.116 Mobile Safari/537.36"
105.112.177.161 - - [30/Jan/2020:09:01:10 -0500] "GET /naijadial/css/responsive.css?ver=3.2.2 HTTP/1.1" 304 - "https://www.naijadial.com/" "Mozilla/5.0 (Linux; Android 8.1.0; TECNO B1f) AppleWebKit/537.36 (KHTML, like Gecko) Chrome/77.0.3865.116 Mobile Safari/537.36"
105.112.177.161 - - [30/Jan/2020:09:01:10 -0500] "GET /cnt/plugins/unyson/framework/static/js/fw-form-helpers.js?ver=5.3.2 HTTP/1.1" 304 - "https://www.naijadial.com/" "Mozilla/5.0 (Linux; Android 8.1.0; TECNO B1f) AppleWebKit/537.36 (KHTML, like Gecko) Chrome/77.0.3865.116 Mobile Safari/537.36"
105.112.177.161 - - [30/Jan/2020:09:01:10 -0500] "GET /naijadial/js/countTo.js?ver=5.3.2 HTTP/1.1" 304 - "https://www.naijadial.com/" "Mozilla/5.0 (Linux; Android 8.1.0; TECNO B1f) AppleWebKit/537.36 (KHTML, like Gecko) Chrome/77.0.3865.116 Mobile Safari/537.36"
105.112.177.161 - - [30/Jan/2020:09:01:10 -0500] "GET /cnt/plugins/revslider/public/assets/js/rs6.min.js?ver=6.0.7 HTTP/1.1" 304 - "https://www.naijadial.com/" "Mozilla/5.0 (Linux; Android 8.1.0; TECNO B1f) AppleWebKit/537.36 (KHTML, like Gecko) Chrome/77.0.3865.116 Mobile Safari/537.36"
105.112.177.161 - - [30/Jan/2020:09:01:10 -0500] "GET /naijadial/js/appear.js?ver=5.3.2 HTTP/1.1" 304 - "https://www.naijadial.com/" "Mozilla/5.0 (Linux; Android 8.1.0; TECNO B1f) AppleWebKit/537.36 (KHTML, like Gecko) Chrome/77.0.3865.116 Mobile Safari/537.36"
105.112.177.161 - - [30/Jan/2020:09:01:10 -0500] "GET /cnt/plugins/unyson/framework/static/libs/linecons/css/linecons.css?ver=2.7.22 HTTP/1.1" 304 - "https://www.naijadial.com/" "Mozilla/5.0 (Linux; Android 8.1.0; TECNO B1f) AppleWebKit/537.36 (KHTML, like Gecko) Chrome/77.0.3865.116 Mobile Safari/537.36"
105.112.177.161 - - [30/Jan/2020:09:01:10 -0500] "GET /naijadial/js/jquery.auto-complete.js?ver=3.2.2 HTTP/1.1" 304 - "https://www.naijadial.com/" "Mozilla/5.0 (Linux; Android 8.1.0; TECNO B1f) AppleWebKit/537.36 (KHTML, like Gecko) Chrome/77.0.3865.116 Mobile Safari/537.36"
105.112.177.161 - - [30/Jan/2020:09:01:10 -0500] "GET /naijadial/js/pogoslider.js?ver=5.3.2 HTTP/1.1" 304 - "https://www.naijadial.com/" "Mozilla/5.0 (Linux; Android 8.1.0; TECNO B1f) AppleWebKit/537.36 (KHTML, like Gecko) Chrome/77.0.3865.116 Mobile Safari/537.36"
105.112.177.161 - - [30/Jan/2020:09:01:11 -0500] "GET /cnt/plugins/unyson/framework/static/libs/lnr/css/lnr.css?ver=2.7.22 HTTP/1.1" 304 - "https://www.naijadial.com/" "Mozilla/5.0 (Linux; Android 8.1.0; TECNO B1f) AppleWebKit/537.36 (KHTML, like Gecko) Chrome/77.0.3865.116 Mobile Safari/537.36"
105.112.177.161 - - [30/Jan/2020:09:01:11 -0500] "GET /naijadial/js/owl.carousel.min.js?ver=3.2.2 HTTP/1.1" 304 - "https://www.naijadial.com/" "Mozilla/5.0 (Linux; Android 8.1.0; TECNO B1f) AppleWebKit/537.36 (KHTML, like Gecko) Chrome/77.0.3865.116 Mobile Safari/537.36"
105.112.177.161 - - [30/Jan/2020:09:01:11 -0500] "GET /naijadial/js/listingo_callbacks.js?ver=3.2.2 HTTP/1.1" 304 - "https://www.naijadial.com/" "Mozilla/5.0 (Linux; Android 8.1.0; TECNO B1f) AppleWebKit/537.36 (KHTML, like Gecko) Chrome/77.0.3865.116 Mobile Safari/537.36"
105.112.177.161 - - [30/Jan/2020:09:01:11 -0500] "GET /cnt/plugins/unyson/framework/static/libs/entypo/css/entypo.css?ver=2.7.22 HTTP/1.1" 304 - "https://www.naijadial.com/" "Mozilla/5.0 (Linux; Android 8.1.0; TECNO B1f) AppleWebKit/537.36 (KHTML, like Gecko) Chrome/77.0.3865.116 Mobile Safari/537.36"
105.112.177.161 - - [30/Jan/2020:09:01:11 -0500] "GET /naijadial/js/gmap3.min.js?ver=5.3.2 HTTP/1.1" 304 - "https://www.naijadial.com/" "Mozilla/5.0 (Linux; Android 8.1.0; TECNO B1f) AppleWebKit/537.36 (KHTML, like Gecko) Chrome/77.0.3865.116 Mobile Safari/537.36"
105.112.177.161 - - [30/Jan/2020:09:01:11 -0500] "GET /cnt/plugins/unyson/framework/static/libs/font-awesome/css/font-awesome.min.css?ver=2.7.22 HTTP/1.1" 304 - "https://www.naijadial.com/" "Mozilla/5.0 (Linux; Android 8.1.0; TECNO B1f) AppleWebKit/537.36 (KHTML, like Gecko) Chrome/77.0.3865.116 Mobile Safari/537.36"
105.112.177.161 - - [30/Jan/2020:09:01:11 -0500] "GET /cnt/plugins/contact-form-7/includes/js/scripts.js?ver=5.1.6 HTTP/1.1" 304 - "https://www.naijadial.com/" "Mozilla/5.0 (Linux; Android 8.1.0; TECNO B1f) AppleWebKit/537.36 (KHTML, like Gecko) Chrome/77.0.3865.116 Mobile Safari/537.36"
105.112.177.161 - - [30/Jan/2020:09:01:11 -0500] "GET /naijadial/js/vendor/bootstrap.min.js?ver=3.2.2 HTTP/1.1" 304 - "https://www.naijadial.com/" "Mozilla/5.0 (Linux; Android 8.1.0; TECNO B1f) AppleWebKit/537.36 (KHTML, like Gecko) Chrome/77.0.3865.116 Mobile Safari/537.36"
105.112.177.161 - - [30/Jan/2020:09:01:11 -0500] "GET /cnt/plugins/vc-extensions-bundle/flipbox/css/style.css?ver=5.3.2 HTTP/1.1" 304 - "https://www.naijadial.com/" "Mozilla/5.0 (Linux; Android 8.1.0; TECNO B1f) AppleWebKit/537.36 (KHTML, like Gecko) Chrome/77.0.3865.116 Mobile Safari/537.36"
105.112.177.161 - - [30/Jan/2020:09:01:11 -0500] "GET /cnt/plugins/unyson/framework/static/libs/unycon/unycon.css?ver=2.7.22 HTTP/1.1" 304 - "https://www.naijadial.com/" "Mozilla/5.0 (Linux; Android 8.1.0; TECNO B1f) AppleWebKit/537.36 (KHTML, like Gecko) Chrome/77.0.3865.116 Mobile Safari/537.36"
105.112.177.161 - - [30/Jan/2020:09:01:11 -0500] "GET /naijadial/js/jquery.countdown.js?ver=3.2.2 HTTP/1.1" 304 - "https://www.naijadial.com/" "Mozilla/5.0 (Linux; Android 8.1.0; TECNO B1f) AppleWebKit/537.36 (KHTML, like Gecko) Chrome/77.0.3865.116 Mobile Safari/537.36"
105.112.177.161 - - [30/Jan/2020:09:01:11 -0500] "GET /naijadial/framework-customizations/extensions/ads/static/js/fw_ext_ads_callbacks.js?ver=1.0 HTTP/1.1" 304 - "https://www.naijadial.com/" "Mozilla/5.0 (Linux; Android 8.1.0; TECNO B1f) AppleWebKit/537.36 (KHTML, like Gecko) Chrome/77.0.3865.116 Mobile Safari/537.36"
105.112.177.161 - - [30/Jan/2020:09:01:11 -0500] "GET /cnt/plugins/unyson/framework/static/libs/typcn/css/typcn.css?ver=2.7.22 HTTP/1.1" 304 - "https://www.naijadial.com/" "Mozilla/5.0 (Linux; Android 8.1.0; TECNO B1f) AppleWebKit/537.36 (KHTML, like Gecko) Chrome/77.0.3865.116 Mobile Safari/537.36"
105.112.177.161 - - [30/Jan/2020:09:01:11 -0500] "GET /naijadial/js/chosen.jquery.js?ver=3.2.2 HTTP/1.1" 304 - "https://www.naijadial.com/" "Mozilla/5.0 (Linux; Android 8.1.0; TECNO B1f) AppleWebKit/537.36 (KHTML, like Gecko) Chrome/77.0.3865.116 Mobile Safari/537.36"
105.112.177.161 - - [30/Jan/2020:09:01:11 -0500] "GET /naijadial/js/scrollbar.min.js?ver=3.2.2 HTTP/1.1" 304 - "https://www.naijadial.com/" "Mozilla/5.0 (Linux; Android 8.1.0; TECNO B1f) AppleWebKit/537.36 (KHTML, like Gecko) Chrome/77.0.3865.116 Mobile Safari/537.36"
105.112.177.161 - - [30/Jan/2020:09:01:11 -0500] "GET /naijadial/js/listingo_maps.js?ver=3.2.2 HTTP/1.1" 304 - "https://www.naijadial.com/" "Mozilla/5.0 (Linux; Android 8.1.0; TECNO B1f) AppleWebKit/537.36 (KHTML, like Gecko) Chrome/77.0.3865.116 Mobile Safari/537.36"
105.112.177.161 - - [30/Jan/2020:09:01:11 -0500] "GET /cnt/plugins/vc-extensions-bundle/flipbox/js/init.min.js?ver=5.3.2 HTTP/1.1" 304 - "https://www.naijadial.com/" "Mozilla/5.0 (Linux; Android 8.1.0; TECNO B1f) AppleWebKit/537.36 (KHTML, like Gecko) Chrome/77.0.3865.116 Mobile Safari/537.36"
105.112.177.161 - - [30/Jan/2020:09:01:11 -0500] "GET /naijadial/js/datetimepicker.js?ver=3.2.2 HTTP/1.1" 304 - "https://www.naijadial.com/" "Mozilla/5.0 (Linux; Android 8.1.0; TECNO B1f) AppleWebKit/537.36 (KHTML, like Gecko) Chrome/77.0.3865.116 Mobile Safari/537.36"
105.112.177.161 - - [30/Jan/2020:09:01:11 -0500] "GET /cnt/plugins/js_composer/assets/js/dist/js_composer_front.min.js?ver=6.0.5 HTTP/1.1" 304 - "https://www.naijadial.com/" "Mozilla/5.0 (Linux; Android 8.1.0; TECNO B1f) AppleWebKit/537.36 (KHTML, like Gecko) Chrome/77.0.3865.116 Mobile Safari/537.36"
105.112.177.161 - - [30/Jan/2020:09:01:11 -0500] "GET /naijadial/js/parallax.js?ver=5.3.2 HTTP/1.1" 304 - "https://www.naijadial.com/" "Mozilla/5.0 (Linux; Android 8.1.0; TECNO B1f) AppleWebKit/537.36 (KHTML, like Gecko) Chrome/77.0.3865.116 Mobile Safari/537.36"
105.112.177.161 - - [30/Jan/2020:09:01:15 -0500] "GET /cluder/js/wp-emoji-release.min.js?ver=5.3.2 HTTP/1.1" 304 - "https://www.naijadial.com/" "Mozilla/5.0 (Linux; Android 8.1.0; TECNO B1f) AppleWebKit/537.36 (KHTML, like Gecko) Chrome/77.0.3865.116 Mobile Safari/537.36"
105.112.177.161 - - [30/Jan/2020:09:01:16 -0500] "GET /files/2020/01/banner.png HTTP/1.1" 304 - "https://www.naijadial.com/" "Mozilla/5.0 (Linux; Android 8.1.0; TECNO B1f) AppleWebKit/537.36 (KHTML, like Gecko) Chrome/77.0.3865.116 Mobile Safari/537.36"
105.112.177.161 - - [30/Jan/2020:09:01:16 -0500] "GET /files/2020/01/Professional.jpg HTTP/1.1" 304 - "https://www.naijadial.com/" "Mozilla/5.0 (Linux; Android 8.1.0; TECNO B1f) AppleWebKit/537.36 (KHTML, like Gecko) Chrome/77.0.3865.116 Mobile Safari/537.36"
105.112.177.161 - - [30/Jan/2020:09:01:16 -0500] "GET /files/2020/01/Real-Estate.png HTTP/1.1" 304 - "https://www.naijadial.com/" "Mozilla/5.0 (Linux; Android 8.1.0; TECNO B1f) AppleWebKit/537.36 (KHTML, like Gecko) Chrome/77.0.3865.116 Mobile Safari/537.36"
105.112.177.161 - - [30/Jan/2020:09:01:16 -0500] "GET /files/2020/01/training.jpg HTTP/1.1" 304 - "https://www.naijadial.com/" "Mozilla/5.0 (Linux; Android 8.1.0; TECNO B1f) AppleWebKit/537.36 (KHTML, like Gecko) Chrome/77.0.3865.116 Mobile Safari/537.36"
105.112.177.161 - - [30/Jan/2020:09:01:16 -0500] "GET /files/2020/01/Events-Header.png HTTP/1.1" 304 - "https://www.naijadial.com/" "Mozilla/5.0 (Linux; Android 8.1.0; TECNO B1f) AppleWebKit/537.36 (KHTML, like Gecko) Chrome/77.0.3865.116 Mobile Safari/537.36"
105.112.177.161 - - [30/Jan/2020:09:01:17 -0500] "GET /files/2020/01/Construction.jpg HTTP/1.1" 304 - "https://www.naijadial.com/" "Mozilla/5.0 (Linux; Android 8.1.0; TECNO B1f) AppleWebKit/537.36 (KHTML, like Gecko) Chrome/77.0.3865.116 Mobile Safari/537.36"
105.112.177.161 - - [30/Jan/2020:09:01:17 -0500] "GET /files/2020/01/Fashion.jpg HTTP/1.1" 304 - "https://www.naijadial.com/" "Mozilla/5.0 (Linux; Android 8.1.0; TECNO B1f) AppleWebKit/537.36 (KHTML, like Gecko) Chrome/77.0.3865.116 Mobile Safari/537.36"
105.112.177.161 - - [30/Jan/2020:09:01:17 -0500] "GET /files/2020/01/Transportation-and-Travel.jpg HTTP/1.1" 304 - "https://www.naijadial.com/" "Mozilla/5.0 (Linux; Android 8.1.0; TECNO B1f) AppleWebKit/537.36 (KHTML, like Gecko) Chrome/77.0.3865.116 Mobile Safari/537.36"
105.112.177.161 - - [30/Jan/2020:09:01:19 -0500] "GET /files/2020/01/Child-Care.jpg HTTP/1.1" 304 - "https://www.naijadial.com/" "Mozilla/5.0 (Linux; Android 8.1.0; TECNO B1f) AppleWebKit/537.36 (KHTML, like Gecko) Chrome/77.0.3865.116 Mobile Safari/537.36"
105.112.177.161 - - [30/Jan/2020:09:01:19 -0500] "GET /cnt/plugins/js_composer/assets/lib/bower/font-awesome/fonts/fontawesome-webfont.woff2?v=4.7.0 HTTP/1.1" 304 - "https://www.naijadial.com/cnt/plugins/js_composer/assets/lib/bower/font-awesome/css/font-awesome.min.css?ver=6.0.5" "Mozilla/5.0 (Linux; Android 8.1.0; TECNO B1f) AppleWebKit/537.36 (KHTML, like Gecko) Chrome/77.0.3865.116 Mobile Safari/537.36"
105.112.177.161 - - [30/Jan/2020:09:01:19 -0500] "GET /cnt/plugins/unyson/framework/static/libs/font-awesome/fonts/fontawesome-webfont.woff2?v=4.7.0 HTTP/1.1" 304 - "https://www.naijadial.com/cnt/plugins/unyson/framework/static/libs/font-awesome/css/font-awesome.min.css?ver=2.7.22" "Mozilla/5.0 (Linux; Android 8.1.0; TECNO B1f) AppleWebKit/537.36 (KHTML, like Gecko) Chrome/77.0.3865.116 Mobile Safari/537.36"
105.112.177.161 - - [30/Jan/2020:09:01:19 -0500] "GET /naijadial/fonts/Linearicons-Free.woff2?w118d HTTP/1.1" 304 - "https://www.naijadial.com/naijadial/css/linearicons.css?ver=3.2.2" "Mozilla/5.0 (Linux; Android 8.1.0; TECNO B1f) AppleWebKit/537.36 (KHTML, like Gecko) Chrome/77.0.3865.116 Mobile Safari/537.36"
105.112.177.161 - - [30/Jan/2020:09:01:19 -0500] "GET /files/2020/01/Food.jpg HTTP/1.1" 304 - "https://www.naijadial.com/" "Mozilla/5.0 (Linux; Android 8.1.0; TECNO B1f) AppleWebKit/537.36 (KHTML, like Gecko) Chrome/77.0.3865.116 Mobile Safari/537.36"
105.112.177.161 - - [30/Jan/2020:09:01:19 -0500] "GET /files/2020/01/General-Labour.jpg HTTP/1.1" 304 - "https://www.naijadial.com/" "Mozilla/5.0 (Linux; Android 8.1.0; TECNO B1f) AppleWebKit/537.36 (KHTML, like Gecko) Chrome/77.0.3865.116 Mobile Safari/537.36"
105.112.177.161 - - [30/Jan/2020:09:01:19 -0500] "GET /files/2019/12/Business.png HTTP/1.1" 304 - "https://www.naijadial.com/" "Mozilla/5.0 (Linux; Android 8.1.0; TECNO B1f) AppleWebKit/537.36 (KHTML, like Gecko) Chrome/77.0.3865.116 Mobile Safari/537.36"
105.112.177.161 - - [30/Jan/2020:09:01:19 -0500] "GET /files/2020/01/Automotives.png HTTP/1.1" 304 - "https://www.naijadial.com/" "Mozilla/5.0 (Linux; Android 8.1.0; TECNO B1f) AppleWebKit/537.36 (KHTML, like Gecko) Chrome/77.0.3865.116 Mobile Safari/537.36"
105.112.177.161 - - [30/Jan/2020:09:01:19 -0500] "GET /files/2020/01/Health-1.jpg HTTP/1.1" 304 - "https://www.naijadial.com/" "Mozilla/5.0 (Linux; Android 8.1.0; TECNO B1f) AppleWebKit/537.36 (KHTML, like Gecko) Chrome/77.0.3865.116 Mobile Safari/537.36"
105.112.177.161 - - [30/Jan/2020:09:01:19 -0500] "GET /files/2020/01/Cleaning.jpg HTTP/1.1" 304 - "https://www.naijadial.com/" "Mozilla/5.0 (Linux; Android 8.1.0; TECNO B1f) AppleWebKit/537.36 (KHTML, like Gecko) Chrome/77.0.3865.116 Mobile Safari/537.36"
105.112.177.161 - - [30/Jan/2020:09:01:19 -0500] "GET /files/2020/01/Repair.jpg HTTP/1.1" 304 - "https://www.naijadial.com/" "Mozilla/5.0 (Linux; Android 8.1.0; TECNO B1f) AppleWebKit/537.36 (KHTML, like Gecko) Chrome/77.0.3865.116 Mobile Safari/537.36"
105.112.177.161 - - [30/Jan/2020:09:01:19 -0500] "GET /files/2020/01/Beauty-and-Personal-Care.jpg HTTP/1.1" 304 - "https://www.naijadial.com/" "Mozilla/5.0 (Linux; Android 8.1.0; TECNO B1f) AppleWebKit/537.36 (KHTML, like Gecko) Chrome/77.0.3865.116 Mobile Safari/537.36"
68.65.121.137 - - [30/Jan/2020:09:01:21 -0500] "POST /wp-cron.php?doing_wp_cron=1580392881.5418879985809326171875 HTTP/1.1" 200 - "https://www.naijadial.com/wp-cron.php?doing_wp_cron=1580392881.5418879985809326171875" "WordPress/5.3.2; https://www.naijadial.com"
105.112.177.161 - - [30/Jan/2020:09:01:21 -0500] "POST /?wc-ajax=get_refreshed_fragments HTTP/1.1" 200 210 "https://www.naijadial.com/" "Mozilla/5.0 (Linux; Android 8.1.0; TECNO B1f) AppleWebKit/537.36 (KHTML, like Gecko) Chrome/77.0.3865.116 Mobile Safari/537.36"
105.112.177.161 - - [30/Jan/2020:09:02:15 -0500] "GET /files/2020/01/Fashion-275x152.jpg HTTP/1.1" 304 - "https://www.naijadial.com/" "Mozilla/5.0 (Linux; Android 8.1.0; TECNO B1f) AppleWebKit/537.36 (KHTML, like Gecko) Chrome/77.0.3865.116 Mobile Safari/537.36"
105.112.177.161 - - [30/Jan/2020:09:02:15 -0500] "GET /files/2019/12/NaijaDial-Logo.png HTTP/1.1" 304 - "https://www.naijadial.com/" "Mozilla/5.0 (Linux; Android 8.1.0; TECNO B1f) AppleWebKit/537.36 (KHTML, like Gecko) Chrome/77.0.3865.116 Mobile Safari/537.36"
105.112.177.161 - - [30/Jan/2020:09:02:15 -0500] "GET /naijadial/images/slider-border.png HTTP/1.1" 304 - "https://www.naijadial.com/naijadial/style.css?ver=3.2.2" "Mozilla/5.0 (Linux; Android 8.1.0; TECNO B1f) AppleWebKit/537.36 (KHTML, like Gecko) Chrome/77.0.3865.116 Mobile Safari/537.36"
105.112.177.161 - - [30/Jan/2020:09:02:15 -0500] "GET /files/2020/01/105245014_megaphone_976alamy.jpg HTTP/1.1" 304 - "https://www.naijadial.com/" "Mozilla/5.0 (Linux; Android 8.1.0; TECNO B1f) AppleWebKit/537.36 (KHTML, like Gecko) Chrome/77.0.3865.116 Mobile Safari/537.36"
105.112.177.161 - - [30/Jan/2020:09:02:20 -0500] "GET /files/2020/01/jOB.png HTTP/1.1" 304 - "https://www.naijadial.com/" "Mozilla/5.0 (Linux; Android 8.1.0; TECNO B1f) AppleWebKit/537.36 (KHTML, like Gecko) Chrome/77.0.3865.116 Mobile Safari/537.36"
105.112.177.161 - - [30/Jan/2020:09:02:20 -0500] "GET /files/2020/01/FORUM.png HTTP/1.1" 304 - "https://www.naijadial.com/" "Mozilla/5.0 (Linux; Android 8.1.0; TECNO B1f) AppleWebKit/537.36 (KHTML, like Gecko) Chrome/77.0.3865.116 Mobile Safari/537.36"
68.65.121.137 - - [30/Jan/2020:09:02:20 -0500] "POST /wp-cron.php?doing_wp_cron=1580392940.3710858821868896484375 HTTP/1.1" 200 - "https://www.naijadial.com/wp-cron.php?doing_wp_cron=1580392940.3710858821868896484375" "WordPress/5.3.2; https://www.naijadial.com"
105.112.177.161 - - [30/Jan/2020:09:02:20 -0500] "GET / HTTP/1.1" 200 24586 "https://www.google.com/" "Mozilla/5.0 (Linux; Android 8.1.0; TECNO B1f) AppleWebKit/537.36 (KHTML, like Gecko) Chrome/77.0.3865.116 Mobile Safari/537.36"
66.249.65.103 - - [30/Jan/2020:09:02:28 -0500] "GET /account/?redirect=https://www.naijadial.com/pricing/ HTTP/1.1" 200 14173 "-" "Mozilla/5.0 (Linux; Android 6.0.1; Nexus 5X Build/MMB29P) AppleWebKit/537.36 (KHTML, like Gecko) Chrome/41.0.2272.96 Mobile Safari/537.36 (compatible; Googlebot/2.1; +http://www.google.com/bot.html)"
68.65.121.137 - - [30/Jan/2020:08:42:45 -0500] "POST /wp-cron.php?doing_wp_cron=1580391765.5920391082763671875000 HTTP/1.1" 200 - "https://www.naijadial.com/wp-cron.php?doing_wp_cron=1580391765.5920391082763671875000" "WordPress/5.3.2; https://www.naijadial.com"
193.109.85.12 - - [30/Jan/2020:08:42:45 -0500] "POST /wp-admin/admin-ajax.php HTTP/1.1" 200 47 "https://www.naijadial.com/wp-admin/users.php?paged=2" "Mozilla/5.0 (Windows NT 6.3; Win64; x64) AppleWebKit/537.36 (KHTML, like Gecko) Chrome/79.0.3945.130 Safari/537.36"
68.65.121.137 - - [30/Jan/2020:08:43:25 -0500] "POST /wp-cron.php?doing_wp_cron=1580391805.1289958953857421875000 HTTP/1.1" 200 - "https://www.naijadial.com/wp-cron.php?doing_wp_cron=1580391805.1289958953857421875000" "WordPress/5.3.2; https://www.naijadial.com"
193.109.85.12 - - [30/Jan/2020:08:43:24 -0500] "POST /wp-admin/admin-ajax.php HTTP/1.1" 200 47 "https://www.naijadial.com/wp-admin/themes.php?page=fw-settings" "Mozilla/5.0 (Windows NT 6.3; Win64; x64) AppleWebKit/537.36 (KHTML, like Gecko) Chrome/79.0.3945.130 Safari/537.36"
68.65.121.137 - - [30/Jan/2020:08:28:32 -0500] "POST /wp-cron.php?doing_wp_cron=1580390911.8825330734252929687500 HTTP/1.1" 200 - "https://www.naijadial.com/wp-cron.php?doing_wp_cron=1580390911.8825330734252929687500" "WordPress/5.3.2; https://www.naijadial.com"
2607:f298:6:a056::d53:a09d - - [30/Jan/2020:08:28:31 -0500] "GET /wp-login.php HTTP/1.1" 200 1761 "-" "Mozilla/5.0 (X11; Ubuntu; Linux x86_64; rv:62.0) Gecko/20100101 Firefox/62.0"
2607:f298:6:a056::d53:a09d - - [30/Jan/2020:08:28:32 -0500] "POST /wp-login.php HTTP/1.1" 200 1835 "-" "Mozilla/5.0 (X11; Ubuntu; Linux x86_64; rv:62.0) Gecko/20100101 Firefox/62.0"
2607:f298:6:a056::d53:a09d - - [30/Jan/2020:08:28:33 -0500] "POST /xmlrpc.php HTTP/1.1" 200 225 "-" "Mozilla/5.0 (X11; Ubuntu; Linux x86_64; rv:62.0) Gecko/20100101 Firefox/62.0"
193.109.85.12 - - [30/Jan/2020:08:28:42 -0500] "POST /wp-admin/admin-ajax.php HTTP/1.1" 200 47 "https://www.naijadial.com/wp-admin/users.php?paged=2" "Mozilla/5.0 (Windows NT 6.3; Win64; x64) AppleWebKit/537.36 (KHTML, like Gecko) Chrome/79.0.3945.130 Safari/537.36"
193.109.85.12 - - [30/Jan/2020:08:28:56 -0500] "POST /wp-admin/admin-ajax.php HTTP/1.1" 200 47 "https://www.naijadial.com/wp-admin/themes.php?page=fw-settings" "Mozilla/5.0 (Windows NT 6.3; Win64; x64) AppleWebKit/537.36 (KHTML, like Gecko) Chrome/79.0.3945.130 Safari/537.36"
68.65.121.137 - - [30/Jan/2020:08:29:46 -0500] "POST /wp-cron.php?doing_wp_cron=1580390986.4747619628906250000000 HTTP/1.1" 200 - "https://www.naijadial.com/wp-cron.php?doing_wp_cron=1580390986.4747619628906250000000" "WordPress/5.3.2; https://www.naijadial.com"
193.109.85.12 - - [30/Jan/2020:08:29:46 -0500] "POST /wp-admin/admin-ajax.php HTTP/1.1" 200 47 "https://www.naijadial.com/wp-admin/users.php?paged=2" "Mozilla/5.0 (Windows NT 6.3; Win64; x64) AppleWebKit/537.36 (KHTML, like Gecko) Chrome/79.0.3945.130 Safari/537.36"
68.65.121.137 - - [30/Jan/2020:08:30:44 -0500] "POST /wp-cron.php?doing_wp_cron=1580391044.2024919986724853515625 HTTP/1.1" 200 - "https://www.naijadial.com/wp-cron.php?doing_wp_cron=1580391044.2024919986724853515625" "WordPress/5.3.2; https://www.naijadial.com"
193.109.85.12 - - [30/Jan/2020:08:30:44 -0500] "POST /wp-admin/admin-ajax.php HTTP/1.1" 200 47 "https://www.naijadial.com/wp-admin/users.php?paged=2" "Mozilla/5.0 (Windows NT 6.3; Win64; x64) AppleWebKit/537.36 (KHTML, like Gecko) Chrome/79.0.3945.130 Safari/537.36"
68.65.121.137 - - [30/Jan/2020:08:31:42 -0500] "POST /wp-cron.php?doing_wp_cron=1580391102.4956951141357421875000 HTTP/1.1" 200 - "https://www.naijadial.com/wp-cron.php?doing_wp_cron=1580391102.4956951141357421875000" "WordPress/5.3.2; https://www.naijadial.com"
193.109.85.12 - - [30/Jan/2020:08:31:42 -0500] "POST /wp-admin/admin-ajax.php HTTP/1.1" 200 47 "https://www.naijadial.com/wp-admin/users.php?paged=2" "Mozilla/5.0 (Windows NT 6.3; Win64; x64) AppleWebKit/537.36 (KHTML, like Gecko) Chrome/79.0.3945.130 Safari/537.36"
68.65.121.137 - - [30/Jan/2020:08:32:42 -0500] "POST /wp-cron.php?doing_wp_cron=1580391162.2316610813140869140625 HTTP/1.1" 200 - "https://www.naijadial.com/wp-cron.php?doing_wp_cron=1580391162.2316610813140869140625" "WordPress/5.3.2; https://www.naijadial.com"
193.109.85.12 - - [30/Jan/2020:08:32:42 -0500] "POST /wp-admin/admin-ajax.php HTTP/1.1" 200 47 "https://www.naijadial.com/wp-admin/users.php?paged=2" "Mozilla/5.0 (Windows NT 6.3; Win64; x64) AppleWebKit/537.36 (KHTML, like Gecko) Chrome/79.0.3945.130 Safari/537.36"
66.249.65.103 - - [30/Jan/2020:09:02:30 -0500] "GET /cnt/plugins/listingo_core/public/js/system-public.js?ver=3.2.1 HTTP/1.1" 200 1605 "https://www.naijadial.com/account/?redirect=https://www.naijadial.com/pricing/" "Mozilla/5.0 (Linux; Android 6.0.1; Nexus 5X Build/MMB29P) AppleWebKit/537.36 (KHTML, like Gecko) Chrome/79.0.3945.120 Mobile Safari/537.36 (compatible; Googlebot/2.1; +http://www.google.com/bot.html)"
66.249.65.105 - - [30/Jan/2020:09:02:31 -0500] "GET /naijadial/js/tipso.min.js?ver=5.3.2 HTTP/1.1" 200 2989 "https://www.naijadial.com/account/?redirect=https://www.naijadial.com/pricing/" "Mozilla/5.0 (Linux; Android 6.0.1; Nexus 5X Build/MMB29P) AppleWebKit/537.36 (KHTML, like Gecko) Chrome/79.0.3945.120 Mobile Safari/537.36 (compatible; Googlebot/2.1; +http://www.google.com/bot.html)"
66.249.65.103 - - [30/Jan/2020:09:02:41 -0500] "POST /?wc-ajax=get_refreshed_fragments HTTP/1.1" 200 210 "https://www.naijadial.com/account/?redirect=https://www.naijadial.com/pricing/" "Mozilla/5.0 (Linux; Android 6.0.1; Nexus 5X Build/MMB29P) AppleWebKit/537.36 (KHTML, like Gecko) Chrome/79.0.3945.120 Mobile Safari/537.36 (compatible; Googlebot/2.1; +http://www.google.com/bot.html)"
68.65.121.137 - - [30/Jan/2020:09:03:26 -0500] "POST /wp-cron.php?doing_wp_cron=1580393006.6328759193420410156250 HTTP/1.1" 200 - "https://www.naijadial.com/wp-cron.php?doing_wp_cron=1580393006.6328759193420410156250" "WordPress/5.3.2; https://www.naijadial.com"
193.109.85.12 - - [30/Jan/2020:09:03:25 -0500] "POST /wp-admin/admin-ajax.php HTTP/1.1" 200 47 "https://www.naijadial.com/wp-admin/themes.php?page=fw-settings" "Mozilla/5.0 (Windows NT 6.3; Win64; x64) AppleWebKit/537.36 (KHTML, like Gecko) Chrome/79.0.3945.130 Safari/537.36"
193.109.85.12 - - [30/Jan/2020:09:03:28 -0500] "GET /naijadial/images/footers/f_2.jpg HTTP/1.1" 200 88651 "https://www.naijadial.com/wp-admin/themes.php?page=fw-settings" "Mozilla/5.0 (Windows NT 6.3; Win64; x64) AppleWebKit/537.36 (KHTML, like Gecko) Chrome/79.0.3945.130 Safari/537.36"
193.109.85.12 - - [30/Jan/2020:09:03:28 -0500] "GET /files/2020/01/NaijaDial-Logo.png HTTP/1.1" 304 - "https://www.naijadial.com/wp-admin/themes.php?page=fw-settings" "Mozilla/5.0 (Windows NT 6.3; Win64; x64) AppleWebKit/537.36 (KHTML, like Gecko) Chrome/79.0.3945.130 Safari/537.36"
193.109.85.12 - - [30/Jan/2020:09:03:28 -0500] "GET /naijadial/images/footers/f_1.jpg HTTP/1.1" 200 78527 "https://www.naijadial.com/wp-admin/themes.php?page=fw-settings" "Mozilla/5.0 (Windows NT 6.3; Win64; x64) AppleWebKit/537.36 (KHTML, like Gecko) Chrome/79.0.3945.130 Safari/537.36"
2a03:2880:32ff::face:b00c - - [30/Jan/2020:09:03:30 -0500] "GET /files_up/2019/03/NaijaDial-Logo.png HTTP/1.1" 404 53100 "-" "facebookexternalhit/1.1 (+http://www.facebook.com/externalhit_uatext.php)"
68.65.121.137 - - [30/Jan/2020:09:04:05 -0500] "POST /wp-cron.php?doing_wp_cron=1580393045.1335229873657226562500 HTTP/1.1" 200 - "https://www.naijadial.com/wp-cron.php?doing_wp_cron=1580393045.1335229873657226562500" "WordPress/5.3.2; https://www.naijadial.com"
197.210.226.211 - - [30/Jan/2020:09:04:05 -0500] "GET /account/ HTTP/1.1" 200 14155 "http://m.facebook.com/" "Mozilla/5.0 (Linux; Android 9; Nokia 7 plus Build/PPR1.180610.011; wv) AppleWebKit/537.36 (KHTML, like Gecko) Version/4.0 Chrome/74.0.3729.136 Mobile Safari/537.36 [FB_IAB/FB4A;FBAV/243.0.0.47.108;]"
197.210.226.211 - - [30/Jan/2020:09:04:11 -0500] "GET /files/2020/01/NaijaDial-Logo.png HTTP/1.1" 304 - "https://www.naijadial.com/account/" "Mozilla/5.0 (Linux; Android 9; Nokia 7 plus Build/PPR1.180610.011; wv) AppleWebKit/537.36 (KHTML, like Gecko) Version/4.0 Chrome/74.0.3729.136 Mobile Safari/537.36 [FB_IAB/FB4A;FBAV/243.0.0.47.108;]"
197.210.226.211 - - [30/Jan/2020:09:04:11 -0500] "GET /listingo/images/line-bar.jpg HTTP/1.1" 404 53100 "https://www.naijadial.com/naijadial/style.css?ver=3.2.2" "Mozilla/5.0 (Linux; Android 9; Nokia 7 plus Build/PPR1.180610.011; wv) AppleWebKit/537.36 (KHTML, like Gecko) Version/4.0 Chrome/74.0.3729.136 Mobile Safari/537.36 [FB_IAB/FB4A;FBAV/243.0.0.47.108;]"
197.210.226.211 - - [30/Jan/2020:09:04:13 -0500] "POST /?wc-ajax=get_refreshed_fragments HTTP/1.1" 200 210 "https://www.naijadial.com/account/" "Mozilla/5.0 (Linux; Android 9; Nokia 7 plus Build/PPR1.180610.011; wv) AppleWebKit/537.36 (KHTML, like Gecko) Version/4.0 Chrome/74.0.3729.136 Mobile Safari/537.36 [FB_IAB/FB4A;FBAV/243.0.0.47.108;]"
197.210.226.211 - - [30/Jan/2020:09:04:21 -0500] "GET /favicon.ico HTTP/1.1" 200 - "https://www.naijadial.com/account/" "Mozilla/5.0 (Linux; Android 9; Nokia 7 plus Build/PPR1.180610.011; wv) AppleWebKit/537.36 (KHTML, like Gecko) Version/4.0 Chrome/74.0.3729.136 Mobile Safari/537.36 [FB_IAB/FB4A;FBAV/243.0.0.47.108;]"
