66.249.64.137 - - [30/Jan/2020:16:15:38 -0500] "GET /providers-category/clinic/ HTTP/1.1" 404 52350 "-" "Mozilla/5.0 (Linux; Android 6.0.1; Nexus 5X Build/MMB29P) AppleWebKit/537.36 (KHTML, like Gecko) Chrome/41.0.2272.96 Mobile Safari/537.36 (compatible; Googlebot/2.1; +http://www.google.com/bot.html)"
197.211.61.112 - - [30/Jan/2020:16:15:40 -0500] "GET /new/job-listing/ HTTP/1.1" 301 - "https://www.naijadial.com/" "Mozilla/5.0 (Linux; Android 8.1.0; TECNO F1) AppleWebKit/537.36 (KHTML, like Gecko) Chrome/70.0.3538.110 Mobile Safari/537.36"
197.211.61.112 - - [30/Jan/2020:16:15:42 -0500] "GET /job-listing/ HTTP/1.1" 200 19165 "https://www.naijadial.com/" "Mozilla/5.0 (Linux; Android 8.1.0; TECNO F1) AppleWebKit/537.36 (KHTML, like Gecko) Chrome/70.0.3538.110 Mobile Safari/537.36"
197.211.61.112 - - [30/Jan/2020:16:15:51 -0500] "GET / HTTP/1.1" 200 24590 "https://www.naijadial.com/ads-search/" "Mozilla/5.0 (Linux; Android 8.1.0; TECNO F1) AppleWebKit/537.36 (KHTML, like Gecko) Chrome/70.0.3538.110 Mobile Safari/537.36"
197.211.61.112 - - [30/Jan/2020:16:15:57 -0500] "GET /listingo/images/line-bar.jpg HTTP/1.1" 404 53100 "https://www.naijadial.com/naijadial/style.css?ver=3.2.2" "Mozilla/5.0 (Linux; Android 8.1.0; TECNO F1) AppleWebKit/537.36 (KHTML, like Gecko) Chrome/70.0.3538.110 Mobile Safari/537.36"
68.65.121.137 - - [30/Jan/2020:16:16:53 -0500] "POST /wp-cron.php?doing_wp_cron=1580419013.3272650241851806640625 HTTP/1.1" 200 - "https://www.naijadial.com/wp-cron.php?doing_wp_cron=1580419013.3272650241851806640625" "WordPress/5.3.2; https://www.naijadial.com"
66.249.64.132 - - [30/Jan/2020:16:16:52 -0500] "GET /providers-category/pharmacy/ HTTP/1.1" 404 52350 "-" "Mozilla/5.0 (Linux; Android 6.0.1; Nexus 5X Build/MMB29P) AppleWebKit/537.36 (KHTML, like Gecko) Chrome/41.0.2272.96 Mobile Safari/537.36 (compatible; Googlebot/2.1; +http://www.google.com/bot.html)"
68.65.121.137 - - [30/Jan/2020:16:17:19 -0500] "POST /wp-cron.php?doing_wp_cron=1580419038.8832418918609619140625 HTTP/1.1" 200 - "https://www.naijadial.com/wp-cron.php?doing_wp_cron=1580419038.8832418918609619140625" "WordPress/5.3.2; https://www.naijadial.com"
197.211.61.112 - - [30/Jan/2020:16:17:18 -0500] "GET /account/ HTTP/1.1" 200 14155 "https://www.naijadial.com/" "Mozilla/5.0 (Linux; Android 8.1.0; TECNO F1) AppleWebKit/537.36 (KHTML, like Gecko) Chrome/70.0.3538.110 Mobile Safari/537.36"
197.211.61.112 - - [30/Jan/2020:16:17:41 -0500] "GET /listingo/images/line-bar.jpg HTTP/1.1" 404 53100 "https://www.naijadial.com/naijadial/style.css?ver=3.2.2" "Mozilla/5.0 (Linux; Android 8.1.0; TECNO F1) AppleWebKit/537.36 (KHTML, like Gecko) Chrome/70.0.3538.110 Mobile Safari/537.36"
197.211.61.112 - - [30/Jan/2020:16:17:50 -0500] "GET /account/apple-touch-icon.png HTTP/1.1" 404 52350 "https://www.naijadial.com/account/" "Mozilla/5.0 (Linux; Android 8.1.0; TECNO F1) AppleWebKit/537.36 (KHTML, like Gecko) Chrome/70.0.3538.110 Mobile Safari/537.36"
68.65.121.137 - - [30/Jan/2020:16:21:17 -0500] "POST /wp-cron.php?doing_wp_cron=1580419277.0641589164733886718750 HTTP/1.1" 200 - "https://www.naijadial.com/wp-cron.php?doing_wp_cron=1580419277.0641589164733886718750" "WordPress/5.3.2; https://www.naijadial.com"
70.118.3.102 - - [30/Jan/2020:16:21:15 -0500] "GET /wp-login.php HTTP/1.1" 200 1761 "-" "Mozilla/5.0 (X11; Ubuntu; Linux x86_64; rv:62.0) Gecko/20100101 Firefox/62.0"
70.118.3.102 - - [30/Jan/2020:16:21:18 -0500] "POST /wp-login.php HTTP/1.1" 200 4333 "-" "Mozilla/5.0 (X11; Ubuntu; Linux x86_64; rv:62.0) Gecko/20100101 Firefox/62.0"
197.210.46.218 - - [30/Jan/2020:16:22:03 -0500] "GET /account/ HTTP/1.1" 200 14156 "-" "Mozilla/5.0 (Linux; Android 7.1; F800) AppleWebKit/537.36 (KHTML, like Gecko) Chrome/76.0.3809.111 Mobile Safari/537.36"
68.65.121.137 - - [30/Jan/2020:16:38:09 -0500] "POST /wp-cron.php?doing_wp_cron=1580420289.5239410400390625000000 HTTP/1.1" 200 - "https://www.naijadial.com/wp-cron.php?doing_wp_cron=1580420289.5239410400390625000000" "WordPress/5.3.2; https://www.naijadial.com"
220.181.108.109 - - [30/Jan/2020:16:38:07 -0500] "GET /contact-us/ HTTP/1.1" 200 54620 "-" "Mozilla/5.0 (compatible; Baiduspider/2.0; +http://www.baidu.com/search/spider.html)"
2607:5300:60:609d:: - - [30/Jan/2020:16:38:15 -0500] "GET /wp-login.php HTTP/1.1" 200 1964 "-" "Mozilla/5.0 (X11; Ubuntu; Linux x86_64; rv:62.0) Gecko/20100101 Firefox/62.0"
2607:5300:60:609d:: - - [30/Jan/2020:16:38:16 -0500] "POST /wp-login.php HTTP/1.1" 200 1835 "-" "Mozilla/5.0 (X11; Ubuntu; Linux x86_64; rv:62.0) Gecko/20100101 Firefox/62.0"
2607:5300:60:609d:: - - [30/Jan/2020:16:38:17 -0500] "POST /xmlrpc.php HTTP/1.1" 200 225 "-" "Mozilla/5.0 (X11; Ubuntu; Linux x86_64; rv:62.0) Gecko/20100101 Firefox/62.0"
2a03:2880:32ff:10::face:b00c - - [30/Jan/2020:16:38:46 -0500] "GET /account/ HTTP/1.1" 206 14153 "-" "facebookexternalhit/1.1 (+http://www.facebook.com/externalhit_uatext.php)"
2a03:2880:32ff:10::face:b00c - - [30/Jan/2020:16:38:46 -0500] "GET /account/ HTTP/1.1" 206 14153 "-" "facebookexternalhit/1.1 (+http://www.facebook.com/externalhit_uatext.php)"
68.65.121.137 - - [30/Jan/2020:16:39:11 -0500] "POST /wp-cron.php?doing_wp_cron=1580420351.1636390686035156250000 HTTP/1.1" 200 - "https://www.naijadial.com/wp-cron.php?doing_wp_cron=1580420351.1636390686035156250000" "WordPress/5.3.2; https://www.naijadial.com"
197.211.61.112 - - [30/Jan/2020:16:39:11 -0500] "GET /account/ HTTP/1.1" 200 14155 "https://www.naijadial.com/" "Mozilla/5.0 (Linux; Android 8.1.0; TECNO F1) AppleWebKit/537.36 (KHTML, like Gecko) Chrome/70.0.3538.110 Mobile Safari/537.36"
197.211.61.112 - - [30/Jan/2020:16:39:18 -0500] "GET /listingo/images/line-bar.jpg HTTP/1.1" 404 53100 "https://www.naijadial.com/naijadial/style.css?ver=3.2.2" "Mozilla/5.0 (Linux; Android 8.1.0; TECNO F1) AppleWebKit/537.36 (KHTML, like Gecko) Chrome/70.0.3538.110 Mobile Safari/537.36"
68.65.121.137 - - [30/Jan/2020:16:42:47 -0500] "POST /wp-cron.php?doing_wp_cron=1580420567.3066120147705078125000 HTTP/1.1" 200 - "https://www.naijadial.com/wp-cron.php?doing_wp_cron=1580420567.3066120147705078125000" "WordPress/5.3.2; https://www.naijadial.com"
41.203.73.251 - - [30/Jan/2020:16:42:45 -0500] "GET /account/?fbclid=IwAR2CWdisVEfnoEFTEKUQyoFkUFASgLsaKJzpOjuyZEI-Sz-Lf7C_OvnAIYE HTTP/1.1" 200 14235 "https://m.facebook.com/" "Mozilla/5.0 (Linux; Android 6.0.1; SM-G532F) AppleWebKit/537.36 (KHTML, like Gecko) Chrome/79.0.3945.116 Mobile Safari/537.36"
41.203.73.251 - - [30/Jan/2020:16:42:49 -0500] "GET /cnt/plugins/vc-extensions-bundle/css/admin_icon.css?ver=5.3.2 HTTP/1.1" 304 - "https://www.naijadial.com/account/?fbclid=IwAR2CWdisVEfnoEFTEKUQyoFkUFASgLsaKJzpOjuyZEI-Sz-Lf7C_OvnAIYE" "Mozilla/5.0 (Linux; Android 6.0.1; SM-G532F) AppleWebKit/537.36 (KHTML, like Gecko) Chrome/79.0.3945.116 Mobile Safari/537.36"
41.203.73.251 - - [30/Jan/2020:16:42:49 -0500] "GET /cnt/plugins/gd-bbpress-toolbox/templates/default/css/widgets.min.css?ver=5.2.1.712 HTTP/1.1" 304 - "https://www.naijadial.com/account/?fbclid=IwAR2CWdisVEfnoEFTEKUQyoFkUFASgLsaKJzpOjuyZEI-Sz-Lf7C_OvnAIYE" "Mozilla/5.0 (Linux; Android 6.0.1; SM-G532F) AppleWebKit/537.36 (KHTML, like Gecko) Chrome/79.0.3945.116 Mobile Safari/537.36"
41.203.73.251 - - [30/Jan/2020:16:42:49 -0500] "GET /cnt/plugins/mega-addons-for-visual-composer/css/style.css?ver=5.3.2 HTTP/1.1" 304 - "https://www.naijadial.com/account/?fbclid=IwAR2CWdisVEfnoEFTEKUQyoFkUFASgLsaKJzpOjuyZEI-Sz-Lf7C_OvnAIYE" "Mozilla/5.0 (Linux; Android 6.0.1; SM-G532F) AppleWebKit/537.36 (KHTML, like Gecko) Chrome/79.0.3945.116 Mobile Safari/537.36"
41.203.73.251 - - [30/Jan/2020:16:42:49 -0500] "GET /cnt/plugins/mega-addons-for-visual-composer/css/font-awesome/css/font-awesome.css?ver=5.3.2 HTTP/1.1" 304 - "https://www.naijadial.com/account/?fbclid=IwAR2CWdisVEfnoEFTEKUQyoFkUFASgLsaKJzpOjuyZEI-Sz-Lf7C_OvnAIYE" "Mozilla/5.0 (Linux; Android 6.0.1; SM-G532F) AppleWebKit/537.36 (KHTML, like Gecko) Chrome/79.0.3945.116 Mobile Safari/537.36"
41.203.73.251 - - [30/Jan/2020:16:42:49 -0500] "GET /cnt/plugins/contact-form-7/includes/css/styles.css?ver=5.1.6 HTTP/1.1" 304 - "https://www.naijadial.com/account/?fbclid=IwAR2CWdisVEfnoEFTEKUQyoFkUFASgLsaKJzpOjuyZEI-Sz-Lf7C_OvnAIYE" "Mozilla/5.0 (Linux; Android 6.0.1; SM-G532F) AppleWebKit/537.36 (KHTML, like Gecko) Chrome/79.0.3945.116 Mobile Safari/537.36"
41.203.73.251 - - [30/Jan/2020:16:42:49 -0500] "GET /cnt/plugins/mega-addons-for-visual-composer/css/ihover.css?ver=5.3.2 HTTP/1.1" 304 - "https://www.naijadial.com/account/?fbclid=IwAR2CWdisVEfnoEFTEKUQyoFkUFASgLsaKJzpOjuyZEI-Sz-Lf7C_OvnAIYE" "Mozilla/5.0 (Linux; Android 6.0.1; SM-G532F) AppleWebKit/537.36 (KHTML, like Gecko) Chrome/79.0.3945.116 Mobile Safari/537.36"
41.203.73.251 - - [30/Jan/2020:16:42:49 -0500] "GET /cnt/plugins/revslider/public/assets/css/rs6.css?ver=6.0.7 HTTP/1.1" 304 - "https://www.naijadial.com/account/?fbclid=IwAR2CWdisVEfnoEFTEKUQyoFkUFASgLsaKJzpOjuyZEI-Sz-Lf7C_OvnAIYE" "Mozilla/5.0 (Linux; Android 6.0.1; SM-G532F) AppleWebKit/537.36 (KHTML, like Gecko) Chrome/79.0.3945.116 Mobile Safari/537.36"
41.203.73.251 - - [30/Jan/2020:16:42:49 -0500] "GET /cnt/plugins/bbpress/templates/default/css/bbpress.min.css?ver=2.6.3 HTTP/1.1" 304 - "https://www.naijadial.com/account/?fbclid=IwAR2CWdisVEfnoEFTEKUQyoFkUFASgLsaKJzpOjuyZEI-Sz-Lf7C_OvnAIYE" "Mozilla/5.0 (Linux; Android 6.0.1; SM-G532F) AppleWebKit/537.36 (KHTML, like Gecko) Chrome/79.0.3945.116 Mobile Safari/537.36"
41.203.73.251 - - [30/Jan/2020:16:42:49 -0500] "GET /naijadial/css/bootstrap.min.css?ver=3.2.2 HTTP/1.1" 304 - "https://www.naijadial.com/account/?fbclid=IwAR2CWdisVEfnoEFTEKUQyoFkUFASgLsaKJzpOjuyZEI-Sz-Lf7C_OvnAIYE" "Mozilla/5.0 (Linux; Android 6.0.1; SM-G532F) AppleWebKit/537.36 (KHTML, like Gecko) Chrome/79.0.3945.116 Mobile Safari/537.36"
41.203.73.251 - - [30/Jan/2020:16:42:49 -0500] "GET /cnt/plugins/bbp-style-pack/css/bspstyle.css?ver=4.3.8 HTTP/1.1" 304 - "https://www.naijadial.com/account/?fbclid=IwAR2CWdisVEfnoEFTEKUQyoFkUFASgLsaKJzpOjuyZEI-Sz-Lf7C_OvnAIYE" "Mozilla/5.0 (Linux; Android 6.0.1; SM-G532F) AppleWebKit/537.36 (KHTML, like Gecko) Chrome/79.0.3945.116 Mobile Safari/537.36"
41.203.73.251 - - [30/Jan/2020:16:42:49 -0500] "GET /naijadial/css/scrollbar.css?ver=3.2.2 HTTP/1.1" 304 - "https://www.naijadial.com/account/?fbclid=IwAR2CWdisVEfnoEFTEKUQyoFkUFASgLsaKJzpOjuyZEI-Sz-Lf7C_OvnAIYE" "Mozilla/5.0 (Linux; Android 6.0.1; SM-G532F) AppleWebKit/537.36 (KHTML, like Gecko) Chrome/79.0.3945.116 Mobile Safari/537.36"
41.203.73.251 - - [30/Jan/2020:16:42:49 -0500] "GET /naijadial/css/jquery-ui.css?ver=3.2.2 HTTP/1.1" 304 - "https://www.naijadial.com/account/?fbclid=IwAR2CWdisVEfnoEFTEKUQyoFkUFASgLsaKJzpOjuyZEI-Sz-Lf7C_OvnAIYE" "Mozilla/5.0 (Linux; Android 6.0.1; SM-G532F) AppleWebKit/537.36 (KHTML, like Gecko) Chrome/79.0.3945.116 Mobile Safari/537.36"
41.203.73.251 - - [30/Jan/2020:16:42:49 -0500] "GET /naijadial/css/linearicons.css?ver=3.2.2 HTTP/1.1" 304 - "https://www.naijadial.com/account/?fbclid=IwAR2CWdisVEfnoEFTEKUQyoFkUFASgLsaKJzpOjuyZEI-Sz-Lf7C_OvnAIYE" "Mozilla/5.0 (Linux; Android 6.0.1; SM-G532F) AppleWebKit/537.36 (KHTML, like Gecko) Chrome/79.0.3945.116 Mobile Safari/537.36"
41.203.73.251 - - [30/Jan/2020:16:42:50 -0500] "GET /cnt/plugins/js_composer/assets/css/js_composer.min.css?ver=6.0.5 HTTP/1.1" 304 - "https://www.naijadial.com/account/?fbclid=IwAR2CWdisVEfnoEFTEKUQyoFkUFASgLsaKJzpOjuyZEI-Sz-Lf7C_OvnAIYE" "Mozilla/5.0 (Linux; Android 6.0.1; SM-G532F) AppleWebKit/537.36 (KHTML, like Gecko) Chrome/79.0.3945.116 Mobile Safari/537.36"
41.203.73.251 - - [30/Jan/2020:16:42:50 -0500] "GET /cnt/plugins/unyson/framework/extensions/forms/static/css/frontend.css?ver=2.7.22 HTTP/1.1" 304 - "https://www.naijadial.com/account/?fbclid=IwAR2CWdisVEfnoEFTEKUQyoFkUFASgLsaKJzpOjuyZEI-Sz-Lf7C_OvnAIYE" "Mozilla/5.0 (Linux; Android 6.0.1; SM-G532F) AppleWebKit/537.36 (KHTML, like Gecko) Chrome/79.0.3945.116 Mobile Safari/537.36"
41.203.73.251 - - [30/Jan/2020:16:42:50 -0500] "GET /naijadial/css/prettyPhoto.css?ver=3.2.2 HTTP/1.1" 304 - "https://www.naijadial.com/account/?fbclid=IwAR2CWdisVEfnoEFTEKUQyoFkUFASgLsaKJzpOjuyZEI-Sz-Lf7C_OvnAIYE" "Mozilla/5.0 (Linux; Android 6.0.1; SM-G532F) AppleWebKit/537.36 (KHTML, like Gecko) Chrome/79.0.3945.116 Mobile Safari/537.36"
41.203.73.251 - - [30/Jan/2020:16:42:50 -0500] "GET /naijadial/css/normalize.css?ver=3.2.2 HTTP/1.1" 304 - "https://www.naijadial.com/account/?fbclid=IwAR2CWdisVEfnoEFTEKUQyoFkUFASgLsaKJzpOjuyZEI-Sz-Lf7C_OvnAIYE" "Mozilla/5.0 (Linux; Android 6.0.1; SM-G532F) AppleWebKit/537.36 (KHTML, like Gecko) Chrome/79.0.3945.116 Mobile Safari/537.36"
41.203.73.251 - - [30/Jan/2020:16:42:50 -0500] "GET /cnt/plugins/unyson/framework/extensions/breadcrumbs/static/css/style.css?ver=5.3.2 HTTP/1.1" 304 - "https://www.naijadial.com/account/?fbclid=IwAR2CWdisVEfnoEFTEKUQyoFkUFASgLsaKJzpOjuyZEI-Sz-Lf7C_OvnAIYE" "Mozilla/5.0 (Linux; Android 6.0.1; SM-G532F) AppleWebKit/537.36 (KHTML, like Gecko) Chrome/79.0.3945.116 Mobile Safari/537.36"
41.203.73.251 - - [30/Jan/2020:16:42:50 -0500] "GET /cnt/plugins/unyson/framework/extensions/builder/static/css/frontend-grid.css?ver=1.2.11 HTTP/1.1" 304 - "https://www.naijadial.com/account/?fbclid=IwAR2CWdisVEfnoEFTEKUQyoFkUFASgLsaKJzpOjuyZEI-Sz-Lf7C_OvnAIYE" "Mozilla/5.0 (Linux; Android 6.0.1; SM-G532F) AppleWebKit/537.36 (KHTML, like Gecko) Chrome/79.0.3945.116 Mobile Safari/537.36"
41.203.73.251 - - [30/Jan/2020:16:42:50 -0500] "GET /cnt/plugins/js_composer/assets/lib/bower/font-awesome/css/font-awesome.min.css?ver=6.0.5 HTTP/1.1" 304 - "https://www.naijadial.com/account/?fbclid=IwAR2CWdisVEfnoEFTEKUQyoFkUFASgLsaKJzpOjuyZEI-Sz-Lf7C_OvnAIYE" "Mozilla/5.0 (Linux; Android 6.0.1; SM-G532F) AppleWebKit/537.36 (KHTML, like Gecko) Chrome/79.0.3945.116 Mobile Safari/537.36"
41.203.73.251 - - [30/Jan/2020:16:42:50 -0500] "GET /naijadial/css/owl.carousel.min.css?ver=3.2.2 HTTP/1.1" 304 - "https://www.naijadial.com/account/?fbclid=IwAR2CWdisVEfnoEFTEKUQyoFkUFASgLsaKJzpOjuyZEI-Sz-Lf7C_OvnAIYE" "Mozilla/5.0 (Linux; Android 6.0.1; SM-G532F) AppleWebKit/537.36 (KHTML, like Gecko) Chrome/79.0.3945.116 Mobile Safari/537.36"
41.203.73.251 - - [30/Jan/2020:16:42:50 -0500] "GET /naijadial/css/datetimepicker.css?ver=3.2.2 HTTP/1.1" 304 - "https://www.naijadial.com/account/?fbclid=IwAR2CWdisVEfnoEFTEKUQyoFkUFASgLsaKJzpOjuyZEI-Sz-Lf7C_OvnAIYE" "Mozilla/5.0 (Linux; Android 6.0.1; SM-G532F) AppleWebKit/537.36 (KHTML, like Gecko) Chrome/79.0.3945.116 Mobile Safari/537.36"
41.203.73.251 - - [30/Jan/2020:16:42:50 -0500] "GET /naijadial/css/transitions.css?ver=3.2.2 HTTP/1.1" 304 - "https://www.naijadial.com/account/?fbclid=IwAR2CWdisVEfnoEFTEKUQyoFkUFASgLsaKJzpOjuyZEI-Sz-Lf7C_OvnAIYE" "Mozilla/5.0 (Linux; Android 6.0.1; SM-G532F) AppleWebKit/537.36 (KHTML, like Gecko) Chrome/79.0.3945.116 Mobile Safari/537.36"
41.203.73.251 - - [30/Jan/2020:16:42:50 -0500] "GET /cnt/plugins/revslider/public/assets/js/revolution.tools.min.js?ver=6.0 HTTP/1.1" 304 - "https://www.naijadial.com/account/?fbclid=IwAR2CWdisVEfnoEFTEKUQyoFkUFASgLsaKJzpOjuyZEI-Sz-Lf7C_OvnAIYE" "Mozilla/5.0 (Linux; Android 6.0.1; SM-G532F) AppleWebKit/537.36 (KHTML, like Gecko) Chrome/79.0.3945.116 Mobile Safari/537.36"
41.203.73.251 - - [30/Jan/2020:16:42:50 -0500] "GET /naijadial/css/color.css?ver=3.2.2 HTTP/1.1" 304 - "https://www.naijadial.com/account/?fbclid=IwAR2CWdisVEfnoEFTEKUQyoFkUFASgLsaKJzpOjuyZEI-Sz-Lf7C_OvnAIYE" "Mozilla/5.0 (Linux; Android 6.0.1; SM-G532F) AppleWebKit/537.36 (KHTML, like Gecko) Chrome/79.0.3945.116 Mobile Safari/537.36"
41.203.73.251 - - [30/Jan/2020:16:42:50 -0500] "GET /cnt/plugins/mega-addons-for-visual-composer/js/script.js?ver=5.3.2 HTTP/1.1" 304 - "https://www.naijadial.com/account/?fbclid=IwAR2CWdisVEfnoEFTEKUQyoFkUFASgLsaKJzpOjuyZEI-Sz-Lf7C_OvnAIYE" "Mozilla/5.0 (Linux; Android 6.0.1; SM-G532F) AppleWebKit/537.36 (KHTML, like Gecko) Chrome/79.0.3945.116 Mobile Safari/537.36"
41.203.73.251 - - [30/Jan/2020:16:42:50 -0500] "GET /naijadial/css/typo.css?ver=3.2.2 HTTP/1.1" 304 - "https://www.naijadial.com/account/?fbclid=IwAR2CWdisVEfnoEFTEKUQyoFkUFASgLsaKJzpOjuyZEI-Sz-Lf7C_OvnAIYE" "Mozilla/5.0 (Linux; Android 6.0.1; SM-G532F) AppleWebKit/537.36 (KHTML, like Gecko) Chrome/79.0.3945.116 Mobile Safari/537.36"
41.203.73.251 - - [30/Jan/2020:16:42:50 -0500] "GET /naijadial/style.css?ver=3.2.2 HTTP/1.1" 304 - "https://www.naijadial.com/account/?fbclid=IwAR2CWdisVEfnoEFTEKUQyoFkUFASgLsaKJzpOjuyZEI-Sz-Lf7C_OvnAIYE" "Mozilla/5.0 (Linux; Android 6.0.1; SM-G532F) AppleWebKit/537.36 (KHTML, like Gecko) Chrome/79.0.3945.116 Mobile Safari/537.36"
41.203.73.251 - - [30/Jan/2020:16:42:50 -0500] "GET /naijadial/js/vendor/modernizr-2.8.3-respond-1.4.2.min.js?ver=3.2.2 HTTP/1.1" 304 - "https://www.naijadial.com/account/?fbclid=IwAR2CWdisVEfnoEFTEKUQyoFkUFASgLsaKJzpOjuyZEI-Sz-Lf7C_OvnAIYE" "Mozilla/5.0 (Linux; Android 6.0.1; SM-G532F) AppleWebKit/537.36 (KHTML, like Gecko) Chrome/79.0.3945.116 Mobile Safari/537.36"
41.203.73.251 - - [30/Jan/2020:16:42:50 -0500] "GET /cnt/plugins/listingo_core/public/js/system-public.js?ver=3.2.1 HTTP/1.1" 304 - "https://www.naijadial.com/account/?fbclid=IwAR2CWdisVEfnoEFTEKUQyoFkUFASgLsaKJzpOjuyZEI-Sz-Lf7C_OvnAIYE" "Mozilla/5.0 (Linux; Android 6.0.1; SM-G532F) AppleWebKit/537.36 (KHTML, like Gecko) Chrome/79.0.3945.116 Mobile Safari/537.36"
41.203.73.251 - - [30/Jan/2020:16:42:50 -0500] "GET /cnt/plugins/revslider/public/assets/js/rs6.min.js?ver=6.0.7 HTTP/1.1" 304 - "https://www.naijadial.com/account/?fbclid=IwAR2CWdisVEfnoEFTEKUQyoFkUFASgLsaKJzpOjuyZEI-Sz-Lf7C_OvnAIYE" "Mozilla/5.0 (Linux; Android 6.0.1; SM-G532F) AppleWebKit/537.36 (KHTML, like Gecko) Chrome/79.0.3945.116 Mobile Safari/537.36"
41.203.73.251 - - [30/Jan/2020:16:42:50 -0500] "GET /naijadial/css/responsive.css?ver=3.2.2 HTTP/1.1" 304 - "https://www.naijadial.com/account/?fbclid=IwAR2CWdisVEfnoEFTEKUQyoFkUFASgLsaKJzpOjuyZEI-Sz-Lf7C_OvnAIYE" "Mozilla/5.0 (Linux; Android 6.0.1; SM-G532F) AppleWebKit/537.36 (KHTML, like Gecko) Chrome/79.0.3945.116 Mobile Safari/537.36"
41.203.73.251 - - [30/Jan/2020:16:42:50 -0500] "GET /naijadial/css/owl.theme.default.min.css?ver=3.2.2 HTTP/1.1" 304 - "https://www.naijadial.com/account/?fbclid=IwAR2CWdisVEfnoEFTEKUQyoFkUFASgLsaKJzpOjuyZEI-Sz-Lf7C_OvnAIYE" "Mozilla/5.0 (Linux; Android 6.0.1; SM-G532F) AppleWebKit/537.36 (KHTML, like Gecko) Chrome/79.0.3945.116 Mobile Safari/537.36"
41.203.73.251 - - [30/Jan/2020:16:42:50 -0500] "GET /naijadial/css/jquery.countdown.css?ver=3.2.2 HTTP/1.1" 304 - "https://www.naijadial.com/account/?fbclid=IwAR2CWdisVEfnoEFTEKUQyoFkUFASgLsaKJzpOjuyZEI-Sz-Lf7C_OvnAIYE" "Mozilla/5.0 (Linux; Android 6.0.1; SM-G532F) AppleWebKit/537.36 (KHTML, like Gecko) Chrome/79.0.3945.116 Mobile Safari/537.36"
41.203.73.251 - - [30/Jan/2020:16:42:50 -0500] "GET /cnt/plugins/js_composer/assets/js/vendors/woocommerce-add-to-cart.js?ver=6.0.5 HTTP/1.1" 304 - "https://www.naijadial.com/account/?fbclid=IwAR2CWdisVEfnoEFTEKUQyoFkUFASgLsaKJzpOjuyZEI-Sz-Lf7C_OvnAIYE" "Mozilla/5.0 (Linux; Android 6.0.1; SM-G532F) AppleWebKit/537.36 (KHTML, like Gecko) Chrome/79.0.3945.116 Mobile Safari/537.36"
41.203.73.251 - - [30/Jan/2020:16:42:50 -0500] "GET /naijadial/js/appear.js?ver=5.3.2 HTTP/1.1" 304 - "https://www.naijadial.com/account/?fbclid=IwAR2CWdisVEfnoEFTEKUQyoFkUFASgLsaKJzpOjuyZEI-Sz-Lf7C_OvnAIYE" "Mozilla/5.0 (Linux; Android 6.0.1; SM-G532F) AppleWebKit/537.36 (KHTML, like Gecko) Chrome/79.0.3945.116 Mobile Safari/537.36"
41.203.73.251 - - [30/Jan/2020:16:42:50 -0500] "GET /naijadial/js/countTo.js?ver=5.3.2 HTTP/1.1" 304 - "https://www.naijadial.com/account/?fbclid=IwAR2CWdisVEfnoEFTEKUQyoFkUFASgLsaKJzpOjuyZEI-Sz-Lf7C_OvnAIYE" "Mozilla/5.0 (Linux; Android 6.0.1; SM-G532F) AppleWebKit/537.36 (KHTML, like Gecko) Chrome/79.0.3945.116 Mobile Safari/537.36"
41.203.73.251 - - [30/Jan/2020:16:42:50 -0500] "GET /cnt/plugins/unyson/framework/static/js/fw-form-helpers.js?ver=5.3.2 HTTP/1.1" 304 - "https://www.naijadial.com/account/?fbclid=IwAR2CWdisVEfnoEFTEKUQyoFkUFASgLsaKJzpOjuyZEI-Sz-Lf7C_OvnAIYE" "Mozilla/5.0 (Linux; Android 6.0.1; SM-G532F) AppleWebKit/537.36 (KHTML, like Gecko) Chrome/79.0.3945.116 Mobile Safari/537.36"
41.203.73.251 - - [30/Jan/2020:16:42:50 -0500] "GET /naijadial/css/chosen.css?ver=3.2.2 HTTP/1.1" 304 - "https://www.naijadial.com/account/?fbclid=IwAR2CWdisVEfnoEFTEKUQyoFkUFASgLsaKJzpOjuyZEI-Sz-Lf7C_OvnAIYE" "Mozilla/5.0 (Linux; Android 6.0.1; SM-G532F) AppleWebKit/537.36 (KHTML, like Gecko) Chrome/79.0.3945.116 Mobile Safari/537.36"
41.203.73.251 - - [30/Jan/2020:16:42:51 -0500] "GET /naijadial/css/chat_module.css?ver=3.2.2 HTTP/1.1" 304 - "https://www.naijadial.com/account/?fbclid=IwAR2CWdisVEfnoEFTEKUQyoFkUFASgLsaKJzpOjuyZEI-Sz-Lf7C_OvnAIYE" "Mozilla/5.0 (Linux; Android 6.0.1; SM-G532F) AppleWebKit/537.36 (KHTML, like Gecko) Chrome/79.0.3945.116 Mobile Safari/537.36"
41.203.73.251 - - [30/Jan/2020:16:42:57 -0500] "GET /files/2019/12/NaijaDial-Logo.png HTTP/1.1" 304 - "https://www.naijadial.com/account/?fbclid=IwAR2CWdisVEfnoEFTEKUQyoFkUFASgLsaKJzpOjuyZEI-Sz-Lf7C_OvnAIYE" "Mozilla/5.0 (Linux; Android 6.0.1; SM-G532F) AppleWebKit/537.36 (KHTML, like Gecko) Chrome/79.0.3945.116 Mobile Safari/537.36"
41.203.73.251 - - [30/Jan/2020:16:42:58 -0500] "GET /files/so-css/so-css-listingo.css?ver=1580144791 HTTP/1.1" 304 - "https://www.naijadial.com/account/?fbclid=IwAR2CWdisVEfnoEFTEKUQyoFkUFASgLsaKJzpOjuyZEI-Sz-Lf7C_OvnAIYE" "Mozilla/5.0 (Linux; Android 6.0.1; SM-G532F) AppleWebKit/537.36 (KHTML, like Gecko) Chrome/79.0.3945.116 Mobile Safari/537.36"
41.203.73.251 - - [30/Jan/2020:16:42:58 -0500] "GET /cnt/plugins/unyson/framework/static/libs/entypo/css/entypo.css?ver=2.7.22 HTTP/1.1" 304 - "https://www.naijadial.com/account/?fbclid=IwAR2CWdisVEfnoEFTEKUQyoFkUFASgLsaKJzpOjuyZEI-Sz-Lf7C_OvnAIYE" "Mozilla/5.0 (Linux; Android 6.0.1; SM-G532F) AppleWebKit/537.36 (KHTML, like Gecko) Chrome/79.0.3945.116 Mobile Safari/537.36"
41.203.73.251 - - [30/Jan/2020:16:42:58 -0500] "GET /cnt/plugins/unyson/framework/static/libs/typcn/css/typcn.css?ver=2.7.22 HTTP/1.1" 304 - "https://www.naijadial.com/account/?fbclid=IwAR2CWdisVEfnoEFTEKUQyoFkUFASgLsaKJzpOjuyZEI-Sz-Lf7C_OvnAIYE" "Mozilla/5.0 (Linux; Android 6.0.1; SM-G532F) AppleWebKit/537.36 (KHTML, like Gecko) Chrome/79.0.3945.116 Mobile Safari/537.36"
41.203.73.251 - - [30/Jan/2020:16:42:58 -0500] "GET /cnt/plugins/unyson/framework/static/libs/unycon/unycon.css?ver=2.7.22 HTTP/1.1" 304 - "https://www.naijadial.com/account/?fbclid=IwAR2CWdisVEfnoEFTEKUQyoFkUFASgLsaKJzpOjuyZEI-Sz-Lf7C_OvnAIYE" "Mozilla/5.0 (Linux; Android 6.0.1; SM-G532F) AppleWebKit/537.36 (KHTML, like Gecko) Chrome/79.0.3945.116 Mobile Safari/537.36"
41.203.73.251 - - [30/Jan/2020:16:42:58 -0500] "GET /cnt/plugins/unyson/framework/static/libs/linecons/css/linecons.css?ver=2.7.22 HTTP/1.1" 304 - "https://www.naijadial.com/account/?fbclid=IwAR2CWdisVEfnoEFTEKUQyoFkUFASgLsaKJzpOjuyZEI-Sz-Lf7C_OvnAIYE" "Mozilla/5.0 (Linux; Android 6.0.1; SM-G532F) AppleWebKit/537.36 (KHTML, like Gecko) Chrome/79.0.3945.116 Mobile Safari/537.36"
41.203.73.251 - - [30/Jan/2020:16:42:58 -0500] "GET /cnt/plugins/unyson/framework/static/libs/lnr/css/lnr.css?ver=2.7.22 HTTP/1.1" 304 - "https://www.naijadial.com/account/?fbclid=IwAR2CWdisVEfnoEFTEKUQyoFkUFASgLsaKJzpOjuyZEI-Sz-Lf7C_OvnAIYE" "Mozilla/5.0 (Linux; Android 6.0.1; SM-G532F) AppleWebKit/537.36 (KHTML, like Gecko) Chrome/79.0.3945.116 Mobile Safari/537.36"
41.203.73.251 - - [30/Jan/2020:16:42:58 -0500] "GET /cnt/plugins/unyson/framework/static/libs/font-awesome/css/font-awesome.min.css?ver=2.7.22 HTTP/1.1" 304 - "https://www.naijadial.com/account/?fbclid=IwAR2CWdisVEfnoEFTEKUQyoFkUFASgLsaKJzpOjuyZEI-Sz-Lf7C_OvnAIYE" "Mozilla/5.0 (Linux; Android 6.0.1; SM-G532F) AppleWebKit/537.36 (KHTML, like Gecko) Chrome/79.0.3945.116 Mobile Safari/537.36"
41.203.73.251 - - [30/Jan/2020:16:42:58 -0500] "GET /cnt/plugins/contact-form-7/includes/js/scripts.js?ver=5.1.6 HTTP/1.1" 304 - "https://www.naijadial.com/account/?fbclid=IwAR2CWdisVEfnoEFTEKUQyoFkUFASgLsaKJzpOjuyZEI-Sz-Lf7C_OvnAIYE" "Mozilla/5.0 (Linux; Android 6.0.1; SM-G532F) AppleWebKit/537.36 (KHTML, like Gecko) Chrome/79.0.3945.116 Mobile Safari/537.36"
41.203.73.251 - - [30/Jan/2020:16:42:59 -0500] "GET /naijadial/js/vendor/bootstrap.min.js?ver=3.2.2 HTTP/1.1" 304 - "https://www.naijadial.com/account/?fbclid=IwAR2CWdisVEfnoEFTEKUQyoFkUFASgLsaKJzpOjuyZEI-Sz-Lf7C_OvnAIYE" "Mozilla/5.0 (Linux; Android 6.0.1; SM-G532F) AppleWebKit/537.36 (KHTML, like Gecko) Chrome/79.0.3945.116 Mobile Safari/537.36"
41.203.73.251 - - [30/Jan/2020:16:43:00 -0500] "GET /naijadial/js/gmap3.min.js?ver=5.3.2 HTTP/1.1" 304 - "https://www.naijadial.com/account/?fbclid=IwAR2CWdisVEfnoEFTEKUQyoFkUFASgLsaKJzpOjuyZEI-Sz-Lf7C_OvnAIYE" "Mozilla/5.0 (Linux; Android 6.0.1; SM-G532F) AppleWebKit/537.36 (KHTML, like Gecko) Chrome/79.0.3945.116 Mobile Safari/537.36"
41.203.73.251 - - [30/Jan/2020:16:43:00 -0500] "GET /naijadial/js/jquery.countdown.js?ver=3.2.2 HTTP/1.1" 304 - "https://www.naijadial.com/account/?fbclid=IwAR2CWdisVEfnoEFTEKUQyoFkUFASgLsaKJzpOjuyZEI-Sz-Lf7C_OvnAIYE" "Mozilla/5.0 (Linux; Android 6.0.1; SM-G532F) AppleWebKit/537.36 (KHTML, like Gecko) Chrome/79.0.3945.116 Mobile Safari/537.36"
41.203.73.251 - - [30/Jan/2020:16:43:00 -0500] "GET /naijadial/js/owl.carousel.min.js?ver=3.2.2 HTTP/1.1" 304 - "https://www.naijadial.com/account/?fbclid=IwAR2CWdisVEfnoEFTEKUQyoFkUFASgLsaKJzpOjuyZEI-Sz-Lf7C_OvnAIYE" "Mozilla/5.0 (Linux; Android 6.0.1; SM-G532F) AppleWebKit/537.36 (KHTML, like Gecko) Chrome/79.0.3945.116 Mobile Safari/537.36"
41.203.73.251 - - [30/Jan/2020:16:43:00 -0500] "GET /naijadial/js/listingo_callbacks.js?ver=3.2.2 HTTP/1.1" 304 - "https://www.naijadial.com/account/?fbclid=IwAR2CWdisVEfnoEFTEKUQyoFkUFASgLsaKJzpOjuyZEI-Sz-Lf7C_OvnAIYE" "Mozilla/5.0 (Linux; Android 6.0.1; SM-G532F) AppleWebKit/537.36 (KHTML, like Gecko) Chrome/79.0.3945.116 Mobile Safari/537.36"
41.203.73.251 - - [30/Jan/2020:16:43:00 -0500] "GET /naijadial/js/scrollbar.min.js?ver=3.2.2 HTTP/1.1" 304 - "https://www.naijadial.com/account/?fbclid=IwAR2CWdisVEfnoEFTEKUQyoFkUFASgLsaKJzpOjuyZEI-Sz-Lf7C_OvnAIYE" "Mozilla/5.0 (Linux; Android 6.0.1; SM-G532F) AppleWebKit/537.36 (KHTML, like Gecko) Chrome/79.0.3945.116 Mobile Safari/537.36"
41.203.73.251 - - [30/Jan/2020:16:43:01 -0500] "GET /naijadial/js/datetimepicker.js?ver=3.2.2 HTTP/1.1" 304 - "https://www.naijadial.com/account/?fbclid=IwAR2CWdisVEfnoEFTEKUQyoFkUFASgLsaKJzpOjuyZEI-Sz-Lf7C_OvnAIYE" "Mozilla/5.0 (Linux; Android 6.0.1; SM-G532F) AppleWebKit/537.36 (KHTML, like Gecko) Chrome/79.0.3945.116 Mobile Safari/537.36"
41.203.73.251 - - [30/Jan/2020:16:43:01 -0500] "GET /naijadial/js/chosen.jquery.js?ver=3.2.2 HTTP/1.1" 304 - "https://www.naijadial.com/account/?fbclid=IwAR2CWdisVEfnoEFTEKUQyoFkUFASgLsaKJzpOjuyZEI-Sz-Lf7C_OvnAIYE" "Mozilla/5.0 (Linux; Android 6.0.1; SM-G532F) AppleWebKit/537.36 (KHTML, like Gecko) Chrome/79.0.3945.116 Mobile Safari/537.36"
41.203.73.251 - - [30/Jan/2020:16:43:02 -0500] "GET /naijadial/js/jquery.auto-complete.js?ver=3.2.2 HTTP/1.1" 304 - "https://www.naijadial.com/account/?fbclid=IwAR2CWdisVEfnoEFTEKUQyoFkUFASgLsaKJzpOjuyZEI-Sz-Lf7C_OvnAIYE" "Mozilla/5.0 (Linux; Android 6.0.1; SM-G532F) AppleWebKit/537.36 (KHTML, like Gecko) Chrome/79.0.3945.116 Mobile Safari/537.36"
41.203.73.251 - - [30/Jan/2020:16:43:02 -0500] "GET /naijadial/js/parallax.js?ver=5.3.2 HTTP/1.1" 304 - "https://www.naijadial.com/account/?fbclid=IwAR2CWdisVEfnoEFTEKUQyoFkUFASgLsaKJzpOjuyZEI-Sz-Lf7C_OvnAIYE" "Mozilla/5.0 (Linux; Android 6.0.1; SM-G532F) AppleWebKit/537.36 (KHTML, like Gecko) Chrome/79.0.3945.116 Mobile Safari/537.36"
41.203.73.251 - - [30/Jan/2020:16:43:02 -0500] "GET /naijadial/js/tipso.min.js?ver=5.3.2 HTTP/1.1" 304 - "https://www.naijadial.com/account/?fbclid=IwAR2CWdisVEfnoEFTEKUQyoFkUFASgLsaKJzpOjuyZEI-Sz-Lf7C_OvnAIYE" "Mozilla/5.0 (Linux; Android 6.0.1; SM-G532F) AppleWebKit/537.36 (KHTML, like Gecko) Chrome/79.0.3945.116 Mobile Safari/537.36"
41.203.73.251 - - [30/Jan/2020:16:43:02 -0500] "GET /cnt/plugins/js_composer/assets/js/dist/js_composer_front.min.js?ver=6.0.5 HTTP/1.1" 304 - "https://www.naijadial.com/account/?fbclid=IwAR2CWdisVEfnoEFTEKUQyoFkUFASgLsaKJzpOjuyZEI-Sz-Lf7C_OvnAIYE" "Mozilla/5.0 (Linux; Android 6.0.1; SM-G532F) AppleWebKit/537.36 (KHTML, like Gecko) Chrome/79.0.3945.116 Mobile Safari/537.36"
41.203.73.251 - - [30/Jan/2020:16:43:02 -0500] "GET /files/2020/01/NaijaDial-Logo.png HTTP/1.1" 304 - "https://www.naijadial.com/account/?fbclid=IwAR2CWdisVEfnoEFTEKUQyoFkUFASgLsaKJzpOjuyZEI-Sz-Lf7C_OvnAIYE" "Mozilla/5.0 (Linux; Android 6.0.1; SM-G532F) AppleWebKit/537.36 (KHTML, like Gecko) Chrome/79.0.3945.116 Mobile Safari/537.36"
41.203.73.251 - - [30/Jan/2020:16:43:02 -0500] "GET /cluder/js/wp-emoji-release.min.js?ver=5.3.2 HTTP/1.1" 304 - "https://www.naijadial.com/account/?fbclid=IwAR2CWdisVEfnoEFTEKUQyoFkUFASgLsaKJzpOjuyZEI-Sz-Lf7C_OvnAIYE" "Mozilla/5.0 (Linux; Android 6.0.1; SM-G532F) AppleWebKit/537.36 (KHTML, like Gecko) Chrome/79.0.3945.116 Mobile Safari/537.36"
41.203.73.251 - - [30/Jan/2020:16:43:03 -0500] "GET /cnt/plugins/js_composer/assets/lib/bower/font-awesome/fonts/fontawesome-webfont.woff2?v=4.7.0 HTTP/1.1" 304 - "https://www.naijadial.com/cnt/plugins/js_composer/assets/lib/bower/font-awesome/css/font-awesome.min.css?ver=6.0.5" "Mozilla/5.0 (Linux; Android 6.0.1; SM-G532F) AppleWebKit/537.36 (KHTML, like Gecko) Chrome/79.0.3945.116 Mobile Safari/537.36"
41.203.73.251 - - [30/Jan/2020:16:43:03 -0500] "GET /naijadial/fonts/Linearicons-Free.woff2?w118d HTTP/1.1" 304 - "https://www.naijadial.com/naijadial/css/linearicons.css?ver=3.2.2" "Mozilla/5.0 (Linux; Android 6.0.1; SM-G532F) AppleWebKit/537.36 (KHTML, like Gecko) Chrome/79.0.3945.116 Mobile Safari/537.36"
41.203.73.251 - - [30/Jan/2020:16:43:02 -0500] "GET /listingo/images/line-bar.jpg HTTP/1.1" 404 53100 "https://www.naijadial.com/naijadial/style.css?ver=3.2.2" "Mozilla/5.0 (Linux; Android 6.0.1; SM-G532F) AppleWebKit/537.36 (KHTML, like Gecko) Chrome/79.0.3945.116 Mobile Safari/537.36"
41.203.73.251 - - [30/Jan/2020:16:43:03 -0500] "GET /cnt/plugins/unyson/framework/static/libs/font-awesome/fonts/fontawesome-webfont.woff2?v=4.7.0 HTTP/1.1" 304 - "https://www.naijadial.com/cnt/plugins/unyson/framework/static/libs/font-awesome/css/font-awesome.min.css?ver=2.7.22" "Mozilla/5.0 (Linux; Android 6.0.1; SM-G532F) AppleWebKit/537.36 (KHTML, like Gecko) Chrome/79.0.3945.116 Mobile Safari/537.36"
41.203.73.251 - - [30/Jan/2020:16:43:04 -0500] "POST /?wc-ajax=get_refreshed_fragments HTTP/1.1" 200 210 "https://www.naijadial.com/account/?fbclid=IwAR2CWdisVEfnoEFTEKUQyoFkUFASgLsaKJzpOjuyZEI-Sz-Lf7C_OvnAIYE" "Mozilla/5.0 (Linux; Android 6.0.1; SM-G532F) AppleWebKit/537.36 (KHTML, like Gecko) Chrome/79.0.3945.116 Mobile Safari/537.36"
41.203.73.251 - - [30/Jan/2020:16:43:08 -0500] "GET /favicon.ico HTTP/1.1" 200 - "https://www.naijadial.com/account/?fbclid=IwAR2CWdisVEfnoEFTEKUQyoFkUFASgLsaKJzpOjuyZEI-Sz-Lf7C_OvnAIYE" "Mozilla/5.0 (Linux; Android 6.0.1; SM-G532F) AppleWebKit/537.36 (KHTML, like Gecko) Chrome/79.0.3945.116 Mobile Safari/537.36"
41.203.73.251 - - [30/Jan/2020:16:43:08 -0500] "GET /account/apple-touch-icon.png HTTP/1.1" 404 52350 "https://www.naijadial.com/account/?fbclid=IwAR2CWdisVEfnoEFTEKUQyoFkUFASgLsaKJzpOjuyZEI-Sz-Lf7C_OvnAIYE" "Mozilla/5.0 (Linux; Android 6.0.1; SM-G532F) AppleWebKit/537.36 (KHTML, like Gecko) Chrome/79.0.3945.116 Mobile Safari/537.36"
68.65.121.137 - - [30/Jan/2020:16:43:10 -0500] "POST /wp-cron.php?doing_wp_cron=1580420588.1558489799499511718750 HTTP/1.1" 200 - "https://www.naijadial.com/wp-cron.php?doing_wp_cron=1580420588.1558489799499511718750" "WordPress/5.3.2; https://www.naijadial.com"
41.203.73.251 - - [30/Jan/2020:16:43:16 -0500] "GET / HTTP/1.1" 200 24589 "https://www.naijadial.com/account/?fbclid=IwAR2CWdisVEfnoEFTEKUQyoFkUFASgLsaKJzpOjuyZEI-Sz-Lf7C_OvnAIYE" "Mozilla/5.0 (Linux; Android 6.0.1; SM-G532F) AppleWebKit/537.36 (KHTML, like Gecko) Chrome/79.0.3945.116 Mobile Safari/537.36"
41.203.73.251 - - [30/Jan/2020:16:43:19 -0500] "GET /naijadial/framework-customizations/extensions/ads/static/js/fw_ext_ads_callbacks.js?ver=1.0 HTTP/1.1" 304 - "https://www.naijadial.com/" "Mozilla/5.0 (Linux; Android 6.0.1; SM-G532F) AppleWebKit/537.36 (KHTML, like Gecko) Chrome/79.0.3945.116 Mobile Safari/537.36"
41.203.73.251 - - [30/Jan/2020:16:43:19 -0500] "GET /naijadial/js/listingo_maps.js?ver=3.2.2 HTTP/1.1" 304 - "https://www.naijadial.com/" "Mozilla/5.0 (Linux; Android 6.0.1; SM-G532F) AppleWebKit/537.36 (KHTML, like Gecko) Chrome/79.0.3945.116 Mobile Safari/537.36"
41.203.73.251 - - [30/Jan/2020:16:43:46 -0500] "GET / HTTP/1.1" 200 24585 "https://www.naijadial.com/account/?fbclid=IwAR2CWdisVEfnoEFTEKUQyoFkUFASgLsaKJzpOjuyZEI-Sz-Lf7C_OvnAIYE" "Mozilla/5.0 (Linux; Android 6.0.1; SM-G532F) AppleWebKit/537.36 (KHTML, like Gecko) Chrome/79.0.3945.116 Mobile Safari/537.36"
41.203.73.251 - - [30/Jan/2020:16:44:08 -0500] "GET /listingo/images/line-bar.jpg HTTP/1.1" 404 53100 "https://www.naijadial.com/naijadial/style.css?ver=3.2.2" "Mozilla/5.0 (Linux; Android 6.0.1; SM-G532F) AppleWebKit/537.36 (KHTML, like Gecko) Chrome/79.0.3945.116 Mobile Safari/537.36"
68.65.121.137 - - [30/Jan/2020:16:44:10 -0500] "POST /wp-cron.php?doing_wp_cron=1580420648.9154689311981201171875 HTTP/1.1" 200 - "https://www.naijadial.com/wp-cron.php?doing_wp_cron=1580420648.9154689311981201171875" "WordPress/5.3.2; https://www.naijadial.com"
41.203.73.251 - - [30/Jan/2020:16:45:10 -0500] "GET /apple-touch-icon.png HTTP/1.1" 404 52350 "https://www.naijadial.com/" "Mozilla/5.0 (Linux; Android 6.0.1; SM-G532F) AppleWebKit/537.36 (KHTML, like Gecko) Chrome/79.0.3945.116 Mobile Safari/537.36"
68.65.121.137 - - [30/Jan/2020:16:45:13 -0500] "POST /wp-cron.php?doing_wp_cron=1580420710.5167710781097412109375 HTTP/1.1" 200 - "https://www.naijadial.com/wp-cron.php?doing_wp_cron=1580420710.5167710781097412109375" "WordPress/5.3.2; https://www.naijadial.com"
35.197.186.58 - - [30/Jan/2020:16:57:54 -0500] "POST /wp-login.php HTTP/1.1" 200 4334 "-" "Mozilla/5.0 (X11; Ubuntu; Linux x86_64; rv:62.0) Gecko/20100101 Firefox/62.0"
68.65.121.137 - - [30/Jan/2020:16:57:54 -0500] "POST /wp-cron.php?doing_wp_cron=1580421466.4378681182861328125000 HTTP/1.1" 200 - "https://www.naijadial.com/wp-cron.php?doing_wp_cron=1580421466.4378681182861328125000" "WordPress/5.3.2; https://www.naijadial.com"
35.197.186.58 - - [30/Jan/2020:16:57:59 -0500] "POST /xmlrpc.php HTTP/1.1" 200 248 "-" "Mozilla/5.0 (X11; Ubuntu; Linux x86_64; rv:62.0) Gecko/20100101 Firefox/62.0"
68.65.121.137 - - [30/Jan/2020:16:58:07 -0500] "POST /wp-cron.php?doing_wp_cron=1580421487.5838940143585205078125 HTTP/1.1" 200 - "https://www.naijadial.com/wp-cron.php?doing_wp_cron=1580421487.5838940143585205078125" "WordPress/5.3.2; https://www.naijadial.com"
192.0.118.113 - - [30/Jan/2020:16:58:07 -0500] "POST /xmlrpc.php?for=jetpack&token=QnAj%24o5mLE3EzK%29fA%24kIDJcGKW9yy0rE%3A1%3A1×tamp=1580421486&nonce=x7VTxedt93&body-hash=CjehwY0HMhSaCdBYJ%2BUS1%2FSENRc%3D&signature=%2B7Wrh5XAP19f%2BhHRV%2FTL0Z%2BakmI%3D HTTP/1.1" 200 1549 "https://www.naijadial.com/xmlrpc.php?for=jetpack&token=QnAj%24o5mLE3EzK%29fA%24kIDJcGKW9yy0rE%3A1%3A1×tamp=1580421486&nonce=x7VTxedt93&body-hash=CjehwY0HMhSaCdBYJ%2BUS1%2FSENRc%3D&signature=%2B7Wrh5XAP19f%2BhHRV%2FTL0Z%2BakmI%3D" "Jetpack by WordPress.com"
197.211.61.112 - - [30/Jan/2020:16:57:58 -0500] "POST /wp-admin/admin-ajax.php HTTP/1.1" 200 195 "https://www.naijadial.com/account/" "Mozilla/5.0 (Linux; Android 8.1.0; TECNO F1) AppleWebKit/537.36 (KHTML, like Gecko) Chrome/70.0.3538.110 Mobile Safari/537.36"
197.211.61.112 - - [30/Jan/2020:16:58:13 -0500] "GET /dashboard/?ref=settings&identity=127 HTTP/1.1" 200 17261 "https://www.naijadial.com/account/" "Mozilla/5.0 (Linux; Android 8.1.0; TECNO F1) AppleWebKit/537.36 (KHTML, like Gecko) Chrome/70.0.3538.110 Mobile Safari/537.36"
197.211.61.112 - - [30/Jan/2020:16:58:15 -0500] "GET /naijadial/css/emoji/emojionearea.min.css?ver=3.2.2 HTTP/1.1" 304 - "https://www.naijadial.com/dashboard/?ref=settings&identity=127" "Mozilla/5.0 (Linux; Android 8.1.0; TECNO F1) AppleWebKit/537.36 (KHTML, like Gecko) Chrome/70.0.3538.110 Mobile Safari/537.36"
197.211.61.112 - - [30/Jan/2020:16:58:15 -0500] "GET /files/2020/01/NaijaDial-Avatar-100x100.png HTTP/1.1" 304 - "https://www.naijadial.com/dashboard/?ref=settings&identity=127" "Mozilla/5.0 (Linux; Android 8.1.0; TECNO F1) AppleWebKit/537.36 (KHTML, like Gecko) Chrome/70.0.3538.110 Mobile Safari/537.36"
197.211.61.112 - - [30/Jan/2020:16:58:16 -0500] "GET /naijadial/framework-customizations/extensions/articles/static/js/fw_ext_articles_callbacks.js?ver=1.0 HTTP/1.1" 304 - "https://www.naijadial.com/dashboard/?ref=settings&identity=127" "Mozilla/5.0 (Linux; Android 8.1.0; TECNO F1) AppleWebKit/537.36 (KHTML, like Gecko) Chrome/70.0.3538.110 Mobile Safari/537.36"
197.211.61.112 - - [30/Jan/2020:16:58:17 -0500] "GET /naijadial/framework-customizations/extensions/questionsanswers/static/js/fw_ext_questionsanswers_callbacks.js?ver=1.0 HTTP/1.1" 304 - "https://www.naijadial.com/dashboard/?ref=settings&identity=127" "Mozilla/5.0 (Linux; Android 8.1.0; TECNO F1) AppleWebKit/537.36 (KHTML, like Gecko) Chrome/70.0.3538.110 Mobile Safari/537.36"
197.211.61.112 - - [30/Jan/2020:16:58:17 -0500] "GET /naijadial/js/linkify/linkify-string.min.js?ver=5.3.2 HTTP/1.1" 304 - "https://www.naijadial.com/dashboard/?ref=settings&identity=127" "Mozilla/5.0 (Linux; Android 8.1.0; TECNO F1) AppleWebKit/537.36 (KHTML, like Gecko) Chrome/70.0.3538.110 Mobile Safari/537.36"
197.211.61.112 - - [30/Jan/2020:16:58:17 -0500] "GET /naijadial/js/chat_module.js?ver=5.3.2 HTTP/1.1" 304 - "https://www.naijadial.com/dashboard/?ref=settings&identity=127" "Mozilla/5.0 (Linux; Android 8.1.0; TECNO F1) AppleWebKit/537.36 (KHTML, like Gecko) Chrome/70.0.3538.110 Mobile Safari/537.36"
66.249.64.135 - - [30/Jan/2020:16:54:14 -0500] "GET /provider/bakare-roheemat/feed/ HTTP/1.1" 200 484 "-" "Mozilla/5.0 (Linux; Android 6.0.1; Nexus 5X Build/MMB29P) AppleWebKit/537.36 (KHTML, like Gecko) Chrome/41.0.2272.96 Mobile Safari/537.36 (compatible; Googlebot/2.1; +http://www.google.com/bot.html)"
68.65.121.137 - - [30/Jan/2020:16:54:17 -0500] "POST /wp-cron.php?doing_wp_cron=1580421256.5559470653533935546875 HTTP/1.1" 200 - "https://www.naijadial.com/wp-cron.php?doing_wp_cron=1580421256.5559470653533935546875" "WordPress/5.3.2; https://www.naijadial.com"
35.197.186.58 - - [30/Jan/2020:16:57:44 -0500] "GET /wp-login.php HTTP/1.1" 200 1761 "-" "Mozilla/5.0 (X11; Ubuntu; Linux x86_64; rv:62.0) Gecko/20100101 Firefox/62.0"
197.211.61.112 - - [30/Jan/2020:16:58:17 -0500] "GET /naijadial/js/linkify/linkify.min.js?ver=5.3.2 HTTP/1.1" 304 - "https://www.naijadial.com/dashboard/?ref=settings&identity=127" "Mozilla/5.0 (Linux; Android 8.1.0; TECNO F1) AppleWebKit/537.36 (KHTML, like Gecko) Chrome/70.0.3538.110 Mobile Safari/537.36"
197.211.61.112 - - [30/Jan/2020:16:58:17 -0500] "GET /naijadial/js/linkify/linkify-jquery.min.js?ver=5.3.2 HTTP/1.1" 304 - "https://www.naijadial.com/dashboard/?ref=settings&identity=127" "Mozilla/5.0 (Linux; Android 8.1.0; TECNO F1) AppleWebKit/537.36 (KHTML, like Gecko) Chrome/70.0.3538.110 Mobile Safari/537.36"
197.211.61.112 - - [30/Jan/2020:16:58:17 -0500] "GET /naijadial/js/emoji/emojionearea.min.js?ver=5.3.2 HTTP/1.1" 304 - "https://www.naijadial.com/dashboard/?ref=settings&identity=127" "Mozilla/5.0 (Linux; Android 8.1.0; TECNO F1) AppleWebKit/537.36 (KHTML, like Gecko) Chrome/70.0.3538.110 Mobile Safari/537.36"
197.211.61.112 - - [30/Jan/2020:16:58:17 -0500] "GET /naijadial/js/user-dashboard.js?ver=3.2.2 HTTP/1.1" 304 - "https://www.naijadial.com/dashboard/?ref=settings&identity=127" "Mozilla/5.0 (Linux; Android 8.1.0; TECNO F1) AppleWebKit/537.36 (KHTML, like Gecko) Chrome/70.0.3538.110 Mobile Safari/537.36"
197.211.61.112 - - [30/Jan/2020:16:58:17 -0500] "GET /naijadial/images/geoicon.svg HTTP/1.1" 304 - "https://www.naijadial.com/dashboard/?ref=settings&identity=127" "Mozilla/5.0 (Linux; Android 8.1.0; TECNO F1) AppleWebKit/537.36 (KHTML, like Gecko) Chrome/70.0.3538.110 Mobile Safari/537.36"
197.211.61.112 - - [30/Jan/2020:16:58:17 -0500] "GET /files/2020/01/banner-270x120.png HTTP/1.1" 304 - "https://www.naijadial.com/dashboard/?ref=settings&identity=127" "Mozilla/5.0 (Linux; Android 8.1.0; TECNO F1) AppleWebKit/537.36 (KHTML, like Gecko) Chrome/70.0.3538.110 Mobile Safari/537.36"
197.211.61.112 - - [30/Jan/2020:16:58:18 -0500] "GET /listingo/images/line-bar.jpg HTTP/1.1" 404 55932 "https://www.naijadial.com/naijadial/style.css?ver=3.2.2" "Mozilla/5.0 (Linux; Android 8.1.0; TECNO F1) AppleWebKit/537.36 (KHTML, like Gecko) Chrome/70.0.3538.110 Mobile Safari/537.36"
197.211.61.112 - - [30/Jan/2020:16:58:37 -0500] "GET /dashboard/apple-touch-icon.png HTTP/1.1" 404 55182 "https://www.naijadial.com/dashboard/?ref=settings&identity=127" "Mozilla/5.0 (Linux; Android 8.1.0; TECNO F1) AppleWebKit/537.36 (KHTML, like Gecko) Chrome/70.0.3538.110 Mobile Safari/537.36"
68.65.121.137 - - [30/Jan/2020:16:59:17 -0500] "POST /wp-cron.php?doing_wp_cron=1580421557.3642940521240234375000 HTTP/1.1" 200 - "https://www.naijadial.com/wp-cron.php?doing_wp_cron=1580421557.3642940521240234375000" "WordPress/5.3.2; https://www.naijadial.com"
197.211.61.112 - - [30/Jan/2020:16:59:17 -0500] "GET /?key=752c20938545906a77307d5c96e86061&verifyemail=raphtech16@gmail.com HTTP/1.1" 301 - "android-app://com.google.android.gm" "Mozilla/5.0 (Linux; Android 8.1.0; TECNO F1) AppleWebKit/537.36 (KHTML, like Gecko) Chrome/70.0.3538.110 Mobile Safari/537.36"
197.211.61.112 - - [30/Jan/2020:16:59:19 -0500] "GET /?key=752c20938545906a77307d5c96e86061&verifyemail=raphtech16%40gmail.com HTTP/1.1" 200 25188 "android-app://com.google.android.gm" "Mozilla/5.0 (Linux; Android 8.1.0; TECNO F1) AppleWebKit/537.36 (KHTML, like Gecko) Chrome/70.0.3538.110 Mobile Safari/537.36"
197.211.61.112 - - [30/Jan/2020:16:59:29 -0500] "GET /listingo/images/line-bar.jpg HTTP/1.1" 404 55932 "https://www.naijadial.com/naijadial/style.css?ver=3.2.2" "Mozilla/5.0 (Linux; Android 8.1.0; TECNO F1) AppleWebKit/537.36 (KHTML, like Gecko) Chrome/70.0.3538.110 Mobile Safari/537.36"
197.211.61.112 - - [30/Jan/2020:16:59:33 -0500] "POST /?wc-ajax=get_refreshed_fragments HTTP/1.1" 200 210 "https://www.naijadial.com/?key=752c20938545906a77307d5c96e86061&verifyemail=raphtech16%40gmail.com" "Mozilla/5.0 (Linux; Android 8.1.0; TECNO F1) AppleWebKit/537.36 (KHTML, like Gecko) Chrome/70.0.3538.110 Mobile Safari/537.36"
54.36.148.93 - - [30/Jan/2020:17:07:17 -0500] "GET /service-provider/abdulrahman-shakirudeen/ HTTP/1.1" 404 52350 "-" "Mozilla/5.0 (compatible; AhrefsBot/6.1; +http://ahrefs.com/robot/)"
68.65.121.137 - - [30/Jan/2020:17:02:43 -0500] "POST /wp-cron.php?doing_wp_cron=1580421762.7476840019226074218750 HTTP/1.1" 200 - "https://www.naijadial.com/wp-cron.php?doing_wp_cron=1580421762.7476840019226074218750" "WordPress/5.3.2; https://www.naijadial.com"
68.65.121.137 - - [30/Jan/2020:17:02:43 -0500] "POST /wp-cron.php?doing_wp_cron=1580421762.7480840682983398437500 HTTP/1.1" 200 - "https://www.naijadial.com/wp-cron.php?doing_wp_cron=1580421762.7480840682983398437500" "WordPress/5.3.2; https://www.naijadial.com"
196.220.136.51 - - [30/Jan/2020:17:02:41 -0500] "GET /dashboard/?ref=settings&identity=121 HTTP/1.1" 200 13212 "-" "Mozilla/5.0 (Linux; Android 8.1.0; Infinix X624B) AppleWebKit/537.36 (KHTML, like Gecko) Chrome/79.0.3945.136 Mobile Safari/537.36"
196.220.136.51 - - [30/Jan/2020:17:02:54 -0500] "GET /listingo/images/line-bar.jpg HTTP/1.1" 404 53100 "https://www.naijadial.com/naijadial/style.css?ver=3.2.2" "Mozilla/5.0 (Linux; Android 8.1.0; Infinix X624B) AppleWebKit/537.36 (KHTML, like Gecko) Chrome/79.0.3945.136 Mobile Safari/537.36"
196.220.136.51 - - [30/Jan/2020:17:02:59 -0500] "POST /?wc-ajax=get_refreshed_fragments HTTP/1.1" 200 210 "https://www.naijadial.com/dashboard/?ref=settings&identity=121" "Mozilla/5.0 (Linux; Android 8.1.0; Infinix X624B) AppleWebKit/537.36 (KHTML, like Gecko) Chrome/79.0.3945.136 Mobile Safari/537.36"
196.220.136.51 - - [30/Jan/2020:17:02:40 -0500] "GET /find/?sortby=&orderby=&showposts=&keyword=Graphic+Design+&geo=Nigeria&lat=9.081999000000001&long=8.675277&location=%2CNigeria&category=information-technology-it&lang=&view=&country=&city=&gender=&appointment=true HTTP/1.1" 200 19208 "https://www.naijadial.com/find/?keyword=Graphic+Design+&geo=Nigeria&lat=9.081999000000001&long=8.675277&location=%2CNigeria&category=media-and-publication&appointment=true" "Mozilla/5.0 (Linux; Android 8.1.0; Infinix X624B) AppleWebKit/537.36 (KHTML, like Gecko) Chrome/79.0.3945.136 Mobile Safari/537.36"
196.220.136.51 - - [30/Jan/2020:17:03:03 -0500] "GET /dashboard/apple-touch-icon.png HTTP/1.1" 404 52350 "https://www.naijadial.com/dashboard/?ref=settings&identity=121" "Mozilla/5.0 (Linux; Android 8.1.0; Infinix X624B) AppleWebKit/537.36 (KHTML, like Gecko) Chrome/79.0.3945.136 Mobile Safari/537.36"
54.36.150.82 - - [30/Jan/2020:17:13:01 -0500] "GET /providers-category/skin-care-products/feed/ HTTP/1.1" 200 489 "-" "Mozilla/5.0 (compatible; AhrefsBot/6.1; +http://ahrefs.com/robot/)"
68.65.121.137 - - [30/Jan/2020:17:18:25 -0500] "POST /wp-cron.php?doing_wp_cron=1580422704.6582911014556884765625 HTTP/1.1" 200 - "https://www.naijadial.com/wp-cron.php?doing_wp_cron=1580422704.6582911014556884765625" "WordPress/5.3.2; https://www.naijadial.com"
197.210.62.7 - - [30/Jan/2020:17:18:21 -0500] "GET /account/ HTTP/1.1" 200 14154 "http://m.facebook.com/" "Mozilla/5.0 (Linux; Android 9; Infinix X626B Build/PPR1.180610.011; wv) AppleWebKit/537.36 (KHTML, like Gecko) Version/4.0 Chrome/79.0.3945.93 Mobile Safari/537.36 [FB_IAB/FB4A;FBAV/254.0.0.37.125;]"
197.210.62.7 - - [30/Jan/2020:17:18:27 -0500] "GET /cnt/plugins/vc-extensions-bundle/css/admin_icon.css?ver=5.3.2 HTTP/1.1" 304 - "https://www.naijadial.com/account/" "Mozilla/5.0 (Linux; Android 9; Infinix X626B Build/PPR1.180610.011; wv) AppleWebKit/537.36 (KHTML, like Gecko) Version/4.0 Chrome/79.0.3945.93 Mobile Safari/537.36 [FB_IAB/FB4A;FBAV/254.0.0.37.125;]"
197.210.62.7 - - [30/Jan/2020:17:18:27 -0500] "GET /cnt/plugins/gd-bbpress-toolbox/templates/default/css/widgets.min.css?ver=5.2.1.712 HTTP/1.1" 304 - "https://www.naijadial.com/account/" "Mozilla/5.0 (Linux; Android 9; Infinix X626B Build/PPR1.180610.011; wv) AppleWebKit/537.36 (KHTML, like Gecko) Version/4.0 Chrome/79.0.3945.93 Mobile Safari/537.36 [FB_IAB/FB4A;FBAV/254.0.0.37.125;]"
197.210.62.7 - - [30/Jan/2020:17:18:27 -0500] "GET /cnt/plugins/bbpress/templates/default/css/bbpress.min.css?ver=2.6.3 HTTP/1.1" 304 - "https://www.naijadial.com/account/" "Mozilla/5.0 (Linux; Android 9; Infinix X626B Build/PPR1.180610.011; wv) AppleWebKit/537.36 (KHTML, like Gecko) Version/4.0 Chrome/79.0.3945.93 Mobile Safari/537.36 [FB_IAB/FB4A;FBAV/254.0.0.37.125;]"
197.210.62.7 - - [30/Jan/2020:17:18:27 -0500] "GET /cnt/plugins/mega-addons-for-visual-composer/css/ihover.css?ver=5.3.2 HTTP/1.1" 304 - "https://www.naijadial.com/account/" "Mozilla/5.0 (Linux; Android 9; Infinix X626B Build/PPR1.180610.011; wv) AppleWebKit/537.36 (KHTML, like Gecko) Version/4.0 Chrome/79.0.3945.93 Mobile Safari/537.36 [FB_IAB/FB4A;FBAV/254.0.0.37.125;]"
197.210.62.7 - - [30/Jan/2020:17:18:27 -0500] "GET /cnt/plugins/mega-addons-for-visual-composer/css/font-awesome/css/font-awesome.css?ver=5.3.2 HTTP/1.1" 200 7439 "https://www.naijadial.com/account/" "Mozilla/5.0 (Linux; Android 9; Infinix X626B Build/PPR1.180610.011; wv) AppleWebKit/537.36 (KHTML, like Gecko) Version/4.0 Chrome/79.0.3945.93 Mobile Safari/537.36 [FB_IAB/FB4A;FBAV/254.0.0.37.125;]"
197.210.62.7 - - [30/Jan/2020:17:18:27 -0500] "GET /cnt/plugins/revslider/public/assets/css/rs6.css?ver=6.0.7 HTTP/1.1" 304 - "https://www.naijadial.com/account/" "Mozilla/5.0 (Linux; Android 9; Infinix X626B Build/PPR1.180610.011; wv) AppleWebKit/537.36 (KHTML, like Gecko) Version/4.0 Chrome/79.0.3945.93 Mobile Safari/537.36 [FB_IAB/FB4A;FBAV/254.0.0.37.125;]"
197.210.62.7 - - [30/Jan/2020:17:18:27 -0500] "GET /cnt/plugins/bbp-style-pack/css/bspstyle.css?ver=4.3.8 HTTP/1.1" 304 - "https://www.naijadial.com/account/" "Mozilla/5.0 (Linux; Android 9; Infinix X626B Build/PPR1.180610.011; wv) AppleWebKit/537.36 (KHTML, like Gecko) Version/4.0 Chrome/79.0.3945.93 Mobile Safari/537.36 [FB_IAB/FB4A;FBAV/254.0.0.37.125;]"
197.210.62.7 - - [30/Jan/2020:17:18:27 -0500] "GET /cnt/plugins/contact-form-7/includes/css/styles.css?ver=5.1.6 HTTP/1.1" 304 - "https://www.naijadial.com/account/" "Mozilla/5.0 (Linux; Android 9; Infinix X626B Build/PPR1.180610.011; wv) AppleWebKit/537.36 (KHTML, like Gecko) Version/4.0 Chrome/79.0.3945.93 Mobile Safari/537.36 [FB_IAB/FB4A;FBAV/254.0.0.37.125;]"
197.210.62.7 - - [30/Jan/2020:17:18:27 -0500] "GET /cnt/plugins/unyson/framework/extensions/builder/static/css/frontend-grid.css?ver=1.2.11 HTTP/1.1" 200 1961 "https://www.naijadial.com/account/" "Mozilla/5.0 (Linux; Android 9; Infinix X626B Build/PPR1.180610.011; wv) AppleWebKit/537.36 (KHTML, like Gecko) Version/4.0 Chrome/79.0.3945.93 Mobile Safari/537.36 [FB_IAB/FB4A;FBAV/254.0.0.37.125;]"
197.210.62.7 - - [30/Jan/2020:17:18:27 -0500] "GET /cnt/plugins/unyson/framework/extensions/breadcrumbs/static/css/style.css?ver=5.3.2 HTTP/1.1" 304 - "https://www.naijadial.com/account/" "Mozilla/5.0 (Linux; Android 9; Infinix X626B Build/PPR1.180610.011; wv) AppleWebKit/537.36 (KHTML, like Gecko) Version/4.0 Chrome/79.0.3945.93 Mobile Safari/537.36 [FB_IAB/FB4A;FBAV/254.0.0.37.125;]"
197.210.62.7 - - [30/Jan/2020:17:18:27 -0500] "GET /cnt/plugins/js_composer/assets/lib/bower/font-awesome/css/font-awesome.min.css?ver=6.0.5 HTTP/1.1" 304 - "https://www.naijadial.com/account/" "Mozilla/5.0 (Linux; Android 9; Infinix X626B Build/PPR1.180610.011; wv) AppleWebKit/537.36 (KHTML, like Gecko) Version/4.0 Chrome/79.0.3945.93 Mobile Safari/537.36 [FB_IAB/FB4A;FBAV/254.0.0.37.125;]"
