198.54.125.95 - - [27/Jan/2020:08:14:29 -0500] "POST /wp-cron.php?doing_wp_cron=1580130869.2921779155731201171875 HTTP/1.1" 200 - "https://www.maticanmarketing.com/wp-cron.php?doing_wp_cron=1580130869.2921779155731201171875" "WordPress/5.3.2; https://www.maticanmarketing.com"
193.106.30.99 - - [27/Jan/2020:08:14:16 -0500] "POST /layouts/libraries/cms/html/bootstrap/starttabsetscript.php HTTP/1.1" 404 97629 "-" "Mozilla/5.0 (Windows NT 6.1; Win64; x64) AppleWebKit/537.36 (KHTML, like Gecko) Chrome/73.0.3683.103 Safari/537.36"
193.106.30.99 - - [27/Jan/2020:08:33:13 -0500] "POST /components/com_banners/controller.php HTTP/1.1" 404 97629 "-" "Mozilla/5.0 (Windows NT 6.1; Win64; x64) AppleWebKit/537.36 (KHTML, like Gecko) Chrome/73.0.3683.103 Safari/537.36"
31.13.103.23 - - [27/Jan/2020:08:46:43 -0500] "GET / HTTP/1.1" 206 24410 "-" "facebookexternalhit/1.1 (+http://www.facebook.com/externalhit_uatext.php)"
198.54.125.95 - - [27/Jan/2020:09:00:28 -0500] "POST /wp-cron.php?doing_wp_cron=1580133628.5956320762634277343750 HTTP/1.1" 200 - "https://www.maticanmarketing.com/wp-cron.php?doing_wp_cron=1580133628.5956320762634277343750" "WordPress/5.3.2; https://www.maticanmarketing.com"
193.106.30.99 - - [27/Jan/2020:09:00:27 -0500] "POST /language/en-GB/en-GB.localise.php HTTP/1.1" 404 97627 "-" "Mozilla/5.0 (Windows NT 6.1; Win64; x64) AppleWebKit/537.36 (KHTML, like Gecko) Chrome/73.0.3683.103 Safari/537.36"
93.34.130.97 - - [27/Jan/2020:09:18:39 -0500] "GET /wp-content/uploads/2019/06/Best-Digital-Marketing-company-in-kolkata-India.png HTTP/1.1" 200 95839 "https://www.google.com/" "Mozilla/5.0 (Windows NT 10.0; Win64; x64) AppleWebKit/537.36 (KHTML, like Gecko) Chrome/79.0.3945.130 Safari/537.36"
93.34.130.97 - - [27/Jan/2020:09:18:48 -0500] "GET / HTTP/1.1" 200 24406 "https://www.google.com/" "Mozilla/5.0 (Windows NT 10.0; Win64; x64) AppleWebKit/537.36 (KHTML, like Gecko) Chrome/79.0.3945.130 Safari/537.36"
93.34.130.97 - - [27/Jan/2020:09:18:50 -0500] "GET /wp-content/plugins/oshine-modules/public/css/be-slider.css?ver=5.3.2 HTTP/1.1" 200 4914 "https://www.maticanmarketing.com/" "Mozilla/5.0 (Windows NT 10.0; Win64; x64) AppleWebKit/537.36 (KHTML, like Gecko) Chrome/79.0.3945.130 Safari/537.36"
93.34.130.97 - - [27/Jan/2020:09:18:50 -0500] "GET /wp-content/plugins/contact-form-7/includes/css/styles.css?ver=5.1.5 HTTP/1.1" 200 651 "https://www.maticanmarketing.com/" "Mozilla/5.0 (Windows NT 10.0; Win64; x64) AppleWebKit/537.36 (KHTML, like Gecko) Chrome/79.0.3945.130 Safari/537.36"
93.34.130.97 - - [27/Jan/2020:09:18:50 -0500] "GET /wp-content/plugins/oshine-modules/public/css/oshine-modules.css?ver=2.2.7 HTTP/1.1" 200 21390 "https://www.maticanmarketing.com/" "Mozilla/5.0 (Windows NT 10.0; Win64; x64) AppleWebKit/537.36 (KHTML, like Gecko) Chrome/79.0.3945.130 Safari/537.36"
93.34.130.97 - - [27/Jan/2020:09:18:50 -0500] "GET /wp-content/plugins/revslider/public/assets/css/settings.css?ver=5.4.7.3 HTTP/1.1" 200 9575 "https://www.maticanmarketing.com/" "Mozilla/5.0 (Windows NT 10.0; Win64; x64) AppleWebKit/537.36 (KHTML, like Gecko) Chrome/79.0.3945.130 Safari/537.36"
93.34.130.97 - - [27/Jan/2020:09:18:50 -0500] "GET /wp-content/themes/oshin/fonts/icomoon/style.css?ver=6.4.1 HTTP/1.1" 200 6343 "https://www.maticanmarketing.com/" "Mozilla/5.0 (Windows NT 10.0; Win64; x64) AppleWebKit/537.36 (KHTML, like Gecko) Chrome/79.0.3945.130 Safari/537.36"
93.34.130.97 - - [27/Jan/2020:09:18:50 -0500] "GET /wp-content/plugins/tatsu/public/css/tatsu.min.css?ver=2.9.3.1.1 HTTP/1.1" 200 20903 "https://www.maticanmarketing.com/" "Mozilla/5.0 (Windows NT 10.0; Win64; x64) AppleWebKit/537.36 (KHTML, like Gecko) Chrome/79.0.3945.130 Safari/537.36"
93.34.130.97 - - [27/Jan/2020:09:18:50 -0500] "GET /wp-content/plugins/typehub/public/css/typehub-public.css?ver=2.0 HTTP/1.1" 200 106 "https://www.maticanmarketing.com/" "Mozilla/5.0 (Windows NT 10.0; Win64; x64) AppleWebKit/537.36 (KHTML, like Gecko) Chrome/79.0.3945.130 Safari/537.36"
93.34.130.97 - - [27/Jan/2020:09:18:51 -0500] "GET /wp-content/themes/oshin/bb-press/bb-press.css?ver=5.3.2 HTTP/1.1" 200 833 "https://www.maticanmarketing.com/" "Mozilla/5.0 (Windows NT 10.0; Win64; x64) AppleWebKit/537.36 (KHTML, like Gecko) Chrome/79.0.3945.130 Safari/537.36"
93.34.130.97 - - [27/Jan/2020:09:18:51 -0500] "GET /wp-content/themes/oshin/css/main.css?ver=6.4.1 HTTP/1.1" 200 25168 "https://www.maticanmarketing.com/" "Mozilla/5.0 (Windows NT 10.0; Win64; x64) AppleWebKit/537.36 (KHTML, like Gecko) Chrome/79.0.3945.130 Safari/537.36"
93.34.130.97 - - [27/Jan/2020:09:18:51 -0500] "GET /wp-content/themes/oshin/css/headers/top-header.css?ver=6.4.1 HTTP/1.1" 200 2795 "https://www.maticanmarketing.com/" "Mozilla/5.0 (Windows NT 10.0; Win64; x64) AppleWebKit/537.36 (KHTML, like Gecko) Chrome/79.0.3945.130 Safari/537.36"
93.34.130.97 - - [27/Jan/2020:09:18:51 -0500] "GET /wp-content/themes/oshin/css/headers/responsive-header.css?ver=6.4.1 HTTP/1.1" 200 551 "https://www.maticanmarketing.com/" "Mozilla/5.0 (Windows NT 10.0; Win64; x64) AppleWebKit/537.36 (KHTML, like Gecko) Chrome/79.0.3945.130 Safari/537.36"
93.34.130.97 - - [27/Jan/2020:09:18:51 -0500] "GET /wp-content/themes/oshin/css/headers/multilevel-menu.css?ver=6.4.1 HTTP/1.1" 200 1420 "https://www.maticanmarketing.com/" "Mozilla/5.0 (Windows NT 10.0; Win64; x64) AppleWebKit/537.36 (KHTML, like Gecko) Chrome/79.0.3945.130 Safari/537.36"
93.34.130.97 - - [27/Jan/2020:09:18:51 -0500] "GET /wp-content/themes/oshin/css/layout.css?ver=6.4.1 HTTP/1.1" 200 3847 "https://www.maticanmarketing.com/" "Mozilla/5.0 (Windows NT 10.0; Win64; x64) AppleWebKit/537.36 (KHTML, like Gecko) Chrome/79.0.3945.130 Safari/537.36"
93.34.130.97 - - [27/Jan/2020:09:18:51 -0500] "GET /wp-content/themes/oshin/css/vendor/magnific-popup.css?ver=5.3.2 HTTP/1.1" 200 1816 "https://www.maticanmarketing.com/" "Mozilla/5.0 (Windows NT 10.0; Win64; x64) AppleWebKit/537.36 (KHTML, like Gecko) Chrome/79.0.3945.130 Safari/537.36"
93.34.130.97 - - [27/Jan/2020:09:18:51 -0500] "GET /wp-content/themes/oshin/css/vendor/scrollbar.css?ver=5.3.2 HTTP/1.1" 200 735 "https://www.maticanmarketing.com/" "Mozilla/5.0 (Windows NT 10.0; Win64; x64) AppleWebKit/537.36 (KHTML, like Gecko) Chrome/79.0.3945.130 Safari/537.36"
93.34.130.97 - - [27/Jan/2020:09:18:51 -0500] "GET /wp-content/themes/oshin/css/vendor/flickity.css?ver=5.3.2 HTTP/1.1" 200 2288 "https://www.maticanmarketing.com/" "Mozilla/5.0 (Windows NT 10.0; Win64; x64) AppleWebKit/537.36 (KHTML, like Gecko) Chrome/79.0.3945.130 Safari/537.36"
93.34.130.97 - - [27/Jan/2020:09:18:52 -0500] "GET /wp-content/themes/oshin/fonts/fonts.css?ver=6.4.1 HTTP/1.1" 200 323 "https://www.maticanmarketing.com/" "Mozilla/5.0 (Windows NT 10.0; Win64; x64) AppleWebKit/537.36 (KHTML, like Gecko) Chrome/79.0.3945.130 Safari/537.36"
93.34.130.97 - - [27/Jan/2020:09:18:52 -0500] "GET /wp-content/themes/oshin/style.css?ver=6.4.1 HTTP/1.1" 200 313 "https://www.maticanmarketing.com/" "Mozilla/5.0 (Windows NT 10.0; Win64; x64) AppleWebKit/537.36 (KHTML, like Gecko) Chrome/79.0.3945.130 Safari/537.36"
93.34.130.97 - - [27/Jan/2020:09:18:52 -0500] "GET /wp-content/plugins/masterslider/public/assets/css/masterslider.main.css?ver=3.2.2 HTTP/1.1" 200 10554 "https://www.maticanmarketing.com/" "Mozilla/5.0 (Windows NT 10.0; Win64; x64) AppleWebKit/537.36 (KHTML, like Gecko) Chrome/79.0.3945.130 Safari/537.36"
93.34.130.97 - - [27/Jan/2020:09:18:52 -0500] "GET /wp-content/uploads/masterslider/custom.css?ver=1.1 HTTP/1.1" 200 140 "https://www.maticanmarketing.com/" "Mozilla/5.0 (Windows NT 10.0; Win64; x64) AppleWebKit/537.36 (KHTML, like Gecko) Chrome/79.0.3945.130 Safari/537.36"
93.34.130.97 - - [27/Jan/2020:09:18:52 -0500] "GET /wp-includes/js/jquery/jquery.js?ver=1.12.4-wp HTTP/1.1" 200 33776 "https://www.maticanmarketing.com/" "Mozilla/5.0 (Windows NT 10.0; Win64; x64) AppleWebKit/537.36 (KHTML, like Gecko) Chrome/79.0.3945.130 Safari/537.36"
93.34.130.97 - - [27/Jan/2020:09:18:52 -0500] "GET /wp-includes/js/jquery/jquery-migrate.min.js?ver=1.4.1 HTTP/1.1" 200 4014 "https://www.maticanmarketing.com/" "Mozilla/5.0 (Windows NT 10.0; Win64; x64) AppleWebKit/537.36 (KHTML, like Gecko) Chrome/79.0.3945.130 Safari/537.36"
93.34.130.97 - - [27/Jan/2020:09:18:52 -0500] "GET /wp-content/plugins/revslider/public/assets/js/jquery.themepunch.revolution.min.js?ver=5.4.7.3 HTTP/1.1" 200 18003 "https://www.maticanmarketing.com/" "Mozilla/5.0 (Windows NT 10.0; Win64; x64) AppleWebKit/537.36 (KHTML, like Gecko) Chrome/79.0.3945.130 Safari/537.36"
93.34.130.97 - - [27/Jan/2020:09:18:52 -0500] "GET /wp-content/plugins/revslider/public/assets/js/jquery.themepunch.tools.min.js?ver=5.4.7.3 HTTP/1.1" 200 38337 "https://www.maticanmarketing.com/" "Mozilla/5.0 (Windows NT 10.0; Win64; x64) AppleWebKit/537.36 (KHTML, like Gecko) Chrome/79.0.3945.130 Safari/537.36"
93.34.130.97 - - [27/Jan/2020:09:18:53 -0500] "GET /wp-content/plugins/typehub/public/js/webfont.min.js?ver=5.3.2 HTTP/1.1" 200 4940 "https://www.maticanmarketing.com/" "Mozilla/5.0 (Windows NT 10.0; Win64; x64) AppleWebKit/537.36 (KHTML, like Gecko) Chrome/79.0.3945.130 Safari/537.36"
93.34.130.97 - - [27/Jan/2020:09:18:53 -0500] "GET /wp-content/themes/oshin/js/vendor/modernizr.js?ver=5.3.2 HTTP/1.1" 200 6246 "https://www.maticanmarketing.com/" "Mozilla/5.0 (Windows NT 10.0; Win64; x64) AppleWebKit/537.36 (KHTML, like Gecko) Chrome/79.0.3945.130 Safari/537.36"
93.34.130.97 - - [27/Jan/2020:09:18:53 -0500] "GET /wp-content/uploads/so-css/so-css-oshin.css?ver=1560930982 HTTP/1.1" 200 716 "https://www.maticanmarketing.com/" "Mozilla/5.0 (Windows NT 10.0; Win64; x64) AppleWebKit/537.36 (KHTML, like Gecko) Chrome/79.0.3945.130 Safari/537.36"
93.34.130.97 - - [27/Jan/2020:09:18:53 -0500] "GET /wp-includes/js/comment-reply.min.js?ver=5.3.2 HTTP/1.1" 200 1131 "https://www.maticanmarketing.com/" "Mozilla/5.0 (Windows NT 10.0; Win64; x64) AppleWebKit/537.36 (KHTML, like Gecko) Chrome/79.0.3945.130 Safari/537.36"
93.34.130.97 - - [27/Jan/2020:09:18:53 -0500] "GET /wp-content/plugins/oshine-modules/public/js/vendor/asyncloader.js?ver=1.0 HTTP/1.1" 200 639 "https://www.maticanmarketing.com/" "Mozilla/5.0 (Windows NT 10.0; Win64; x64) AppleWebKit/537.36 (KHTML, like Gecko) Chrome/79.0.3945.130 Safari/537.36"
93.34.130.97 - - [27/Jan/2020:09:18:53 -0500] "GET /wp-content/plugins/contact-form-7/includes/js/scripts.js?ver=5.1.5 HTTP/1.1" 200 3993 "https://www.maticanmarketing.com/" "Mozilla/5.0 (Windows NT 10.0; Win64; x64) AppleWebKit/537.36 (KHTML, like Gecko) Chrome/79.0.3945.130 Safari/537.36"
93.34.130.97 - - [27/Jan/2020:09:18:53 -0500] "GET /wp-includes/js/jquery/ui/core.min.js?ver=1.11.4 HTTP/1.1" 200 1813 "https://www.maticanmarketing.com/" "Mozilla/5.0 (Windows NT 10.0; Win64; x64) AppleWebKit/537.36 (KHTML, like Gecko) Chrome/79.0.3945.130 Safari/537.36"
93.34.130.97 - - [27/Jan/2020:09:18:54 -0500] "GET /wp-includes/js/jquery/ui/widget.min.js?ver=1.11.4 HTTP/1.1" 200 2559 "https://www.maticanmarketing.com/" "Mozilla/5.0 (Windows NT 10.0; Win64; x64) AppleWebKit/537.36 (KHTML, like Gecko) Chrome/79.0.3945.130 Safari/537.36"
93.34.130.97 - - [27/Jan/2020:09:18:54 -0500] "GET /wp-includes/js/jquery/ui/accordion.min.js?ver=1.11.4 HTTP/1.1" 200 2669 "https://www.maticanmarketing.com/" "Mozilla/5.0 (Windows NT 10.0; Win64; x64) AppleWebKit/537.36 (KHTML, like Gecko) Chrome/79.0.3945.130 Safari/537.36"
93.34.130.97 - - [27/Jan/2020:09:18:54 -0500] "GET /wp-includes/js/jquery/ui/tabs.min.js?ver=1.11.4 HTTP/1.1" 200 3850 "https://www.maticanmarketing.com/" "Mozilla/5.0 (Windows NT 10.0; Win64; x64) AppleWebKit/537.36 (KHTML, like Gecko) Chrome/79.0.3945.130 Safari/537.36"
93.34.130.97 - - [27/Jan/2020:09:18:54 -0500] "GET /wp-content/themes/oshin/fonts/icomoon/fonts/icomoon.woff?85pf5i HTTP/1.1" 200 116136 "https://www.maticanmarketing.com/wp-content/themes/oshin/fonts/icomoon/style.css?ver=6.4.1" "Mozilla/5.0 (Windows NT 10.0; Win64; x64) AppleWebKit/537.36 (KHTML, like Gecko) Chrome/79.0.3945.130 Safari/537.36"
93.34.130.97 - - [27/Jan/2020:09:18:54 -0500] "GET /wp-content/uploads/2019/04/Matican-Logo-5.png HTTP/1.1" 200 6103 "https://www.maticanmarketing.com/" "Mozilla/5.0 (Windows NT 10.0; Win64; x64) AppleWebKit/537.36 (KHTML, like Gecko) Chrome/79.0.3945.130 Safari/537.36"
93.34.130.97 - - [27/Jan/2020:09:18:54 -0500] "GET /wp-content/uploads/2019/04/digital-marketing-agency-blog-post.jpg HTTP/1.1" 200 91395 "https://www.maticanmarketing.com/" "Mozilla/5.0 (Windows NT 10.0; Win64; x64) AppleWebKit/537.36 (KHTML, like Gecko) Chrome/79.0.3945.130 Safari/537.36"
93.34.130.97 - - [27/Jan/2020:09:18:54 -0500] "GET /wp-content/plugins/tatsu/public/js/vendor/debouncedresize.min.js?ver=2.9.3.1.1 HTTP/1.1" 200 234 "https://www.maticanmarketing.com/" "Mozilla/5.0 (Windows NT 10.0; Win64; x64) AppleWebKit/537.36 (KHTML, like Gecko) Chrome/79.0.3945.130 Safari/537.36"
93.34.130.97 - - [27/Jan/2020:09:18:54 -0500] "GET /wp-content/uploads/2019/06/bek.png HTTP/1.1" 200 13806 "https://www.maticanmarketing.com/" "Mozilla/5.0 (Windows NT 10.0; Win64; x64) AppleWebKit/537.36 (KHTML, like Gecko) Chrome/79.0.3945.130 Safari/537.36"
93.34.130.97 - - [27/Jan/2020:09:18:54 -0500] "GET /wp-includes/js/wp-embed.min.js?ver=5.3.2 HTTP/1.1" 200 740 "https://www.maticanmarketing.com/" "Mozilla/5.0 (Windows NT 10.0; Win64; x64) AppleWebKit/537.36 (KHTML, like Gecko) Chrome/79.0.3945.130 Safari/537.36"
93.34.130.97 - - [27/Jan/2020:09:18:54 -0500] "GET /wp-content/uploads/2019/06/boma.png HTTP/1.1" 200 35020 "https://www.maticanmarketing.com/" "Mozilla/5.0 (Windows NT 10.0; Win64; x64) AppleWebKit/537.36 (KHTML, like Gecko) Chrome/79.0.3945.130 Safari/537.36"
93.34.130.97 - - [27/Jan/2020:09:18:54 -0500] "GET /wp-content/themes/oshin/js/script.js?ver=5.0 HTTP/1.1" 200 15290 "https://www.maticanmarketing.com/" "Mozilla/5.0 (Windows NT 10.0; Win64; x64) AppleWebKit/537.36 (KHTML, like Gecko) Chrome/79.0.3945.130 Safari/537.36"
93.34.130.97 - - [27/Jan/2020:09:18:54 -0500] "GET /wp-content/plugins/tatsu/public/js/helpers.min.js?ver=2.9.3.1.1 HTTP/1.1" 200 818 "https://www.maticanmarketing.com/" "Mozilla/5.0 (Windows NT 10.0; Win64; x64) AppleWebKit/537.36 (KHTML, like Gecko) Chrome/79.0.3945.130 Safari/537.36"
93.34.130.97 - - [27/Jan/2020:09:18:54 -0500] "GET /wp-content/plugins/oshine-modules/public/js/oshine-modules.js?ver=2.2.7 HTTP/1.1" 200 21518 "https://www.maticanmarketing.com/" "Mozilla/5.0 (Windows NT 10.0; Win64; x64) AppleWebKit/537.36 (KHTML, like Gecko) Chrome/79.0.3945.130 Safari/537.36"
93.34.130.97 - - [27/Jan/2020:09:18:54 -0500] "GET /wp-content/plugins/tatsu/public/js/vendor/es6-promise.auto.min.js?ver=5.3.2 HTTP/1.1" 200 2330 "https://www.maticanmarketing.com/" "Mozilla/5.0 (Windows NT 10.0; Win64; x64) AppleWebKit/537.36 (KHTML, like Gecko) Chrome/79.0.3945.130 Safari/537.36"
93.34.130.97 - - [27/Jan/2020:09:18:54 -0500] "GET /wp-content/uploads/2019/06/ali.png HTTP/1.1" 200 24573 "https://www.maticanmarketing.com/" "Mozilla/5.0 (Windows NT 10.0; Win64; x64) AppleWebKit/537.36 (KHTML, like Gecko) Chrome/79.0.3945.130 Safari/537.36"
93.34.130.97 - - [27/Jan/2020:09:18:54 -0500] "GET /wp-content/plugins/tatsu/public/js/tatsu.min.js?ver=2.9.3.1.1 HTTP/1.1" 200 6092 "https://www.maticanmarketing.com/" "Mozilla/5.0 (Windows NT 10.0; Win64; x64) AppleWebKit/537.36 (KHTML, like Gecko) Chrome/79.0.3945.130 Safari/537.36"
93.34.130.97 - - [27/Jan/2020:09:18:54 -0500] "GET /wp-content/themes/oshin/js/vendor/perfect-scrollbar.jquery.js?ver=5.3.2 HTTP/1.1" 200 6505 "https://www.maticanmarketing.com/" "Mozilla/5.0 (Windows NT 10.0; Win64; x64) AppleWebKit/537.36 (KHTML, like Gecko) Chrome/79.0.3945.130 Safari/537.36"
93.34.130.97 - - [27/Jan/2020:09:18:54 -0500] "GET /wp-includes/js/wp-emoji-release.min.js?ver=5.3.2 HTTP/1.1" 200 4626 "https://www.maticanmarketing.com/" "Mozilla/5.0 (Windows NT 10.0; Win64; x64) AppleWebKit/537.36 (KHTML, like Gecko) Chrome/79.0.3945.130 Safari/537.36"
93.34.130.97 - - [27/Jan/2020:09:18:54 -0500] "GET /wp-content/uploads/2017/12/About-page-header.jpeg HTTP/1.1" 301 - "https://www.maticanmarketing.com/" "Mozilla/5.0 (Windows NT 10.0; Win64; x64) AppleWebKit/537.36 (KHTML, like Gecko) Chrome/79.0.3945.130 Safari/537.36"
93.34.130.97 - - [27/Jan/2020:09:18:56 -0500] "GET /wp-content/plugins/oshine-modules/public/js/vendor/vivusSVGanimation.js HTTP/1.1" 200 3736 "https://www.maticanmarketing.com/" "Mozilla/5.0 (Windows NT 10.0; Win64; x64) AppleWebKit/537.36 (KHTML, like Gecko) Chrome/79.0.3945.130 Safari/537.36"
93.34.130.97 - - [27/Jan/2020:09:18:56 -0500] "GET /wp-content/themes/oshin/js/vendor/imagesloaded.js HTTP/1.1" 200 2409 "https://www.maticanmarketing.com/" "Mozilla/5.0 (Windows NT 10.0; Win64; x64) AppleWebKit/537.36 (KHTML, like Gecko) Chrome/79.0.3945.130 Safari/537.36"
93.34.130.97 - - [27/Jan/2020:09:18:56 -0500] "GET /wp-content/themes/oshin/js/vendor/resizetoparent.js HTTP/1.1" 200 1017 "https://www.maticanmarketing.com/" "Mozilla/5.0 (Windows NT 10.0; Win64; x64) AppleWebKit/537.36 (KHTML, like Gecko) Chrome/79.0.3945.130 Safari/537.36"
93.34.130.97 - - [27/Jan/2020:09:18:56 -0500] "GET /wp-content/plugins/tatsu/public/js/vendor/tilt.min.js?ver=2.9.3.1.1 HTTP/1.1" 200 1769 "https://www.maticanmarketing.com/" "Mozilla/5.0 (Windows NT 10.0; Win64; x64) AppleWebKit/537.36 (KHTML, like Gecko) Chrome/79.0.3945.130 Safari/537.36"
93.34.130.97 - - [27/Jan/2020:09:18:56 -0500] "GET /wp-content/plugins/oshine-modules/public/js/vendor/waypoints.js HTTP/1.1" 200 2976 "https://www.maticanmarketing.com/" "Mozilla/5.0 (Windows NT 10.0; Win64; x64) AppleWebKit/537.36 (KHTML, like Gecko) Chrome/79.0.3945.130 Safari/537.36"
93.34.130.97 - - [27/Jan/2020:09:18:56 -0500] "GET /wp-content/themes/oshin/js/vendor/isotope.js HTTP/1.1" 200 9849 "https://www.maticanmarketing.com/" "Mozilla/5.0 (Windows NT 10.0; Win64; x64) AppleWebKit/537.36 (KHTML, like Gecko) Chrome/79.0.3945.130 Safari/537.36"
93.34.130.97 - - [27/Jan/2020:09:18:56 -0500] "GET /wp-content/plugins/tatsu/public/js/vendor/begrid.min.js?ver=2.9.3.1.1 HTTP/1.1" 200 1749 "https://www.maticanmarketing.com/" "Mozilla/5.0 (Windows NT 10.0; Win64; x64) AppleWebKit/537.36 (KHTML, like Gecko) Chrome/79.0.3945.130 Safari/537.36"
93.34.130.97 - - [27/Jan/2020:09:18:56 -0500] "GET /wp-content/themes/oshin/js/vendor/fitvids.js HTTP/1.1" 200 1289 "https://www.maticanmarketing.com/" "Mozilla/5.0 (Windows NT 10.0; Win64; x64) AppleWebKit/537.36 (KHTML, like Gecko) Chrome/79.0.3945.130 Safari/537.36"
93.34.130.97 - - [27/Jan/2020:09:18:56 -0500] "GET /wp-content/themes/oshin/js/vendor/transparentheader.js HTTP/1.1" 200 948 "https://www.maticanmarketing.com/" "Mozilla/5.0 (Windows NT 10.0; Win64; x64) AppleWebKit/537.36 (KHTML, like Gecko) Chrome/79.0.3945.130 Safari/537.36"
93.34.130.97 - - [27/Jan/2020:09:18:56 -0500] "GET /wp-content/themes/oshin/js/vendor/easing.js HTTP/1.1" 200 1939 "https://www.maticanmarketing.com/" "Mozilla/5.0 (Windows NT 10.0; Win64; x64) AppleWebKit/537.36 (KHTML, like Gecko) Chrome/79.0.3945.130 Safari/537.36"
93.34.130.97 - - [27/Jan/2020:09:18:56 -0500] "GET /wp-content/themes/oshin/js/vendor/fullscreenheight.js HTTP/1.1" 200 1485 "https://www.maticanmarketing.com/" "Mozilla/5.0 (Windows NT 10.0; Win64; x64) AppleWebKit/537.36 (KHTML, like Gecko) Chrome/79.0.3945.130 Safari/537.36"
93.34.130.97 - - [27/Jan/2020:09:18:56 -0500] "GET /wp-content/themes/oshin/js/vendor/hoverintent.js HTTP/1.1" 200 2029 "https://www.maticanmarketing.com/" "Mozilla/5.0 (Windows NT 10.0; Win64; x64) AppleWebKit/537.36 (KHTML, like Gecko) Chrome/79.0.3945.130 Safari/537.36"
93.34.130.97 - - [27/Jan/2020:09:18:56 -0500] "GET /wp-content/themes/oshin/js/vendor/superfish.js HTTP/1.1" 200 2292 "https://www.maticanmarketing.com/" "Mozilla/5.0 (Windows NT 10.0; Win64; x64) AppleWebKit/537.36 (KHTML, like Gecko) Chrome/79.0.3945.130 Safari/537.36"
93.34.130.97 - - [27/Jan/2020:09:18:56 -0500] "GET /wp-content/themes/oshin/js/vendor/magnificpopup.js HTTP/1.1" 200 7689 "https://www.maticanmarketing.com/" "Mozilla/5.0 (Windows NT 10.0; Win64; x64) AppleWebKit/537.36 (KHTML, like Gecko) Chrome/79.0.3945.130 Safari/537.36"
93.34.130.97 - - [27/Jan/2020:09:18:56 -0500] "GET /wp-content/uploads/2017/12/About-page-header.jpeg HTTP/1.1" 404 97629 "https://www.maticanmarketing.com/" "Mozilla/5.0 (Windows NT 10.0; Win64; x64) AppleWebKit/537.36 (KHTML, like Gecko) Chrome/79.0.3945.130 Safari/537.36"
93.34.130.97 - - [27/Jan/2020:09:18:56 -0500] "GET /wp-content/plugins/oshine-modules/public/js/vendor/hoverdir.js HTTP/1.1" 200 1927 "https://www.maticanmarketing.com/" "Mozilla/5.0 (Windows NT 10.0; Win64; x64) AppleWebKit/537.36 (KHTML, like Gecko) Chrome/79.0.3945.130 Safari/537.36"
193.106.30.99 - - [27/Jan/2020:09:35:15 -0500] "POST /templates/protostar/index.php HTTP/1.1" 404 97629 "-" "Mozilla/5.0 (Windows NT 6.1; Win64; x64) AppleWebKit/537.36 (KHTML, like Gecko) Chrome/73.0.3683.103 Safari/537.36"
37.120.203.71 - - [27/Jan/2020:09:49:36 -0500] "GET /contact-us/ HTTP/1.0" 200 112765 "https://www.maticanmarketing.com/contact-us/" "Mozilla/5.0 (Windows NT 6.1; Win64; x64) AppleWebKit/537.36 (KHTML, like Gecko) Chrome/67.0.3396.79 Safari/537.36"
37.120.203.71 - - [27/Jan/2020:09:49:41 -0500] "POST /contact-us/ HTTP/1.0" 200 112765 "https://www.maticanmarketing.com/contact-us/" "Mozilla/5.0 (Windows NT 6.1; Win64; x64) AppleWebKit/537.36 (KHTML, like Gecko) Chrome/67.0.3396.79 Safari/537.36"
198.54.125.95 - - [27/Jan/2020:09:54:24 -0500] "POST /wp-cron.php?doing_wp_cron=1580136864.7825489044189453125000 HTTP/1.1" 200 - "https://www.maticanmarketing.com/wp-cron.php?doing_wp_cron=1580136864.7825489044189453125000" "WordPress/5.3.2; https://www.maticanmarketing.com"
34.218.224.177 - - [27/Jan/2020:09:54:23 -0500] "GET / HTTP/1.1" 301 - "-" "Mozilla/5.0 (Windows NT 10.0; Win64; x64)AppleWebKit/537.36 (KHTML, like Gecko) Chrome/66.0.3359.181 Safari/537.36"
34.218.224.177 - - [27/Jan/2020:09:54:25 -0500] "GET / HTTP/1.1" 200 24407 "-" "Mozilla/5.0 (Windows NT 10.0; Win64; x64)AppleWebKit/537.36 (KHTML, like Gecko) Chrome/66.0.3359.181 Safari/537.36"
52.34.24.33 - - [27/Jan/2020:09:54:26 -0500] "HEAD / HTTP/1.1" 301 - "-" "Go-http-client/1.1"
37.187.72.67 - - [27/Jan/2020:10:16:32 -0500] "GET /index.php?xxxxxxxxxxxx_loads=true HTTP/1.1" 301 - "maticanmarketing.com" "Mozilla/5.1 (Windows NT 6.0; WOW64) AppleWebKit/533.36 (KHTML, like Gecko) Chrome/46.0.2754.75 Safari/533.36"
37.187.72.67 - - [27/Jan/2020:10:16:34 -0500] "GET /?xxxxxxxxxxxx_loads=true HTTP/1.1" 200 155470 "maticanmarketing.com" "Mozilla/5.1 (Windows NT 6.0; WOW64) AppleWebKit/533.36 (KHTML, like Gecko) Chrome/46.0.2754.75 Safari/533.36"
149.202.146.226 - - [27/Jan/2020:12:08:25 -0500] "POST /wp-engines.php HTTP/1.1" 404 97691 "-" "Mozilla/5.0 (Windows NT 6.1; WOW64) AppleWebKit/537.36 (KHTML, like Gecko) Chrome/41.0.2227.0 Safari/537.36"
198.54.125.95 - - [27/Jan/2020:12:08:27 -0500] "POST /wp-cron.php?doing_wp_cron=1580144907.1975939273834228515625 HTTP/1.1" 200 - "https://www.maticanmarketing.com/wp-cron.php?doing_wp_cron=1580144907.1975939273834228515625" "WordPress/5.3.2; https://www.maticanmarketing.com"
185.206.224.215 - - [27/Jan/2020:12:44:09 -0500] "GET /contact-us/ HTTP/1.0" 200 112765 "https://www.maticanmarketing.com/contact-us/" "Mozilla/5.0 (Windows NT 6.1; Win64; x64) AppleWebKit/537.36 (KHTML, like Gecko) Chrome/67.0.3396.79 Safari/537.36"
185.206.224.215 - - [27/Jan/2020:12:44:13 -0500] "POST /contact-us/ HTTP/1.0" 200 112765 "https://www.maticanmarketing.com/contact-us/" "Mozilla/5.0 (Windows NT 6.1; Win64; x64) AppleWebKit/537.36 (KHTML, like Gecko) Chrome/67.0.3396.79 Safari/537.36"
198.54.125.95 - - [27/Jan/2020:13:30:37 -0500] "POST /wp-cron.php?doing_wp_cron=1580149837.6870899200439453125000 HTTP/1.1" 200 - "https://www.maticanmarketing.com/wp-cron.php?doing_wp_cron=1580149837.6870899200439453125000" "WordPress/5.3.2; https://www.maticanmarketing.com"
193.106.30.99 - - [27/Jan/2020:13:30:36 -0500] "POST /cli/garbagecron.php HTTP/1.1" 404 97625 "-" "Mozilla/5.0 (Windows NT 6.1; Win64; x64) AppleWebKit/537.36 (KHTML, like Gecko) Chrome/73.0.3683.103 Safari/537.36"
193.106.30.99 - - [27/Jan/2020:13:42:31 -0500] "POST /assets/images/accesson.php HTTP/1.1" 404 97629 "-" "Mozilla/5.0 (Windows NT 6.1; Win64; x64) AppleWebKit/537.36 (KHTML, like Gecko) Chrome/73.0.3683.103 Safari/537.36"
198.54.125.95 - - [27/Jan/2020:14:40:38 -0500] "POST /wp-cron.php?doing_wp_cron=1580154038.0915369987487792968750 HTTP/1.1" 200 - "https://www.maticanmarketing.com/wp-cron.php?doing_wp_cron=1580154038.0915369987487792968750" "WordPress/5.3.2; https://www.maticanmarketing.com"
193.106.30.99 - - [27/Jan/2020:14:40:37 -0500] "POST /components/com_banners/models/banner.php HTTP/1.1" 404 97629 "-" "Mozilla/5.0 (Windows NT 6.1; Win64; x64) AppleWebKit/537.36 (KHTML, like Gecko) Chrome/73.0.3683.103 Safari/537.36"
41.217.38.137 - - [27/Jan/2020:14:42:48 -0500] "GET /cpanel HTTP/1.1" 200 12506 "-" "Mozilla/5.0 (Windows NT 6.3; Win64; x64) AppleWebKit/537.36 (KHTML, like Gecko) Chrome/79.0.3945.130 Safari/537.36"
41.217.38.137 - - [27/Jan/2020:14:42:48 -0500] "GET /robots.txt HTTP/1.1" 200 69 "-" "Mozilla/5.0 (Windows NT 6.3; Win64; x64) AppleWebKit/537.36 (KHTML, like Gecko) Chrome/79.0.3945.130 Safari/537.36"
193.109.85.10 - - [27/Jan/2020:14:53:01 -0500] "GET /cpanel HTTP/1.1" 200 12506 "-" "Mozilla/5.0 (Windows NT 6.3; Win64; x64) AppleWebKit/537.36 (KHTML, like Gecko) Chrome/79.0.3945.130 Safari/537.36"
5.181.233.162 - - [27/Jan/2020:14:54:21 -0500] "GET /cpanel HTTP/1.1" 200 12507 "-" "Mozilla/5.0 (Windows NT 6.3; Win64; x64) AppleWebKit/537.36 (KHTML, like Gecko) Chrome/79.0.3945.130 Safari/537.36"
41.217.38.137 - - [27/Jan/2020:14:49:01 -0500] "GET /cpanel HTTP/1.1" 200 12507 "-" "Mozilla/5.0 (Windows NT 6.3; Win64; x64) AppleWebKit/537.36 (KHTML, like Gecko) Chrome/79.0.3945.130 Safari/537.36"
198.54.125.95 - - [27/Jan/2020:15:01:04 -0500] "POST /wp-cron.php?doing_wp_cron=1580155264.4615149497985839843750 HTTP/1.1" 200 - "https://www.maticanmarketing.com/wp-cron.php?doing_wp_cron=1580155264.4615149497985839843750" "WordPress/5.3.2; https://www.maticanmarketing.com"
66.249.79.91 - - [27/Jan/2020:15:01:03 -0500] "GET /about-us/ HTTP/1.1" 200 22786 "-" "Mozilla/5.0 (Linux; Android 6.0.1; Nexus 5X Build/MMB29P) AppleWebKit/537.36 (KHTML, like Gecko) Chrome/41.0.2272.96 Mobile Safari/537.36 (compatible; Googlebot/2.1; +http://www.google.com/bot.html)"
193.106.30.99 - - [27/Jan/2020:15:41:13 -0500] "POST /blackhat.php HTTP/1.1" 404 97629 "-" "Mozilla/5.0 (Windows NT 6.1; Win64; x64) AppleWebKit/537.36 (KHTML, like Gecko) Chrome/73.0.3683.103 Safari/537.36"
198.54.125.95 - - [27/Jan/2020:16:24:37 -0500] "POST /wp-cron.php?doing_wp_cron=1580160277.9537849426269531250000 HTTP/1.1" 200 - "https://www.maticanmarketing.com/wp-cron.php?doing_wp_cron=1580160277.9537849426269531250000" "WordPress/5.3.2; https://www.maticanmarketing.com"
193.106.30.99 - - [27/Jan/2020:16:24:36 -0500] "POST /content-post.php HTTP/1.1" 404 97629 "-" "Mozilla/5.0 (Windows NT 6.1; Win64; x64) AppleWebKit/537.36 (KHTML, like Gecko) Chrome/73.0.3683.103 Safari/537.36"
198.54.125.95 - - [27/Jan/2020:17:24:59 -0500] "POST /wp-cron.php?doing_wp_cron=1580163899.0422298908233642578125 HTTP/1.1" 200 - "https://www.maticanmarketing.com/wp-cron.php?doing_wp_cron=1580163899.0422298908233642578125" "WordPress/5.3.2; https://www.maticanmarketing.com"
161.129.66.236 - - [27/Jan/2020:17:24:58 -0500] "GET /contact-us/ HTTP/1.0" 200 112767 "https://www.maticanmarketing.com/contact-us/" "Mozilla/5.0 (Windows NT 6.1) AppleWebKit/537.36 (KHTML, like Gecko) Chrome/66.0.3359.181 Safari/537.36 Kinza/4.7.2"
161.129.66.236 - - [27/Jan/2020:17:25:02 -0500] "POST /contact-us/ HTTP/1.0" 200 112765 "https://www.maticanmarketing.com/contact-us/" "Mozilla/5.0 (Windows NT 6.1) AppleWebKit/537.36 (KHTML, like Gecko) Chrome/66.0.3359.181 Safari/537.36 Kinza/4.7.2"
66.249.79.87 - - [27/Jan/2020:17:44:02 -0500] "GET /favicon.ico HTTP/1.1" 200 - "-" "Googlebot-Image/1.0"
198.54.125.95 - - [27/Jan/2020:18:04:52 -0500] "POST /wp-cron.php?doing_wp_cron=1580166292.2112801074981689453125 HTTP/1.1" 200 - "https://www.maticanmarketing.com/wp-cron.php?doing_wp_cron=1580166292.2112801074981689453125" "WordPress/5.3.2; https://www.maticanmarketing.com"
62.210.83.78 - - [27/Jan/2020:18:04:51 -0500] "GET / HTTP/1.1" 301 - "-" "Mozilla/5.0 (Windows NT 10.0; Win64; x64) AppleWebKit/537.36 (KHTML, like Gecko) Chrome/74.0.3729.157 Safari/537.36"
62.210.83.78 - - [27/Jan/2020:18:04:55 -0500] "GET / HTTP/1.1" 200 24411 "-" "Mozilla/5.0 (Windows NT 10.0; Win64; x64) AppleWebKit/537.36 (KHTML, like Gecko) Chrome/74.0.3729.157 Safari/537.36"
198.54.125.95 - - [27/Jan/2020:19:02:48 -0500] "POST /wp-cron.php?doing_wp_cron=1580169768.2741229534149169921875 HTTP/1.1" 200 - "https://www.maticanmarketing.com/wp-cron.php?doing_wp_cron=1580169768.2741229534149169921875" "WordPress/5.3.2; https://www.maticanmarketing.com"
37.120.203.72 - - [27/Jan/2020:19:02:47 -0500] "GET /contact-us/ HTTP/1.0" 200 112763 "https://www.maticanmarketing.com/contact-us/" "Mozilla/5.0 (Windows NT 6.1; Win64; x64) AppleWebKit/537.36 (KHTML, like Gecko) Chrome/66.0.3359.170 Safari/537.36 OPR/53.0.2907.106"
37.120.203.72 - - [27/Jan/2020:19:02:50 -0500] "POST /contact-us/ HTTP/1.0" 200 112765 "https://www.maticanmarketing.com/contact-us/" "Mozilla/5.0 (Windows NT 6.1; Win64; x64) AppleWebKit/537.36 (KHTML, like Gecko) Chrome/66.0.3359.170 Safari/537.36 OPR/53.0.2907.106"
193.106.30.99 - - [27/Jan/2020:19:35:49 -0500] "POST /cli/update_cron.php HTTP/1.1" 404 97629 "-" "Mozilla/5.0 (Windows NT 6.1; Win64; x64) AppleWebKit/537.36 (KHTML, like Gecko) Chrome/73.0.3683.103 Safari/537.36"
198.54.125.95 - - [27/Jan/2020:20:08:01 -0500] "POST /wp-cron.php?doing_wp_cron=1580173681.4907479286193847656250 HTTP/1.1" 200 - "https://www.maticanmarketing.com/wp-cron.php?doing_wp_cron=1580173681.4907479286193847656250" "WordPress/5.3.2; https://www.maticanmarketing.com"
209.17.97.42 - - [27/Jan/2020:20:08:00 -0500] "GET / HTTP/1.1" 301 - "-" "Mozilla/5.0 (compatible; Nimbostratus-Bot/v1.3.2; http://cloudsystemnetworks.com)"
193.106.30.99 - - [27/Jan/2020:20:20:31 -0500] "POST /assets/images/search.php HTTP/1.1" 404 97627 "-" "Mozilla/5.0 (Windows NT 6.1; Win64; x64) AppleWebKit/537.36 (KHTML, like Gecko) Chrome/73.0.3683.103 Safari/537.36"
198.54.125.95 - - [27/Jan/2020:21:55:02 -0500] "POST /wp-cron.php?doing_wp_cron=1580180101.9835689067840576171875 HTTP/1.1" 200 - "https://www.maticanmarketing.com/wp-cron.php?doing_wp_cron=1580180101.9835689067840576171875" "WordPress/5.3.2; https://www.maticanmarketing.com"
193.106.30.99 - - [27/Jan/2020:21:55:00 -0500] "POST /layouts/libraries/cms/html/bootstrap/endtab.php HTTP/1.1" 404 97629 "-" "Mozilla/5.0 (Windows NT 6.1; Win64; x64) AppleWebKit/537.36 (KHTML, like Gecko) Chrome/73.0.3683.103 Safari/537.36"
149.202.146.226 - - [27/Jan/2020:22:00:11 -0500] "GET /wp-content/themes/wp-sign.php HTTP/1.1" 301 - "-" "Mozilla/5.0 (Windows NT 6.1; WOW64) AppleWebKit/537.36 (KHTML, like Gecko) Chrome/41.0.2227.0 Safari/537.36"
149.202.146.226 - - [27/Jan/2020:22:00:13 -0500] "GET /wp-content/themes/wp-sign.php HTTP/1.1" 404 97627 "-" "Mozilla/5.0 (Windows NT 6.1; WOW64) AppleWebKit/537.36 (KHTML, like Gecko) Chrome/41.0.2227.0 Safari/537.36"
40.77.167.161 - - [27/Jan/2020:22:22:30 -0500] "GET /contact-us/ HTTP/1.1" 200 19290 "-" "Mozilla/5.0 (compatible; bingbot/2.0; +http://www.bing.com/bingbot.htm)"
40.77.167.161 - - [27/Jan/2020:23:03:57 -0500] "GET /contact-us/ HTTP/1.1" 200 19292 "-" "Mozilla/5.0 (compatible; bingbot/2.0; +http://www.bing.com/bingbot.htm)"
198.54.125.95 - - [27/Jan/2020:23:03:58 -0500] "POST /wp-cron.php?doing_wp_cron=1580184238.5357420444488525390625 HTTP/1.1" 200 - "https://www.maticanmarketing.com/wp-cron.php?doing_wp_cron=1580184238.5357420444488525390625" "WordPress/5.3.2; https://www.maticanmarketing.com"
137.226.113.26 - - [27/Jan/2020:23:22:42 -0500] "GET / HTTP/1.1" 200 24408 "-" "Mozilla/5.0 zgrab/0.x (compatible; Researchscan/t12ca; +http://researchscan.comsys.rwth-aachen.de)"
40.77.167.161 - - [27/Jan/2020:23:26:47 -0500] "GET /contact-us/ HTTP/1.1" 200 19289 "-" "Mozilla/5.0 (compatible; bingbot/2.0; +http://www.bing.com/bingbot.htm)"
198.54.125.95 - - [27/Jan/2020:23:59:14 -0500] "POST /wp-cron.php?doing_wp_cron=1580187554.4493410587310791015625 HTTP/1.1" 200 - "https://www.maticanmarketing.com/wp-cron.php?doing_wp_cron=1580187554.4493410587310791015625" "WordPress/5.3.2; https://www.maticanmarketing.com"
193.106.30.99 - - [27/Jan/2020:23:59:13 -0500] "POST /logs/error.php HTTP/1.1" 404 97629 "-" "Mozilla/5.0 (Windows NT 6.1; Win64; x64) AppleWebKit/537.36 (KHTML, like Gecko) Chrome/73.0.3683.103 Safari/537.36"
198.54.125.95 - - [28/Jan/2020:00:54:53 -0500] "POST /wp-cron.php?doing_wp_cron=1580190893.1988859176635742187500 HTTP/1.1" 200 - "https://www.maticanmarketing.com/wp-cron.php?doing_wp_cron=1580190893.1988859176635742187500" "WordPress/5.3.2; https://www.maticanmarketing.com"
193.106.30.99 - - [28/Jan/2020:00:54:51 -0500] "POST /cli/deletefiles.php HTTP/1.1" 404 97629 "-" "Mozilla/5.0 (Windows NT 6.1; Win64; x64) AppleWebKit/537.36 (KHTML, like Gecko) Chrome/73.0.3683.103 Safari/537.36"
207.46.13.120 - - [28/Jan/2020:01:46:49 -0500] "GET /contact-us/ HTTP/1.1" 200 19290 "-" "Mozilla/5.0 (compatible; bingbot/2.0; +http://www.bing.com/bingbot.htm)"
207.46.13.120 - - [28/Jan/2020:02:19:52 -0500] "GET /contact-us/ HTTP/1.1" 200 19291 "-" "Mozilla/5.0 (compatible; bingbot/2.0; +http://www.bing.com/bingbot.htm)"
198.54.125.95 - - [28/Jan/2020:02:19:54 -0500] "POST /wp-cron.php?doing_wp_cron=1580195994.1858229637145996093750 HTTP/1.1" 200 - "https://www.maticanmarketing.com/wp-cron.php?doing_wp_cron=1580195994.1858229637145996093750" "WordPress/5.3.2; https://www.maticanmarketing.com"
41.217.25.43 - - [28/Jan/2020:03:14:28 -0500] "GET /cpanel HTTP/1.1" 200 12506 "-" "Mozilla/5.0 (Windows NT 6.3; Win64; x64) AppleWebKit/537.36 (KHTML, like Gecko) Chrome/79.0.3945.130 Safari/537.36"
198.54.125.95 - - [28/Jan/2020:03:14:45 -0500] "POST /wp-cron.php?doing_wp_cron=1580199285.5453329086303710937500 HTTP/1.1" 200 - "https://www.maticanmarketing.com/wp-cron.php?doing_wp_cron=1580199285.5453329086303710937500" "WordPress/5.3.2; https://www.maticanmarketing.com"
41.217.25.43 - - [28/Jan/2020:03:14:28 -0500] "GET /robots.txt HTTP/1.1" 200 69 "-" "Mozilla/5.0 (Windows NT 6.3; Win64; x64) AppleWebKit/537.36 (KHTML, like Gecko) Chrome/79.0.3945.130 Safari/537.36"
34.221.207.76 - - [28/Jan/2020:03:29:11 -0500] "GET / HTTP/1.1" 301 - "-" "Mozilla/5.0 (Windows NT 10.0; Win64; x64)AppleWebKit/537.36 (KHTML, like Gecko) Chrome/66.0.3359.181 Safari/537.36"
34.221.207.76 - - [28/Jan/2020:03:29:12 -0500] "GET / HTTP/1.1" 200 24411 "-" "Mozilla/5.0 (Windows NT 10.0; Win64; x64)AppleWebKit/537.36 (KHTML, like Gecko) Chrome/66.0.3359.181 Safari/537.36"
35.162.70.167 - - [28/Jan/2020:03:29:13 -0500] "HEAD / HTTP/1.1" 301 - "-" "Go-http-client/1.1"
198.54.125.95 - - [28/Jan/2020:04:06:06 -0500] "POST /wp-cron.php?doing_wp_cron=1580202366.4523689746856689453125 HTTP/1.1" 200 - "https://www.maticanmarketing.com/wp-cron.php?doing_wp_cron=1580202366.4523689746856689453125" "WordPress/5.3.2; https://www.maticanmarketing.com"
193.106.30.99 - - [28/Jan/2020:04:06:04 -0500] "POST /configuration.php HTTP/1.1" 404 97629 "-" "Mozilla/5.0 (Windows NT 6.1; Win64; x64) AppleWebKit/537.36 (KHTML, like Gecko) Chrome/73.0.3683.103 Safari/537.36"
198.54.125.95 - - [28/Jan/2020:04:58:30 -0500] "POST /wp-cron.php?doing_wp_cron=1580205510.4496378898620605468750 HTTP/1.1" 200 - "https://www.maticanmarketing.com/wp-cron.php?doing_wp_cron=1580205510.4496378898620605468750" "WordPress/5.3.2; https://www.maticanmarketing.com"
66.249.79.91 - - [28/Jan/2020:04:58:11 -0500] "GET /robots.txt HTTP/1.1" 200 69 "-" "Mozilla/5.0 (compatible; Googlebot/2.1; +http://www.google.com/bot.html)"
66.249.79.87 - - [28/Jan/2020:04:59:20 -0500] "GET /.well-known/assetlinks.json HTTP/1.1" 404 97629 "-" "Mozilla/5.0 (compatible; Googlebot/2.1; +http://www.google.com/bot.html)"
93.125.99.59 - - [28/Jan/2020:05:01:09 -0500] "GET /wp-login.php HTTP/1.1" 200 1685 "http://maticanmarketing.com/wp-login.php" "Mozilla/5.0 (X11; Ubuntu; Linux x86_64; rv:62.0) Gecko/20100101 Firefox/62.0"
93.125.99.59 - - [28/Jan/2020:05:01:10 -0500] "GET /?author=1 HTTP/1.1" 301 - "http://maticanmarketing.com///?author=1" "Mozilla/5.0 (X11; Ubuntu; Linux x86_64; rv:62.0) Gecko/20100101 Firefox/62.0"
93.125.99.59 - - [28/Jan/2020:05:01:11 -0500] "GET /author/Matican1/ HTTP/1.1" 200 19865 "https://maticanmarketing.com/?author=1" "Mozilla/5.0 (X11; Ubuntu; Linux x86_64; rv:62.0) Gecko/20100101 Firefox/62.0"
93.125.99.59 - - [28/Jan/2020:05:01:13 -0500] "GET /wp-json/wp/v2/users/ HTTP/1.1" 403 619 "http://maticanmarketing.com///wp-json/wp/v2/users/" "Mozilla/5.0 (X11; Ubuntu; Linux x86_64; rv:62.0) Gecko/20100101 Firefox/62.0"
93.125.99.59 - - [28/Jan/2020:05:01:14 -0500] "GET /?author=2 HTTP/1.1" 301 - "http://maticanmarketing.com///?author=2" "Mozilla/5.0 (X11; Ubuntu; Linux x86_64; rv:62.0) Gecko/20100101 Firefox/62.0"
93.125.99.59 - - [28/Jan/2020:05:01:15 -0500] "GET /?author=2 HTTP/1.1" 404 97627 "https://maticanmarketing.com/?author=2" "Mozilla/5.0 (X11; Ubuntu; Linux x86_64; rv:62.0) Gecko/20100101 Firefox/62.0"
68.183.184.7 - - [28/Jan/2020:05:33:38 -0500] "GET /wp-login.php HTTP/1.1" 301 - "-" "Mozilla/5.0 (X11; Ubuntu; Linux x86_64; rv:62.0) Gecko/20100101 Firefox/62.0"
198.54.125.95 - - [28/Jan/2020:06:01:46 -0500] "POST /wp-cron.php?doing_wp_cron=1580209306.9566099643707275390625 HTTP/1.1" 200 - "https://www.maticanmarketing.com/wp-cron.php?doing_wp_cron=1580209306.9566099643707275390625" "WordPress/5.3.2; https://www.maticanmarketing.com"
167.114.250.111 - - [28/Jan/2020:06:01:45 -0500] "GET / HTTP/1.1" 200 24409 "http://www.maticanmarketing.com" "Mozilla/5.0 (Windows NT 10.0; Win64; x64; rv:71.0) Gecko/20100101 Firefox/71.0"
167.114.250.111 - - [28/Jan/2020:06:01:48 -0500] "GET /ads.txt HTTP/1.1" 301 - "http://maticanmarketing.com/ads.txt" "Mozilla/5.0 (Windows NT 10.0; Win64; x64; rv:71.0) Gecko/20100101 Firefox/71.0"
167.114.250.111 - - [28/Jan/2020:06:01:48 -0500] "GET /ads.txt HTTP/1.1" 404 97629 "https://maticanmarketing.com/ads.txt" "Mozilla/5.0 (Windows NT 10.0; Win64; x64; rv:71.0) Gecko/20100101 Firefox/71.0"
137.226.113.26 - - [28/Jan/2020:06:12:27 -0500] "GET / HTTP/1.1" 200 24405 "-" "Mozilla/5.0 zgrab/0.x (compatible; Researchscan/t12sns; +http://researchscan.comsys.rwth-aachen.de)"
209.17.96.122 - - [28/Jan/2020:06:15:09 -0500] "GET / HTTP/1.1" 200 155470 "-" "Mozilla/5.0 (compatible; Nimbostratus-Bot/v1.3.2; http://cloudsystemnetworks.com)"
185.232.21.120 - - [28/Jan/2020:06:21:24 -0500] "GET / HTTP/1.0" 200 155470 "https://www.maticanmarketing.com/" "Mozilla/5.0 (Macintosh; Intel Mac OS X 10_13_5) AppleWebKit/537.36 (KHTML, like Gecko) Chrome/67.0.3396.99 Safari/537.36"
185.232.21.120 - - [28/Jan/2020:06:21:28 -0500] "GET /contact-us/ HTTP/1.0" 200 112767 "https://www.maticanmarketing.com/contact-us/" "Mozilla/5.0 (Macintosh; Intel Mac OS X 10_13_5) AppleWebKit/537.36 (KHTML, like Gecko) Chrome/67.0.3396.99 Safari/537.36"
185.232.21.120 - - [28/Jan/2020:06:21:30 -0500] "POST /contact-us/ HTTP/1.0" 200 112767 "https://www.maticanmarketing.com/contact-us/" "Mozilla/5.0 (Macintosh; Intel Mac OS X 10_13_5) AppleWebKit/537.36 (KHTML, like Gecko) Chrome/67.0.3396.99 Safari/537.36"